The Swift Package Index logo.Swift Package Index

Build Information

Failed to build AcmeSwift, reference main (e4ccec), with Swift 6.1 for Linux on 7 Sep 2026 08:02:16 UTC.

Build Command

bash -c docker run --pull=always --rm -v "checkouts-54344844-1":/host -w "$PWD" -e JAVA_HOME="/root/.sdkman/candidates/java/current" -e SPI_BUILD="1" -e SPI_PROCESSING="1" registry.gitlab.com/saguaro1/spi-images:basic-6.1-latest swift build --triple x86_64-unknown-linux-gnu 2>&1

Build Log

<unknown>:0: warning: upcoming feature 'DisableOutwardActorInference' is already enabled as of Swift version 6
[1831/1873] Compiling JWTKit CustomizedJSONCoders.swift
<unknown>:0: warning: upcoming feature 'InferSendableFromCaptures' is already enabled as of Swift version 6
<unknown>:0: warning: upcoming feature 'GlobalActorIsolatedTypesUsability' is already enabled as of Swift version 6
<unknown>:0: warning: upcoming feature 'DisableOutwardActorInference' is already enabled as of Swift version 6
[1832/1873] Compiling JWTKit Utilities.swift
<unknown>:0: warning: upcoming feature 'InferSendableFromCaptures' is already enabled as of Swift version 6
<unknown>:0: warning: upcoming feature 'GlobalActorIsolatedTypesUsability' is already enabled as of Swift version 6
<unknown>:0: warning: upcoming feature 'DisableOutwardActorInference' is already enabled as of Swift version 6
[1833/1873] Compiling JWTKit AppleIdentityToken.swift
<unknown>:0: warning: upcoming feature 'InferSendableFromCaptures' is already enabled as of Swift version 6
<unknown>:0: warning: upcoming feature 'GlobalActorIsolatedTypesUsability' is already enabled as of Swift version 6
<unknown>:0: warning: upcoming feature 'DisableOutwardActorInference' is already enabled as of Swift version 6
[1834/1873] Compiling JWTKit FirebaseAuthIdentityToken.swift
<unknown>:0: warning: upcoming feature 'InferSendableFromCaptures' is already enabled as of Swift version 6
<unknown>:0: warning: upcoming feature 'GlobalActorIsolatedTypesUsability' is already enabled as of Swift version 6
<unknown>:0: warning: upcoming feature 'DisableOutwardActorInference' is already enabled as of Swift version 6
[1835/1873] Compiling JWTKit GoogleIdentityToken.swift
<unknown>:0: warning: upcoming feature 'InferSendableFromCaptures' is already enabled as of Swift version 6
<unknown>:0: warning: upcoming feature 'GlobalActorIsolatedTypesUsability' is already enabled as of Swift version 6
<unknown>:0: warning: upcoming feature 'DisableOutwardActorInference' is already enabled as of Swift version 6
[1836/1873] Compiling JWTKit MicrosoftIdentityToken.swift
<unknown>:0: warning: upcoming feature 'InferSendableFromCaptures' is already enabled as of Swift version 6
<unknown>:0: warning: upcoming feature 'GlobalActorIsolatedTypesUsability' is already enabled as of Swift version 6
<unknown>:0: warning: upcoming feature 'DisableOutwardActorInference' is already enabled as of Swift version 6
[1837/1873] Compiling JWTKit EmptyPolicy.swift
<unknown>:0: warning: upcoming feature 'InferSendableFromCaptures' is already enabled as of Swift version 6
<unknown>:0: warning: upcoming feature 'GlobalActorIsolatedTypesUsability' is already enabled as of Swift version 6
<unknown>:0: warning: upcoming feature 'DisableOutwardActorInference' is already enabled as of Swift version 6
[1838/1873] Compiling JWTKit ValidationTimePayload.swift
<unknown>:0: warning: upcoming feature 'InferSendableFromCaptures' is already enabled as of Swift version 6
<unknown>:0: warning: upcoming feature 'GlobalActorIsolatedTypesUsability' is already enabled as of Swift version 6
<unknown>:0: warning: upcoming feature 'DisableOutwardActorInference' is already enabled as of Swift version 6
[1839/1873] Compiling JWTKit X5CVerifier.swift
<unknown>:0: warning: upcoming feature 'InferSendableFromCaptures' is already enabled as of Swift version 6
<unknown>:0: warning: upcoming feature 'GlobalActorIsolatedTypesUsability' is already enabled as of Swift version 6
<unknown>:0: warning: upcoming feature 'DisableOutwardActorInference' is already enabled as of Swift version 6
[1840/1874] Wrapping AST for JWTKit for debugging
<unknown>:0: warning: upcoming feature 'InferSendableFromCaptures' is already enabled as of Swift version 6
<unknown>:0: warning: upcoming feature 'GlobalActorIsolatedTypesUsability' is already enabled as of Swift version 6
<unknown>:0: warning: upcoming feature 'DisableOutwardActorInference' is already enabled as of Swift version 6
<unknown>:0: warning: upcoming feature 'InferSendableFromCaptures' is already enabled as of Swift version 6
<unknown>:0: warning: upcoming feature 'GlobalActorIsolatedTypesUsability' is already enabled as of Swift version 6
<unknown>:0: warning: upcoming feature 'DisableOutwardActorInference' is already enabled as of Swift version 6
<unknown>:0: warning: upcoming feature 'InferSendableFromCaptures' is already enabled as of Swift version 6
<unknown>:0: warning: upcoming feature 'GlobalActorIsolatedTypesUsability' is already enabled as of Swift version 6
<unknown>:0: warning: upcoming feature 'DisableOutwardActorInference' is already enabled as of Swift version 6
<unknown>:0: warning: upcoming feature 'InferSendableFromCaptures' is already enabled as of Swift version 6
<unknown>:0: warning: upcoming feature 'GlobalActorIsolatedTypesUsability' is already enabled as of Swift version 6
<unknown>:0: warning: upcoming feature 'DisableOutwardActorInference' is already enabled as of Swift version 6
<unknown>:0: warning: upcoming feature 'InferSendableFromCaptures' is already enabled as of Swift version 6
<unknown>:0: warning: upcoming feature 'GlobalActorIsolatedTypesUsability' is already enabled as of Swift version 6
<unknown>:0: warning: upcoming feature 'DisableOutwardActorInference' is already enabled as of Swift version 6
<unknown>:0: warning: upcoming feature 'InferSendableFromCaptures' is already enabled as of Swift version 6
<unknown>:0: warning: upcoming feature 'GlobalActorIsolatedTypesUsability' is already enabled as of Swift version 6
<unknown>:0: warning: upcoming feature 'DisableOutwardActorInference' is already enabled as of Swift version 6
<unknown>:0: warning: upcoming feature 'InferSendableFromCaptures' is already enabled as of Swift version 6
<unknown>:0: warning: upcoming feature 'GlobalActorIsolatedTypesUsability' is already enabled as of Swift version 6
<unknown>:0: warning: upcoming feature 'DisableOutwardActorInference' is already enabled as of Swift version 6
<unknown>:0: warning: upcoming feature 'InferSendableFromCaptures' is already enabled as of Swift version 6
<unknown>:0: warning: upcoming feature 'GlobalActorIsolatedTypesUsability' is already enabled as of Swift version 6
<unknown>:0: warning: upcoming feature 'DisableOutwardActorInference' is already enabled as of Swift version 6
<unknown>:0: warning: upcoming feature 'InferSendableFromCaptures' is already enabled as of Swift version 6
<unknown>:0: warning: upcoming feature 'GlobalActorIsolatedTypesUsability' is already enabled as of Swift version 6
<unknown>:0: warning: upcoming feature 'DisableOutwardActorInference' is already enabled as of Swift version 6
<unknown>:0: warning: upcoming feature 'InferSendableFromCaptures' is already enabled as of Swift version 6
<unknown>:0: warning: upcoming feature 'GlobalActorIsolatedTypesUsability' is already enabled as of Swift version 6
<unknown>:0: warning: upcoming feature 'DisableOutwardActorInference' is already enabled as of Swift version 6
<unknown>:0: warning: upcoming feature 'InferSendableFromCaptures' is already enabled as of Swift version 6
<unknown>:0: warning: upcoming feature 'GlobalActorIsolatedTypesUsability' is already enabled as of Swift version 6
<unknown>:0: warning: upcoming feature 'DisableOutwardActorInference' is already enabled as of Swift version 6
<unknown>:0: warning: upcoming feature 'InferSendableFromCaptures' is already enabled as of Swift version 6
<unknown>:0: warning: upcoming feature 'GlobalActorIsolatedTypesUsability' is already enabled as of Swift version 6
<unknown>:0: warning: upcoming feature 'DisableOutwardActorInference' is already enabled as of Swift version 6
<unknown>:0: warning: upcoming feature 'InferSendableFromCaptures' is already enabled as of Swift version 6
<unknown>:0: warning: upcoming feature 'GlobalActorIsolatedTypesUsability' is already enabled as of Swift version 6
<unknown>:0: warning: upcoming feature 'DisableOutwardActorInference' is already enabled as of Swift version 6
<unknown>:0: warning: upcoming feature 'InferSendableFromCaptures' is already enabled as of Swift version 6
<unknown>:0: warning: upcoming feature 'GlobalActorIsolatedTypesUsability' is already enabled as of Swift version 6
<unknown>:0: warning: upcoming feature 'DisableOutwardActorInference' is already enabled as of Swift version 6
<unknown>:0: warning: upcoming feature 'InferSendableFromCaptures' is already enabled as of Swift version 6
<unknown>:0: warning: upcoming feature 'GlobalActorIsolatedTypesUsability' is already enabled as of Swift version 6
<unknown>:0: warning: upcoming feature 'DisableOutwardActorInference' is already enabled as of Swift version 6
<unknown>:0: warning: upcoming feature 'InferSendableFromCaptures' is already enabled as of Swift version 6
<unknown>:0: warning: upcoming feature 'GlobalActorIsolatedTypesUsability' is already enabled as of Swift version 6
<unknown>:0: warning: upcoming feature 'DisableOutwardActorInference' is already enabled as of Swift version 6
<unknown>:0: warning: upcoming feature 'InferSendableFromCaptures' is already enabled as of Swift version 6
<unknown>:0: warning: upcoming feature 'GlobalActorIsolatedTypesUsability' is already enabled as of Swift version 6
<unknown>:0: warning: upcoming feature 'DisableOutwardActorInference' is already enabled as of Swift version 6
<unknown>:0: warning: upcoming feature 'InferSendableFromCaptures' is already enabled as of Swift version 6
<unknown>:0: warning: upcoming feature 'GlobalActorIsolatedTypesUsability' is already enabled as of Swift version 6
<unknown>:0: warning: upcoming feature 'DisableOutwardActorInference' is already enabled as of Swift version 6
<unknown>:0: warning: upcoming feature 'InferSendableFromCaptures' is already enabled as of Swift version 6
<unknown>:0: warning: upcoming feature 'GlobalActorIsolatedTypesUsability' is already enabled as of Swift version 6
<unknown>:0: warning: upcoming feature 'DisableOutwardActorInference' is already enabled as of Swift version 6
<unknown>:0: warning: upcoming feature 'InferSendableFromCaptures' is already enabled as of Swift version 6
<unknown>:0: warning: upcoming feature 'GlobalActorIsolatedTypesUsability' is already enabled as of Swift version 6
<unknown>:0: warning: upcoming feature 'DisableOutwardActorInference' is already enabled as of Swift version 6
<unknown>:0: warning: upcoming feature 'InferSendableFromCaptures' is already enabled as of Swift version 6
<unknown>:0: warning: upcoming feature 'GlobalActorIsolatedTypesUsability' is already enabled as of Swift version 6
<unknown>:0: warning: upcoming feature 'DisableOutwardActorInference' is already enabled as of Swift version 6
<unknown>:0: warning: upcoming feature 'InferSendableFromCaptures' is already enabled as of Swift version 6
<unknown>:0: warning: upcoming feature 'GlobalActorIsolatedTypesUsability' is already enabled as of Swift version 6
<unknown>:0: warning: upcoming feature 'DisableOutwardActorInference' is already enabled as of Swift version 6
<unknown>:0: warning: upcoming feature 'InferSendableFromCaptures' is already enabled as of Swift version 6
<unknown>:0: warning: upcoming feature 'GlobalActorIsolatedTypesUsability' is already enabled as of Swift version 6
<unknown>:0: warning: upcoming feature 'DisableOutwardActorInference' is already enabled as of Swift version 6
<unknown>:0: warning: upcoming feature 'InferSendableFromCaptures' is already enabled as of Swift version 6
<unknown>:0: warning: upcoming feature 'GlobalActorIsolatedTypesUsability' is already enabled as of Swift version 6
<unknown>:0: warning: upcoming feature 'DisableOutwardActorInference' is already enabled as of Swift version 6
<unknown>:0: warning: upcoming feature 'InferSendableFromCaptures' is already enabled as of Swift version 6
<unknown>:0: warning: upcoming feature 'GlobalActorIsolatedTypesUsability' is already enabled as of Swift version 6
<unknown>:0: warning: upcoming feature 'DisableOutwardActorInference' is already enabled as of Swift version 6
<unknown>:0: warning: upcoming feature 'InferSendableFromCaptures' is already enabled as of Swift version 6
<unknown>:0: warning: upcoming feature 'GlobalActorIsolatedTypesUsability' is already enabled as of Swift version 6
<unknown>:0: warning: upcoming feature 'DisableOutwardActorInference' is already enabled as of Swift version 6
<unknown>:0: warning: upcoming feature 'InferSendableFromCaptures' is already enabled as of Swift version 6
<unknown>:0: warning: upcoming feature 'GlobalActorIsolatedTypesUsability' is already enabled as of Swift version 6
<unknown>:0: warning: upcoming feature 'DisableOutwardActorInference' is already enabled as of Swift version 6
[1869/1875] Wrapping AST for NIOHTTP2 for debugging
[1871/1939] Emitting module AsyncHTTPClient
<unknown>:0: warning: upcoming feature 'InferSendableFromCaptures' is already enabled as of Swift version 6
<unknown>:0: warning: upcoming feature 'GlobalActorIsolatedTypesUsability' is already enabled as of Swift version 6
<unknown>:0: warning: upcoming feature 'DisableOutwardActorInference' is already enabled as of Swift version 6
[1872/1947] Compiling AsyncHTTPClient AnyAsyncSequence.swift
<unknown>:0: warning: upcoming feature 'InferSendableFromCaptures' is already enabled as of Swift version 6
<unknown>:0: warning: upcoming feature 'GlobalActorIsolatedTypesUsability' is already enabled as of Swift version 6
<unknown>:0: warning: upcoming feature 'DisableOutwardActorInference' is already enabled as of Swift version 6
[1873/1947] Compiling AsyncHTTPClient AnyAsyncSequenceProucerDelete.swift
<unknown>:0: warning: upcoming feature 'InferSendableFromCaptures' is already enabled as of Swift version 6
<unknown>:0: warning: upcoming feature 'GlobalActorIsolatedTypesUsability' is already enabled as of Swift version 6
<unknown>:0: warning: upcoming feature 'DisableOutwardActorInference' is already enabled as of Swift version 6
[1874/1947] Compiling AsyncHTTPClient AsyncLazySequence.swift
<unknown>:0: warning: upcoming feature 'InferSendableFromCaptures' is already enabled as of Swift version 6
<unknown>:0: warning: upcoming feature 'GlobalActorIsolatedTypesUsability' is already enabled as of Swift version 6
<unknown>:0: warning: upcoming feature 'DisableOutwardActorInference' is already enabled as of Swift version 6
[1875/1947] Compiling AsyncHTTPClient HTTPClient+execute.swift
<unknown>:0: warning: upcoming feature 'InferSendableFromCaptures' is already enabled as of Swift version 6
<unknown>:0: warning: upcoming feature 'GlobalActorIsolatedTypesUsability' is already enabled as of Swift version 6
<unknown>:0: warning: upcoming feature 'DisableOutwardActorInference' is already enabled as of Swift version 6
[1876/1947] Compiling AsyncHTTPClient HTTPClient+shutdown.swift
<unknown>:0: warning: upcoming feature 'InferSendableFromCaptures' is already enabled as of Swift version 6
<unknown>:0: warning: upcoming feature 'GlobalActorIsolatedTypesUsability' is already enabled as of Swift version 6
<unknown>:0: warning: upcoming feature 'DisableOutwardActorInference' is already enabled as of Swift version 6
[1877/1947] Compiling AsyncHTTPClient HTTPClient+tracing.swift
<unknown>:0: warning: upcoming feature 'InferSendableFromCaptures' is already enabled as of Swift version 6
<unknown>:0: warning: upcoming feature 'GlobalActorIsolatedTypesUsability' is already enabled as of Swift version 6
<unknown>:0: warning: upcoming feature 'DisableOutwardActorInference' is already enabled as of Swift version 6
[1878/1947] Compiling AsyncHTTPClient HTTPClientRequest+Prepared.swift
<unknown>:0: warning: upcoming feature 'InferSendableFromCaptures' is already enabled as of Swift version 6
<unknown>:0: warning: upcoming feature 'GlobalActorIsolatedTypesUsability' is already enabled as of Swift version 6
<unknown>:0: warning: upcoming feature 'DisableOutwardActorInference' is already enabled as of Swift version 6
[1879/1947] Compiling AsyncHTTPClient HTTPClientRequest+auth.swift
<unknown>:0: warning: upcoming feature 'InferSendableFromCaptures' is already enabled as of Swift version 6
<unknown>:0: warning: upcoming feature 'GlobalActorIsolatedTypesUsability' is already enabled as of Swift version 6
<unknown>:0: warning: upcoming feature 'DisableOutwardActorInference' is already enabled as of Swift version 6
[1880/1947] Compiling AsyncHTTPClient HTTPClientRequest.swift
<unknown>:0: warning: upcoming feature 'InferSendableFromCaptures' is already enabled as of Swift version 6
<unknown>:0: warning: upcoming feature 'GlobalActorIsolatedTypesUsability' is already enabled as of Swift version 6
<unknown>:0: warning: upcoming feature 'DisableOutwardActorInference' is already enabled as of Swift version 6
[1881/1947] Compiling AsyncHTTPClient RequestValidation.swift
<unknown>:0: warning: upcoming feature 'InferSendableFromCaptures' is already enabled as of Swift version 6
<unknown>:0: warning: upcoming feature 'GlobalActorIsolatedTypesUsability' is already enabled as of Swift version 6
<unknown>:0: warning: upcoming feature 'DisableOutwardActorInference' is already enabled as of Swift version 6
[1882/1947] Compiling AsyncHTTPClient SSLContextCache.swift
<unknown>:0: warning: upcoming feature 'InferSendableFromCaptures' is already enabled as of Swift version 6
<unknown>:0: warning: upcoming feature 'GlobalActorIsolatedTypesUsability' is already enabled as of Swift version 6
<unknown>:0: warning: upcoming feature 'DisableOutwardActorInference' is already enabled as of Swift version 6
[1883/1947] Compiling AsyncHTTPClient Scheme.swift
<unknown>:0: warning: upcoming feature 'InferSendableFromCaptures' is already enabled as of Swift version 6
<unknown>:0: warning: upcoming feature 'GlobalActorIsolatedTypesUsability' is already enabled as of Swift version 6
<unknown>:0: warning: upcoming feature 'DisableOutwardActorInference' is already enabled as of Swift version 6
[1884/1947] Compiling AsyncHTTPClient Singleton.swift
<unknown>:0: warning: upcoming feature 'InferSendableFromCaptures' is already enabled as of Swift version 6
<unknown>:0: warning: upcoming feature 'GlobalActorIsolatedTypesUsability' is already enabled as of Swift version 6
<unknown>:0: warning: upcoming feature 'DisableOutwardActorInference' is already enabled as of Swift version 6
[1885/1947] Compiling AsyncHTTPClient StringConvertibleInstances.swift
<unknown>:0: warning: upcoming feature 'InferSendableFromCaptures' is already enabled as of Swift version 6
<unknown>:0: warning: upcoming feature 'GlobalActorIsolatedTypesUsability' is already enabled as of Swift version 6
<unknown>:0: warning: upcoming feature 'DisableOutwardActorInference' is already enabled as of Swift version 6
[1886/1947] Compiling AsyncHTTPClient StructuredConcurrencyHelpers.swift
<unknown>:0: warning: upcoming feature 'InferSendableFromCaptures' is already enabled as of Swift version 6
<unknown>:0: warning: upcoming feature 'GlobalActorIsolatedTypesUsability' is already enabled as of Swift version 6
<unknown>:0: warning: upcoming feature 'DisableOutwardActorInference' is already enabled as of Swift version 6
[1887/1947] Compiling AsyncHTTPClient TracingSupport.swift
<unknown>:0: warning: upcoming feature 'InferSendableFromCaptures' is already enabled as of Swift version 6
<unknown>:0: warning: upcoming feature 'GlobalActorIsolatedTypesUsability' is already enabled as of Swift version 6
<unknown>:0: warning: upcoming feature 'DisableOutwardActorInference' is already enabled as of Swift version 6
[1888/1947] Compiling AsyncHTTPClient Utils.swift
<unknown>:0: warning: upcoming feature 'InferSendableFromCaptures' is already enabled as of Swift version 6
<unknown>:0: warning: upcoming feature 'GlobalActorIsolatedTypesUsability' is already enabled as of Swift version 6
<unknown>:0: warning: upcoming feature 'DisableOutwardActorInference' is already enabled as of Swift version 6
[1889/1947] Compiling AsyncHTTPClient HTTPConnectionEvent.swift
<unknown>:0: warning: upcoming feature 'InferSendableFromCaptures' is already enabled as of Swift version 6
<unknown>:0: warning: upcoming feature 'GlobalActorIsolatedTypesUsability' is already enabled as of Swift version 6
<unknown>:0: warning: upcoming feature 'DisableOutwardActorInference' is already enabled as of Swift version 6
[1890/1947] Compiling AsyncHTTPClient HTTPConnectionPool+Factory.swift
<unknown>:0: warning: upcoming feature 'InferSendableFromCaptures' is already enabled as of Swift version 6
<unknown>:0: warning: upcoming feature 'GlobalActorIsolatedTypesUsability' is already enabled as of Swift version 6
<unknown>:0: warning: upcoming feature 'DisableOutwardActorInference' is already enabled as of Swift version 6
[1891/1947] Compiling AsyncHTTPClient HTTPConnectionPool+Manager.swift
<unknown>:0: warning: upcoming feature 'InferSendableFromCaptures' is already enabled as of Swift version 6
<unknown>:0: warning: upcoming feature 'GlobalActorIsolatedTypesUsability' is already enabled as of Swift version 6
<unknown>:0: warning: upcoming feature 'DisableOutwardActorInference' is already enabled as of Swift version 6
[1892/1947] Compiling AsyncHTTPClient HTTPConnectionPool.swift
<unknown>:0: warning: upcoming feature 'InferSendableFromCaptures' is already enabled as of Swift version 6
<unknown>:0: warning: upcoming feature 'GlobalActorIsolatedTypesUsability' is already enabled as of Swift version 6
<unknown>:0: warning: upcoming feature 'DisableOutwardActorInference' is already enabled as of Swift version 6
[1893/1947] Compiling AsyncHTTPClient HTTPExecutableRequest.swift
<unknown>:0: warning: upcoming feature 'InferSendableFromCaptures' is already enabled as of Swift version 6
<unknown>:0: warning: upcoming feature 'GlobalActorIsolatedTypesUsability' is already enabled as of Swift version 6
<unknown>:0: warning: upcoming feature 'DisableOutwardActorInference' is already enabled as of Swift version 6
[1894/1947] Compiling AsyncHTTPClient HTTPRequestStateMachine+Demand.swift
<unknown>:0: warning: upcoming feature 'InferSendableFromCaptures' is already enabled as of Swift version 6
<unknown>:0: warning: upcoming feature 'GlobalActorIsolatedTypesUsability' is already enabled as of Swift version 6
<unknown>:0: warning: upcoming feature 'DisableOutwardActorInference' is already enabled as of Swift version 6
[1895/1947] Compiling AsyncHTTPClient HTTPRequestStateMachine.swift
<unknown>:0: warning: upcoming feature 'InferSendableFromCaptures' is already enabled as of Swift version 6
<unknown>:0: warning: upcoming feature 'GlobalActorIsolatedTypesUsability' is already enabled as of Swift version 6
<unknown>:0: warning: upcoming feature 'DisableOutwardActorInference' is already enabled as of Swift version 6
[1896/1947] Compiling AsyncHTTPClient RequestBodyLength.swift
<unknown>:0: warning: upcoming feature 'InferSendableFromCaptures' is already enabled as of Swift version 6
<unknown>:0: warning: upcoming feature 'GlobalActorIsolatedTypesUsability' is already enabled as of Swift version 6
<unknown>:0: warning: upcoming feature 'DisableOutwardActorInference' is already enabled as of Swift version 6
[1897/1947] Compiling AsyncHTTPClient RequestFramingMetadata.swift
<unknown>:0: warning: upcoming feature 'InferSendableFromCaptures' is already enabled as of Swift version 6
<unknown>:0: warning: upcoming feature 'GlobalActorIsolatedTypesUsability' is already enabled as of Swift version 6
<unknown>:0: warning: upcoming feature 'DisableOutwardActorInference' is already enabled as of Swift version 6
[1898/1947] Compiling AsyncHTTPClient LRUCache.swift
<unknown>:0: warning: upcoming feature 'InferSendableFromCaptures' is already enabled as of Swift version 6
<unknown>:0: warning: upcoming feature 'GlobalActorIsolatedTypesUsability' is already enabled as of Swift version 6
<unknown>:0: warning: upcoming feature 'DisableOutwardActorInference' is already enabled as of Swift version 6
[1899/1947] Compiling AsyncHTTPClient NIOLoopBound+Execute.swift
<unknown>:0: warning: upcoming feature 'InferSendableFromCaptures' is already enabled as of Swift version 6
<unknown>:0: warning: upcoming feature 'GlobalActorIsolatedTypesUsability' is already enabled as of Swift version 6
<unknown>:0: warning: upcoming feature 'DisableOutwardActorInference' is already enabled as of Swift version 6
[1900/1947] Compiling AsyncHTTPClient NWErrorHandler.swift
<unknown>:0: warning: upcoming feature 'InferSendableFromCaptures' is already enabled as of Swift version 6
<unknown>:0: warning: upcoming feature 'GlobalActorIsolatedTypesUsability' is already enabled as of Swift version 6
<unknown>:0: warning: upcoming feature 'DisableOutwardActorInference' is already enabled as of Swift version 6
[1901/1947] Compiling AsyncHTTPClient NWWaitingHandler.swift
<unknown>:0: warning: upcoming feature 'InferSendableFromCaptures' is already enabled as of Swift version 6
<unknown>:0: warning: upcoming feature 'GlobalActorIsolatedTypesUsability' is already enabled as of Swift version 6
<unknown>:0: warning: upcoming feature 'DisableOutwardActorInference' is already enabled as of Swift version 6
[1902/1947] Compiling AsyncHTTPClient TLSConfiguration.swift
<unknown>:0: warning: upcoming feature 'InferSendableFromCaptures' is already enabled as of Swift version 6
<unknown>:0: warning: upcoming feature 'GlobalActorIsolatedTypesUsability' is already enabled as of Swift version 6
<unknown>:0: warning: upcoming feature 'DisableOutwardActorInference' is already enabled as of Swift version 6
[1903/1947] Compiling AsyncHTTPClient RedirectState.swift
<unknown>:0: warning: upcoming feature 'InferSendableFromCaptures' is already enabled as of Swift version 6
<unknown>:0: warning: upcoming feature 'GlobalActorIsolatedTypesUsability' is already enabled as of Swift version 6
<unknown>:0: warning: upcoming feature 'DisableOutwardActorInference' is already enabled as of Swift version 6
[1904/1947] Compiling AsyncHTTPClient RequestBag+StateMachine.swift
<unknown>:0: warning: upcoming feature 'InferSendableFromCaptures' is already enabled as of Swift version 6
<unknown>:0: warning: upcoming feature 'GlobalActorIsolatedTypesUsability' is already enabled as of Swift version 6
<unknown>:0: warning: upcoming feature 'DisableOutwardActorInference' is already enabled as of Swift version 6
[1905/1947] Compiling AsyncHTTPClient RequestBag+Tracing.swift
<unknown>:0: warning: upcoming feature 'InferSendableFromCaptures' is already enabled as of Swift version 6
<unknown>:0: warning: upcoming feature 'GlobalActorIsolatedTypesUsability' is already enabled as of Swift version 6
<unknown>:0: warning: upcoming feature 'DisableOutwardActorInference' is already enabled as of Swift version 6
[1906/1947] Compiling AsyncHTTPClient RequestBag.swift
<unknown>:0: warning: upcoming feature 'InferSendableFromCaptures' is already enabled as of Swift version 6
<unknown>:0: warning: upcoming feature 'GlobalActorIsolatedTypesUsability' is already enabled as of Swift version 6
<unknown>:0: warning: upcoming feature 'DisableOutwardActorInference' is already enabled as of Swift version 6
[1907/1947] Compiling AsyncHTTPClient HTTP1ProxyConnectHandler.swift
<unknown>:0: warning: upcoming feature 'InferSendableFromCaptures' is already enabled as of Swift version 6
<unknown>:0: warning: upcoming feature 'GlobalActorIsolatedTypesUsability' is already enabled as of Swift version 6
<unknown>:0: warning: upcoming feature 'DisableOutwardActorInference' is already enabled as of Swift version 6
[1908/1947] Compiling AsyncHTTPClient SOCKSEventsHandler.swift
<unknown>:0: warning: upcoming feature 'InferSendableFromCaptures' is already enabled as of Swift version 6
<unknown>:0: warning: upcoming feature 'GlobalActorIsolatedTypesUsability' is already enabled as of Swift version 6
<unknown>:0: warning: upcoming feature 'DisableOutwardActorInference' is already enabled as of Swift version 6
[1909/1947] Compiling AsyncHTTPClient TLSEventsHandler.swift
<unknown>:0: warning: upcoming feature 'InferSendableFromCaptures' is already enabled as of Swift version 6
<unknown>:0: warning: upcoming feature 'GlobalActorIsolatedTypesUsability' is already enabled as of Swift version 6
<unknown>:0: warning: upcoming feature 'DisableOutwardActorInference' is already enabled as of Swift version 6
[1910/1947] Compiling AsyncHTTPClient HTTP1ClientChannelHandler.swift
<unknown>:0: warning: upcoming feature 'InferSendableFromCaptures' is already enabled as of Swift version 6
<unknown>:0: warning: upcoming feature 'GlobalActorIsolatedTypesUsability' is already enabled as of Swift version 6
<unknown>:0: warning: upcoming feature 'DisableOutwardActorInference' is already enabled as of Swift version 6
[1911/1947] Compiling AsyncHTTPClient HTTP1Connection.swift
<unknown>:0: warning: upcoming feature 'InferSendableFromCaptures' is already enabled as of Swift version 6
<unknown>:0: warning: upcoming feature 'GlobalActorIsolatedTypesUsability' is already enabled as of Swift version 6
<unknown>:0: warning: upcoming feature 'DisableOutwardActorInference' is already enabled as of Swift version 6
[1912/1947] Compiling AsyncHTTPClient HTTP1ConnectionStateMachine.swift
<unknown>:0: warning: upcoming feature 'InferSendableFromCaptures' is already enabled as of Swift version 6
<unknown>:0: warning: upcoming feature 'GlobalActorIsolatedTypesUsability' is already enabled as of Swift version 6
<unknown>:0: warning: upcoming feature 'DisableOutwardActorInference' is already enabled as of Swift version 6
[1913/1947] Compiling AsyncHTTPClient HTTP2ClientRequestHandler.swift
<unknown>:0: warning: upcoming feature 'InferSendableFromCaptures' is already enabled as of Swift version 6
<unknown>:0: warning: upcoming feature 'GlobalActorIsolatedTypesUsability' is already enabled as of Swift version 6
<unknown>:0: warning: upcoming feature 'DisableOutwardActorInference' is already enabled as of Swift version 6
[1914/1947] Compiling AsyncHTTPClient HTTP2Connection.swift
<unknown>:0: warning: upcoming feature 'InferSendableFromCaptures' is already enabled as of Swift version 6
<unknown>:0: warning: upcoming feature 'GlobalActorIsolatedTypesUsability' is already enabled as of Swift version 6
<unknown>:0: warning: upcoming feature 'DisableOutwardActorInference' is already enabled as of Swift version 6
[1915/1947] Compiling AsyncHTTPClient HTTP2IdleHandler.swift
<unknown>:0: warning: upcoming feature 'InferSendableFromCaptures' is already enabled as of Swift version 6
<unknown>:0: warning: upcoming feature 'GlobalActorIsolatedTypesUsability' is already enabled as of Swift version 6
<unknown>:0: warning: upcoming feature 'DisableOutwardActorInference' is already enabled as of Swift version 6
[1916/1947] Compiling AsyncHTTPClient RequestOptions.swift
<unknown>:0: warning: upcoming feature 'InferSendableFromCaptures' is already enabled as of Swift version 6
<unknown>:0: warning: upcoming feature 'GlobalActorIsolatedTypesUsability' is already enabled as of Swift version 6
<unknown>:0: warning: upcoming feature 'DisableOutwardActorInference' is already enabled as of Swift version 6
[1917/1947] Compiling AsyncHTTPClient HTTPConnectionPool+Backoff.swift
<unknown>:0: warning: upcoming feature 'InferSendableFromCaptures' is already enabled as of Swift version 6
<unknown>:0: warning: upcoming feature 'GlobalActorIsolatedTypesUsability' is already enabled as of Swift version 6
<unknown>:0: warning: upcoming feature 'DisableOutwardActorInference' is already enabled as of Swift version 6
[1918/1947] Compiling AsyncHTTPClient HTTPConnectionPool+HTTP1Connections.swift
<unknown>:0: warning: upcoming feature 'InferSendableFromCaptures' is already enabled as of Swift version 6
<unknown>:0: warning: upcoming feature 'GlobalActorIsolatedTypesUsability' is already enabled as of Swift version 6
<unknown>:0: warning: upcoming feature 'DisableOutwardActorInference' is already enabled as of Swift version 6
[1919/1947] Compiling AsyncHTTPClient HTTPConnectionPool+HTTP1StateMachine.swift
<unknown>:0: warning: upcoming feature 'InferSendableFromCaptures' is already enabled as of Swift version 6
<unknown>:0: warning: upcoming feature 'GlobalActorIsolatedTypesUsability' is already enabled as of Swift version 6
<unknown>:0: warning: upcoming feature 'DisableOutwardActorInference' is already enabled as of Swift version 6
[1920/1947] Compiling AsyncHTTPClient HTTPConnectionPool+HTTP2Connections.swift
<unknown>:0: warning: upcoming feature 'InferSendableFromCaptures' is already enabled as of Swift version 6
<unknown>:0: warning: upcoming feature 'GlobalActorIsolatedTypesUsability' is already enabled as of Swift version 6
<unknown>:0: warning: upcoming feature 'DisableOutwardActorInference' is already enabled as of Swift version 6
[1921/1947] Compiling AsyncHTTPClient HTTPConnectionPool+HTTP2StateMachine.swift
<unknown>:0: warning: upcoming feature 'InferSendableFromCaptures' is already enabled as of Swift version 6
<unknown>:0: warning: upcoming feature 'GlobalActorIsolatedTypesUsability' is already enabled as of Swift version 6
<unknown>:0: warning: upcoming feature 'DisableOutwardActorInference' is already enabled as of Swift version 6
[1922/1947] Compiling AsyncHTTPClient HTTPConnectionPool+RequestQueue.swift
<unknown>:0: warning: upcoming feature 'InferSendableFromCaptures' is already enabled as of Swift version 6
<unknown>:0: warning: upcoming feature 'GlobalActorIsolatedTypesUsability' is already enabled as of Swift version 6
<unknown>:0: warning: upcoming feature 'DisableOutwardActorInference' is already enabled as of Swift version 6
[1923/1947] Compiling AsyncHTTPClient HTTPConnectionPool+StateMachine.swift
<unknown>:0: warning: upcoming feature 'InferSendableFromCaptures' is already enabled as of Swift version 6
<unknown>:0: warning: upcoming feature 'GlobalActorIsolatedTypesUsability' is already enabled as of Swift version 6
<unknown>:0: warning: upcoming feature 'DisableOutwardActorInference' is already enabled as of Swift version 6
[1924/1947] Compiling AsyncHTTPClient ConnectionTarget.swift
<unknown>:0: warning: upcoming feature 'InferSendableFromCaptures' is already enabled as of Swift version 6
<unknown>:0: warning: upcoming feature 'GlobalActorIsolatedTypesUsability' is already enabled as of Swift version 6
<unknown>:0: warning: upcoming feature 'DisableOutwardActorInference' is already enabled as of Swift version 6
[1925/1947] Compiling AsyncHTTPClient DeconstructedURL.swift
<unknown>:0: warning: upcoming feature 'InferSendableFromCaptures' is already enabled as of Swift version 6
<unknown>:0: warning: upcoming feature 'GlobalActorIsolatedTypesUsability' is already enabled as of Swift version 6
<unknown>:0: warning: upcoming feature 'DisableOutwardActorInference' is already enabled as of Swift version 6
[1926/1947] Compiling AsyncHTTPClient FileDownloadDelegate.swift
<unknown>:0: warning: upcoming feature 'InferSendableFromCaptures' is already enabled as of Swift version 6
<unknown>:0: warning: upcoming feature 'GlobalActorIsolatedTypesUsability' is already enabled as of Swift version 6
<unknown>:0: warning: upcoming feature 'DisableOutwardActorInference' is already enabled as of Swift version 6
[1927/1947] Compiling AsyncHTTPClient FoundationExtensions.swift
<unknown>:0: warning: upcoming feature 'InferSendableFromCaptures' is already enabled as of Swift version 6
<unknown>:0: warning: upcoming feature 'GlobalActorIsolatedTypesUsability' is already enabled as of Swift version 6
<unknown>:0: warning: upcoming feature 'DisableOutwardActorInference' is already enabled as of Swift version 6
[1928/1947] Compiling AsyncHTTPClient HTTPClient+HTTPCookie.swift
<unknown>:0: warning: upcoming feature 'InferSendableFromCaptures' is already enabled as of Swift version 6
<unknown>:0: warning: upcoming feature 'GlobalActorIsolatedTypesUsability' is already enabled as of Swift version 6
<unknown>:0: warning: upcoming feature 'DisableOutwardActorInference' is already enabled as of Swift version 6
[1929/1947] Compiling AsyncHTTPClient HTTPClient+Proxy.swift
<unknown>:0: warning: upcoming feature 'InferSendableFromCaptures' is already enabled as of Swift version 6
<unknown>:0: warning: upcoming feature 'GlobalActorIsolatedTypesUsability' is already enabled as of Swift version 6
<unknown>:0: warning: upcoming feature 'DisableOutwardActorInference' is already enabled as of Swift version 6
[1930/1947] Compiling AsyncHTTPClient HTTPClient+StructuredConcurrency.swift
<unknown>:0: warning: upcoming feature 'InferSendableFromCaptures' is already enabled as of Swift version 6
<unknown>:0: warning: upcoming feature 'GlobalActorIsolatedTypesUsability' is already enabled as of Swift version 6
<unknown>:0: warning: upcoming feature 'DisableOutwardActorInference' is already enabled as of Swift version 6
[1931/1947] Compiling AsyncHTTPClient HTTPClient.swift
<unknown>:0: warning: upcoming feature 'InferSendableFromCaptures' is already enabled as of Swift version 6
<unknown>:0: warning: upcoming feature 'GlobalActorIsolatedTypesUsability' is already enabled as of Swift version 6
<unknown>:0: warning: upcoming feature 'DisableOutwardActorInference' is already enabled as of Swift version 6
[1932/1947] Compiling AsyncHTTPClient HTTPClientConfiguration+SwiftConfiguration.swift
<unknown>:0: warning: upcoming feature 'InferSendableFromCaptures' is already enabled as of Swift version 6
<unknown>:0: warning: upcoming feature 'GlobalActorIsolatedTypesUsability' is already enabled as of Swift version 6
<unknown>:0: warning: upcoming feature 'DisableOutwardActorInference' is already enabled as of Swift version 6
[1933/1947] Compiling AsyncHTTPClient HTTPHandler.swift
<unknown>:0: warning: upcoming feature 'InferSendableFromCaptures' is already enabled as of Swift version 6
<unknown>:0: warning: upcoming feature 'GlobalActorIsolatedTypesUsability' is already enabled as of Swift version 6
<unknown>:0: warning: upcoming feature 'DisableOutwardActorInference' is already enabled as of Swift version 6
[1934/1947] Compiling AsyncHTTPClient HTTPClientResponse.swift
<unknown>:0: warning: upcoming feature 'InferSendableFromCaptures' is already enabled as of Swift version 6
<unknown>:0: warning: upcoming feature 'GlobalActorIsolatedTypesUsability' is already enabled as of Swift version 6
<unknown>:0: warning: upcoming feature 'DisableOutwardActorInference' is already enabled as of Swift version 6
[1935/1947] Compiling AsyncHTTPClient SingleIteratorPrecondition.swift
<unknown>:0: warning: upcoming feature 'InferSendableFromCaptures' is already enabled as of Swift version 6
<unknown>:0: warning: upcoming feature 'GlobalActorIsolatedTypesUsability' is already enabled as of Swift version 6
<unknown>:0: warning: upcoming feature 'DisableOutwardActorInference' is already enabled as of Swift version 6
[1936/1947] Compiling AsyncHTTPClient Transaction+StateMachine.swift
<unknown>:0: warning: upcoming feature 'InferSendableFromCaptures' is already enabled as of Swift version 6
<unknown>:0: warning: upcoming feature 'GlobalActorIsolatedTypesUsability' is already enabled as of Swift version 6
<unknown>:0: warning: upcoming feature 'DisableOutwardActorInference' is already enabled as of Swift version 6
[1937/1947] Compiling AsyncHTTPClient Transaction.swift
<unknown>:0: warning: upcoming feature 'InferSendableFromCaptures' is already enabled as of Swift version 6
<unknown>:0: warning: upcoming feature 'GlobalActorIsolatedTypesUsability' is already enabled as of Swift version 6
<unknown>:0: warning: upcoming feature 'DisableOutwardActorInference' is already enabled as of Swift version 6
[1938/1947] Compiling AsyncHTTPClient Base64.swift
<unknown>:0: warning: upcoming feature 'InferSendableFromCaptures' is already enabled as of Swift version 6
<unknown>:0: warning: upcoming feature 'GlobalActorIsolatedTypesUsability' is already enabled as of Swift version 6
<unknown>:0: warning: upcoming feature 'DisableOutwardActorInference' is already enabled as of Swift version 6
[1939/1947] Compiling AsyncHTTPClient BasicAuth.swift
<unknown>:0: warning: upcoming feature 'InferSendableFromCaptures' is already enabled as of Swift version 6
<unknown>:0: warning: upcoming feature 'GlobalActorIsolatedTypesUsability' is already enabled as of Swift version 6
<unknown>:0: warning: upcoming feature 'DisableOutwardActorInference' is already enabled as of Swift version 6
[1940/1947] Compiling AsyncHTTPClient BestEffortHashableTLSConfiguration.swift
<unknown>:0: warning: upcoming feature 'InferSendableFromCaptures' is already enabled as of Swift version 6
<unknown>:0: warning: upcoming feature 'GlobalActorIsolatedTypesUsability' is already enabled as of Swift version 6
<unknown>:0: warning: upcoming feature 'DisableOutwardActorInference' is already enabled as of Swift version 6
[1941/1947] Compiling AsyncHTTPClient Configuration+BrowserLike.swift
<unknown>:0: warning: upcoming feature 'InferSendableFromCaptures' is already enabled as of Swift version 6
<unknown>:0: warning: upcoming feature 'GlobalActorIsolatedTypesUsability' is already enabled as of Swift version 6
<unknown>:0: warning: upcoming feature 'DisableOutwardActorInference' is already enabled as of Swift version 6
[1942/1947] Compiling AsyncHTTPClient ConnectionPool.swift
<unknown>:0: warning: upcoming feature 'InferSendableFromCaptures' is already enabled as of Swift version 6
<unknown>:0: warning: upcoming feature 'GlobalActorIsolatedTypesUsability' is already enabled as of Swift version 6
<unknown>:0: warning: upcoming feature 'DisableOutwardActorInference' is already enabled as of Swift version 6
[1943/1948] Wrapping AST for AsyncHTTPClient for debugging
[1945/1981] Compiling AcmeSwift RevokeCertificateEndpoint.swift
/host/spi-builder-workspace/Sources/AcmeSwift/Endpoints/EndpointProtocol.swift:3:8: error: no such module 'NIOFoundationCompat'
 1 | import NIOHTTP1
 2 | import NIO
 3 | import NIOFoundationCompat
   |        `- error: no such module 'NIOFoundationCompat'
 4 | import Foundation
 5 |
[1946/1981] Compiling AcmeSwift EndpointProtocol.swift
/host/spi-builder-workspace/Sources/AcmeSwift/Endpoints/EndpointProtocol.swift:3:8: error: no such module 'NIOFoundationCompat'
 1 | import NIOHTTP1
 2 | import NIO
 3 | import NIOFoundationCompat
   |        `- error: no such module 'NIOFoundationCompat'
 4 | import Foundation
 5 |
[1947/1981] Compiling AcmeSwift CreateOrderEndpoint.swift
/host/spi-builder-workspace/Sources/AcmeSwift/Endpoints/EndpointProtocol.swift:3:8: error: no such module 'NIOFoundationCompat'
 1 | import NIOHTTP1
 2 | import NIO
 3 | import NIOFoundationCompat
   |        `- error: no such module 'NIOFoundationCompat'
 4 | import Foundation
 5 |
[1948/1981] Compiling AcmeSwift FinalizeOrderEndpoint.swift
/host/spi-builder-workspace/Sources/AcmeSwift/Endpoints/EndpointProtocol.swift:3:8: error: no such module 'NIOFoundationCompat'
 1 | import NIOHTTP1
 2 | import NIO
 3 | import NIOFoundationCompat
   |        `- error: no such module 'NIOFoundationCompat'
 4 | import Foundation
 5 |
[1949/1981] Compiling AcmeSwift GetOrderEndpoint.swift
/host/spi-builder-workspace/Sources/AcmeSwift/Endpoints/EndpointProtocol.swift:3:8: error: no such module 'NIOFoundationCompat'
 1 | import NIOHTTP1
 2 | import NIO
 3 | import NIOFoundationCompat
   |        `- error: no such module 'NIOFoundationCompat'
 4 | import Foundation
 5 |
[1950/1981] Compiling AcmeSwift DeactivateAccountEndpoint.swift
/host/spi-builder-workspace/Sources/AcmeSwift/Endpoints/EndpointProtocol.swift:3:8: error: no such module 'NIOFoundationCompat'
 1 | import NIOHTTP1
 2 | import NIO
 3 | import NIOFoundationCompat
   |        `- error: no such module 'NIOFoundationCompat'
 4 | import Foundation
 5 |
[1951/1981] Compiling AcmeSwift ListOrdersEndpoint.swift
/host/spi-builder-workspace/Sources/AcmeSwift/Endpoints/EndpointProtocol.swift:3:8: error: no such module 'NIOFoundationCompat'
 1 | import NIOHTTP1
 2 | import NIO
 3 | import NIOFoundationCompat
   |        `- error: no such module 'NIOFoundationCompat'
 4 | import Foundation
 5 |
[1952/1981] Compiling AcmeSwift GetAuthorizationEndpoint.swift
/host/spi-builder-workspace/Sources/AcmeSwift/Endpoints/EndpointProtocol.swift:3:8: error: no such module 'NIOFoundationCompat'
 1 | import NIOHTTP1
 2 | import NIO
 3 | import NIOFoundationCompat
   |        `- error: no such module 'NIOFoundationCompat'
 4 | import Foundation
 5 |
[1953/1981] Compiling AcmeSwift DownloadCertificateEndpoint.swift
/host/spi-builder-workspace/Sources/AcmeSwift/Endpoints/EndpointProtocol.swift:3:8: error: no such module 'NIOFoundationCompat'
 1 | import NIOHTTP1
 2 | import NIO
 3 | import NIOFoundationCompat
   |        `- error: no such module 'NIOFoundationCompat'
 4 | import Foundation
 5 |
[1954/1981] Compiling AcmeSwift GetCertificateARIEndpoint.swift
/host/spi-builder-workspace/Sources/AcmeSwift/Endpoints/EndpointProtocol.swift:3:8: error: no such module 'NIOFoundationCompat'
 1 | import NIOHTTP1
 2 | import NIO
 3 | import NIOFoundationCompat
   |        `- error: no such module 'NIOFoundationCompat'
 4 | import Foundation
 5 |
[1955/1985] Compiling AcmeSwift HttpClient+Decode.swift
/host/spi-builder-workspace/Sources/AcmeSwift/Endpoints/EndpointProtocol.swift:3:8: error: no such module 'NIOFoundationCompat'
 1 | import NIOHTTP1
 2 | import NIO
 3 | import NIOFoundationCompat
   |        `- error: no such module 'NIOFoundationCompat'
 4 | import Foundation
 5 |
[1956/1985] Compiling AcmeSwift String+base64Url.swift
/host/spi-builder-workspace/Sources/AcmeSwift/Endpoints/EndpointProtocol.swift:3:8: error: no such module 'NIOFoundationCompat'
 1 | import NIOHTTP1
 2 | import NIO
 3 | import NIOFoundationCompat
   |        `- error: no such module 'NIOFoundationCompat'
 4 | import Foundation
 5 |
[1957/1985] Compiling AcmeSwift AccountCredentials.swift
/host/spi-builder-workspace/Sources/AcmeSwift/Endpoints/EndpointProtocol.swift:3:8: error: no such module 'NIOFoundationCompat'
 1 | import NIOHTTP1
 2 | import NIO
 3 | import NIOFoundationCompat
   |        `- error: no such module 'NIOFoundationCompat'
 4 | import Foundation
 5 |
[1958/1985] Compiling AcmeSwift AccountOrdersUrls.swift
/host/spi-builder-workspace/Sources/AcmeSwift/Endpoints/EndpointProtocol.swift:3:8: error: no such module 'NIOFoundationCompat'
 1 | import NIOHTTP1
 2 | import NIO
 3 | import NIOFoundationCompat
   |        `- error: no such module 'NIOFoundationCompat'
 4 | import Foundation
 5 |
[1959/1985] Compiling AcmeSwift AcmeCertificateARIInformation.swift
/host/spi-builder-workspace/Sources/AcmeSwift/Endpoints/EndpointProtocol.swift:3:8: error: no such module 'NIOFoundationCompat'
 1 | import NIOHTTP1
 2 | import NIO
 3 | import NIOFoundationCompat
   |        `- error: no such module 'NIOFoundationCompat'
 4 | import Foundation
 5 |
[1960/1985] Compiling AcmeSwift RevokeSpec.swift
/host/spi-builder-workspace/Sources/AcmeSwift/Endpoints/EndpointProtocol.swift:3:8: error: no such module 'NIOFoundationCompat'
 1 | import NIOHTTP1
 2 | import NIO
 3 | import NIOFoundationCompat
   |        `- error: no such module 'NIOFoundationCompat'
 4 | import Foundation
 5 |
[1961/1985] Compiling AcmeSwift AcmeAttestationSpec.swift
/host/spi-builder-workspace/Sources/AcmeSwift/Endpoints/EndpointProtocol.swift:3:8: error: no such module 'NIOFoundationCompat'
 1 | import NIOHTTP1
 2 | import NIO
 3 | import NIOFoundationCompat
   |        `- error: no such module 'NIOFoundationCompat'
 4 | import Foundation
 5 |
[1962/1985] Compiling AcmeSwift AcmeAuthorization.swift
/host/spi-builder-workspace/Sources/AcmeSwift/Endpoints/EndpointProtocol.swift:3:8: error: no such module 'NIOFoundationCompat'
 1 | import NIOHTTP1
 2 | import NIO
 3 | import NIOFoundationCompat
   |        `- error: no such module 'NIOFoundationCompat'
 4 | import Foundation
 5 |
[1963/1985] Compiling AcmeSwift AcmeAccountInfo.swift
/host/spi-builder-workspace/Sources/AcmeSwift/Endpoints/EndpointProtocol.swift:3:8: error: no such module 'NIOFoundationCompat'
 1 | import NIOHTTP1
 2 | import NIO
 3 | import NIOFoundationCompat
   |        `- error: no such module 'NIOFoundationCompat'
 4 | import Foundation
 5 |
[1964/1985] Compiling AcmeSwift AcmeAccountSpec.swift
/host/spi-builder-workspace/Sources/AcmeSwift/Endpoints/EndpointProtocol.swift:3:8: error: no such module 'NIOFoundationCompat'
 1 | import NIOHTTP1
 2 | import NIO
 3 | import NIOFoundationCompat
   |        `- error: no such module 'NIOFoundationCompat'
 4 | import Foundation
 5 |
[1965/1985] Compiling AcmeSwift AcmeDirectory.swift
/host/spi-builder-workspace/Sources/AcmeSwift/Endpoints/EndpointProtocol.swift:3:8: error: no such module 'NIOFoundationCompat'
 1 | import NIOHTTP1
 2 | import NIO
 3 | import NIOFoundationCompat
   |        `- error: no such module 'NIOFoundationCompat'
 4 | import Foundation
 5 |
[1966/1985] Compiling AcmeSwift AcmeError.swift
/host/spi-builder-workspace/Sources/AcmeSwift/Endpoints/EndpointProtocol.swift:3:8: error: no such module 'NIOFoundationCompat'
 1 | import NIOHTTP1
 2 | import NIO
 3 | import NIOFoundationCompat
   |        `- error: no such module 'NIOFoundationCompat'
 4 | import Foundation
 5 |
error: emit-module command failed with exit code 1 (use -v to see invocation)
[1967/1985] Emitting module AcmeSwift
/host/spi-builder-workspace/Sources/AcmeSwift/Endpoints/EndpointProtocol.swift:3:8: error: no such module 'NIOFoundationCompat'
 1 | import NIOHTTP1
 2 | import NIO
 3 | import NIOFoundationCompat
   |        `- error: no such module 'NIOFoundationCompat'
 4 | import Foundation
 5 |
[1968/1985] Compiling AcmeSwift AcmeFinalizeOrderSpec.swift
/host/spi-builder-workspace/Sources/AcmeSwift/Endpoints/EndpointProtocol.swift:3:8: error: no such module 'NIOFoundationCompat'
 1 | import NIOHTTP1
 2 | import NIO
 3 | import NIOFoundationCompat
   |        `- error: no such module 'NIOFoundationCompat'
 4 | import Foundation
 5 |
[1969/1985] Compiling AcmeSwift AcmeOrderInfo.swift
/host/spi-builder-workspace/Sources/AcmeSwift/Endpoints/EndpointProtocol.swift:3:8: error: no such module 'NIOFoundationCompat'
 1 | import NIOHTTP1
 2 | import NIO
 3 | import NIOFoundationCompat
   |        `- error: no such module 'NIOFoundationCompat'
 4 | import Foundation
 5 |
[1970/1985] Compiling AcmeSwift AcmeOrderSpec.swift
/host/spi-builder-workspace/Sources/AcmeSwift/Endpoints/EndpointProtocol.swift:3:8: error: no such module 'NIOFoundationCompat'
 1 | import NIOHTTP1
 2 | import NIO
 3 | import NIOFoundationCompat
   |        `- error: no such module 'NIOFoundationCompat'
 4 | import Foundation
 5 |
[1971/1985] Compiling AcmeSwift ChallengeDescription.swift
/host/spi-builder-workspace/Sources/AcmeSwift/Endpoints/EndpointProtocol.swift:3:8: error: no such module 'NIOFoundationCompat'
 1 | import NIOHTTP1
 2 | import NIO
 3 | import NIOFoundationCompat
   |        `- error: no such module 'NIOFoundationCompat'
 4 | import Foundation
 5 |
[1972/1985] Compiling AcmeSwift AcmeSwift+Account.swift
/host/spi-builder-workspace/Sources/AcmeSwift/APIs/AcmeSwift+Orders.swift:215:23: error: expected identifier after '.' expression
213 |                 var keySize: _RSA.Signing.KeySize!
214 |                 switch bits {
215 |                 case .`2048`:
    |                       `- error: expected identifier after '.' expression
216 |                     keySize = .bits2048
217 |                 case .`3072`:
/host/spi-builder-workspace/Sources/AcmeSwift/APIs/AcmeSwift+Orders.swift:215:23: error: expected ':' after 'case'
213 |                 var keySize: _RSA.Signing.KeySize!
214 |                 switch bits {
215 |                 case .`2048`:
    |                       `- error: expected ':' after 'case'
216 |                     keySize = .bits2048
217 |                 case .`3072`:
/host/spi-builder-workspace/Sources/AcmeSwift/APIs/AcmeSwift+Orders.swift:215:23: error: expected expression
213 |                 var keySize: _RSA.Signing.KeySize!
214 |                 switch bits {
215 |                 case .`2048`:
    |                       `- error: expected expression
216 |                     keySize = .bits2048
217 |                 case .`3072`:
/host/spi-builder-workspace/Sources/AcmeSwift/APIs/AcmeSwift+Orders.swift:217:23: error: expected identifier after '.' expression
215 |                 case .`2048`:
216 |                     keySize = .bits2048
217 |                 case .`3072`:
    |                       `- error: expected identifier after '.' expression
218 |                     keySize = .bits3072
219 |                 case .`4096`:
/host/spi-builder-workspace/Sources/AcmeSwift/APIs/AcmeSwift+Orders.swift:217:23: error: expected ':' after 'case'
215 |                 case .`2048`:
216 |                     keySize = .bits2048
217 |                 case .`3072`:
    |                       `- error: expected ':' after 'case'
218 |                     keySize = .bits3072
219 |                 case .`4096`:
/host/spi-builder-workspace/Sources/AcmeSwift/APIs/AcmeSwift+Orders.swift:217:23: error: expected expression
215 |                 case .`2048`:
216 |                     keySize = .bits2048
217 |                 case .`3072`:
    |                       `- error: expected expression
218 |                     keySize = .bits3072
219 |                 case .`4096`:
/host/spi-builder-workspace/Sources/AcmeSwift/APIs/AcmeSwift+Orders.swift:219:23: error: expected identifier after '.' expression
217 |                 case .`3072`:
218 |                     keySize = .bits3072
219 |                 case .`4096`:
    |                       `- error: expected identifier after '.' expression
220 |                     keySize = .bits4096
221 |                 }
/host/spi-builder-workspace/Sources/AcmeSwift/APIs/AcmeSwift+Orders.swift:219:23: error: expected ':' after 'case'
217 |                 case .`3072`:
218 |                     keySize = .bits3072
219 |                 case .`4096`:
    |                       `- error: expected ':' after 'case'
220 |                     keySize = .bits4096
221 |                 }
/host/spi-builder-workspace/Sources/AcmeSwift/APIs/AcmeSwift+Orders.swift:219:23: error: expected expression
217 |                 case .`3072`:
218 |                     keySize = .bits3072
219 |                 case .`4096`:
    |                       `- error: expected expression
220 |                     keySize = .bits4096
221 |                 }
/host/spi-builder-workspace/Sources/AcmeSwift/APIs/AcmeSwift+Orders.swift:222:39: error: initializers may only be declared within a type
220 |                     keySize = .bits4096
221 |                 }
222 |                 privateKey = try .init(_CryptoExtras._RSA.Signing.PrivateKey(keySize: keySize))
    |                                       `- error: initializers may only be declared within a type
223 |                 signatureAlg = .sha256WithRSAEncryption
224 |             }
/host/spi-builder-workspace/Sources/AcmeSwift/APIs/AcmeSwift+Orders.swift:222:40: error: expected parameter name followed by ':'
220 |                     keySize = .bits4096
221 |                 }
222 |                 privateKey = try .init(_CryptoExtras._RSA.Signing.PrivateKey(keySize: keySize))
    |                                        `- error: expected parameter name followed by ':'
223 |                 signatureAlg = .sha256WithRSAEncryption
224 |             }
/host/spi-builder-workspace/Sources/AcmeSwift/APIs/AcmeSwift+Orders.swift:510:37: error: expected identifier after '.' expression
508 |     @nonexhaustive
509 |     public enum KeyType: Sendable {
510 |         case rsa(_ bits: RSABits = .`2048`)
    |                                     `- error: expected identifier after '.' expression
511 |         case ecdsa(_ bits: ECCBits = .p384)
512 |
/host/spi-builder-workspace/Sources/AcmeSwift/APIs/AcmeSwift+Orders.swift:510:37: error: expected ',' separator
508 |     @nonexhaustive
509 |     public enum KeyType: Sendable {
510 |         case rsa(_ bits: RSABits = .`2048`)
    |                                     `- error: expected ',' separator
511 |         case ecdsa(_ bits: ECCBits = .p384)
512 |
/host/spi-builder-workspace/Sources/AcmeSwift/APIs/AcmeSwift+Orders.swift:510:37: error: expected parameter name followed by ':'
508 |     @nonexhaustive
509 |     public enum KeyType: Sendable {
510 |         case rsa(_ bits: RSABits = .`2048`)
    |                                     `- error: expected parameter name followed by ':'
511 |         case ecdsa(_ bits: ECCBits = .p384)
512 |
/host/spi-builder-workspace/Sources/AcmeSwift/APIs/AcmeSwift+Orders.swift:515:13: error: expected identifier in enum 'case' declaration
513 |         @nonexhaustive
514 |         public enum RSABits: Sendable {
515 |             case `2048`
    |             `- error: expected identifier in enum 'case' declaration
516 |             case `3072`
517 |             case `4096`
/host/spi-builder-workspace/Sources/AcmeSwift/APIs/AcmeSwift+Orders.swift:515:17: error: consecutive declarations on a line must be separated by ';'
513 |         @nonexhaustive
514 |         public enum RSABits: Sendable {
515 |             case `2048`
    |                 `- error: consecutive declarations on a line must be separated by ';'
516 |             case `3072`
517 |             case `4096`
/host/spi-builder-workspace/Sources/AcmeSwift/APIs/AcmeSwift+Orders.swift:515:18: error: expected declaration
512 |
513 |         @nonexhaustive
514 |         public enum RSABits: Sendable {
    |                     `- note: in declaration of 'RSABits'
515 |             case `2048`
    |                  `- error: expected declaration
516 |             case `3072`
517 |             case `4096`
/host/spi-builder-workspace/Sources/AcmeSwift/APIs/AcmeSwift+Orders.swift:516:13: error: expected identifier in enum 'case' declaration
514 |         public enum RSABits: Sendable {
515 |             case `2048`
516 |             case `3072`
    |             `- error: expected identifier in enum 'case' declaration
517 |             case `4096`
518 |         }
/host/spi-builder-workspace/Sources/AcmeSwift/APIs/AcmeSwift+Orders.swift:516:17: error: consecutive declarations on a line must be separated by ';'
514 |         public enum RSABits: Sendable {
515 |             case `2048`
516 |             case `3072`
    |                 `- error: consecutive declarations on a line must be separated by ';'
517 |             case `4096`
518 |         }
/host/spi-builder-workspace/Sources/AcmeSwift/APIs/AcmeSwift+Orders.swift:516:18: error: expected declaration
512 |
513 |         @nonexhaustive
514 |         public enum RSABits: Sendable {
    |                     `- note: in declaration of 'RSABits'
515 |             case `2048`
516 |             case `3072`
    |                  `- error: expected declaration
517 |             case `4096`
518 |         }
/host/spi-builder-workspace/Sources/AcmeSwift/APIs/AcmeSwift+Orders.swift:517:13: error: expected identifier in enum 'case' declaration
515 |             case `2048`
516 |             case `3072`
517 |             case `4096`
    |             `- error: expected identifier in enum 'case' declaration
518 |         }
519 |
/host/spi-builder-workspace/Sources/AcmeSwift/APIs/AcmeSwift+Orders.swift:517:17: error: consecutive declarations on a line must be separated by ';'
515 |             case `2048`
516 |             case `3072`
517 |             case `4096`
    |                 `- error: consecutive declarations on a line must be separated by ';'
518 |         }
519 |
/host/spi-builder-workspace/Sources/AcmeSwift/APIs/AcmeSwift+Orders.swift:517:18: error: expected declaration
512 |
513 |         @nonexhaustive
514 |         public enum RSABits: Sendable {
    |                     `- note: in declaration of 'RSABits'
515 |             case `2048`
516 |             case `3072`
517 |             case `4096`
    |                  `- error: expected declaration
518 |         }
519 |
/host/spi-builder-workspace/Sources/AcmeSwift/Endpoints/EndpointProtocol.swift:3:8: error: no such module 'NIOFoundationCompat'
 1 | import NIOHTTP1
 2 | import NIO
 3 | import NIOFoundationCompat
   |        `- error: no such module 'NIOFoundationCompat'
 4 | import Foundation
 5 |
[1973/1985] Compiling AcmeSwift AcmeSwift+Certificates.swift
/host/spi-builder-workspace/Sources/AcmeSwift/APIs/AcmeSwift+Orders.swift:215:23: error: expected identifier after '.' expression
213 |                 var keySize: _RSA.Signing.KeySize!
214 |                 switch bits {
215 |                 case .`2048`:
    |                       `- error: expected identifier after '.' expression
216 |                     keySize = .bits2048
217 |                 case .`3072`:
/host/spi-builder-workspace/Sources/AcmeSwift/APIs/AcmeSwift+Orders.swift:215:23: error: expected ':' after 'case'
213 |                 var keySize: _RSA.Signing.KeySize!
214 |                 switch bits {
215 |                 case .`2048`:
    |                       `- error: expected ':' after 'case'
216 |                     keySize = .bits2048
217 |                 case .`3072`:
/host/spi-builder-workspace/Sources/AcmeSwift/APIs/AcmeSwift+Orders.swift:215:23: error: expected expression
213 |                 var keySize: _RSA.Signing.KeySize!
214 |                 switch bits {
215 |                 case .`2048`:
    |                       `- error: expected expression
216 |                     keySize = .bits2048
217 |                 case .`3072`:
/host/spi-builder-workspace/Sources/AcmeSwift/APIs/AcmeSwift+Orders.swift:217:23: error: expected identifier after '.' expression
215 |                 case .`2048`:
216 |                     keySize = .bits2048
217 |                 case .`3072`:
    |                       `- error: expected identifier after '.' expression
218 |                     keySize = .bits3072
219 |                 case .`4096`:
/host/spi-builder-workspace/Sources/AcmeSwift/APIs/AcmeSwift+Orders.swift:217:23: error: expected ':' after 'case'
215 |                 case .`2048`:
216 |                     keySize = .bits2048
217 |                 case .`3072`:
    |                       `- error: expected ':' after 'case'
218 |                     keySize = .bits3072
219 |                 case .`4096`:
/host/spi-builder-workspace/Sources/AcmeSwift/APIs/AcmeSwift+Orders.swift:217:23: error: expected expression
215 |                 case .`2048`:
216 |                     keySize = .bits2048
217 |                 case .`3072`:
    |                       `- error: expected expression
218 |                     keySize = .bits3072
219 |                 case .`4096`:
/host/spi-builder-workspace/Sources/AcmeSwift/APIs/AcmeSwift+Orders.swift:219:23: error: expected identifier after '.' expression
217 |                 case .`3072`:
218 |                     keySize = .bits3072
219 |                 case .`4096`:
    |                       `- error: expected identifier after '.' expression
220 |                     keySize = .bits4096
221 |                 }
/host/spi-builder-workspace/Sources/AcmeSwift/APIs/AcmeSwift+Orders.swift:219:23: error: expected ':' after 'case'
217 |                 case .`3072`:
218 |                     keySize = .bits3072
219 |                 case .`4096`:
    |                       `- error: expected ':' after 'case'
220 |                     keySize = .bits4096
221 |                 }
/host/spi-builder-workspace/Sources/AcmeSwift/APIs/AcmeSwift+Orders.swift:219:23: error: expected expression
217 |                 case .`3072`:
218 |                     keySize = .bits3072
219 |                 case .`4096`:
    |                       `- error: expected expression
220 |                     keySize = .bits4096
221 |                 }
/host/spi-builder-workspace/Sources/AcmeSwift/APIs/AcmeSwift+Orders.swift:222:39: error: initializers may only be declared within a type
220 |                     keySize = .bits4096
221 |                 }
222 |                 privateKey = try .init(_CryptoExtras._RSA.Signing.PrivateKey(keySize: keySize))
    |                                       `- error: initializers may only be declared within a type
223 |                 signatureAlg = .sha256WithRSAEncryption
224 |             }
/host/spi-builder-workspace/Sources/AcmeSwift/APIs/AcmeSwift+Orders.swift:222:40: error: expected parameter name followed by ':'
220 |                     keySize = .bits4096
221 |                 }
222 |                 privateKey = try .init(_CryptoExtras._RSA.Signing.PrivateKey(keySize: keySize))
    |                                        `- error: expected parameter name followed by ':'
223 |                 signatureAlg = .sha256WithRSAEncryption
224 |             }
/host/spi-builder-workspace/Sources/AcmeSwift/APIs/AcmeSwift+Orders.swift:510:37: error: expected identifier after '.' expression
508 |     @nonexhaustive
509 |     public enum KeyType: Sendable {
510 |         case rsa(_ bits: RSABits = .`2048`)
    |                                     `- error: expected identifier after '.' expression
511 |         case ecdsa(_ bits: ECCBits = .p384)
512 |
/host/spi-builder-workspace/Sources/AcmeSwift/APIs/AcmeSwift+Orders.swift:510:37: error: expected ',' separator
508 |     @nonexhaustive
509 |     public enum KeyType: Sendable {
510 |         case rsa(_ bits: RSABits = .`2048`)
    |                                     `- error: expected ',' separator
511 |         case ecdsa(_ bits: ECCBits = .p384)
512 |
/host/spi-builder-workspace/Sources/AcmeSwift/APIs/AcmeSwift+Orders.swift:510:37: error: expected parameter name followed by ':'
508 |     @nonexhaustive
509 |     public enum KeyType: Sendable {
510 |         case rsa(_ bits: RSABits = .`2048`)
    |                                     `- error: expected parameter name followed by ':'
511 |         case ecdsa(_ bits: ECCBits = .p384)
512 |
/host/spi-builder-workspace/Sources/AcmeSwift/APIs/AcmeSwift+Orders.swift:515:13: error: expected identifier in enum 'case' declaration
513 |         @nonexhaustive
514 |         public enum RSABits: Sendable {
515 |             case `2048`
    |             `- error: expected identifier in enum 'case' declaration
516 |             case `3072`
517 |             case `4096`
/host/spi-builder-workspace/Sources/AcmeSwift/APIs/AcmeSwift+Orders.swift:515:17: error: consecutive declarations on a line must be separated by ';'
513 |         @nonexhaustive
514 |         public enum RSABits: Sendable {
515 |             case `2048`
    |                 `- error: consecutive declarations on a line must be separated by ';'
516 |             case `3072`
517 |             case `4096`
/host/spi-builder-workspace/Sources/AcmeSwift/APIs/AcmeSwift+Orders.swift:515:18: error: expected declaration
512 |
513 |         @nonexhaustive
514 |         public enum RSABits: Sendable {
    |                     `- note: in declaration of 'RSABits'
515 |             case `2048`
    |                  `- error: expected declaration
516 |             case `3072`
517 |             case `4096`
/host/spi-builder-workspace/Sources/AcmeSwift/APIs/AcmeSwift+Orders.swift:516:13: error: expected identifier in enum 'case' declaration
514 |         public enum RSABits: Sendable {
515 |             case `2048`
516 |             case `3072`
    |             `- error: expected identifier in enum 'case' declaration
517 |             case `4096`
518 |         }
/host/spi-builder-workspace/Sources/AcmeSwift/APIs/AcmeSwift+Orders.swift:516:17: error: consecutive declarations on a line must be separated by ';'
514 |         public enum RSABits: Sendable {
515 |             case `2048`
516 |             case `3072`
    |                 `- error: consecutive declarations on a line must be separated by ';'
517 |             case `4096`
518 |         }
/host/spi-builder-workspace/Sources/AcmeSwift/APIs/AcmeSwift+Orders.swift:516:18: error: expected declaration
512 |
513 |         @nonexhaustive
514 |         public enum RSABits: Sendable {
    |                     `- note: in declaration of 'RSABits'
515 |             case `2048`
516 |             case `3072`
    |                  `- error: expected declaration
517 |             case `4096`
518 |         }
/host/spi-builder-workspace/Sources/AcmeSwift/APIs/AcmeSwift+Orders.swift:517:13: error: expected identifier in enum 'case' declaration
515 |             case `2048`
516 |             case `3072`
517 |             case `4096`
    |             `- error: expected identifier in enum 'case' declaration
518 |         }
519 |
/host/spi-builder-workspace/Sources/AcmeSwift/APIs/AcmeSwift+Orders.swift:517:17: error: consecutive declarations on a line must be separated by ';'
515 |             case `2048`
516 |             case `3072`
517 |             case `4096`
    |                 `- error: consecutive declarations on a line must be separated by ';'
518 |         }
519 |
/host/spi-builder-workspace/Sources/AcmeSwift/APIs/AcmeSwift+Orders.swift:517:18: error: expected declaration
512 |
513 |         @nonexhaustive
514 |         public enum RSABits: Sendable {
    |                     `- note: in declaration of 'RSABits'
515 |             case `2048`
516 |             case `3072`
517 |             case `4096`
    |                  `- error: expected declaration
518 |         }
519 |
/host/spi-builder-workspace/Sources/AcmeSwift/Endpoints/EndpointProtocol.swift:3:8: error: no such module 'NIOFoundationCompat'
 1 | import NIOHTTP1
 2 | import NIO
 3 | import NIOFoundationCompat
   |        `- error: no such module 'NIOFoundationCompat'
 4 | import Foundation
 5 |
[1974/1985] Compiling AcmeSwift AcmeSwift+Orders.swift
/host/spi-builder-workspace/Sources/AcmeSwift/APIs/AcmeSwift+Orders.swift:215:23: error: expected identifier after '.' expression
213 |                 var keySize: _RSA.Signing.KeySize!
214 |                 switch bits {
215 |                 case .`2048`:
    |                       `- error: expected identifier after '.' expression
216 |                     keySize = .bits2048
217 |                 case .`3072`:
/host/spi-builder-workspace/Sources/AcmeSwift/APIs/AcmeSwift+Orders.swift:215:23: error: expected ':' after 'case'
213 |                 var keySize: _RSA.Signing.KeySize!
214 |                 switch bits {
215 |                 case .`2048`:
    |                       `- error: expected ':' after 'case'
216 |                     keySize = .bits2048
217 |                 case .`3072`:
/host/spi-builder-workspace/Sources/AcmeSwift/APIs/AcmeSwift+Orders.swift:215:23: error: expected expression
213 |                 var keySize: _RSA.Signing.KeySize!
214 |                 switch bits {
215 |                 case .`2048`:
    |                       `- error: expected expression
216 |                     keySize = .bits2048
217 |                 case .`3072`:
/host/spi-builder-workspace/Sources/AcmeSwift/APIs/AcmeSwift+Orders.swift:217:23: error: expected identifier after '.' expression
215 |                 case .`2048`:
216 |                     keySize = .bits2048
217 |                 case .`3072`:
    |                       `- error: expected identifier after '.' expression
218 |                     keySize = .bits3072
219 |                 case .`4096`:
/host/spi-builder-workspace/Sources/AcmeSwift/APIs/AcmeSwift+Orders.swift:217:23: error: expected ':' after 'case'
215 |                 case .`2048`:
216 |                     keySize = .bits2048
217 |                 case .`3072`:
    |                       `- error: expected ':' after 'case'
218 |                     keySize = .bits3072
219 |                 case .`4096`:
/host/spi-builder-workspace/Sources/AcmeSwift/APIs/AcmeSwift+Orders.swift:217:23: error: expected expression
215 |                 case .`2048`:
216 |                     keySize = .bits2048
217 |                 case .`3072`:
    |                       `- error: expected expression
218 |                     keySize = .bits3072
219 |                 case .`4096`:
/host/spi-builder-workspace/Sources/AcmeSwift/APIs/AcmeSwift+Orders.swift:219:23: error: expected identifier after '.' expression
217 |                 case .`3072`:
218 |                     keySize = .bits3072
219 |                 case .`4096`:
    |                       `- error: expected identifier after '.' expression
220 |                     keySize = .bits4096
221 |                 }
/host/spi-builder-workspace/Sources/AcmeSwift/APIs/AcmeSwift+Orders.swift:219:23: error: expected ':' after 'case'
217 |                 case .`3072`:
218 |                     keySize = .bits3072
219 |                 case .`4096`:
    |                       `- error: expected ':' after 'case'
220 |                     keySize = .bits4096
221 |                 }
/host/spi-builder-workspace/Sources/AcmeSwift/APIs/AcmeSwift+Orders.swift:219:23: error: expected expression
217 |                 case .`3072`:
218 |                     keySize = .bits3072
219 |                 case .`4096`:
    |                       `- error: expected expression
220 |                     keySize = .bits4096
221 |                 }
/host/spi-builder-workspace/Sources/AcmeSwift/APIs/AcmeSwift+Orders.swift:222:39: error: initializers may only be declared within a type
220 |                     keySize = .bits4096
221 |                 }
222 |                 privateKey = try .init(_CryptoExtras._RSA.Signing.PrivateKey(keySize: keySize))
    |                                       `- error: initializers may only be declared within a type
223 |                 signatureAlg = .sha256WithRSAEncryption
224 |             }
/host/spi-builder-workspace/Sources/AcmeSwift/APIs/AcmeSwift+Orders.swift:222:40: error: expected parameter name followed by ':'
220 |                     keySize = .bits4096
221 |                 }
222 |                 privateKey = try .init(_CryptoExtras._RSA.Signing.PrivateKey(keySize: keySize))
    |                                        `- error: expected parameter name followed by ':'
223 |                 signatureAlg = .sha256WithRSAEncryption
224 |             }
/host/spi-builder-workspace/Sources/AcmeSwift/APIs/AcmeSwift+Orders.swift:510:37: error: expected identifier after '.' expression
508 |     @nonexhaustive
509 |     public enum KeyType: Sendable {
510 |         case rsa(_ bits: RSABits = .`2048`)
    |                                     `- error: expected identifier after '.' expression
511 |         case ecdsa(_ bits: ECCBits = .p384)
512 |
/host/spi-builder-workspace/Sources/AcmeSwift/APIs/AcmeSwift+Orders.swift:510:37: error: expected ',' separator
508 |     @nonexhaustive
509 |     public enum KeyType: Sendable {
510 |         case rsa(_ bits: RSABits = .`2048`)
    |                                     `- error: expected ',' separator
511 |         case ecdsa(_ bits: ECCBits = .p384)
512 |
/host/spi-builder-workspace/Sources/AcmeSwift/APIs/AcmeSwift+Orders.swift:510:37: error: expected parameter name followed by ':'
508 |     @nonexhaustive
509 |     public enum KeyType: Sendable {
510 |         case rsa(_ bits: RSABits = .`2048`)
    |                                     `- error: expected parameter name followed by ':'
511 |         case ecdsa(_ bits: ECCBits = .p384)
512 |
/host/spi-builder-workspace/Sources/AcmeSwift/APIs/AcmeSwift+Orders.swift:515:13: error: expected identifier in enum 'case' declaration
513 |         @nonexhaustive
514 |         public enum RSABits: Sendable {
515 |             case `2048`
    |             `- error: expected identifier in enum 'case' declaration
516 |             case `3072`
517 |             case `4096`
/host/spi-builder-workspace/Sources/AcmeSwift/APIs/AcmeSwift+Orders.swift:515:17: error: consecutive declarations on a line must be separated by ';'
513 |         @nonexhaustive
514 |         public enum RSABits: Sendable {
515 |             case `2048`
    |                 `- error: consecutive declarations on a line must be separated by ';'
516 |             case `3072`
517 |             case `4096`
/host/spi-builder-workspace/Sources/AcmeSwift/APIs/AcmeSwift+Orders.swift:515:18: error: expected declaration
512 |
513 |         @nonexhaustive
514 |         public enum RSABits: Sendable {
    |                     `- note: in declaration of 'RSABits'
515 |             case `2048`
    |                  `- error: expected declaration
516 |             case `3072`
517 |             case `4096`
/host/spi-builder-workspace/Sources/AcmeSwift/APIs/AcmeSwift+Orders.swift:516:13: error: expected identifier in enum 'case' declaration
514 |         public enum RSABits: Sendable {
515 |             case `2048`
516 |             case `3072`
    |             `- error: expected identifier in enum 'case' declaration
517 |             case `4096`
518 |         }
/host/spi-builder-workspace/Sources/AcmeSwift/APIs/AcmeSwift+Orders.swift:516:17: error: consecutive declarations on a line must be separated by ';'
514 |         public enum RSABits: Sendable {
515 |             case `2048`
516 |             case `3072`
    |                 `- error: consecutive declarations on a line must be separated by ';'
517 |             case `4096`
518 |         }
/host/spi-builder-workspace/Sources/AcmeSwift/APIs/AcmeSwift+Orders.swift:516:18: error: expected declaration
512 |
513 |         @nonexhaustive
514 |         public enum RSABits: Sendable {
    |                     `- note: in declaration of 'RSABits'
515 |             case `2048`
516 |             case `3072`
    |                  `- error: expected declaration
517 |             case `4096`
518 |         }
/host/spi-builder-workspace/Sources/AcmeSwift/APIs/AcmeSwift+Orders.swift:517:13: error: expected identifier in enum 'case' declaration
515 |             case `2048`
516 |             case `3072`
517 |             case `4096`
    |             `- error: expected identifier in enum 'case' declaration
518 |         }
519 |
/host/spi-builder-workspace/Sources/AcmeSwift/APIs/AcmeSwift+Orders.swift:517:17: error: consecutive declarations on a line must be separated by ';'
515 |             case `2048`
516 |             case `3072`
517 |             case `4096`
    |                 `- error: consecutive declarations on a line must be separated by ';'
518 |         }
519 |
/host/spi-builder-workspace/Sources/AcmeSwift/APIs/AcmeSwift+Orders.swift:517:18: error: expected declaration
512 |
513 |         @nonexhaustive
514 |         public enum RSABits: Sendable {
    |                     `- note: in declaration of 'RSABits'
515 |             case `2048`
516 |             case `3072`
517 |             case `4096`
    |                  `- error: expected declaration
518 |         }
519 |
/host/spi-builder-workspace/Sources/AcmeSwift/Endpoints/EndpointProtocol.swift:3:8: error: no such module 'NIOFoundationCompat'
 1 | import NIOHTTP1
 2 | import NIO
 3 | import NIOFoundationCompat
   |        `- error: no such module 'NIOFoundationCompat'
 4 | import Foundation
 5 |
[1975/1985] Compiling AcmeSwift AcmeSwift.swift
/host/spi-builder-workspace/Sources/AcmeSwift/APIs/AcmeSwift+Orders.swift:215:23: error: expected identifier after '.' expression
213 |                 var keySize: _RSA.Signing.KeySize!
214 |                 switch bits {
215 |                 case .`2048`:
    |                       `- error: expected identifier after '.' expression
216 |                     keySize = .bits2048
217 |                 case .`3072`:
/host/spi-builder-workspace/Sources/AcmeSwift/APIs/AcmeSwift+Orders.swift:215:23: error: expected ':' after 'case'
213 |                 var keySize: _RSA.Signing.KeySize!
214 |                 switch bits {
215 |                 case .`2048`:
    |                       `- error: expected ':' after 'case'
216 |                     keySize = .bits2048
217 |                 case .`3072`:
/host/spi-builder-workspace/Sources/AcmeSwift/APIs/AcmeSwift+Orders.swift:215:23: error: expected expression
213 |                 var keySize: _RSA.Signing.KeySize!
214 |                 switch bits {
215 |                 case .`2048`:
    |                       `- error: expected expression
216 |                     keySize = .bits2048
217 |                 case .`3072`:
/host/spi-builder-workspace/Sources/AcmeSwift/APIs/AcmeSwift+Orders.swift:217:23: error: expected identifier after '.' expression
215 |                 case .`2048`:
216 |                     keySize = .bits2048
217 |                 case .`3072`:
    |                       `- error: expected identifier after '.' expression
218 |                     keySize = .bits3072
219 |                 case .`4096`:
/host/spi-builder-workspace/Sources/AcmeSwift/APIs/AcmeSwift+Orders.swift:217:23: error: expected ':' after 'case'
215 |                 case .`2048`:
216 |                     keySize = .bits2048
217 |                 case .`3072`:
    |                       `- error: expected ':' after 'case'
218 |                     keySize = .bits3072
219 |                 case .`4096`:
/host/spi-builder-workspace/Sources/AcmeSwift/APIs/AcmeSwift+Orders.swift:217:23: error: expected expression
215 |                 case .`2048`:
216 |                     keySize = .bits2048
217 |                 case .`3072`:
    |                       `- error: expected expression
218 |                     keySize = .bits3072
219 |                 case .`4096`:
/host/spi-builder-workspace/Sources/AcmeSwift/APIs/AcmeSwift+Orders.swift:219:23: error: expected identifier after '.' expression
217 |                 case .`3072`:
218 |                     keySize = .bits3072
219 |                 case .`4096`:
    |                       `- error: expected identifier after '.' expression
220 |                     keySize = .bits4096
221 |                 }
/host/spi-builder-workspace/Sources/AcmeSwift/APIs/AcmeSwift+Orders.swift:219:23: error: expected ':' after 'case'
217 |                 case .`3072`:
218 |                     keySize = .bits3072
219 |                 case .`4096`:
    |                       `- error: expected ':' after 'case'
220 |                     keySize = .bits4096
221 |                 }
/host/spi-builder-workspace/Sources/AcmeSwift/APIs/AcmeSwift+Orders.swift:219:23: error: expected expression
217 |                 case .`3072`:
218 |                     keySize = .bits3072
219 |                 case .`4096`:
    |                       `- error: expected expression
220 |                     keySize = .bits4096
221 |                 }
/host/spi-builder-workspace/Sources/AcmeSwift/APIs/AcmeSwift+Orders.swift:222:39: error: initializers may only be declared within a type
220 |                     keySize = .bits4096
221 |                 }
222 |                 privateKey = try .init(_CryptoExtras._RSA.Signing.PrivateKey(keySize: keySize))
    |                                       `- error: initializers may only be declared within a type
223 |                 signatureAlg = .sha256WithRSAEncryption
224 |             }
/host/spi-builder-workspace/Sources/AcmeSwift/APIs/AcmeSwift+Orders.swift:222:40: error: expected parameter name followed by ':'
220 |                     keySize = .bits4096
221 |                 }
222 |                 privateKey = try .init(_CryptoExtras._RSA.Signing.PrivateKey(keySize: keySize))
    |                                        `- error: expected parameter name followed by ':'
223 |                 signatureAlg = .sha256WithRSAEncryption
224 |             }
/host/spi-builder-workspace/Sources/AcmeSwift/APIs/AcmeSwift+Orders.swift:510:37: error: expected identifier after '.' expression
508 |     @nonexhaustive
509 |     public enum KeyType: Sendable {
510 |         case rsa(_ bits: RSABits = .`2048`)
    |                                     `- error: expected identifier after '.' expression
511 |         case ecdsa(_ bits: ECCBits = .p384)
512 |
/host/spi-builder-workspace/Sources/AcmeSwift/APIs/AcmeSwift+Orders.swift:510:37: error: expected ',' separator
508 |     @nonexhaustive
509 |     public enum KeyType: Sendable {
510 |         case rsa(_ bits: RSABits = .`2048`)
    |                                     `- error: expected ',' separator
511 |         case ecdsa(_ bits: ECCBits = .p384)
512 |
/host/spi-builder-workspace/Sources/AcmeSwift/APIs/AcmeSwift+Orders.swift:510:37: error: expected parameter name followed by ':'
508 |     @nonexhaustive
509 |     public enum KeyType: Sendable {
510 |         case rsa(_ bits: RSABits = .`2048`)
    |                                     `- error: expected parameter name followed by ':'
511 |         case ecdsa(_ bits: ECCBits = .p384)
512 |
/host/spi-builder-workspace/Sources/AcmeSwift/APIs/AcmeSwift+Orders.swift:515:13: error: expected identifier in enum 'case' declaration
513 |         @nonexhaustive
514 |         public enum RSABits: Sendable {
515 |             case `2048`
    |             `- error: expected identifier in enum 'case' declaration
516 |             case `3072`
517 |             case `4096`
/host/spi-builder-workspace/Sources/AcmeSwift/APIs/AcmeSwift+Orders.swift:515:17: error: consecutive declarations on a line must be separated by ';'
513 |         @nonexhaustive
514 |         public enum RSABits: Sendable {
515 |             case `2048`
    |                 `- error: consecutive declarations on a line must be separated by ';'
516 |             case `3072`
517 |             case `4096`
/host/spi-builder-workspace/Sources/AcmeSwift/APIs/AcmeSwift+Orders.swift:515:18: error: expected declaration
512 |
513 |         @nonexhaustive
514 |         public enum RSABits: Sendable {
    |                     `- note: in declaration of 'RSABits'
515 |             case `2048`
    |                  `- error: expected declaration
516 |             case `3072`
517 |             case `4096`
/host/spi-builder-workspace/Sources/AcmeSwift/APIs/AcmeSwift+Orders.swift:516:13: error: expected identifier in enum 'case' declaration
514 |         public enum RSABits: Sendable {
515 |             case `2048`
516 |             case `3072`
    |             `- error: expected identifier in enum 'case' declaration
517 |             case `4096`
518 |         }
/host/spi-builder-workspace/Sources/AcmeSwift/APIs/AcmeSwift+Orders.swift:516:17: error: consecutive declarations on a line must be separated by ';'
514 |         public enum RSABits: Sendable {
515 |             case `2048`
516 |             case `3072`
    |                 `- error: consecutive declarations on a line must be separated by ';'
517 |             case `4096`
518 |         }
/host/spi-builder-workspace/Sources/AcmeSwift/APIs/AcmeSwift+Orders.swift:516:18: error: expected declaration
512 |
513 |         @nonexhaustive
514 |         public enum RSABits: Sendable {
    |                     `- note: in declaration of 'RSABits'
515 |             case `2048`
516 |             case `3072`
    |                  `- error: expected declaration
517 |             case `4096`
518 |         }
/host/spi-builder-workspace/Sources/AcmeSwift/APIs/AcmeSwift+Orders.swift:517:13: error: expected identifier in enum 'case' declaration
515 |             case `2048`
516 |             case `3072`
517 |             case `4096`
    |             `- error: expected identifier in enum 'case' declaration
518 |         }
519 |
/host/spi-builder-workspace/Sources/AcmeSwift/APIs/AcmeSwift+Orders.swift:517:17: error: consecutive declarations on a line must be separated by ';'
515 |             case `2048`
516 |             case `3072`
517 |             case `4096`
    |                 `- error: consecutive declarations on a line must be separated by ';'
518 |         }
519 |
/host/spi-builder-workspace/Sources/AcmeSwift/APIs/AcmeSwift+Orders.swift:517:18: error: expected declaration
512 |
513 |         @nonexhaustive
514 |         public enum RSABits: Sendable {
    |                     `- note: in declaration of 'RSABits'
515 |             case `2048`
516 |             case `3072`
517 |             case `4096`
    |                  `- error: expected declaration
518 |         }
519 |
/host/spi-builder-workspace/Sources/AcmeSwift/Endpoints/EndpointProtocol.swift:3:8: error: no such module 'NIOFoundationCompat'
 1 | import NIOHTTP1
 2 | import NIO
 3 | import NIOFoundationCompat
   |        `- error: no such module 'NIOFoundationCompat'
 4 | import Foundation
 5 |
[1976/1985] Compiling AcmeSwift CreateAccountEndpoint.swift
/host/spi-builder-workspace/Sources/AcmeSwift/APIs/AcmeSwift+Orders.swift:215:23: error: expected identifier after '.' expression
213 |                 var keySize: _RSA.Signing.KeySize!
214 |                 switch bits {
215 |                 case .`2048`:
    |                       `- error: expected identifier after '.' expression
216 |                     keySize = .bits2048
217 |                 case .`3072`:
/host/spi-builder-workspace/Sources/AcmeSwift/APIs/AcmeSwift+Orders.swift:215:23: error: expected ':' after 'case'
213 |                 var keySize: _RSA.Signing.KeySize!
214 |                 switch bits {
215 |                 case .`2048`:
    |                       `- error: expected ':' after 'case'
216 |                     keySize = .bits2048
217 |                 case .`3072`:
/host/spi-builder-workspace/Sources/AcmeSwift/APIs/AcmeSwift+Orders.swift:215:23: error: expected expression
213 |                 var keySize: _RSA.Signing.KeySize!
214 |                 switch bits {
215 |                 case .`2048`:
    |                       `- error: expected expression
216 |                     keySize = .bits2048
217 |                 case .`3072`:
/host/spi-builder-workspace/Sources/AcmeSwift/APIs/AcmeSwift+Orders.swift:217:23: error: expected identifier after '.' expression
215 |                 case .`2048`:
216 |                     keySize = .bits2048
217 |                 case .`3072`:
    |                       `- error: expected identifier after '.' expression
218 |                     keySize = .bits3072
219 |                 case .`4096`:
/host/spi-builder-workspace/Sources/AcmeSwift/APIs/AcmeSwift+Orders.swift:217:23: error: expected ':' after 'case'
215 |                 case .`2048`:
216 |                     keySize = .bits2048
217 |                 case .`3072`:
    |                       `- error: expected ':' after 'case'
218 |                     keySize = .bits3072
219 |                 case .`4096`:
/host/spi-builder-workspace/Sources/AcmeSwift/APIs/AcmeSwift+Orders.swift:217:23: error: expected expression
215 |                 case .`2048`:
216 |                     keySize = .bits2048
217 |                 case .`3072`:
    |                       `- error: expected expression
218 |                     keySize = .bits3072
219 |                 case .`4096`:
/host/spi-builder-workspace/Sources/AcmeSwift/APIs/AcmeSwift+Orders.swift:219:23: error: expected identifier after '.' expression
217 |                 case .`3072`:
218 |                     keySize = .bits3072
219 |                 case .`4096`:
    |                       `- error: expected identifier after '.' expression
220 |                     keySize = .bits4096
221 |                 }
/host/spi-builder-workspace/Sources/AcmeSwift/APIs/AcmeSwift+Orders.swift:219:23: error: expected ':' after 'case'
217 |                 case .`3072`:
218 |                     keySize = .bits3072
219 |                 case .`4096`:
    |                       `- error: expected ':' after 'case'
220 |                     keySize = .bits4096
221 |                 }
/host/spi-builder-workspace/Sources/AcmeSwift/APIs/AcmeSwift+Orders.swift:219:23: error: expected expression
217 |                 case .`3072`:
218 |                     keySize = .bits3072
219 |                 case .`4096`:
    |                       `- error: expected expression
220 |                     keySize = .bits4096
221 |                 }
/host/spi-builder-workspace/Sources/AcmeSwift/APIs/AcmeSwift+Orders.swift:222:39: error: initializers may only be declared within a type
220 |                     keySize = .bits4096
221 |                 }
222 |                 privateKey = try .init(_CryptoExtras._RSA.Signing.PrivateKey(keySize: keySize))
    |                                       `- error: initializers may only be declared within a type
223 |                 signatureAlg = .sha256WithRSAEncryption
224 |             }
/host/spi-builder-workspace/Sources/AcmeSwift/APIs/AcmeSwift+Orders.swift:222:40: error: expected parameter name followed by ':'
220 |                     keySize = .bits4096
221 |                 }
222 |                 privateKey = try .init(_CryptoExtras._RSA.Signing.PrivateKey(keySize: keySize))
    |                                        `- error: expected parameter name followed by ':'
223 |                 signatureAlg = .sha256WithRSAEncryption
224 |             }
/host/spi-builder-workspace/Sources/AcmeSwift/APIs/AcmeSwift+Orders.swift:510:37: error: expected identifier after '.' expression
508 |     @nonexhaustive
509 |     public enum KeyType: Sendable {
510 |         case rsa(_ bits: RSABits = .`2048`)
    |                                     `- error: expected identifier after '.' expression
511 |         case ecdsa(_ bits: ECCBits = .p384)
512 |
/host/spi-builder-workspace/Sources/AcmeSwift/APIs/AcmeSwift+Orders.swift:510:37: error: expected ',' separator
508 |     @nonexhaustive
509 |     public enum KeyType: Sendable {
510 |         case rsa(_ bits: RSABits = .`2048`)
    |                                     `- error: expected ',' separator
511 |         case ecdsa(_ bits: ECCBits = .p384)
512 |
/host/spi-builder-workspace/Sources/AcmeSwift/APIs/AcmeSwift+Orders.swift:510:37: error: expected parameter name followed by ':'
508 |     @nonexhaustive
509 |     public enum KeyType: Sendable {
510 |         case rsa(_ bits: RSABits = .`2048`)
    |                                     `- error: expected parameter name followed by ':'
511 |         case ecdsa(_ bits: ECCBits = .p384)
512 |
/host/spi-builder-workspace/Sources/AcmeSwift/APIs/AcmeSwift+Orders.swift:515:13: error: expected identifier in enum 'case' declaration
513 |         @nonexhaustive
514 |         public enum RSABits: Sendable {
515 |             case `2048`
    |             `- error: expected identifier in enum 'case' declaration
516 |             case `3072`
517 |             case `4096`
/host/spi-builder-workspace/Sources/AcmeSwift/APIs/AcmeSwift+Orders.swift:515:17: error: consecutive declarations on a line must be separated by ';'
513 |         @nonexhaustive
514 |         public enum RSABits: Sendable {
515 |             case `2048`
    |                 `- error: consecutive declarations on a line must be separated by ';'
516 |             case `3072`
517 |             case `4096`
/host/spi-builder-workspace/Sources/AcmeSwift/APIs/AcmeSwift+Orders.swift:515:18: error: expected declaration
512 |
513 |         @nonexhaustive
514 |         public enum RSABits: Sendable {
    |                     `- note: in declaration of 'RSABits'
515 |             case `2048`
    |                  `- error: expected declaration
516 |             case `3072`
517 |             case `4096`
/host/spi-builder-workspace/Sources/AcmeSwift/APIs/AcmeSwift+Orders.swift:516:13: error: expected identifier in enum 'case' declaration
514 |         public enum RSABits: Sendable {
515 |             case `2048`
516 |             case `3072`
    |             `- error: expected identifier in enum 'case' declaration
517 |             case `4096`
518 |         }
/host/spi-builder-workspace/Sources/AcmeSwift/APIs/AcmeSwift+Orders.swift:516:17: error: consecutive declarations on a line must be separated by ';'
514 |         public enum RSABits: Sendable {
515 |             case `2048`
516 |             case `3072`
    |                 `- error: consecutive declarations on a line must be separated by ';'
517 |             case `4096`
518 |         }
/host/spi-builder-workspace/Sources/AcmeSwift/APIs/AcmeSwift+Orders.swift:516:18: error: expected declaration
512 |
513 |         @nonexhaustive
514 |         public enum RSABits: Sendable {
    |                     `- note: in declaration of 'RSABits'
515 |             case `2048`
516 |             case `3072`
    |                  `- error: expected declaration
517 |             case `4096`
518 |         }
/host/spi-builder-workspace/Sources/AcmeSwift/APIs/AcmeSwift+Orders.swift:517:13: error: expected identifier in enum 'case' declaration
515 |             case `2048`
516 |             case `3072`
517 |             case `4096`
    |             `- error: expected identifier in enum 'case' declaration
518 |         }
519 |
/host/spi-builder-workspace/Sources/AcmeSwift/APIs/AcmeSwift+Orders.swift:517:17: error: consecutive declarations on a line must be separated by ';'
515 |             case `2048`
516 |             case `3072`
517 |             case `4096`
    |                 `- error: consecutive declarations on a line must be separated by ';'
518 |         }
519 |
/host/spi-builder-workspace/Sources/AcmeSwift/APIs/AcmeSwift+Orders.swift:517:18: error: expected declaration
512 |
513 |         @nonexhaustive
514 |         public enum RSABits: Sendable {
    |                     `- note: in declaration of 'RSABits'
515 |             case `2048`
516 |             case `3072`
517 |             case `4096`
    |                  `- error: expected declaration
518 |         }
519 |
/host/spi-builder-workspace/Sources/AcmeSwift/Endpoints/EndpointProtocol.swift:3:8: error: no such module 'NIOFoundationCompat'
 1 | import NIOHTTP1
 2 | import NIO
 3 | import NIOFoundationCompat
   |        `- error: no such module 'NIOFoundationCompat'
 4 | import Foundation
 5 |
[1977/1985] Compiling AcmeSwift ValidateAttestationChallangeEndpoint.swift
/host/spi-builder-workspace/Sources/AcmeSwift/Endpoints/EndpointProtocol.swift:3:8: error: no such module 'NIOFoundationCompat'
 1 | import NIOHTTP1
 2 | import NIO
 3 | import NIOFoundationCompat
   |        `- error: no such module 'NIOFoundationCompat'
 4 | import Foundation
 5 |
[1978/1985] Compiling AcmeSwift ValidateChallengeEndpoint.swift
/host/spi-builder-workspace/Sources/AcmeSwift/Endpoints/EndpointProtocol.swift:3:8: error: no such module 'NIOFoundationCompat'
 1 | import NIOHTTP1
 2 | import NIO
 3 | import NIOFoundationCompat
   |        `- error: no such module 'NIOFoundationCompat'
 4 | import Foundation
 5 |
[1979/1985] Compiling AcmeSwift AcmeRequestBody.swift
/host/spi-builder-workspace/Sources/AcmeSwift/Endpoints/EndpointProtocol.swift:3:8: error: no such module 'NIOFoundationCompat'
 1 | import NIOHTTP1
 2 | import NIO
 3 | import NIOFoundationCompat
   |        `- error: no such module 'NIOFoundationCompat'
 4 | import Foundation
 5 |
[1980/1985] Compiling AcmeSwift Base32.swift
/host/spi-builder-workspace/Sources/AcmeSwift/Endpoints/EndpointProtocol.swift:3:8: error: no such module 'NIOFoundationCompat'
 1 | import NIOHTTP1
 2 | import NIO
 3 | import NIOFoundationCompat
   |        `- error: no such module 'NIOFoundationCompat'
 4 | import Foundation
 5 |
[1981/1985] Compiling AcmeSwift Certificate+getARICertId.swift
/host/spi-builder-workspace/Sources/AcmeSwift/Endpoints/EndpointProtocol.swift:3:8: error: no such module 'NIOFoundationCompat'
 1 | import NIOHTTP1
 2 | import NIO
 3 | import NIOFoundationCompat
   |        `- error: no such module 'NIOFoundationCompat'
 4 | import Foundation
 5 |
Running build ...
bash -c docker run --pull=always --rm -v "checkouts-54344844-1":/host -w "$PWD" -e JAVA_HOME="/root/.sdkman/candidates/java/current" -e SPI_BUILD="1" -e SPI_PROCESSING="1" registry.gitlab.com/saguaro1/spi-images:basic-6.1-latest swift build --triple x86_64-unknown-linux-gnu 2>&1
basic-6.1-latest: Pulling from saguaro1/spi-images
Digest: sha256:dff62030f4387a2d827d2b365d39a91716bd1d13650763ccbcbfe23419000563
Status: Image is up to date for registry.gitlab.com/saguaro1/spi-images:basic-6.1-latest
warning: 'spi-builder-workspace': found 1 file(s) which are unhandled; explicitly declare them as resources or exclude from the target
    /host/spi-builder-workspace/Examples/acme-da/attestation.tpl
[0/1] Planning build
[1/1] Compiling plugin GenerateManual
[2/2] Compiling plugin GenerateDoccReference
Building for debugging...
[2/43] Write swift-version-24593BA9C3E375BF.txt
[4/100] Compiling RealModule RealFunctions.swift
[5/101] Compiling NIOConcurrencyHelpers NIOLockedValueBox.swift
[6/101] Compiling ServiceContextModule ServiceContextKey.swift
[7/101] Compiling RealModule Real.swift
[8/101] Compiling NIOConcurrencyHelpers NIOThreadPoolWorkAvailable.swift
[9/101] Compiling RealModule RelaxedArithmetic.swift
[10/101] Emitting module ServiceContextModule
[11/101] Compiling NIOConcurrencyHelpers NIOLock.swift
[12/101] Compiling ServiceContextModule ServiceContext.swift
[13/102] Compiling Logging LoggingSystem.swift
[14/103] Compiling NIOConcurrencyHelpers lock.swift
[15/103] Compiling RealModule Float80+Real.swift
[16/103] Emitting module Logging
unable to find node: pound
unable to find node: pound
[17/103] Compiling _NIODataStructures Heap.swift
[18/103] Compiling SwiftASN1 ASN1Null.swift
[19/103] Compiling SwiftASN1 ASN1OctetString.swift
[20/103] Compiling RealModule Float16+Real.swift
[21/103] Compiling SwiftASN1 ASN1Identifier.swift
[22/103] Compiling SwiftASN1 ASN1Integer.swift
[23/103] Compiling NIOConcurrencyHelpers NIOAtomic.swift
[27/102] Compiling SwiftASN1 ASN1BitString.swift
[28/102] Compiling SwiftASN1 ASN1Boolean.swift
[29/102] Compiling NIOConcurrencyHelpers atomics.swift
[30/102] Compiling _CertificateInternals _TinyArray.swift
[31/102] Emitting module _CertificateInternals
[32/103] Emitting module _NIOBase64
[33/103] Compiling _NIOBase64 Base64.swift
[34/104] Compiling Logging MetadataProvider.swift
[37/104] Emitting module _NIODataStructures
[38/104] Emitting module RealModule
[39/105] Emitting module NIOConcurrencyHelpers
[41/113] Compiling _NIODataStructures PriorityQueue.swift
[42/118] Compiling _NIODataStructures _TinyArray.swift
[44/123] Compiling InternalCollectionsUtilities LifetimeOverride.swift
[45/123] Compiling InternalCollectionsUtilities RandomAccessCollection+Offsets.swift
[49/129] Compiling InternalCollectionsUtilities UnsafeMutableRawBufferPointer+Extras.swift
[50/129] Compiling InternalCollectionsUtilities UnsafeRawBufferPointer+Extras.swift
[51/131] Compiling Logging Logger+With.swift
unable to find node: pound
unable to find node: pound
[52/131] Compiling Logging Logger+Attributes.swift
[53/131] Compiling Logging Logger.swift
[54/141] Compiling InternalCollectionsUtilities _SortedCollection.swift
[55/141] Compiling InternalCollectionsUtilities _UniqueCollection.swift
[57/141] Compiling InternalCollectionsUtilities UnsafeBufferPointer+Extras.swift
[58/141] Compiling InternalCollectionsUtilities Integer rank.swift
[59/141] Compiling InternalCollectionsUtilities UInt+first and last set bit.swift
[60/141] Compiling Instrumentation Locks.swift
[61/169] Compiling Instrumentation NoOpInstrument.swift
[62/185] Compiling Instrumentation MultiplexInstrument.swift
[63/185] Emitting module Instrumentation
[65/185] Compiling Instrumentation Instrument.swift
[66/185] Compiling Instrumentation InstrumentationSystem.swift
[67/185] Compiling Algorithms Grouped.swift
[68/185] Compiling Algorithms Indexed.swift
[70/185] Compiling Algorithms Joined.swift
[71/185] Compiling Algorithms Keyed.swift
[72/185] Compiling Algorithms Partition.swift
[73/185] Compiling Algorithms Permutations.swift
[74/184] Compiling CryptoBoringWrapper RandomBytes.swift
[75/184] Compiling CryptoBoringWrapper FiniteFieldArithmeticContext.swift
[77/184] Compiling Algorithms MinMax.swift
[79/186] Wrapping AST for RealModule for debugging
[81/186] Compiling CryptoBoringWrapper CryptoKitErrors_boring.swift
[82/186] Compiling Algorithms Compacted.swift
[83/186] Compiling Algorithms Cycle.swift
[84/186] Compiling Algorithms EitherSequence.swift
[85/186] Compiling Algorithms Chain.swift
[86/186] Compiling Algorithms Chunked.swift
[87/186] Compiling Algorithms Combinations.swift
[89/186] Compiling CryptoBoringWrapper EllipticCurve.swift
[90/186] Emitting module CryptoBoringWrapper
[91/186] Compiling Algorithms FirstNonNil.swift
[92/186] Compiling Algorithms FlattenCollection.swift
[100/186] Compiling Atomics IntegerOperations.swift
[101/186] Compiling CryptoBoringWrapper BoringSSLAEAD.swift
[103/186] Compiling Atomics Unmanaged extensions.swift
[104/194] Emitting module InternalCollectionsUtilities
[105/194] Compiling CryptoBoringWrapper ArbitraryPrecisionInteger.swift
[106/194] Compiling CryptoBoringWrapper EllipticCurvePoint.swift
[107/195] Compiling Tracing InstrumentationSystem+Tracing.swift
[109/194] Compiling Tracing TracingTime.swift
[110/194] Compiling ArgumentParserToolInfo ToolInfo.swift
[111/194] Emitting module ArgumentParserToolInfo
[112/195] Compiling Tracing Tracer.swift
[113/195] Compiling Tracing TracerProtocol.swift
[114/195] Compiling Tracing TracerProtocol+Legacy.swift
[116/195] Compiling Algorithms Reductions.swift
[117/195] Compiling Algorithms Rotate.swift
[118/198] Compiling Algorithms Split.swift
[119/198] Compiling Algorithms Stride.swift
[120/198] Compiling Algorithms Suffix.swift
[123/198] Compiling Algorithms Intersperse.swift
[124/198] Compiling Algorithms AdjacentPairs.swift
[132/198] Compiling Tracing NoOpTracer.swift
[133/198] Emitting module Tracing
[134/198] Compiling Tracing SpanProtocol.swift
[136/198] Emitting module SwiftASN1
[138/232] Compiling Crypto Digests.swift
[139/232] Compiling Crypto HashFunctions.swift
[140/232] Compiling Crypto HashFunctions_SHA2.swift
[141/235] Compiling Crypto GeneralizedTime.swift
[142/235] Compiling Crypto ObjectIdentifier.swift
[143/235] Compiling Crypto ECDSASignature.swift
[144/235] Compiling Crypto PEMDocument.swift
[145/235] Compiling Crypto ASN1Null.swift
[146/235] Compiling Crypto ASN1OctetString.swift
[147/235] Compiling Crypto ASN1Strings.swift
[148/235] Compiling Crypto ArraySliceBigint.swift
[149/235] Compiling Crypto CryptoKitErrors.swift
[150/235] Compiling Crypto Digest_boring.swift
[151/235] Compiling Crypto Digest.swift
[153/364] Compiling ArgumentParser ZshCompletionsGenerator.swift
[154/364] Compiling ArgumentParser Argument.swift
[155/364] Compiling ArgumentParser ArgumentDiscussion.swift
[156/364] Compiling ArgumentParser ParsedValues.swift
[157/364] Compiling ArgumentParser ParserError.swift
[158/364] Compiling ArgumentParser SplitArguments.swift
[159/364] Compiling ArgumentParser DumpHelpGenerator.swift
[160/364] Compiling ArgumentParser HelpCommand.swift
[163/368] Compiling ArgumentParser ArgumentHelp.swift
[164/368] Compiling ArgumentParser Name.swift
[165/368] Compiling ArgumentParser Parsed.swift
[166/368] Compiling ArgumentParser ArgumentDecoder.swift
[167/368] Compiling ArgumentParser ArgumentDefinition.swift
[168/368] Compiling ArgumentParser ArgumentSet.swift
[169/368] Compiling ArgumentParser CommandParser.swift
[170/368] Compiling ArgumentParser InputKey.swift
[171/368] Compiling ArgumentParser Option.swift
[172/368] Compiling ArgumentParser OptionGroup.swift
[173/368] Compiling ArgumentParser ParentCommand.swift
[174/368] Compiling ArgumentParser AsyncParsableCommand.swift
[175/368] Compiling ArgumentParser CommandConfiguration.swift
[176/368] Compiling ArgumentParser CommandGroup.swift
[177/368] Compiling ArgumentParser EnumerableFlag.swift
[178/368] Compiling ArgumentParser ExpressibleByArgument.swift
[179/368] Compiling ArgumentParser ParsableArguments.swift
[180/368] Compiling ArgumentParser ParsableCommand.swift
[181/368] Compiling ArgumentParser InputOrigin.swift
[182/368] Compiling ArgumentParser BashCompletionsGenerator.swift
[183/368] Compiling ArgumentParser CompletionsGenerator.swift
[184/368] Compiling ArgumentParser FishCompletionsGenerator.swift
[186/368] Compiling ArgumentParser ArgumentVisibility.swift
[187/368] Compiling ArgumentParser CompletionKind.swift
[188/368] Compiling ArgumentParser Errors.swift
[189/368] Compiling ArgumentParser Flag.swift
[190/368] Compiling ArgumentParser NameSpecification.swift
[191/368] Emitting module ContainersPreview
[192/368] Compiling ContainersPreview Ref.swift
[193/368] Compiling ContainersPreview Shared.swift
[194/368] Compiling ContainersPreview SpanIterator.swift
[195/368] Compiling ContainersPreview UniqueBox.swift
[210/409] Emitting module Atomics
[212/410] Compiling DequeModule UniqueDeque+Container.swift
[213/410] Compiling DequeModule UniqueDeque+Deprecated.swift
[214/410] Compiling DequeModule UniqueDeque+Descriptions.swift
[215/410] Compiling DequeModule UniqueDeque+Equatable.swift
[216/410] Compiling DequeModule UniqueDeque+Experimental.swift
[217/410] Compiling DequeModule RigidDeque+Equatable.swift
[218/410] Compiling DequeModule RigidDeque+Experimental.swift
[219/410] Compiling DequeModule RigidDeque+Hashable.swift
[220/410] Compiling DequeModule RigidDeque+Initializers.swift
[221/410] Compiling DequeModule RigidDeque+Insertions.swift
[222/410] Compiling DequeModule RigidDeque+Prepend.swift
[223/410] Compiling DequeModule RigidDeque+Removals.swift
[224/410] Compiling DequeModule RigidDeque+Replacements.swift
[225/410] Compiling DequeModule RigidDeque+Testing.swift
[226/410] Compiling DequeModule RigidDeque.swift
[227/410] Compiling DequeModule UniqueDeque+Append.swift
[228/410] Compiling DequeModule UniqueDeque+Consumption.swift
[229/415] Compiling DequeModule UniqueDeque+Hashable.swift
[230/415] Compiling DequeModule UniqueDeque+Initializers.swift
[231/415] Compiling DequeModule UniqueDeque+Insertions.swift
[232/415] Compiling DequeModule UniqueDeque+Prepend.swift
[233/415] Compiling DequeModule UniqueDeque+Removals.swift
[233/415] Wrapping AST for Atomics for debugging
[239/415] Compiling DequeModule UniqueDeque+Replacements.swift
[240/415] Compiling DequeModule UniqueDeque.swift
[241/415] Compiling DequeModule _DequeSlot.swift
[242/415] Compiling DequeModule _UnsafeDequeHandle.swift
[243/415] Compiling DequeModule _UnsafeDequeSegments.swift
[244/415] Compiling ArgumentParser Tree.swift
[245/415] Compiling Crypto HPKE-Modes.swift
[246/415] Compiling Crypto Insecure.swift
[253/419] Compiling DequeModule _DequeBuffer.swift
[254/419] Compiling DequeModule _DequeBufferHeader.swift
[255/419] Compiling DequeModule RigidDeque+Append.swift
[256/419] Compiling DequeModule RigidDeque+Consumption.swift
[257/419] Compiling DequeModule RigidDeque+Container.swift
[258/419] Compiling DequeModule RigidDeque+Descriptions.swift
[259/432] Compiling DequeModule Deque+Codable.swift
[260/432] Compiling DequeModule Deque+Collection.swift
[261/432] Compiling DequeModule Deque+CustomReflectable.swift
[262/432] Compiling DequeModule Deque+Descriptions.swift
[263/432] Compiling DequeModule Deque+Equatable.swift
[264/432] Compiling DequeModule Deque+ExpressibleByArrayLiteral.swift
[277/432] Compiling DequeModule Deque+Extras.swift
[278/432] Compiling DequeModule Deque+Hashable.swift
[279/432] Compiling DequeModule Deque+Testing.swift
[280/432] Compiling DequeModule Deque._Storage.swift
[281/432] Compiling DequeModule Deque._UnsafeHandle.swift
[282/432] Compiling DequeModule Deque.swift
[289/432] Compiling Crypto HKDF.swift
[290/432] Compiling Crypto AESWrap.swift
[291/432] Compiling Crypto AESWrap_boring.swift
[292/432] Compiling Crypto Ed25519_boring.swift
[293/432] Compiling Crypto NISTCurvesKeys_boring.swift
[294/432] Compiling Crypto X25519Keys_boring.swift
[295/432] Compiling Crypto Curve25519.swift
[296/432] Compiling Crypto Ed25519Keys.swift
[297/432] Compiling Crypto NISTCurvesKeys.swift
[298/432] Compiling Crypto X25519Keys.swift
[299/432] Compiling Crypto SymmetricKeys.swift
[300/432] Compiling Crypto HMAC.swift
[301/432] Compiling ArgumentParser NonsenseFlagsValidator.swift
[302/432] Compiling ArgumentParser ParsableArgumentsValidation.swift
[303/432] Compiling ArgumentParser PositionalArgumentsValidator.swift
[304/432] Compiling ArgumentParser UniqueNamesValidator.swift
[305/432] Compiling Crypto ECDSA_boring.swift
[306/432] Compiling Crypto EdDSA_boring.swift
[307/432] Compiling Crypto MLDSA_boring.swift
[308/432] Compiling Crypto MLDSA_wrapper.swift
[309/432] Compiling Crypto ECDSA.swift
[310/432] Compiling Crypto Ed25519.swift
[311/432] Compiling Crypto MLDSA.swift
[330/432] Emitting module Algorithms
[331/433] Emitting module ArgumentParser
[352/433] Compiling ArgumentParser AsyncCompletionsValidator.swift
[353/433] Compiling ArgumentParser CodingKeyValidator.swift
[358/433] Emitting module Crypto
[380/434] Compiling Crypto Signature.swift
[381/434] Compiling Crypto CryptoKitErrors_boring.swift
[382/434] Compiling Crypto Optional+withUnsafeBytes_boring.swift
[383/434] Compiling Crypto RNG_boring.swift
[384/434] Compiling Crypto SafeCompare_boring.swift
[385/434] Compiling Crypto Zeroization_boring.swift
[386/434] Compiling Crypto _CryptoModuleAnchor.swift
[387/434] Compiling Crypto PrettyBytes.swift
[388/434] Compiling Crypto SafeCompare.swift
[389/434] Compiling Crypto SecureBytes.swift
[390/434] Compiling Crypto Zeroization.swift
[390/434] Wrapping AST for Algorithms for debugging
[392/434] Compiling Crypto Insecure_HashFunctions.swift
[393/434] Compiling Crypto MLKEM_boring.swift
[394/434] Compiling Crypto MLKEM_wrapper.swift
[395/434] Compiling Crypto XWing_boring.swift
[396/434] Compiling Crypto KEM-Errors.swift
[397/434] Compiling Crypto KEM.swift
[398/434] Compiling Crypto MLKEM.swift
[399/434] Compiling Crypto XWing.swift
[400/434] Compiling Crypto ECDH_boring.swift
[401/434] Compiling Crypto DH.swift
[402/434] Compiling Crypto ECDH.swift
[403/434] Compiling Crypto ANSIx963.swift
[411/495] Emitting module DequeModule
[413/523] Compiling NIOCore AddressedEnvelope.swift
[414/523] Compiling NIOCore AsyncAwaitSupport.swift
[415/523] Compiling NIOCore AsyncChannel.swift
[416/523] Compiling NIOCore AsyncChannelHandler.swift
[417/523] Compiling NIOCore AsyncChannelInboundStream.swift
[418/523] Compiling NIOCore AsyncChannelOutboundWriter.swift
[419/523] Compiling NIOCore NIOAsyncSequenceProducer.swift
[420/523] Compiling NIOCore NIOAsyncSequenceProducerStrategies.swift
[421/523] Compiling NIOCore NIOAsyncWriter.swift
[422/567] Emitting module CryptoExtras
[423/567] Compiling NIOCore IO.swift
[424/567] Compiling NIOCore IOData.swift
[425/567] Compiling CryptoExtras ThreadSpecific.swift
[426/567] Compiling CryptoExtras ThreadWindows.swift
[427/567] Compiling CryptoExtras DLEQ.swift
[428/567] Compiling CryptoExtras Prover.swift
[429/567] Compiling CryptoExtras Verifier.swift
[430/567] Compiling CryptoExtras ZKPToolbox.swift
[431/567] Compiling NIOCore NIOCoreSendableMetatype.swift
[432/567] Compiling NIOCore NIODecodedAsyncSequence.swift
[433/567] Compiling NIOCore NIOLoopBound.swift
[434/567] Compiling NIOCore NIOPooledRecvBufferAllocator.swift
[435/567] Compiling NIOCore NIOScheduledCallback.swift
[436/567] Compiling NIOCore NIOSendable.swift
[437/567] Compiling NIOCore NIOSplitLinesMessageDecoder.swift
[438/567] Compiling NIOCore NIOTransportAccessibleChannelCore.swift
[439/567] Compiling NIOCore RecvByteBufferAllocator.swift
[440/575] Compiling NIOCore CircularBuffer.swift
[441/575] Compiling NIOCore Codec.swift
[442/575] Compiling NIOCore ConvenienceOptionSupport.swift
[443/575] Compiling NIOCore DeadChannel.swift
[444/575] Compiling NIOCore DispatchQueue+WithFuture.swift
[445/575] Compiling NIOCore EventLoop+Deprecated.swift
[446/575] Compiling NIOCore EventLoop+SerialExecutor.swift
[447/575] Compiling NIOCore EventLoop.swift
[448/575] Compiling NIOCore EventLoopFuture+AssumeIsolated.swift
[449/575] Compiling NIOCore NIOThrowingAsyncSequenceProducer.swift
[450/575] Compiling NIOCore BSDSocketAPI.swift
[451/575] Compiling NIOCore ByteBuffer-aux.swift
[452/575] Compiling NIOCore ByteBuffer-binaryEncodedLengthPrefix.swift
[453/575] Compiling NIOCore ByteBuffer-conversions.swift
[454/575] Compiling NIOCore ByteBuffer-core.swift
[455/575] Compiling NIOCore ByteBuffer-hex.swift
[456/575] Compiling NIOCore ByteBuffer-int.swift
[457/575] Compiling NIOCore ByteBuffer-lengthPrefix.swift
[458/575] Compiling NIOCore NIOCloseOnErrorHandler.swift
[468/575] Compiling NIOCore EventLoopFuture+Deprecated.swift
[469/575] Compiling NIOCore EventLoopFuture+WithEventLoop.swift
[470/575] Compiling NIOCore EventLoopFuture.swift
[471/575] Compiling NIOCore FileDescriptor.swift
[472/575] Compiling NIOCore FileHandle.swift
[473/575] Compiling NIOCore FileRegion.swift
[474/575] Compiling NIOCore GlobalSingletons.swift
[475/575] Compiling NIOCore ChannelPipeline.swift
[476/575] Compiling NIOCore IPProtocol.swift
[477/575] Compiling NIOCore IntegerBitPacking.swift
[478/575] Compiling NIOCore IntegerTypes.swift
[479/575] Compiling NIOCore Interfaces.swift
[480/575] Compiling NIOCore Linux.swift
[481/575] Compiling NIOCore MarkedCircularBuffer.swift
[482/575] Compiling NIOCore MulticastChannel.swift
[483/575] Compiling NIOCore NIOAny.swift
[484/575] Compiling NIOCore ByteBuffer-multi-int.swift
[485/575] Compiling NIOCore ByteBuffer-quicBinaryEncodingStrategy.swift
[486/575] Compiling NIOCore ByteBuffer-views.swift
[487/575] Compiling NIOCore Channel.swift
[488/575] Compiling NIOCore ChannelHandler.swift
[489/575] Compiling NIOCore ChannelHandlers.swift
[490/575] Compiling NIOCore ChannelInvoker.swift
[491/575] Compiling NIOCore ChannelOption.swift
[520/577] Compiling _CryptoExtras Exports.swift
[521/577] Emitting module _CryptoExtras
[523/577] Compiling NIOCore SingleStepByteToMessageDecoder.swift
[524/577] Compiling NIOCore SocketAddresses.swift
[525/577] Compiling NIOCore SocketOptionProvider.swift
[526/577] Compiling NIOCore SystemCallHelpers.swift
[527/577] Compiling NIOCore TimeAmount+Duration.swift
[528/577] Compiling NIOCore TypeAssistedChannelHandler.swift
[529/577] Compiling NIOCore UniversalBootstrapSupport.swift
[530/577] Compiling NIOCore Utilities.swift
[531/672] Compiling X509 PKCS8PrivateKey.swift
[532/672] Compiling X509 PromiseAndFuture.swift
[533/672] Compiling X509 RDNAttribute.swift
[534/672] Compiling X509 RandomNumberGenerator+bytes.swift
[535/672] Compiling X509 RelativeDistinguishedName.swift
[536/672] Compiling X509 SEC1PrivateKey.swift
[537/672] Compiling X509 SecKeyWrapper.swift
[538/672] Compiling X509 Signature.swift
[539/672] Compiling X509 SignatureAlgorithm.swift
[540/672] Compiling X509 AllOfPolicies.swift
[541/672] Compiling X509 AnyPolicy.swift
[542/672] Compiling X509 CertificateStore.swift
[543/672] Compiling X509 CustomCertificateStore.swift
[544/685] Compiling X509 OCSPExtensionID.swift
[545/685] Compiling X509 OCSPNonce.swift
[546/685] Compiling X509 OCSPPolicy.swift
[547/685] Compiling X509 OCSPRequest.swift
[548/685] Compiling X509 OCSPResponse.swift
[549/685] Compiling X509 OCSPResponseBytes.swift
[550/685] Compiling X509 OCSPResponseData.swift
[551/685] Compiling X509 OCSPResponseStatus.swift
[552/685] Compiling X509 OCSPSignature.swift
[553/685] Compiling X509 OCSPSingleRequest.swift
[554/685] Compiling X509 OCSPSingleResponse.swift
[555/685] Compiling X509 OCSPTBSRequest.swift
[556/685] Compiling X509 OCSPVersion.swift
[557/685] Compiling X509 CMSIssuerAndSerialNumber.swift
[558/685] Compiling X509 CMSOperations.swift
[559/685] Compiling X509 CMSSignature.swift
[560/685] Compiling X509 CMSSignedData.swift
[561/685] Compiling X509 CMSSignerIdentifier.swift
[562/685] Compiling X509 CMSSignerInfo.swift
[563/685] Compiling X509 CMSVersion.swift
[564/685] Compiling X509 Curve25519+DER.swift
[565/685] Compiling X509 CustomPrivateKey.swift
[566/685] Compiling X509 Digests.swift
[567/685] Compiling X509 DistinguishedName.swift
[568/685] Compiling X509 CommonName.swift
[569/685] Compiling X509 CountryName.swift
[570/685] Compiling X509 DNBuilder.swift
[571/685] Compiling X509 NameConstraints.swift
[572/685] Compiling X509 SubjectAlternativeName.swift
[573/685] Compiling X509 SubjectKeyIdentifier.swift
[574/685] Compiling X509 Extension.swift
[575/685] Compiling X509 Extensions.swift
[576/685] Compiling X509 ExtensionsBuilder.swift
[577/685] Compiling X509 GeneralName.swift
[578/685] Compiling X509 Lock.swift
[579/685] Compiling X509 LockedValueBox.swift
[580/685] Compiling X509 BasicOCSPResponse.swift
[581/685] Compiling X509 DirectoryString.swift
[582/685] Compiling X509 OCSPCertID.swift
[583/685] Compiling X509 OCSPCertStatus.swift
[584/685] Compiling X509 OneOfPolicies.swift
[585/685] Compiling X509 PolicyBuilder.swift
[586/685] Compiling X509 BasicConstraintsPolicy.swift
[587/685] Compiling X509 DNSNames.swift
[588/685] Compiling X509 ExpiryPolicy.swift
[589/685] Compiling X509 IPConstraints.swift
[590/685] Compiling X509 NameConstraintsPolicy.swift
[591/685] Compiling X509 RFC5280Policy.swift
[592/685] Compiling X509 URIConstraints.swift
[593/685] Compiling X509 VersionPolicy.swift
[594/685] Compiling X509 ServerIdentityPolicy.swift
[595/685] Compiling X509 TrustRootLoading.swift
[596/685] Compiling X509 UnverifiedChain.swift
[597/685] Compiling X509 CSRAttribute.swift
[598/685] Compiling X509 CSRAttributes.swift
[599/685] Compiling X509 CSRVersion.swift
[600/685] Compiling X509 CertificateSigningRequest.swift
[601/685] Compiling X509 CertificationRequestInfo.swift
[602/685] Compiling X509 ExtensionRequest.swift
[603/685] Compiling X509 Certificate.swift
[604/685] Compiling X509 CertificatePrivateKey.swift
[605/685] Compiling X509 CertificatePublicKey.swift
[606/685] Compiling X509 CertificateSerialNumber.swift
[607/685] Compiling X509 CertificateVersion.swift
[608/685] Compiling X509 CMSAttribute.swift
[609/685] Compiling X509 CMSContentInfo.swift
[610/685] Compiling X509 CMSEncapsulatedContentInfo.swift
[611/685] Compiling X509 DomainComponent.swift
[612/685] Compiling X509 EmailAddress.swift
[613/685] Compiling X509 LocalityName.swift
[614/685] Compiling X509 OrganizationName.swift
[615/685] Compiling X509 OrganizationalUnitName.swift
[616/685] Compiling X509 StateOrProvinceName.swift
[617/685] Compiling X509 StreetAddress.swift
[618/685] Compiling X509 Error.swift
[619/685] Compiling X509 AuthorityInformationAccess.swift
[620/685] Compiling X509 AuthorityKeyIdentifier.swift
[621/685] Compiling X509 BasicConstraints.swift
[622/685] Compiling X509 ExtendedKeyUsage.swift
[623/685] Compiling X509 ExtensionIdentifiers.swift
[624/685] Compiling X509 KeyUsage.swift
[652/685] Compiling X509 ValidatedCertificateChain.swift
[653/685] Compiling X509 VerificationDiagnostic.swift
[654/685] Compiling X509 Verifier.swift
[655/685] Compiling X509 VerifierPolicy.swift
[656/685] Compiling X509 AlgorithmIdentifier.swift
[657/685] Compiling X509 ECDSASignature.swift
[658/685] Compiling X509 RSAPKCS1PublicKey.swift
[659/685] Compiling X509 SubjectPublicKeyInfo.swift
[660/685] Compiling X509 TBSCertificate.swift
[661/685] Compiling X509 Time.swift
[662/685] Compiling X509 TimeCalculations.swift
[663/685] Compiling X509 Validity.swift
[664/685] Compiling X509 X509SendableMetatype.swift
[665/685] Emitting module X509
[667/751] Emitting module NIOCore
[669/751] Compiling JWTKit AudienceClaim.swift
[670/751] Compiling JWTKit BoolClaim.swift
[671/751] Compiling JWTKit ExpirationClaim.swift
[672/751] Compiling JWTKit GoogleHostedDomainClaim.swift
[673/751] Compiling JWTKit IDClaim.swift
[674/751] Compiling JWTKit IssuedAtClaim.swift
[675/751] Compiling JWTKit IssuerClaim.swift
[676/751] Compiling JWTKit JWTClaim.swift
[677/751] Compiling JWTKit JWTMultiValueClaim.swift
[678/751] Compiling JWTKit JWTUnixEpochClaim.swift
[679/760] Compiling JWTKit ECDSASigningAlgorithm.swift
[680/760] Compiling JWTKit JWTKeyCollection+ECDSA.swift
[681/760] Compiling JWTKit P256+CurveType.swift
[682/760] Compiling JWTKit P384+CurveType.swift
[683/760] Compiling JWTKit P521+CurveType.swift
[684/760] Compiling JWTKit EdDSA.swift
[685/760] Compiling JWTKit EdDSACurve.swift
[686/760] Compiling JWTKit EdDSAError.swift
[687/760] Compiling JWTKit EdDSASigner.swift
[688/760] Compiling JWTKit MLDSAType.swift
[689/760] Compiling JWTKit JWTKeyCollection+UnsecuredNone.swift
[690/760] Compiling JWTKit UnsecuredNoneSigner.swift
[691/760] Compiling JWTKit JWTKeyCollection+RSA.swift
[692/760] Compiling JWTKit RSA.swift
[693/760] Compiling JWTKit RSAError.swift
[694/760] Compiling JWTKit RSASigner.swift
[695/760] Compiling JWTKit Base64URL.swift
[696/760] Compiling JWTKit CryptoSigner.swift
[697/760] Compiling JWTKit JWTSerializer.swift
[698/760] Compiling JWTKit JWTSigner.swift
[699/760] Compiling JWTKit JWTKeyCollection+MLDSA.swift
[700/760] Compiling JWTKit MLDSA.swift
[701/760] Compiling JWTKit MLDSA65+MLDSAKey.swift
[702/760] Compiling JWTKit MLDSA87+MLDSAKey.swift
[703/760] Compiling JWTKit MLDSAError.swift
[704/760] Compiling JWTKit MLDSAKey.swift
[705/760] Compiling JWTKit MLDSASigner.swift
[706/760] Compiling JWTKit JWTKeyCollection+EdDSA.swift
[707/760] Compiling JWTKit HMAC.swift
[708/760] Compiling JWTKit HMACError.swift
[709/760] Compiling JWTKit HMACSigner.swift
[710/760] Compiling JWTKit JWTKeyCollection+HMAC.swift
[711/760] Compiling JWTKit Insecure.swift
[712/760] Compiling JWTKit JWK.swift
[713/760] Compiling JWTKit JWKIdentifier.swift
[714/760] Compiling JWTKit JWKS.swift
[715/760] Compiling JWTKit LocaleClaim.swift
[716/760] Compiling JWTKit NotBeforeClaim.swift
[717/760] Compiling JWTKit SubjectClaim.swift
[718/760] Compiling JWTKit TenantIDClaim.swift
[719/760] Compiling JWTKit ECDSA.swift
[720/760] Compiling JWTKit ECDSACurve.swift
[721/760] Compiling JWTKit ECDSACurveType.swift
[722/760] Compiling JWTKit ECDSAError.swift
[723/760] Compiling JWTKit ECDSAKeyTypes.swift
[724/760] Compiling JWTKit ECDSASigner.swift
[725/814] Compiling NIOPosix IntegerTypes.swift
[726/814] Compiling NIOPosix Linux.swift
[727/814] Compiling NIOPosix LinuxCPUSet.swift
[728/814] Compiling NIOPosix LinuxUring.swift
[729/814] Compiling NIOPosix PipeChannel.swift
[730/814] Compiling NIOPosix PipePair.swift
[731/814] Compiling NIOPosix Pool.swift
[732/814] Compiling NIOPosix PosixSingletons+ConcurrencyTakeOver.swift
[733/814] Compiling NIOPosix PosixSingletons.swift
[734/814] Emitting module JWTKit
[735/814] Compiling JWTKit CustomizedJSONCoders.swift
[736/814] Compiling JWTKit Utilities.swift
[737/814] Compiling JWTKit AppleIdentityToken.swift
[738/814] Compiling JWTKit FirebaseAuthIdentityToken.swift
[739/814] Compiling JWTKit GoogleIdentityToken.swift
[740/814] Compiling JWTKit MicrosoftIdentityToken.swift
[741/814] Compiling JWTKit EmptyPolicy.swift
[742/814] Compiling JWTKit ValidationTimePayload.swift
[743/814] Compiling JWTKit X5CVerifier.swift
[745/814] Compiling NIOEmbedded AsyncTestingChannel.swift
[746/814] Compiling NIOEmbedded AsyncTestingEventLoop.swift
[747/814] Compiling NIOEmbedded Embedded.swift
[748/814] Emitting module NIOEmbedded
[750/814] Compiling NIOPosix HappyEyeballs.swift
[751/814] Compiling NIOPosix IO.swift
[752/814] Compiling NIOPosix IntegerBitPacking.swift
[762/814] Compiling NIOPosix RawSocketBootstrap.swift
[763/814] Compiling NIOPosix Resolver.swift
[764/814] Compiling NIOPosix SelectorWSAPoll.swift
[765/814] Compiling NIOPosix ServerSocket.swift
[766/814] Compiling NIOPosix Socket.swift
[767/814] Compiling NIOPosix SocketChannel.swift
[768/814] Compiling NIOPosix SocketProtocols.swift
[769/814] Compiling NIOPosix StructuredConcurrencyHelpers.swift
[770/814] Compiling NIOPosix System.swift
[771/814] Compiling NIOPosix BaseStreamSocketChannel.swift
[772/814] Compiling NIOPosix Bootstrap.swift
[773/814] Compiling NIOPosix ControlMessage.swift
[774/814] Compiling NIOPosix DatagramVectorReadManager.swift
[775/814] Compiling NIOPosix Errors+Any.swift
[776/814] Compiling NIOPosix FileDescriptor.swift
[777/814] Compiling NIOPosix GetaddrinfoResolver.swift
[778/814] Compiling NIOPosix Selectable.swift
[779/814] Compiling NIOPosix SelectableChannel.swift
[780/814] Compiling NIOPosix SelectableEventLoop.swift
[781/814] Compiling NIOPosix SelectorEpoll.swift
[782/814] Compiling NIOPosix SelectorGeneric.swift
[783/814] Compiling NIOPosix SelectorKqueue.swift
[784/814] Compiling NIOPosix SelectorUring.swift
[785/821] Emitting module NIOPosix
[786/821] Compiling NIOPosix MultiThreadedEventLoopGroup.swift
[787/821] Compiling NIOPosix NIOPosixSendableMetatype.swift
[788/821] Compiling NIOPosix NIORandomizedDNSResolver.swift
[789/821] Compiling NIOPosix NIOThreadPool.swift
[790/821] Compiling NIOPosix NonBlockingFileIO.swift
[791/821] Compiling NIOPosix PendingDatagramWritesManager.swift
[792/821] Compiling NIOPosix PendingWritesManager.swift
[793/821] Compiling NIOPosix BSDSocketAPICommon.swift
[794/821] Compiling NIOPosix BSDSocketAPIPosix.swift
[795/821] Compiling NIOPosix BSDSocketAPIWindows.swift
[796/821] Compiling NIOPosix BaseSocket.swift
[797/821] Compiling NIOPosix BaseSocketChannel+AccessibleTransport.swift
[798/821] Compiling NIOPosix BaseSocketChannel+SocketOptionProvider.swift
[799/821] Compiling NIOPosix BaseSocketChannel.swift
[800/821] Compiling NIOPosix Thread.swift
[801/821] Compiling NIOPosix ThreadPosix.swift
[802/821] Compiling NIOPosix ThreadWindows.swift
[803/821] Compiling NIOPosix Utilities.swift
[804/821] Compiling NIOPosix VsockAddress.swift
[805/821] Compiling NIOPosix VsockChannelEvents.swift
[806/821] Compiling NIOPosix Windows.swift
[808/823] Emitting module NIO
[809/823] Compiling NIO Exports.swift
[811/858] Compiling NIOTLS TLSEvents.swift
[812/858] Compiling NIOSOCKS SelectedAuthenticationMethod.swift
[813/859] Emitting module NIOSOCKS
[814/859] Compiling NIOHTTP1 ByteCollectionUtils.swift
[815/859] Compiling NIOHTTP1 HTTPDecoder.swift
[816/859] Compiling NIOSOCKS SOCKSResponse.swift
[817/859] Compiling NIOSOCKS ClientStateMachine.swift
[818/859] Compiling NIOTLS NIOTypedApplicationProtocolNegotiationHandler.swift
[819/859] Compiling NIOTLS ProtocolNegotiationHandlerStateMachine.swift
[820/859] Compiling NIOTLS SNIHandler.swift
[821/859] Emitting module NIOTLS
[822/859] Compiling NIOTLS ApplicationProtocolNegotiationHandler.swift
[823/860] Compiling NIOSOCKS ServerStateMachine.swift
[824/860] Compiling NIOHTTP1 HTTPServerPipelineHandler.swift
[825/860] Compiling NIOHTTP1 HTTPServerProtocolErrorHandler.swift
[826/860] Compiling NIOHTTP1 HTTPEncoder.swift
[827/860] Compiling NIOHTTP1 HTTPHeaderValidator.swift
[828/860] Compiling NIOHTTP1 HTTPHeaders+Validation.swift
[829/860] Compiling NIOHTTP1 HTTPPipelineSetup.swift
[837/862] Compiling NIOHTTP1 NIOTypedHTTPClientUpgradeHandler.swift
[838/862] Compiling NIOHTTP1 NIOTypedHTTPClientUpgraderStateMachine.swift
[839/861] Compiling NIOHTTP1 NIOHTTPClientUpgradeHandler.swift
[840/861] Compiling NIOHTTP1 NIOHTTPObjectAggregator.swift
[841/861] Emitting module NIOHTTP1
[842/913] Compiling NIOSSL AndroidCABundle.swift
[843/913] Compiling NIOSSL ByteBufferBIO.swift
[844/913] Compiling NIOSSL CustomPrivateKey.swift
[845/913] Compiling NIOSSL FreeBSDCABundle.swift
[846/913] Compiling NIOSSL SSLPublicKey.swift
[847/913] Compiling NIOSSL SecurityFrameworkCertificateVerification.swift
[848/913] Compiling NIOSSL String+unsafeUninitializedCapacity.swift
[849/915] Compiling NIOSSL NIOSSLHandler.swift
[850/915] Compiling NIOSSL NIOSSLServerHandler.swift
[851/915] Compiling NIOSSL ObjectIdentifier.swift
[855/915] Compiling NIOSSL LinuxCABundle.swift
[856/915] Compiling NIOSSL NIOSSLClientHandler.swift
[857/915] Compiling NIOSSL NIOSSLHandler+Configuration.swift
[858/915] Compiling NIOSSL SSLCertificateName.swift
[859/915] Compiling NIOSSL SSLConnection.swift
[860/915] Compiling NIOSSL SSLPrivateKey.swift
[861/915] Emitting module NIOTransportServices
[862/915] Compiling NIOSSL IdentityVerification.swift
[863/915] Compiling NIOSSL SSLCertificate.swift
[864/915] Compiling NIOSSL SSLCertificateExtensions.swift
[865/915] Compiling NIOSSL PosixPort.swift
[866/915] Compiling NIOSSL SSLCallbacks.swift
[868/915] Compiling NIOTransportServices TCPOptions+SocketChannelOption.swift
[869/915] Compiling NIOTransportServices UDPOptions+SocketChannelOption.swift
[884/920] Compiling NIOSSL SubjectAlternativeName.swift
[885/920] Compiling NIOSSL NIOSSLSecureBytes.swift
[886/920] Compiling NIOSSL RNG.swift
[887/920] Compiling NIOSSL SafeCompare.swift
[893/919] Emitting module NIOSSL
[896/936] Compiling NIOSSL SSLInit.swift
[897/936] Compiling NIOSSL SSLPKCS12Bundle.swift
[907/936] Compiling NIOHPACK HPACKEncoder.swift
[908/936] Compiling NIOHPACK HPACKErrors.swift
[909/937] Compiling NIOSSL Zeroization.swift
[910/937] Compiling NIOSSL TLSConfiguration.swift
[911/937] Compiling NIOSSL UniversalBootstrapSupport.swift
[912/937] Compiling NIOSSL UnsafeKeyAndChainTarget.swift
[913/938] Emitting module NIOHTTPCompression
[914/938] Compiling NIOHTTPCompression HTTPDecompression.swift
[915/938] Compiling NIOHTTPCompression HTTPCompression.swift
[916/938] Compiling NIOHTTPCompression HTTPDecompressor.swift
[918/937] Compiling NIOHPACK IndexedHeaderTable.swift
[919/937] Compiling NIOHPACK IntegerCoding.swift
[920/937] Compiling NIOHTTPCompression HTTPRequestCompressor.swift
[921/937] Compiling NIOHTTPCompression HTTPResponseCompressor.swift
[922/938] Compiling NIOHPACK StaticHeaderTable.swift
[924/938] Compiling NIOHPACK HuffmanTables.swift
[925/938] Compiling NIOHPACK HuffmanCoding.swift
[926/937] Emitting module NIOHPACK
[927/937] Compiling NIOHPACK HPACKHeader.swift
[928/937] Compiling NIOHPACK HeaderTables.swift
[929/937] Compiling NIOHPACK DynamicHeaderTable.swift
[930/937] Compiling NIOHPACK HPACKDecoder.swift
[932/1000] Compiling NIOHTTP2 HasFlowControlWindows.swift
[933/1000] Compiling NIOHTTP2 HasLocalSettings.swift
[934/1000] Compiling NIOHTTP2 HasRemoteSettings.swift
[935/1000] Compiling NIOHTTP2 LocallyQuiescingState.swift
[936/1000] Compiling NIOHTTP2 QuiescingState.swift
[937/1000] Compiling NIOHTTP2 RemotelyQuiescingState.swift
[938/1000] Compiling NIOHTTP2 SendAndReceiveGoawayState.swift
[939/1000] Compiling NIOHTTP2 StateMachineResult.swift
[940/1000] Compiling NIOHTTP2 ContentLengthVerifier.swift
[941/1008] Compiling NIOHTTP2 MaySendFrames.swift
[942/1008] Compiling NIOHTTP2 SendingDataState.swift
[943/1008] Compiling NIOHTTP2 SendingGoawayState.swift
[944/1008] Compiling NIOHTTP2 SendingHeadersState.swift
[945/1008] Compiling NIOHTTP2 SendingPushPromiseState.swift
[946/1008] Compiling NIOHTTP2 SendingRstStreamState.swift
[947/1008] Compiling NIOHTTP2 SendingWindowUpdateState.swift
[948/1008] Compiling NIOHTTP2 HTTP2SettingsState.swift
[949/1008] Compiling NIOHTTP2 HasExtendedConnectSettings.swift
[950/1008] Compiling NIOHTTP2 DOSHeuristics.swift
[951/1008] Compiling NIOHTTP2 Error+Any.swift
[952/1008] Compiling NIOHTTP2 ConcurrentStreamBuffer.swift
[953/1008] Compiling NIOHTTP2 ControlFrameBuffer.swift
[954/1008] Compiling NIOHTTP2 OutboundFlowControlBuffer.swift
[955/1008] Compiling NIOHTTP2 OutboundFrameBuffer.swift
[956/1008] Compiling NIOHTTP2 GlitchesMonitor.swift
[957/1008] Compiling NIOHTTP2 HPACKHeaders+Validation.swift
[958/1008] Compiling NIOHTTP2 HTTP2ChannelHandler+InboundStreamMultiplexer.swift
[959/1008] Emitting module NIOHTTP2
[960/1008] Compiling NIOHTTP2 ConnectionStateMachine.swift
[961/1008] Compiling NIOHTTP2 ConnectionStreamsState.swift
[962/1008] Compiling NIOHTTP2 MayReceiveFrames.swift
[963/1008] Compiling NIOHTTP2 ReceivingDataState.swift
[964/1008] Compiling NIOHTTP2 ReceivingGoAwayState.swift
[965/1008] Compiling NIOHTTP2 ReceivingHeadersState.swift
[966/1008] Compiling NIOHTTP2 ReceivingPushPromiseState.swift
[967/1008] Compiling NIOHTTP2 ReceivingRstStreamState.swift
[968/1008] Compiling NIOHTTP2 ReceivingWindowUpdateState.swift
[969/1008] Compiling NIOHTTP2 NIOHTTP2ServerConnectionManagementHandler.swift
[970/1008] Compiling NIOHTTP2 StreamChannelFlowController.swift
[971/1008] Compiling NIOHTTP2 StreamChannelList.swift
[972/1008] Compiling NIOHTTP2 StreamMap.swift
[973/1008] Compiling NIOHTTP2 StreamStateMachine.swift
[974/1008] Compiling NIOHTTP2 Timer.swift
[975/1008] Compiling NIOHTTP2 UnsafeTransfer.swift
[976/1008] Compiling NIOHTTP2 WatermarkedFlowController.swift
[977/1008] Compiling NIOHTTP2 HTTP2StreamMultiplexer.swift
[978/1008] Compiling NIOHTTP2 HTTP2ToHTTP1Codec.swift
[979/1008] Compiling NIOHTTP2 HTTP2UserEvents.swift
[980/1008] Compiling NIOHTTP2 InboundEventBuffer.swift
[981/1008] Compiling NIOHTTP2 InboundWindowManager.swift
[982/1008] Compiling NIOHTTP2 MultiplexerAbstractChannel.swift
[983/1008] Compiling NIOHTTP2 NIOHTTP2FrameDelegate.swift
[984/1008] Compiling NIOHTTP2 NIOHTTP2ServerConnectionManagementHandler+StateMachine.swift
[985/1008] Compiling NIOHTTP2 HTTP2FrameParser.swift
[986/1008] Compiling NIOHTTP2 HTTP2PingData.swift
[987/1008] Compiling NIOHTTP2 HTTP2PipelineHelpers.swift
[988/1008] Compiling NIOHTTP2 HTTP2Settings.swift
[989/1008] Compiling NIOHTTP2 HTTP2Stream.swift
[990/1008] Compiling NIOHTTP2 HTTP2StreamChannel+OutboundStreamMultiplexer.swift
[991/1008] Compiling NIOHTTP2 HTTP2StreamChannel.swift
[992/1008] Compiling NIOHTTP2 HTTP2StreamDelegate.swift
[993/1008] Compiling NIOHTTP2 HTTP2StreamID.swift
[994/1008] Compiling NIOHTTP2 HTTP2ChannelHandler+InlineStreamMultiplexer.swift
[995/1008] Compiling NIOHTTP2 HTTP2ChannelHandler.swift
[996/1008] Compiling NIOHTTP2 HTTP2CommonInboundStreamMultiplexer.swift
[997/1008] Compiling NIOHTTP2 HTTP2ConnectionStateChange.swift
[998/1008] Compiling NIOHTTP2 HTTP2Error.swift
[999/1008] Compiling NIOHTTP2 HTTP2ErrorCode.swift
[1000/1008] Compiling NIOHTTP2 HTTP2FlowControlWindow.swift
[1001/1008] Compiling NIOHTTP2 HTTP2Frame.swift
[1002/1008] Compiling NIOHTTP2 HTTP2FrameEncoder.swift
[1004/1072] Emitting module AsyncHTTPClient
[1005/1080] Compiling AsyncHTTPClient AnyAsyncSequence.swift
[1006/1080] Compiling AsyncHTTPClient AnyAsyncSequenceProucerDelete.swift
[1007/1080] Compiling AsyncHTTPClient AsyncLazySequence.swift
[1008/1080] Compiling AsyncHTTPClient HTTPClient+execute.swift
[1009/1080] Compiling AsyncHTTPClient HTTPClient+shutdown.swift
[1010/1080] Compiling AsyncHTTPClient HTTPClient+tracing.swift
[1011/1080] Compiling AsyncHTTPClient HTTPClientRequest+Prepared.swift
[1012/1080] Compiling AsyncHTTPClient HTTPClientRequest+auth.swift
[1013/1080] Compiling AsyncHTTPClient HTTPClientRequest.swift
[1014/1080] Compiling AsyncHTTPClient LRUCache.swift
[1015/1080] Compiling AsyncHTTPClient NIOLoopBound+Execute.swift
[1016/1080] Compiling AsyncHTTPClient NWErrorHandler.swift
[1017/1080] Compiling AsyncHTTPClient NWWaitingHandler.swift
[1018/1080] Compiling AsyncHTTPClient TLSConfiguration.swift
[1019/1080] Compiling AsyncHTTPClient RedirectState.swift
[1020/1080] Compiling AsyncHTTPClient RequestBag+StateMachine.swift
[1021/1080] Compiling AsyncHTTPClient RequestBag+Tracing.swift
[1022/1080] Compiling AsyncHTTPClient RequestBag.swift
[1023/1080] Compiling AsyncHTTPClient RequestValidation.swift
[1024/1080] Compiling AsyncHTTPClient SSLContextCache.swift
[1025/1080] Compiling AsyncHTTPClient Scheme.swift
[1026/1080] Compiling AsyncHTTPClient Singleton.swift
[1027/1080] Compiling AsyncHTTPClient StringConvertibleInstances.swift
[1028/1080] Compiling AsyncHTTPClient StructuredConcurrencyHelpers.swift
[1029/1080] Compiling AsyncHTTPClient TracingSupport.swift
[1030/1080] Compiling AsyncHTTPClient Utils.swift
[1031/1080] Compiling AsyncHTTPClient HTTP1ProxyConnectHandler.swift
[1032/1080] Compiling AsyncHTTPClient SOCKSEventsHandler.swift
[1033/1080] Compiling AsyncHTTPClient TLSEventsHandler.swift
[1034/1080] Compiling AsyncHTTPClient HTTP1ClientChannelHandler.swift
[1035/1080] Compiling AsyncHTTPClient HTTP1Connection.swift
[1036/1080] Compiling AsyncHTTPClient HTTP1ConnectionStateMachine.swift
[1037/1080] Compiling AsyncHTTPClient HTTP2ClientRequestHandler.swift
[1038/1080] Compiling AsyncHTTPClient HTTP2Connection.swift
[1039/1080] Compiling AsyncHTTPClient HTTP2IdleHandler.swift
[1040/1080] Compiling AsyncHTTPClient HTTPConnectionEvent.swift
[1041/1080] Compiling AsyncHTTPClient HTTPConnectionPool+Factory.swift
[1042/1080] Compiling AsyncHTTPClient HTTPConnectionPool+Manager.swift
[1043/1080] Compiling AsyncHTTPClient HTTPConnectionPool.swift
[1044/1080] Compiling AsyncHTTPClient HTTPExecutableRequest.swift
[1045/1080] Compiling AsyncHTTPClient HTTPRequestStateMachine+Demand.swift
[1046/1080] Compiling AsyncHTTPClient HTTPRequestStateMachine.swift
[1047/1080] Compiling AsyncHTTPClient RequestBodyLength.swift
[1048/1080] Compiling AsyncHTTPClient RequestFramingMetadata.swift
[1049/1080] Compiling AsyncHTTPClient HTTPClientResponse.swift
[1050/1080] Compiling AsyncHTTPClient SingleIteratorPrecondition.swift
[1051/1080] Compiling AsyncHTTPClient Transaction+StateMachine.swift
[1052/1080] Compiling AsyncHTTPClient Transaction.swift
[1053/1080] Compiling AsyncHTTPClient Base64.swift
[1054/1080] Compiling AsyncHTTPClient BasicAuth.swift
[1055/1080] Compiling AsyncHTTPClient BestEffortHashableTLSConfiguration.swift
[1056/1080] Compiling AsyncHTTPClient Configuration+BrowserLike.swift
[1057/1080] Compiling AsyncHTTPClient ConnectionPool.swift
[1058/1080] Compiling AsyncHTTPClient RequestOptions.swift
[1059/1080] Compiling AsyncHTTPClient HTTPConnectionPool+Backoff.swift
[1060/1080] Compiling AsyncHTTPClient HTTPConnectionPool+HTTP1Connections.swift
[1061/1080] Compiling AsyncHTTPClient HTTPConnectionPool+HTTP1StateMachine.swift
[1062/1080] Compiling AsyncHTTPClient HTTPConnectionPool+HTTP2Connections.swift
[1063/1080] Compiling AsyncHTTPClient HTTPConnectionPool+HTTP2StateMachine.swift
[1064/1080] Compiling AsyncHTTPClient HTTPConnectionPool+RequestQueue.swift
[1065/1080] Compiling AsyncHTTPClient HTTPConnectionPool+StateMachine.swift
[1066/1080] Compiling AsyncHTTPClient ConnectionTarget.swift
[1067/1080] Compiling AsyncHTTPClient DeconstructedURL.swift
[1068/1080] Compiling AsyncHTTPClient FileDownloadDelegate.swift
[1069/1080] Compiling AsyncHTTPClient FoundationExtensions.swift
[1070/1080] Compiling AsyncHTTPClient HTTPClient+HTTPCookie.swift
[1071/1080] Compiling AsyncHTTPClient HTTPClient+Proxy.swift
[1072/1080] Compiling AsyncHTTPClient HTTPClient+StructuredConcurrency.swift
[1073/1080] Compiling AsyncHTTPClient HTTPClient.swift
[1074/1080] Compiling AsyncHTTPClient HTTPClientConfiguration+SwiftConfiguration.swift
[1075/1080] Compiling AsyncHTTPClient HTTPHandler.swift
[1077/1113] Compiling AcmeSwift AcmeCertificateARIInformation.swift
/host/spi-builder-workspace/Sources/AcmeSwift/Endpoints/EndpointProtocol.swift:3:8: error: no such module 'NIOFoundationCompat'
 1 | import NIOHTTP1
 2 | import NIO
 3 | import NIOFoundationCompat
   |        `- error: no such module 'NIOFoundationCompat'
 4 | import Foundation
 5 |
[1078/1113] Compiling AcmeSwift RevokeSpec.swift
/host/spi-builder-workspace/Sources/AcmeSwift/Endpoints/EndpointProtocol.swift:3:8: error: no such module 'NIOFoundationCompat'
 1 | import NIOHTTP1
 2 | import NIO
 3 | import NIOFoundationCompat
   |        `- error: no such module 'NIOFoundationCompat'
 4 | import Foundation
 5 |
[1079/1113] Compiling AcmeSwift AcmeAttestationSpec.swift
/host/spi-builder-workspace/Sources/AcmeSwift/Endpoints/EndpointProtocol.swift:3:8: error: no such module 'NIOFoundationCompat'
 1 | import NIOHTTP1
 2 | import NIO
 3 | import NIOFoundationCompat
   |        `- error: no such module 'NIOFoundationCompat'
 4 | import Foundation
 5 |
[1080/1113] Compiling AcmeSwift AcmeAuthorization.swift
/host/spi-builder-workspace/Sources/AcmeSwift/Endpoints/EndpointProtocol.swift:3:8: error: no such module 'NIOFoundationCompat'
 1 | import NIOHTTP1
 2 | import NIO
 3 | import NIOFoundationCompat
   |        `- error: no such module 'NIOFoundationCompat'
 4 | import Foundation
 5 |
[1081/1117] Compiling AcmeSwift RevokeCertificateEndpoint.swift
/host/spi-builder-workspace/Sources/AcmeSwift/Endpoints/EndpointProtocol.swift:3:8: error: no such module 'NIOFoundationCompat'
 1 | import NIOHTTP1
 2 | import NIO
 3 | import NIOFoundationCompat
   |        `- error: no such module 'NIOFoundationCompat'
 4 | import Foundation
 5 |
[1082/1117] Compiling AcmeSwift EndpointProtocol.swift
/host/spi-builder-workspace/Sources/AcmeSwift/Endpoints/EndpointProtocol.swift:3:8: error: no such module 'NIOFoundationCompat'
 1 | import NIOHTTP1
 2 | import NIO
 3 | import NIOFoundationCompat
   |        `- error: no such module 'NIOFoundationCompat'
 4 | import Foundation
 5 |
[1083/1117] Compiling AcmeSwift CreateOrderEndpoint.swift
/host/spi-builder-workspace/Sources/AcmeSwift/Endpoints/EndpointProtocol.swift:3:8: error: no such module 'NIOFoundationCompat'
 1 | import NIOHTTP1
 2 | import NIO
 3 | import NIOFoundationCompat
   |        `- error: no such module 'NIOFoundationCompat'
 4 | import Foundation
 5 |
[1084/1117] Compiling AcmeSwift FinalizeOrderEndpoint.swift
/host/spi-builder-workspace/Sources/AcmeSwift/Endpoints/EndpointProtocol.swift:3:8: error: no such module 'NIOFoundationCompat'
 1 | import NIOHTTP1
 2 | import NIO
 3 | import NIOFoundationCompat
   |        `- error: no such module 'NIOFoundationCompat'
 4 | import Foundation
 5 |
[1085/1117] Compiling AcmeSwift GetOrderEndpoint.swift
/host/spi-builder-workspace/Sources/AcmeSwift/Endpoints/EndpointProtocol.swift:3:8: error: no such module 'NIOFoundationCompat'
 1 | import NIOHTTP1
 2 | import NIO
 3 | import NIOFoundationCompat
   |        `- error: no such module 'NIOFoundationCompat'
 4 | import Foundation
 5 |
[1086/1117] Compiling AcmeSwift HttpClient+Decode.swift
/host/spi-builder-workspace/Sources/AcmeSwift/Endpoints/EndpointProtocol.swift:3:8: error: no such module 'NIOFoundationCompat'
 1 | import NIOHTTP1
 2 | import NIO
 3 | import NIOFoundationCompat
   |        `- error: no such module 'NIOFoundationCompat'
 4 | import Foundation
 5 |
[1087/1117] Compiling AcmeSwift String+base64Url.swift
/host/spi-builder-workspace/Sources/AcmeSwift/Endpoints/EndpointProtocol.swift:3:8: error: no such module 'NIOFoundationCompat'
 1 | import NIOHTTP1
 2 | import NIO
 3 | import NIOFoundationCompat
   |        `- error: no such module 'NIOFoundationCompat'
 4 | import Foundation
 5 |
[1088/1117] Compiling AcmeSwift AccountCredentials.swift
/host/spi-builder-workspace/Sources/AcmeSwift/Endpoints/EndpointProtocol.swift:3:8: error: no such module 'NIOFoundationCompat'
 1 | import NIOHTTP1
 2 | import NIO
 3 | import NIOFoundationCompat
   |        `- error: no such module 'NIOFoundationCompat'
 4 | import Foundation
 5 |
[1089/1117] Compiling AcmeSwift AccountOrdersUrls.swift
/host/spi-builder-workspace/Sources/AcmeSwift/Endpoints/EndpointProtocol.swift:3:8: error: no such module 'NIOFoundationCompat'
 1 | import NIOHTTP1
 2 | import NIO
 3 | import NIOFoundationCompat
   |        `- error: no such module 'NIOFoundationCompat'
 4 | import Foundation
 5 |
[1090/1117] Compiling AcmeSwift DeactivateAccountEndpoint.swift
/host/spi-builder-workspace/Sources/AcmeSwift/Endpoints/EndpointProtocol.swift:3:8: error: no such module 'NIOFoundationCompat'
 1 | import NIOHTTP1
 2 | import NIO
 3 | import NIOFoundationCompat
   |        `- error: no such module 'NIOFoundationCompat'
 4 | import Foundation
 5 |
[1091/1117] Compiling AcmeSwift ListOrdersEndpoint.swift
/host/spi-builder-workspace/Sources/AcmeSwift/Endpoints/EndpointProtocol.swift:3:8: error: no such module 'NIOFoundationCompat'
 1 | import NIOHTTP1
 2 | import NIO
 3 | import NIOFoundationCompat
   |        `- error: no such module 'NIOFoundationCompat'
 4 | import Foundation
 5 |
[1092/1117] Compiling AcmeSwift GetAuthorizationEndpoint.swift
/host/spi-builder-workspace/Sources/AcmeSwift/Endpoints/EndpointProtocol.swift:3:8: error: no such module 'NIOFoundationCompat'
 1 | import NIOHTTP1
 2 | import NIO
 3 | import NIOFoundationCompat
   |        `- error: no such module 'NIOFoundationCompat'
 4 | import Foundation
 5 |
[1093/1117] Compiling AcmeSwift DownloadCertificateEndpoint.swift
/host/spi-builder-workspace/Sources/AcmeSwift/Endpoints/EndpointProtocol.swift:3:8: error: no such module 'NIOFoundationCompat'
 1 | import NIOHTTP1
 2 | import NIO
 3 | import NIOFoundationCompat
   |        `- error: no such module 'NIOFoundationCompat'
 4 | import Foundation
 5 |
[1094/1117] Compiling AcmeSwift GetCertificateARIEndpoint.swift
/host/spi-builder-workspace/Sources/AcmeSwift/Endpoints/EndpointProtocol.swift:3:8: error: no such module 'NIOFoundationCompat'
 1 | import NIOHTTP1
 2 | import NIO
 3 | import NIOFoundationCompat
   |        `- error: no such module 'NIOFoundationCompat'
 4 | import Foundation
 5 |
error: emit-module command failed with exit code 1 (use -v to see invocation)
[1095/1117] Emitting module AcmeSwift
/host/spi-builder-workspace/Sources/AcmeSwift/Endpoints/EndpointProtocol.swift:3:8: error: no such module 'NIOFoundationCompat'
 1 | import NIOHTTP1
 2 | import NIO
 3 | import NIOFoundationCompat
   |        `- error: no such module 'NIOFoundationCompat'
 4 | import Foundation
 5 |
[1096/1117] Compiling AcmeSwift AcmeFinalizeOrderSpec.swift
/host/spi-builder-workspace/Sources/AcmeSwift/Endpoints/EndpointProtocol.swift:3:8: error: no such module 'NIOFoundationCompat'
 1 | import NIOHTTP1
 2 | import NIO
 3 | import NIOFoundationCompat
   |        `- error: no such module 'NIOFoundationCompat'
 4 | import Foundation
 5 |
[1097/1117] Compiling AcmeSwift AcmeOrderInfo.swift
/host/spi-builder-workspace/Sources/AcmeSwift/Endpoints/EndpointProtocol.swift:3:8: error: no such module 'NIOFoundationCompat'
 1 | import NIOHTTP1
 2 | import NIO
 3 | import NIOFoundationCompat
   |        `- error: no such module 'NIOFoundationCompat'
 4 | import Foundation
 5 |
[1098/1117] Compiling AcmeSwift AcmeOrderSpec.swift
/host/spi-builder-workspace/Sources/AcmeSwift/Endpoints/EndpointProtocol.swift:3:8: error: no such module 'NIOFoundationCompat'
 1 | import NIOHTTP1
 2 | import NIO
 3 | import NIOFoundationCompat
   |        `- error: no such module 'NIOFoundationCompat'
 4 | import Foundation
 5 |
[1099/1117] Compiling AcmeSwift ChallengeDescription.swift
/host/spi-builder-workspace/Sources/AcmeSwift/Endpoints/EndpointProtocol.swift:3:8: error: no such module 'NIOFoundationCompat'
 1 | import NIOHTTP1
 2 | import NIO
 3 | import NIOFoundationCompat
   |        `- error: no such module 'NIOFoundationCompat'
 4 | import Foundation
 5 |
[1100/1117] Compiling AcmeSwift AcmeSwift+Account.swift
/host/spi-builder-workspace/Sources/AcmeSwift/APIs/AcmeSwift+Orders.swift:215:23: error: expected identifier after '.' expression
213 |                 var keySize: _RSA.Signing.KeySize!
214 |                 switch bits {
215 |                 case .`2048`:
    |                       `- error: expected identifier after '.' expression
216 |                     keySize = .bits2048
217 |                 case .`3072`:
/host/spi-builder-workspace/Sources/AcmeSwift/APIs/AcmeSwift+Orders.swift:215:23: error: expected ':' after 'case'
213 |                 var keySize: _RSA.Signing.KeySize!
214 |                 switch bits {
215 |                 case .`2048`:
    |                       `- error: expected ':' after 'case'
216 |                     keySize = .bits2048
217 |                 case .`3072`:
/host/spi-builder-workspace/Sources/AcmeSwift/APIs/AcmeSwift+Orders.swift:215:23: error: expected expression
213 |                 var keySize: _RSA.Signing.KeySize!
214 |                 switch bits {
215 |                 case .`2048`:
    |                       `- error: expected expression
216 |                     keySize = .bits2048
217 |                 case .`3072`:
/host/spi-builder-workspace/Sources/AcmeSwift/APIs/AcmeSwift+Orders.swift:217:23: error: expected identifier after '.' expression
215 |                 case .`2048`:
216 |                     keySize = .bits2048
217 |                 case .`3072`:
    |                       `- error: expected identifier after '.' expression
218 |                     keySize = .bits3072
219 |                 case .`4096`:
/host/spi-builder-workspace/Sources/AcmeSwift/APIs/AcmeSwift+Orders.swift:217:23: error: expected ':' after 'case'
215 |                 case .`2048`:
216 |                     keySize = .bits2048
217 |                 case .`3072`:
    |                       `- error: expected ':' after 'case'
218 |                     keySize = .bits3072
219 |                 case .`4096`:
/host/spi-builder-workspace/Sources/AcmeSwift/APIs/AcmeSwift+Orders.swift:217:23: error: expected expression
215 |                 case .`2048`:
216 |                     keySize = .bits2048
217 |                 case .`3072`:
    |                       `- error: expected expression
218 |                     keySize = .bits3072
219 |                 case .`4096`:
/host/spi-builder-workspace/Sources/AcmeSwift/APIs/AcmeSwift+Orders.swift:219:23: error: expected identifier after '.' expression
217 |                 case .`3072`:
218 |                     keySize = .bits3072
219 |                 case .`4096`:
    |                       `- error: expected identifier after '.' expression
220 |                     keySize = .bits4096
221 |                 }
/host/spi-builder-workspace/Sources/AcmeSwift/APIs/AcmeSwift+Orders.swift:219:23: error: expected ':' after 'case'
217 |                 case .`3072`:
218 |                     keySize = .bits3072
219 |                 case .`4096`:
    |                       `- error: expected ':' after 'case'
220 |                     keySize = .bits4096
221 |                 }
/host/spi-builder-workspace/Sources/AcmeSwift/APIs/AcmeSwift+Orders.swift:219:23: error: expected expression
217 |                 case .`3072`:
218 |                     keySize = .bits3072
219 |                 case .`4096`:
    |                       `- error: expected expression
220 |                     keySize = .bits4096
221 |                 }
/host/spi-builder-workspace/Sources/AcmeSwift/APIs/AcmeSwift+Orders.swift:222:39: error: initializers may only be declared within a type
220 |                     keySize = .bits4096
221 |                 }
222 |                 privateKey = try .init(_CryptoExtras._RSA.Signing.PrivateKey(keySize: keySize))
    |                                       `- error: initializers may only be declared within a type
223 |                 signatureAlg = .sha256WithRSAEncryption
224 |             }
/host/spi-builder-workspace/Sources/AcmeSwift/APIs/AcmeSwift+Orders.swift:222:40: error: expected parameter name followed by ':'
220 |                     keySize = .bits4096
221 |                 }
222 |                 privateKey = try .init(_CryptoExtras._RSA.Signing.PrivateKey(keySize: keySize))
    |                                        `- error: expected parameter name followed by ':'
223 |                 signatureAlg = .sha256WithRSAEncryption
224 |             }
/host/spi-builder-workspace/Sources/AcmeSwift/APIs/AcmeSwift+Orders.swift:510:37: error: expected identifier after '.' expression
508 |     @nonexhaustive
509 |     public enum KeyType: Sendable {
510 |         case rsa(_ bits: RSABits = .`2048`)
    |                                     `- error: expected identifier after '.' expression
511 |         case ecdsa(_ bits: ECCBits = .p384)
512 |
/host/spi-builder-workspace/Sources/AcmeSwift/APIs/AcmeSwift+Orders.swift:510:37: error: expected ',' separator
508 |     @nonexhaustive
509 |     public enum KeyType: Sendable {
510 |         case rsa(_ bits: RSABits = .`2048`)
    |                                     `- error: expected ',' separator
511 |         case ecdsa(_ bits: ECCBits = .p384)
512 |
/host/spi-builder-workspace/Sources/AcmeSwift/APIs/AcmeSwift+Orders.swift:510:37: error: expected parameter name followed by ':'
508 |     @nonexhaustive
509 |     public enum KeyType: Sendable {
510 |         case rsa(_ bits: RSABits = .`2048`)
    |                                     `- error: expected parameter name followed by ':'
511 |         case ecdsa(_ bits: ECCBits = .p384)
512 |
/host/spi-builder-workspace/Sources/AcmeSwift/APIs/AcmeSwift+Orders.swift:515:13: error: expected identifier in enum 'case' declaration
513 |         @nonexhaustive
514 |         public enum RSABits: Sendable {
515 |             case `2048`
    |             `- error: expected identifier in enum 'case' declaration
516 |             case `3072`
517 |             case `4096`
/host/spi-builder-workspace/Sources/AcmeSwift/APIs/AcmeSwift+Orders.swift:515:17: error: consecutive declarations on a line must be separated by ';'
513 |         @nonexhaustive
514 |         public enum RSABits: Sendable {
515 |             case `2048`
    |                 `- error: consecutive declarations on a line must be separated by ';'
516 |             case `3072`
517 |             case `4096`
/host/spi-builder-workspace/Sources/AcmeSwift/APIs/AcmeSwift+Orders.swift:515:18: error: expected declaration
512 |
513 |         @nonexhaustive
514 |         public enum RSABits: Sendable {
    |                     `- note: in declaration of 'RSABits'
515 |             case `2048`
    |                  `- error: expected declaration
516 |             case `3072`
517 |             case `4096`
/host/spi-builder-workspace/Sources/AcmeSwift/APIs/AcmeSwift+Orders.swift:516:13: error: expected identifier in enum 'case' declaration
514 |         public enum RSABits: Sendable {
515 |             case `2048`
516 |             case `3072`
    |             `- error: expected identifier in enum 'case' declaration
517 |             case `4096`
518 |         }
/host/spi-builder-workspace/Sources/AcmeSwift/APIs/AcmeSwift+Orders.swift:516:17: error: consecutive declarations on a line must be separated by ';'
514 |         public enum RSABits: Sendable {
515 |             case `2048`
516 |             case `3072`
    |                 `- error: consecutive declarations on a line must be separated by ';'
517 |             case `4096`
518 |         }
/host/spi-builder-workspace/Sources/AcmeSwift/APIs/AcmeSwift+Orders.swift:516:18: error: expected declaration
512 |
513 |         @nonexhaustive
514 |         public enum RSABits: Sendable {
    |                     `- note: in declaration of 'RSABits'
515 |             case `2048`
516 |             case `3072`
    |                  `- error: expected declaration
517 |             case `4096`
518 |         }
/host/spi-builder-workspace/Sources/AcmeSwift/APIs/AcmeSwift+Orders.swift:517:13: error: expected identifier in enum 'case' declaration
515 |             case `2048`
516 |             case `3072`
517 |             case `4096`
    |             `- error: expected identifier in enum 'case' declaration
518 |         }
519 |
/host/spi-builder-workspace/Sources/AcmeSwift/APIs/AcmeSwift+Orders.swift:517:17: error: consecutive declarations on a line must be separated by ';'
515 |             case `2048`
516 |             case `3072`
517 |             case `4096`
    |                 `- error: consecutive declarations on a line must be separated by ';'
518 |         }
519 |
/host/spi-builder-workspace/Sources/AcmeSwift/APIs/AcmeSwift+Orders.swift:517:18: error: expected declaration
512 |
513 |         @nonexhaustive
514 |         public enum RSABits: Sendable {
    |                     `- note: in declaration of 'RSABits'
515 |             case `2048`
516 |             case `3072`
517 |             case `4096`
    |                  `- error: expected declaration
518 |         }
519 |
/host/spi-builder-workspace/Sources/AcmeSwift/Endpoints/EndpointProtocol.swift:3:8: error: no such module 'NIOFoundationCompat'
 1 | import NIOHTTP1
 2 | import NIO
 3 | import NIOFoundationCompat
   |        `- error: no such module 'NIOFoundationCompat'
 4 | import Foundation
 5 |
[1101/1117] Compiling AcmeSwift AcmeSwift+Certificates.swift
/host/spi-builder-workspace/Sources/AcmeSwift/APIs/AcmeSwift+Orders.swift:215:23: error: expected identifier after '.' expression
213 |                 var keySize: _RSA.Signing.KeySize!
214 |                 switch bits {
215 |                 case .`2048`:
    |                       `- error: expected identifier after '.' expression
216 |                     keySize = .bits2048
217 |                 case .`3072`:
/host/spi-builder-workspace/Sources/AcmeSwift/APIs/AcmeSwift+Orders.swift:215:23: error: expected ':' after 'case'
213 |                 var keySize: _RSA.Signing.KeySize!
214 |                 switch bits {
215 |                 case .`2048`:
    |                       `- error: expected ':' after 'case'
216 |                     keySize = .bits2048
217 |                 case .`3072`:
/host/spi-builder-workspace/Sources/AcmeSwift/APIs/AcmeSwift+Orders.swift:215:23: error: expected expression
213 |                 var keySize: _RSA.Signing.KeySize!
214 |                 switch bits {
215 |                 case .`2048`:
    |                       `- error: expected expression
216 |                     keySize = .bits2048
217 |                 case .`3072`:
/host/spi-builder-workspace/Sources/AcmeSwift/APIs/AcmeSwift+Orders.swift:217:23: error: expected identifier after '.' expression
215 |                 case .`2048`:
216 |                     keySize = .bits2048
217 |                 case .`3072`:
    |                       `- error: expected identifier after '.' expression
218 |                     keySize = .bits3072
219 |                 case .`4096`:
/host/spi-builder-workspace/Sources/AcmeSwift/APIs/AcmeSwift+Orders.swift:217:23: error: expected ':' after 'case'
215 |                 case .`2048`:
216 |                     keySize = .bits2048
217 |                 case .`3072`:
    |                       `- error: expected ':' after 'case'
218 |                     keySize = .bits3072
219 |                 case .`4096`:
/host/spi-builder-workspace/Sources/AcmeSwift/APIs/AcmeSwift+Orders.swift:217:23: error: expected expression
215 |                 case .`2048`:
216 |                     keySize = .bits2048
217 |                 case .`3072`:
    |                       `- error: expected expression
218 |                     keySize = .bits3072
219 |                 case .`4096`:
/host/spi-builder-workspace/Sources/AcmeSwift/APIs/AcmeSwift+Orders.swift:219:23: error: expected identifier after '.' expression
217 |                 case .`3072`:
218 |                     keySize = .bits3072
219 |                 case .`4096`:
    |                       `- error: expected identifier after '.' expression
220 |                     keySize = .bits4096
221 |                 }
/host/spi-builder-workspace/Sources/AcmeSwift/APIs/AcmeSwift+Orders.swift:219:23: error: expected ':' after 'case'
217 |                 case .`3072`:
218 |                     keySize = .bits3072
219 |                 case .`4096`:
    |                       `- error: expected ':' after 'case'
220 |                     keySize = .bits4096
221 |                 }
/host/spi-builder-workspace/Sources/AcmeSwift/APIs/AcmeSwift+Orders.swift:219:23: error: expected expression
217 |                 case .`3072`:
218 |                     keySize = .bits3072
219 |                 case .`4096`:
    |                       `- error: expected expression
220 |                     keySize = .bits4096
221 |                 }
/host/spi-builder-workspace/Sources/AcmeSwift/APIs/AcmeSwift+Orders.swift:222:39: error: initializers may only be declared within a type
220 |                     keySize = .bits4096
221 |                 }
222 |                 privateKey = try .init(_CryptoExtras._RSA.Signing.PrivateKey(keySize: keySize))
    |                                       `- error: initializers may only be declared within a type
223 |                 signatureAlg = .sha256WithRSAEncryption
224 |             }
/host/spi-builder-workspace/Sources/AcmeSwift/APIs/AcmeSwift+Orders.swift:222:40: error: expected parameter name followed by ':'
220 |                     keySize = .bits4096
221 |                 }
222 |                 privateKey = try .init(_CryptoExtras._RSA.Signing.PrivateKey(keySize: keySize))
    |                                        `- error: expected parameter name followed by ':'
223 |                 signatureAlg = .sha256WithRSAEncryption
224 |             }
/host/spi-builder-workspace/Sources/AcmeSwift/APIs/AcmeSwift+Orders.swift:510:37: error: expected identifier after '.' expression
508 |     @nonexhaustive
509 |     public enum KeyType: Sendable {
510 |         case rsa(_ bits: RSABits = .`2048`)
    |                                     `- error: expected identifier after '.' expression
511 |         case ecdsa(_ bits: ECCBits = .p384)
512 |
/host/spi-builder-workspace/Sources/AcmeSwift/APIs/AcmeSwift+Orders.swift:510:37: error: expected ',' separator
508 |     @nonexhaustive
509 |     public enum KeyType: Sendable {
510 |         case rsa(_ bits: RSABits = .`2048`)
    |                                     `- error: expected ',' separator
511 |         case ecdsa(_ bits: ECCBits = .p384)
512 |
/host/spi-builder-workspace/Sources/AcmeSwift/APIs/AcmeSwift+Orders.swift:510:37: error: expected parameter name followed by ':'
508 |     @nonexhaustive
509 |     public enum KeyType: Sendable {
510 |         case rsa(_ bits: RSABits = .`2048`)
    |                                     `- error: expected parameter name followed by ':'
511 |         case ecdsa(_ bits: ECCBits = .p384)
512 |
/host/spi-builder-workspace/Sources/AcmeSwift/APIs/AcmeSwift+Orders.swift:515:13: error: expected identifier in enum 'case' declaration
513 |         @nonexhaustive
514 |         public enum RSABits: Sendable {
515 |             case `2048`
    |             `- error: expected identifier in enum 'case' declaration
516 |             case `3072`
517 |             case `4096`
/host/spi-builder-workspace/Sources/AcmeSwift/APIs/AcmeSwift+Orders.swift:515:17: error: consecutive declarations on a line must be separated by ';'
513 |         @nonexhaustive
514 |         public enum RSABits: Sendable {
515 |             case `2048`
    |                 `- error: consecutive declarations on a line must be separated by ';'
516 |             case `3072`
517 |             case `4096`
/host/spi-builder-workspace/Sources/AcmeSwift/APIs/AcmeSwift+Orders.swift:515:18: error: expected declaration
512 |
513 |         @nonexhaustive
514 |         public enum RSABits: Sendable {
    |                     `- note: in declaration of 'RSABits'
515 |             case `2048`
    |                  `- error: expected declaration
516 |             case `3072`
517 |             case `4096`
/host/spi-builder-workspace/Sources/AcmeSwift/APIs/AcmeSwift+Orders.swift:516:13: error: expected identifier in enum 'case' declaration
514 |         public enum RSABits: Sendable {
515 |             case `2048`
516 |             case `3072`
    |             `- error: expected identifier in enum 'case' declaration
517 |             case `4096`
518 |         }
/host/spi-builder-workspace/Sources/AcmeSwift/APIs/AcmeSwift+Orders.swift:516:17: error: consecutive declarations on a line must be separated by ';'
514 |         public enum RSABits: Sendable {
515 |             case `2048`
516 |             case `3072`
    |                 `- error: consecutive declarations on a line must be separated by ';'
517 |             case `4096`
518 |         }
/host/spi-builder-workspace/Sources/AcmeSwift/APIs/AcmeSwift+Orders.swift:516:18: error: expected declaration
512 |
513 |         @nonexhaustive
514 |         public enum RSABits: Sendable {
    |                     `- note: in declaration of 'RSABits'
515 |             case `2048`
516 |             case `3072`
    |                  `- error: expected declaration
517 |             case `4096`
518 |         }
/host/spi-builder-workspace/Sources/AcmeSwift/APIs/AcmeSwift+Orders.swift:517:13: error: expected identifier in enum 'case' declaration
515 |             case `2048`
516 |             case `3072`
517 |             case `4096`
    |             `- error: expected identifier in enum 'case' declaration
518 |         }
519 |
/host/spi-builder-workspace/Sources/AcmeSwift/APIs/AcmeSwift+Orders.swift:517:17: error: consecutive declarations on a line must be separated by ';'
515 |             case `2048`
516 |             case `3072`
517 |             case `4096`
    |                 `- error: consecutive declarations on a line must be separated by ';'
518 |         }
519 |
/host/spi-builder-workspace/Sources/AcmeSwift/APIs/AcmeSwift+Orders.swift:517:18: error: expected declaration
512 |
513 |         @nonexhaustive
514 |         public enum RSABits: Sendable {
    |                     `- note: in declaration of 'RSABits'
515 |             case `2048`
516 |             case `3072`
517 |             case `4096`
    |                  `- error: expected declaration
518 |         }
519 |
/host/spi-builder-workspace/Sources/AcmeSwift/Endpoints/EndpointProtocol.swift:3:8: error: no such module 'NIOFoundationCompat'
 1 | import NIOHTTP1
 2 | import NIO
 3 | import NIOFoundationCompat
   |        `- error: no such module 'NIOFoundationCompat'
 4 | import Foundation
 5 |
[1102/1117] Compiling AcmeSwift AcmeSwift+Orders.swift
/host/spi-builder-workspace/Sources/AcmeSwift/APIs/AcmeSwift+Orders.swift:215:23: error: expected identifier after '.' expression
213 |                 var keySize: _RSA.Signing.KeySize!
214 |                 switch bits {
215 |                 case .`2048`:
    |                       `- error: expected identifier after '.' expression
216 |                     keySize = .bits2048
217 |                 case .`3072`:
/host/spi-builder-workspace/Sources/AcmeSwift/APIs/AcmeSwift+Orders.swift:215:23: error: expected ':' after 'case'
213 |                 var keySize: _RSA.Signing.KeySize!
214 |                 switch bits {
215 |                 case .`2048`:
    |                       `- error: expected ':' after 'case'
216 |                     keySize = .bits2048
217 |                 case .`3072`:
/host/spi-builder-workspace/Sources/AcmeSwift/APIs/AcmeSwift+Orders.swift:215:23: error: expected expression
213 |                 var keySize: _RSA.Signing.KeySize!
214 |                 switch bits {
215 |                 case .`2048`:
    |                       `- error: expected expression
216 |                     keySize = .bits2048
217 |                 case .`3072`:
/host/spi-builder-workspace/Sources/AcmeSwift/APIs/AcmeSwift+Orders.swift:217:23: error: expected identifier after '.' expression
215 |                 case .`2048`:
216 |                     keySize = .bits2048
217 |                 case .`3072`:
    |                       `- error: expected identifier after '.' expression
218 |                     keySize = .bits3072
219 |                 case .`4096`:
/host/spi-builder-workspace/Sources/AcmeSwift/APIs/AcmeSwift+Orders.swift:217:23: error: expected ':' after 'case'
215 |                 case .`2048`:
216 |                     keySize = .bits2048
217 |                 case .`3072`:
    |                       `- error: expected ':' after 'case'
218 |                     keySize = .bits3072
219 |                 case .`4096`:
/host/spi-builder-workspace/Sources/AcmeSwift/APIs/AcmeSwift+Orders.swift:217:23: error: expected expression
215 |                 case .`2048`:
216 |                     keySize = .bits2048
217 |                 case .`3072`:
    |                       `- error: expected expression
218 |                     keySize = .bits3072
219 |                 case .`4096`:
/host/spi-builder-workspace/Sources/AcmeSwift/APIs/AcmeSwift+Orders.swift:219:23: error: expected identifier after '.' expression
217 |                 case .`3072`:
218 |                     keySize = .bits3072
219 |                 case .`4096`:
    |                       `- error: expected identifier after '.' expression
220 |                     keySize = .bits4096
221 |                 }
/host/spi-builder-workspace/Sources/AcmeSwift/APIs/AcmeSwift+Orders.swift:219:23: error: expected ':' after 'case'
217 |                 case .`3072`:
218 |                     keySize = .bits3072
219 |                 case .`4096`:
    |                       `- error: expected ':' after 'case'
220 |                     keySize = .bits4096
221 |                 }
/host/spi-builder-workspace/Sources/AcmeSwift/APIs/AcmeSwift+Orders.swift:219:23: error: expected expression
217 |                 case .`3072`:
218 |                     keySize = .bits3072
219 |                 case .`4096`:
    |                       `- error: expected expression
220 |                     keySize = .bits4096
221 |                 }
/host/spi-builder-workspace/Sources/AcmeSwift/APIs/AcmeSwift+Orders.swift:222:39: error: initializers may only be declared within a type
220 |                     keySize = .bits4096
221 |                 }
222 |                 privateKey = try .init(_CryptoExtras._RSA.Signing.PrivateKey(keySize: keySize))
    |                                       `- error: initializers may only be declared within a type
223 |                 signatureAlg = .sha256WithRSAEncryption
224 |             }
/host/spi-builder-workspace/Sources/AcmeSwift/APIs/AcmeSwift+Orders.swift:222:40: error: expected parameter name followed by ':'
220 |                     keySize = .bits4096
221 |                 }
222 |                 privateKey = try .init(_CryptoExtras._RSA.Signing.PrivateKey(keySize: keySize))
    |                                        `- error: expected parameter name followed by ':'
223 |                 signatureAlg = .sha256WithRSAEncryption
224 |             }
/host/spi-builder-workspace/Sources/AcmeSwift/APIs/AcmeSwift+Orders.swift:510:37: error: expected identifier after '.' expression
508 |     @nonexhaustive
509 |     public enum KeyType: Sendable {
510 |         case rsa(_ bits: RSABits = .`2048`)
    |                                     `- error: expected identifier after '.' expression
511 |         case ecdsa(_ bits: ECCBits = .p384)
512 |
/host/spi-builder-workspace/Sources/AcmeSwift/APIs/AcmeSwift+Orders.swift:510:37: error: expected ',' separator
508 |     @nonexhaustive
509 |     public enum KeyType: Sendable {
510 |         case rsa(_ bits: RSABits = .`2048`)
    |                                     `- error: expected ',' separator
511 |         case ecdsa(_ bits: ECCBits = .p384)
512 |
/host/spi-builder-workspace/Sources/AcmeSwift/APIs/AcmeSwift+Orders.swift:510:37: error: expected parameter name followed by ':'
508 |     @nonexhaustive
509 |     public enum KeyType: Sendable {
510 |         case rsa(_ bits: RSABits = .`2048`)
    |                                     `- error: expected parameter name followed by ':'
511 |         case ecdsa(_ bits: ECCBits = .p384)
512 |
/host/spi-builder-workspace/Sources/AcmeSwift/APIs/AcmeSwift+Orders.swift:515:13: error: expected identifier in enum 'case' declaration
513 |         @nonexhaustive
514 |         public enum RSABits: Sendable {
515 |             case `2048`
    |             `- error: expected identifier in enum 'case' declaration
516 |             case `3072`
517 |             case `4096`
/host/spi-builder-workspace/Sources/AcmeSwift/APIs/AcmeSwift+Orders.swift:515:17: error: consecutive declarations on a line must be separated by ';'
513 |         @nonexhaustive
514 |         public enum RSABits: Sendable {
515 |             case `2048`
    |                 `- error: consecutive declarations on a line must be separated by ';'
516 |             case `3072`
517 |             case `4096`
/host/spi-builder-workspace/Sources/AcmeSwift/APIs/AcmeSwift+Orders.swift:515:18: error: expected declaration
512 |
513 |         @nonexhaustive
514 |         public enum RSABits: Sendable {
    |                     `- note: in declaration of 'RSABits'
515 |             case `2048`
    |                  `- error: expected declaration
516 |             case `3072`
517 |             case `4096`
/host/spi-builder-workspace/Sources/AcmeSwift/APIs/AcmeSwift+Orders.swift:516:13: error: expected identifier in enum 'case' declaration
514 |         public enum RSABits: Sendable {
515 |             case `2048`
516 |             case `3072`
    |             `- error: expected identifier in enum 'case' declaration
517 |             case `4096`
518 |         }
/host/spi-builder-workspace/Sources/AcmeSwift/APIs/AcmeSwift+Orders.swift:516:17: error: consecutive declarations on a line must be separated by ';'
514 |         public enum RSABits: Sendable {
515 |             case `2048`
516 |             case `3072`
    |                 `- error: consecutive declarations on a line must be separated by ';'
517 |             case `4096`
518 |         }
/host/spi-builder-workspace/Sources/AcmeSwift/APIs/AcmeSwift+Orders.swift:516:18: error: expected declaration
512 |
513 |         @nonexhaustive
514 |         public enum RSABits: Sendable {
    |                     `- note: in declaration of 'RSABits'
515 |             case `2048`
516 |             case `3072`
    |                  `- error: expected declaration
517 |             case `4096`
518 |         }
/host/spi-builder-workspace/Sources/AcmeSwift/APIs/AcmeSwift+Orders.swift:517:13: error: expected identifier in enum 'case' declaration
515 |             case `2048`
516 |             case `3072`
517 |             case `4096`
    |             `- error: expected identifier in enum 'case' declaration
518 |         }
519 |
/host/spi-builder-workspace/Sources/AcmeSwift/APIs/AcmeSwift+Orders.swift:517:17: error: consecutive declarations on a line must be separated by ';'
515 |             case `2048`
516 |             case `3072`
517 |             case `4096`
    |                 `- error: consecutive declarations on a line must be separated by ';'
518 |         }
519 |
/host/spi-builder-workspace/Sources/AcmeSwift/APIs/AcmeSwift+Orders.swift:517:18: error: expected declaration
512 |
513 |         @nonexhaustive
514 |         public enum RSABits: Sendable {
    |                     `- note: in declaration of 'RSABits'
515 |             case `2048`
516 |             case `3072`
517 |             case `4096`
    |                  `- error: expected declaration
518 |         }
519 |
/host/spi-builder-workspace/Sources/AcmeSwift/Endpoints/EndpointProtocol.swift:3:8: error: no such module 'NIOFoundationCompat'
 1 | import NIOHTTP1
 2 | import NIO
 3 | import NIOFoundationCompat
   |        `- error: no such module 'NIOFoundationCompat'
 4 | import Foundation
 5 |
[1103/1117] Compiling AcmeSwift AcmeSwift.swift
/host/spi-builder-workspace/Sources/AcmeSwift/APIs/AcmeSwift+Orders.swift:215:23: error: expected identifier after '.' expression
213 |                 var keySize: _RSA.Signing.KeySize!
214 |                 switch bits {
215 |                 case .`2048`:
    |                       `- error: expected identifier after '.' expression
216 |                     keySize = .bits2048
217 |                 case .`3072`:
/host/spi-builder-workspace/Sources/AcmeSwift/APIs/AcmeSwift+Orders.swift:215:23: error: expected ':' after 'case'
213 |                 var keySize: _RSA.Signing.KeySize!
214 |                 switch bits {
215 |                 case .`2048`:
    |                       `- error: expected ':' after 'case'
216 |                     keySize = .bits2048
217 |                 case .`3072`:
/host/spi-builder-workspace/Sources/AcmeSwift/APIs/AcmeSwift+Orders.swift:215:23: error: expected expression
213 |                 var keySize: _RSA.Signing.KeySize!
214 |                 switch bits {
215 |                 case .`2048`:
    |                       `- error: expected expression
216 |                     keySize = .bits2048
217 |                 case .`3072`:
/host/spi-builder-workspace/Sources/AcmeSwift/APIs/AcmeSwift+Orders.swift:217:23: error: expected identifier after '.' expression
215 |                 case .`2048`:
216 |                     keySize = .bits2048
217 |                 case .`3072`:
    |                       `- error: expected identifier after '.' expression
218 |                     keySize = .bits3072
219 |                 case .`4096`:
/host/spi-builder-workspace/Sources/AcmeSwift/APIs/AcmeSwift+Orders.swift:217:23: error: expected ':' after 'case'
215 |                 case .`2048`:
216 |                     keySize = .bits2048
217 |                 case .`3072`:
    |                       `- error: expected ':' after 'case'
218 |                     keySize = .bits3072
219 |                 case .`4096`:
/host/spi-builder-workspace/Sources/AcmeSwift/APIs/AcmeSwift+Orders.swift:217:23: error: expected expression
215 |                 case .`2048`:
216 |                     keySize = .bits2048
217 |                 case .`3072`:
    |                       `- error: expected expression
218 |                     keySize = .bits3072
219 |                 case .`4096`:
/host/spi-builder-workspace/Sources/AcmeSwift/APIs/AcmeSwift+Orders.swift:219:23: error: expected identifier after '.' expression
217 |                 case .`3072`:
218 |                     keySize = .bits3072
219 |                 case .`4096`:
    |                       `- error: expected identifier after '.' expression
220 |                     keySize = .bits4096
221 |                 }
/host/spi-builder-workspace/Sources/AcmeSwift/APIs/AcmeSwift+Orders.swift:219:23: error: expected ':' after 'case'
217 |                 case .`3072`:
218 |                     keySize = .bits3072
219 |                 case .`4096`:
    |                       `- error: expected ':' after 'case'
220 |                     keySize = .bits4096
221 |                 }
/host/spi-builder-workspace/Sources/AcmeSwift/APIs/AcmeSwift+Orders.swift:219:23: error: expected expression
217 |                 case .`3072`:
218 |                     keySize = .bits3072
219 |                 case .`4096`:
    |                       `- error: expected expression
220 |                     keySize = .bits4096
221 |                 }
/host/spi-builder-workspace/Sources/AcmeSwift/APIs/AcmeSwift+Orders.swift:222:39: error: initializers may only be declared within a type
220 |                     keySize = .bits4096
221 |                 }
222 |                 privateKey = try .init(_CryptoExtras._RSA.Signing.PrivateKey(keySize: keySize))
    |                                       `- error: initializers may only be declared within a type
223 |                 signatureAlg = .sha256WithRSAEncryption
224 |             }
/host/spi-builder-workspace/Sources/AcmeSwift/APIs/AcmeSwift+Orders.swift:222:40: error: expected parameter name followed by ':'
220 |                     keySize = .bits4096
221 |                 }
222 |                 privateKey = try .init(_CryptoExtras._RSA.Signing.PrivateKey(keySize: keySize))
    |                                        `- error: expected parameter name followed by ':'
223 |                 signatureAlg = .sha256WithRSAEncryption
224 |             }
/host/spi-builder-workspace/Sources/AcmeSwift/APIs/AcmeSwift+Orders.swift:510:37: error: expected identifier after '.' expression
508 |     @nonexhaustive
509 |     public enum KeyType: Sendable {
510 |         case rsa(_ bits: RSABits = .`2048`)
    |                                     `- error: expected identifier after '.' expression
511 |         case ecdsa(_ bits: ECCBits = .p384)
512 |
/host/spi-builder-workspace/Sources/AcmeSwift/APIs/AcmeSwift+Orders.swift:510:37: error: expected ',' separator
508 |     @nonexhaustive
509 |     public enum KeyType: Sendable {
510 |         case rsa(_ bits: RSABits = .`2048`)
    |                                     `- error: expected ',' separator
511 |         case ecdsa(_ bits: ECCBits = .p384)
512 |
/host/spi-builder-workspace/Sources/AcmeSwift/APIs/AcmeSwift+Orders.swift:510:37: error: expected parameter name followed by ':'
508 |     @nonexhaustive
509 |     public enum KeyType: Sendable {
510 |         case rsa(_ bits: RSABits = .`2048`)
    |                                     `- error: expected parameter name followed by ':'
511 |         case ecdsa(_ bits: ECCBits = .p384)
512 |
/host/spi-builder-workspace/Sources/AcmeSwift/APIs/AcmeSwift+Orders.swift:515:13: error: expected identifier in enum 'case' declaration
513 |         @nonexhaustive
514 |         public enum RSABits: Sendable {
515 |             case `2048`
    |             `- error: expected identifier in enum 'case' declaration
516 |             case `3072`
517 |             case `4096`
/host/spi-builder-workspace/Sources/AcmeSwift/APIs/AcmeSwift+Orders.swift:515:17: error: consecutive declarations on a line must be separated by ';'
513 |         @nonexhaustive
514 |         public enum RSABits: Sendable {
515 |             case `2048`
    |                 `- error: consecutive declarations on a line must be separated by ';'
516 |             case `3072`
517 |             case `4096`
/host/spi-builder-workspace/Sources/AcmeSwift/APIs/AcmeSwift+Orders.swift:515:18: error: expected declaration
512 |
513 |         @nonexhaustive
514 |         public enum RSABits: Sendable {
    |                     `- note: in declaration of 'RSABits'
515 |             case `2048`
    |                  `- error: expected declaration
516 |             case `3072`
517 |             case `4096`
/host/spi-builder-workspace/Sources/AcmeSwift/APIs/AcmeSwift+Orders.swift:516:13: error: expected identifier in enum 'case' declaration
514 |         public enum RSABits: Sendable {
515 |             case `2048`
516 |             case `3072`
    |             `- error: expected identifier in enum 'case' declaration
517 |             case `4096`
518 |         }
/host/spi-builder-workspace/Sources/AcmeSwift/APIs/AcmeSwift+Orders.swift:516:17: error: consecutive declarations on a line must be separated by ';'
514 |         public enum RSABits: Sendable {
515 |             case `2048`
516 |             case `3072`
    |                 `- error: consecutive declarations on a line must be separated by ';'
517 |             case `4096`
518 |         }
/host/spi-builder-workspace/Sources/AcmeSwift/APIs/AcmeSwift+Orders.swift:516:18: error: expected declaration
512 |
513 |         @nonexhaustive
514 |         public enum RSABits: Sendable {
    |                     `- note: in declaration of 'RSABits'
515 |             case `2048`
516 |             case `3072`
    |                  `- error: expected declaration
517 |             case `4096`
518 |         }
/host/spi-builder-workspace/Sources/AcmeSwift/APIs/AcmeSwift+Orders.swift:517:13: error: expected identifier in enum 'case' declaration
515 |             case `2048`
516 |             case `3072`
517 |             case `4096`
    |             `- error: expected identifier in enum 'case' declaration
518 |         }
519 |
/host/spi-builder-workspace/Sources/AcmeSwift/APIs/AcmeSwift+Orders.swift:517:17: error: consecutive declarations on a line must be separated by ';'
515 |             case `2048`
516 |             case `3072`
517 |             case `4096`
    |                 `- error: consecutive declarations on a line must be separated by ';'
518 |         }
519 |
/host/spi-builder-workspace/Sources/AcmeSwift/APIs/AcmeSwift+Orders.swift:517:18: error: expected declaration
512 |
513 |         @nonexhaustive
514 |         public enum RSABits: Sendable {
    |                     `- note: in declaration of 'RSABits'
515 |             case `2048`
516 |             case `3072`
517 |             case `4096`
    |                  `- error: expected declaration
518 |         }
519 |
/host/spi-builder-workspace/Sources/AcmeSwift/Endpoints/EndpointProtocol.swift:3:8: error: no such module 'NIOFoundationCompat'
 1 | import NIOHTTP1
 2 | import NIO
 3 | import NIOFoundationCompat
   |        `- error: no such module 'NIOFoundationCompat'
 4 | import Foundation
 5 |
[1104/1117] Compiling AcmeSwift CreateAccountEndpoint.swift
/host/spi-builder-workspace/Sources/AcmeSwift/APIs/AcmeSwift+Orders.swift:215:23: error: expected identifier after '.' expression
213 |                 var keySize: _RSA.Signing.KeySize!
214 |                 switch bits {
215 |                 case .`2048`:
    |                       `- error: expected identifier after '.' expression
216 |                     keySize = .bits2048
217 |                 case .`3072`:
/host/spi-builder-workspace/Sources/AcmeSwift/APIs/AcmeSwift+Orders.swift:215:23: error: expected ':' after 'case'
213 |                 var keySize: _RSA.Signing.KeySize!
214 |                 switch bits {
215 |                 case .`2048`:
    |                       `- error: expected ':' after 'case'
216 |                     keySize = .bits2048
217 |                 case .`3072`:
/host/spi-builder-workspace/Sources/AcmeSwift/APIs/AcmeSwift+Orders.swift:215:23: error: expected expression
213 |                 var keySize: _RSA.Signing.KeySize!
214 |                 switch bits {
215 |                 case .`2048`:
    |                       `- error: expected expression
216 |                     keySize = .bits2048
217 |                 case .`3072`:
/host/spi-builder-workspace/Sources/AcmeSwift/APIs/AcmeSwift+Orders.swift:217:23: error: expected identifier after '.' expression
215 |                 case .`2048`:
216 |                     keySize = .bits2048
217 |                 case .`3072`:
    |                       `- error: expected identifier after '.' expression
218 |                     keySize = .bits3072
219 |                 case .`4096`:
/host/spi-builder-workspace/Sources/AcmeSwift/APIs/AcmeSwift+Orders.swift:217:23: error: expected ':' after 'case'
215 |                 case .`2048`:
216 |                     keySize = .bits2048
217 |                 case .`3072`:
    |                       `- error: expected ':' after 'case'
218 |                     keySize = .bits3072
219 |                 case .`4096`:
/host/spi-builder-workspace/Sources/AcmeSwift/APIs/AcmeSwift+Orders.swift:217:23: error: expected expression
215 |                 case .`2048`:
216 |                     keySize = .bits2048
217 |                 case .`3072`:
    |                       `- error: expected expression
218 |                     keySize = .bits3072
219 |                 case .`4096`:
/host/spi-builder-workspace/Sources/AcmeSwift/APIs/AcmeSwift+Orders.swift:219:23: error: expected identifier after '.' expression
217 |                 case .`3072`:
218 |                     keySize = .bits3072
219 |                 case .`4096`:
    |                       `- error: expected identifier after '.' expression
220 |                     keySize = .bits4096
221 |                 }
/host/spi-builder-workspace/Sources/AcmeSwift/APIs/AcmeSwift+Orders.swift:219:23: error: expected ':' after 'case'
217 |                 case .`3072`:
218 |                     keySize = .bits3072
219 |                 case .`4096`:
    |                       `- error: expected ':' after 'case'
220 |                     keySize = .bits4096
221 |                 }
/host/spi-builder-workspace/Sources/AcmeSwift/APIs/AcmeSwift+Orders.swift:219:23: error: expected expression
217 |                 case .`3072`:
218 |                     keySize = .bits3072
219 |                 case .`4096`:
    |                       `- error: expected expression
220 |                     keySize = .bits4096
221 |                 }
/host/spi-builder-workspace/Sources/AcmeSwift/APIs/AcmeSwift+Orders.swift:222:39: error: initializers may only be declared within a type
220 |                     keySize = .bits4096
221 |                 }
222 |                 privateKey = try .init(_CryptoExtras._RSA.Signing.PrivateKey(keySize: keySize))
    |                                       `- error: initializers may only be declared within a type
223 |                 signatureAlg = .sha256WithRSAEncryption
224 |             }
/host/spi-builder-workspace/Sources/AcmeSwift/APIs/AcmeSwift+Orders.swift:222:40: error: expected parameter name followed by ':'
220 |                     keySize = .bits4096
221 |                 }
222 |                 privateKey = try .init(_CryptoExtras._RSA.Signing.PrivateKey(keySize: keySize))
    |                                        `- error: expected parameter name followed by ':'
223 |                 signatureAlg = .sha256WithRSAEncryption
224 |             }
/host/spi-builder-workspace/Sources/AcmeSwift/APIs/AcmeSwift+Orders.swift:510:37: error: expected identifier after '.' expression
508 |     @nonexhaustive
509 |     public enum KeyType: Sendable {
510 |         case rsa(_ bits: RSABits = .`2048`)
    |                                     `- error: expected identifier after '.' expression
511 |         case ecdsa(_ bits: ECCBits = .p384)
512 |
/host/spi-builder-workspace/Sources/AcmeSwift/APIs/AcmeSwift+Orders.swift:510:37: error: expected ',' separator
508 |     @nonexhaustive
509 |     public enum KeyType: Sendable {
510 |         case rsa(_ bits: RSABits = .`2048`)
    |                                     `- error: expected ',' separator
511 |         case ecdsa(_ bits: ECCBits = .p384)
512 |
/host/spi-builder-workspace/Sources/AcmeSwift/APIs/AcmeSwift+Orders.swift:510:37: error: expected parameter name followed by ':'
508 |     @nonexhaustive
509 |     public enum KeyType: Sendable {
510 |         case rsa(_ bits: RSABits = .`2048`)
    |                                     `- error: expected parameter name followed by ':'
511 |         case ecdsa(_ bits: ECCBits = .p384)
512 |
/host/spi-builder-workspace/Sources/AcmeSwift/APIs/AcmeSwift+Orders.swift:515:13: error: expected identifier in enum 'case' declaration
513 |         @nonexhaustive
514 |         public enum RSABits: Sendable {
515 |             case `2048`
    |             `- error: expected identifier in enum 'case' declaration
516 |             case `3072`
517 |             case `4096`
/host/spi-builder-workspace/Sources/AcmeSwift/APIs/AcmeSwift+Orders.swift:515:17: error: consecutive declarations on a line must be separated by ';'
513 |         @nonexhaustive
514 |         public enum RSABits: Sendable {
515 |             case `2048`
    |                 `- error: consecutive declarations on a line must be separated by ';'
516 |             case `3072`
517 |             case `4096`
/host/spi-builder-workspace/Sources/AcmeSwift/APIs/AcmeSwift+Orders.swift:515:18: error: expected declaration
512 |
513 |         @nonexhaustive
514 |         public enum RSABits: Sendable {
    |                     `- note: in declaration of 'RSABits'
515 |             case `2048`
    |                  `- error: expected declaration
516 |             case `3072`
517 |             case `4096`
/host/spi-builder-workspace/Sources/AcmeSwift/APIs/AcmeSwift+Orders.swift:516:13: error: expected identifier in enum 'case' declaration
514 |         public enum RSABits: Sendable {
515 |             case `2048`
516 |             case `3072`
    |             `- error: expected identifier in enum 'case' declaration
517 |             case `4096`
518 |         }
/host/spi-builder-workspace/Sources/AcmeSwift/APIs/AcmeSwift+Orders.swift:516:17: error: consecutive declarations on a line must be separated by ';'
514 |         public enum RSABits: Sendable {
515 |             case `2048`
516 |             case `3072`
    |                 `- error: consecutive declarations on a line must be separated by ';'
517 |             case `4096`
518 |         }
/host/spi-builder-workspace/Sources/AcmeSwift/APIs/AcmeSwift+Orders.swift:516:18: error: expected declaration
512 |
513 |         @nonexhaustive
514 |         public enum RSABits: Sendable {
    |                     `- note: in declaration of 'RSABits'
515 |             case `2048`
516 |             case `3072`
    |                  `- error: expected declaration
517 |             case `4096`
518 |         }
/host/spi-builder-workspace/Sources/AcmeSwift/APIs/AcmeSwift+Orders.swift:517:13: error: expected identifier in enum 'case' declaration
515 |             case `2048`
516 |             case `3072`
517 |             case `4096`
    |             `- error: expected identifier in enum 'case' declaration
518 |         }
519 |
/host/spi-builder-workspace/Sources/AcmeSwift/APIs/AcmeSwift+Orders.swift:517:17: error: consecutive declarations on a line must be separated by ';'
515 |             case `2048`
516 |             case `3072`
517 |             case `4096`
    |                 `- error: consecutive declarations on a line must be separated by ';'
518 |         }
519 |
/host/spi-builder-workspace/Sources/AcmeSwift/APIs/AcmeSwift+Orders.swift:517:18: error: expected declaration
512 |
513 |         @nonexhaustive
514 |         public enum RSABits: Sendable {
    |                     `- note: in declaration of 'RSABits'
515 |             case `2048`
516 |             case `3072`
517 |             case `4096`
    |                  `- error: expected declaration
518 |         }
519 |
/host/spi-builder-workspace/Sources/AcmeSwift/Endpoints/EndpointProtocol.swift:3:8: error: no such module 'NIOFoundationCompat'
 1 | import NIOHTTP1
 2 | import NIO
 3 | import NIOFoundationCompat
   |        `- error: no such module 'NIOFoundationCompat'
 4 | import Foundation
 5 |
[1105/1117] Compiling AcmeSwift ValidateAttestationChallangeEndpoint.swift
/host/spi-builder-workspace/Sources/AcmeSwift/Endpoints/EndpointProtocol.swift:3:8: error: no such module 'NIOFoundationCompat'
 1 | import NIOHTTP1
 2 | import NIO
 3 | import NIOFoundationCompat
   |        `- error: no such module 'NIOFoundationCompat'
 4 | import Foundation
 5 |
[1106/1117] Compiling AcmeSwift ValidateChallengeEndpoint.swift
/host/spi-builder-workspace/Sources/AcmeSwift/Endpoints/EndpointProtocol.swift:3:8: error: no such module 'NIOFoundationCompat'
 1 | import NIOHTTP1
 2 | import NIO
 3 | import NIOFoundationCompat
   |        `- error: no such module 'NIOFoundationCompat'
 4 | import Foundation
 5 |
[1107/1117] Compiling AcmeSwift AcmeRequestBody.swift
/host/spi-builder-workspace/Sources/AcmeSwift/Endpoints/EndpointProtocol.swift:3:8: error: no such module 'NIOFoundationCompat'
 1 | import NIOHTTP1
 2 | import NIO
 3 | import NIOFoundationCompat
   |        `- error: no such module 'NIOFoundationCompat'
 4 | import Foundation
 5 |
[1108/1117] Compiling AcmeSwift Base32.swift
/host/spi-builder-workspace/Sources/AcmeSwift/Endpoints/EndpointProtocol.swift:3:8: error: no such module 'NIOFoundationCompat'
 1 | import NIOHTTP1
 2 | import NIO
 3 | import NIOFoundationCompat
   |        `- error: no such module 'NIOFoundationCompat'
 4 | import Foundation
 5 |
[1109/1117] Compiling AcmeSwift Certificate+getARICertId.swift
/host/spi-builder-workspace/Sources/AcmeSwift/Endpoints/EndpointProtocol.swift:3:8: error: no such module 'NIOFoundationCompat'
 1 | import NIOHTTP1
 2 | import NIO
 3 | import NIOFoundationCompat
   |        `- error: no such module 'NIOFoundationCompat'
 4 | import Foundation
 5 |
[1110/1117] Compiling AcmeSwift AcmeAccountInfo.swift
/host/spi-builder-workspace/Sources/AcmeSwift/Endpoints/EndpointProtocol.swift:3:8: error: no such module 'NIOFoundationCompat'
 1 | import NIOHTTP1
 2 | import NIO
 3 | import NIOFoundationCompat
   |        `- error: no such module 'NIOFoundationCompat'
 4 | import Foundation
 5 |
[1111/1117] Compiling AcmeSwift AcmeAccountSpec.swift
/host/spi-builder-workspace/Sources/AcmeSwift/Endpoints/EndpointProtocol.swift:3:8: error: no such module 'NIOFoundationCompat'
 1 | import NIOHTTP1
 2 | import NIO
 3 | import NIOFoundationCompat
   |        `- error: no such module 'NIOFoundationCompat'
 4 | import Foundation
 5 |
[1112/1117] Compiling AcmeSwift AcmeDirectory.swift
/host/spi-builder-workspace/Sources/AcmeSwift/Endpoints/EndpointProtocol.swift:3:8: error: no such module 'NIOFoundationCompat'
 1 | import NIOHTTP1
 2 | import NIO
 3 | import NIOFoundationCompat
   |        `- error: no such module 'NIOFoundationCompat'
 4 | import Foundation
 5 |
[1113/1117] Compiling AcmeSwift AcmeError.swift
/host/spi-builder-workspace/Sources/AcmeSwift/Endpoints/EndpointProtocol.swift:3:8: error: no such module 'NIOFoundationCompat'
 1 | import NIOHTTP1
 2 | import NIO
 3 | import NIOFoundationCompat
   |        `- error: no such module 'NIOFoundationCompat'
 4 | import Foundation
 5 |
BUILD FAILURE 6.1 linux