The Swift Package Index logo.Swift Package Index

Build Information

Failed to build swift-net-kit, reference v0.1.0 (71484c), with Swift 6.4 for Wasm on 24 Sep 2026 16:08:43 UTC.

Build Command

bash -c docker run --pull=always --rm -v "checkouts-54344845-0":/host -w "$PWD" -e JAVA_HOME="/root/.sdkman/candidates/java/current" -e SPI_BUILD="1" -e SPI_PROCESSING="1" registry.gitlab.com/saguaro1/spi-images:wasm-6.4-latest swift build --swift-sdk swift-6.4.x-DEVELOPMENT-SNAPSHOT-2026-09-04-a_wasm 2>&1

Build Log

========================================
RunAll
========================================
Builder version: 5.1.0
Interrupt handler set up.
========================================
Checkout
========================================
Clone URL: https://github.com/philiprehberger/swift-net-kit.git
Reference: v0.1.0
Initialized empty Git repository in /host/spi-builder-workspace/.git/
hint: Using 'master' as the name for the initial branch. This default branch name
hint: is subject to change. To configure the initial branch name to use in all
hint: of your new repositories, which will suppress this warning, call:
hint:
hint: 	git config --global init.defaultBranch <name>
hint:
hint: Names commonly chosen instead of 'master' are 'main', 'trunk' and
hint: 'development'. The just-created branch can be renamed via this command:
hint:
hint: 	git branch -m <name>
From https://github.com/philiprehberger/swift-net-kit
 * tag               v0.1.0     -> FETCH_HEAD
HEAD is now at 71484ca Fix FoundationNetworking in tests and var capture in Sendable closure
Cloned https://github.com/philiprehberger/swift-net-kit.git
Revision (git rev-parse @):
71484cab7ab465f7bb363463b0307e8ddf04d84f
SPI manifest file found: $PWD/.spi.yml
SUCCESS checkout https://github.com/philiprehberger/swift-net-kit.git at v0.1.0
========================================
Build
========================================
Selected platform:         wasm
Swift version:             6.4
Building package at path:  $PWD
https://github.com/philiprehberger/swift-net-kit.git
Running build ...
bash -c docker run --pull=always --rm -v "checkouts-54344845-0":/host -w "$PWD" -e JAVA_HOME="/root/.sdkman/candidates/java/current" -e SPI_BUILD="1" -e SPI_PROCESSING="1" registry.gitlab.com/saguaro1/spi-images:wasm-6.4-latest swift build --swift-sdk swift-6.4.x-DEVELOPMENT-SNAPSHOT-2026-09-04-a_wasm 2>&1
wasm-6.4-latest: Pulling from saguaro1/spi-images
Digest: sha256:4328fdb43c680d205c1d6761b1e3267aa38277eefdda9ddfb17b6a0f1a77857a
Status: Image is up to date for registry.gitlab.com/saguaro1/spi-images:wasm-6.4-latest
Building for debugging...
[Planning deferred tasks]
error: SwiftCompile normal wasm32 failed with a nonzero exit code. Command line:     cd /host

/host/spi-builder-workspace/Sources/NetKit/AuthPlugin.swift:19:42: error: cannot find type 'URLRequest' in scope
17 |     }
18 |
19 |     public func prepare(_ request: inout URLRequest) async throws {
   |                                          `- error: cannot find type 'URLRequest' in scope
20 |         let token = await tokenProvider()
21 |         request.setValue("Bearer \(token)", forHTTPHeaderField: "Authorization")
/host/spi-builder-workspace/Sources/NetKit/Plugin.swift:11:35: error: cannot find type 'URLRequest' in scope
 9 | public protocol NetworkPlugin: Sendable {
10 |     /// Modify the request before sending
11 |     func prepare(_ request: inout URLRequest) async throws
   |                                   `- error: cannot find type 'URLRequest' in scope
12 |
13 |     /// Process the response after receiving
/host/spi-builder-workspace/Sources/NetKit/LoggingPlugin.swift:15:42: error: cannot find type 'URLRequest' in scope
13 |     }
14 |
15 |     public func prepare(_ request: inout URLRequest) async throws {
   |                                          `- error: cannot find type 'URLRequest' in scope
16 |         let method = request.httpMethod ?? "GET"
17 |         let url = request.url?.absoluteString ?? "unknown"
/host/spi-builder-workspace/Sources/NetKit/LoggingPlugin.swift:21:37: error: 'HTTPURLResponse' is unavailable: This type has moved to the FoundationNetworking module. Import that module to use it.
19 |     }
20 |
21 |     public func process(_ response: HTTPURLResponse, data: Data) async throws {
   |                                     `- error: 'HTTPURLResponse' is unavailable: This type has moved to the FoundationNetworking module. Import that module to use it.
22 |         logger("[NetKit] \(response.statusCode) (\(data.count) bytes)")
23 |     }
Foundation.HTTPURLResponse:2:18: note: 'HTTPURLResponse' has been explicitly marked unavailable here
1 | @available(*, unavailable, message: "This type has moved to the FoundationNetworking module. Import that module to use it.")
2 | public typealias HTTPURLResponse = AnyObject
  |                  `- note: 'HTTPURLResponse' has been explicitly marked unavailable here
/host/spi-builder-workspace/Sources/NetKit/NetworkClient.swift:15:26: error: 'URLSession' is unavailable: This type has moved to the FoundationNetworking module. Import that module to use it.
 13 |     private let baseURL: URL
 14 |     private let plugins: [any NetworkPlugin]
 15 |     private let session: URLSession
    |                          `- error: 'URLSession' is unavailable: This type has moved to the FoundationNetworking module. Import that module to use it.
 16 |     private let cache = MemoryCache()
 17 |
Foundation.URLSession:2:18: note: 'URLSession' has been explicitly marked unavailable here
1 | @available(*, unavailable, message: "This type has moved to the FoundationNetworking module. Import that module to use it.")
2 | public typealias URLSession = AnyObject
  |                  `- note: 'URLSession' has been explicitly marked unavailable here
/host/spi-builder-workspace/Sources/NetKit/NetworkClient.swift:22:18: error: 'URLSession' is unavailable: This type has moved to the FoundationNetworking module. Import that module to use it.
 20 |         baseURL: URL,
 21 |         plugins: [any NetworkPlugin] = [],
 22 |         session: URLSession = .shared
    |                  `- error: 'URLSession' is unavailable: This type has moved to the FoundationNetworking module. Import that module to use it.
 23 |     ) {
 24 |         self.baseURL = baseURL
Foundation.URLSession:2:18: note: 'URLSession' has been explicitly marked unavailable here
1 | @available(*, unavailable, message: "This type has moved to the FoundationNetworking module. Import that module to use it.")
2 | public typealias URLSession = AnyObject
  |                  `- note: 'URLSession' has been explicitly marked unavailable here
/host/spi-builder-workspace/Sources/NetKit/NetworkClient.swift:22:32: error: type 'URLSession' (aka 'AnyObject') has no member 'shared'
 20 |         baseURL: URL,
 21 |         plugins: [any NetworkPlugin] = [],
 22 |         session: URLSession = .shared
    |                                `- error: type 'URLSession' (aka 'AnyObject') has no member 'shared'
 23 |     ) {
 24 |         self.baseURL = baseURL
/host/spi-builder-workspace/Sources/NetKit/NetworkClient.swift:22:32: error: value of type '_' expected to be instance of class or class-constrained type
 20 |         baseURL: URL,
 21 |         plugins: [any NetworkPlugin] = [],
 22 |         session: URLSession = .shared
    |                                `- error: value of type '_' expected to be instance of class or class-constrained type
 23 |     ) {
 24 |         self.baseURL = baseURL
/host/spi-builder-workspace/Sources/NetKit/NetworkClient.swift:117:70: error: cannot find type 'URLRequest' in scope
115 |     }
116 |
117 |     private func buildRequest(for endpoint: some Endpoint) throws -> URLRequest {
    |                                                                      `- error: cannot find type 'URLRequest' in scope
118 |         var components = URLComponents(url: baseURL, resolvingAgainstBaseURL: true)
119 |         let existingPath = components?.path ?? ""
/host/spi-builder-workspace/Sources/NetKit/NetworkClient.swift:141:37: error: cannot find type 'URLRequest' in scope
139 |     }
140 |
141 |     private func execute(_ request: URLRequest) async throws -> Response<Data> {
    |                                     `- error: cannot find type 'URLRequest' in scope
142 |         var mutableRequest = request
143 |
/host/spi-builder-workspace/Sources/NetKit/NetworkClient.swift:15:17: error: stored property 'session' of 'Sendable'-conforming struct 'NetworkClient' has non-Sendable type 'AnyObject'
 13 |     private let baseURL: URL
 14 |     private let plugins: [any NetworkPlugin]
 15 |     private let session: URLSession
    |                 `- error: stored property 'session' of 'Sendable'-conforming struct 'NetworkClient' has non-Sendable type 'AnyObject'
 16 |     private let cache = MemoryCache()
 17 |
/host/spi-builder-workspace/Sources/NetKit/Plugin.swift:14:30: error: 'HTTPURLResponse' is unavailable: This type has moved to the FoundationNetworking module. Import that module to use it.
12 |
13 |     /// Process the response after receiving
14 |     func process(_ response: HTTPURLResponse, data: Data) async throws
   |                              `- error: 'HTTPURLResponse' is unavailable: This type has moved to the FoundationNetworking module. Import that module to use it.
15 | }
16 |
Foundation.HTTPURLResponse:2:18: note: 'HTTPURLResponse' has been explicitly marked unavailable here
1 | @available(*, unavailable, message: "This type has moved to the FoundationNetworking module. Import that module to use it.")
2 | public typealias HTTPURLResponse = AnyObject
  |                  `- note: 'HTTPURLResponse' has been explicitly marked unavailable here
/host/spi-builder-workspace/Sources/NetKit/Plugin.swift:19:37: error: 'HTTPURLResponse' is unavailable: This type has moved to the FoundationNetworking module. Import that module to use it.
17 | extension NetworkPlugin {
18 |     /// Default: no response processing
19 |     public func process(_ response: HTTPURLResponse, data: Data) async throws {}
   |                                     `- error: 'HTTPURLResponse' is unavailable: This type has moved to the FoundationNetworking module. Import that module to use it.
20 | }
21 |
Foundation.HTTPURLResponse:2:18: note: 'HTTPURLResponse' has been explicitly marked unavailable here
1 | @available(*, unavailable, message: "This type has moved to the FoundationNetworking module. Import that module to use it.")
2 | public typealias HTTPURLResponse = AnyObject
  |                  `- note: 'HTTPURLResponse' has been explicitly marked unavailable here
Failed frontend command:
/usr/bin/swift-frontend -frontend -emit-module -experimental-skip-non-inlinable-function-bodies-without-types /host/spi-builder-workspace/Sources/NetKit/AuthPlugin.swift /host/spi-builder-workspace/Sources/NetKit/CachePolicy.swift /host/spi-builder-workspace/Sources/NetKit/Endpoint.swift /host/spi-builder-workspace/Sources/NetKit/HTTPMethod.swift /host/spi-builder-workspace/Sources/NetKit/LoggingPlugin.swift /host/spi-builder-workspace/Sources/NetKit/NetKit.swift /host/spi-builder-workspace/Sources/NetKit/NetworkClient.swift /host/spi-builder-workspace/Sources/NetKit/NetworkError.swift /host/spi-builder-workspace/Sources/NetKit/Plugin.swift /host/spi-builder-workspace/Sources/NetKit/Response.swift /host/spi-builder-workspace/Sources/NetKit/RetryPolicy.swift -target wasm32-unknown-wasip1 -disable-objc-interop -sdk /root/.swiftpm/swift-sdks/swift-6.4.x-DEVELOPMENT-SNAPSHOT-2026-09-04-a_wasm.artifactbundle/swift-6.4.x-DEVELOPMENT-SNAPSHOT-2026-09-04-a_wasm/wasm32-unknown-wasip1/WASI.sdk -sysroot /root/.swiftpm/swift-sdks/swift-6.4.x-DEVELOPMENT-SNAPSHOT-2026-09-04-a_wasm.artifactbundle/swift-6.4.x-DEVELOPMENT-SNAPSHOT-2026-09-04-a_wasm/wasm32-unknown-wasip1/WASI.sdk -I /host/spi-builder-workspace/.build/out/Products/Debug-webassembly-wasm32 -module-cache-path /host/spi-builder-workspace/.build/out/ModuleCache.noindex -color-diagnostics -Xcc -fcolor-diagnostics -enable-testing -g -debug-info-format\=dwarf -dwarf-version\=4 -swift-version 6 -Onone -D SWIFT_PACKAGE -D DEBUG -D SWIFT_MODULE_RESOURCE_BUNDLE_UNAVAILABLE -D Xcode -serialize-debugging-options -enable-experimental-feature DebugDescriptionMacro -empty-abi-descriptor -external-plugin-path /usr/lib/swift/host/plugins/testing\#/usr/bin/swift-plugin-server -validate-clang-modules-once -clang-build-session-file /host/spi-builder-workspace/.build/out/ModuleCache.noindex/Session.modulevalidation -Xcc -working-directory -Xcc /host -resource-dir /root/.swiftpm/swift-sdks/swift-6.4.x-DEVELOPMENT-SNAPSHOT-2026-09-04-a_wasm.artifactbundle/swift-6.4.x-DEVELOPMENT-SNAPSHOT-2026-09-04-a_wasm/wasm32-unknown-wasip1/swift.xctoolchain/usr/lib/swift_static -use-static-resource-dir -enable-anonymous-context-mangled-names -file-compilation-dir /host -Xcc -resource-dir -Xcc /root/.swiftpm/swift-sdks/swift-6.4.x-DEVELOPMENT-SNAPSHOT-2026-09-04-a_wasm.artifactbundle/swift-6.4.x-DEVELOPMENT-SNAPSHOT-2026-09-04-a_wasm/wasm32-unknown-wasip1/swift.xctoolchain/usr/lib/swift_static/clang -Xcc -D_LIBCPP_HARDENING_MODE\=_LIBCPP_HARDENING_MODE_DEBUG -Xcc -fmodules-prune-interval\=86400 -Xcc -fmodules-prune-after\=345600 -Xcc -I/host/spi-builder-workspace/.build/out/Products/Debug-webassembly-wasm32/include -Xcc -I/host/spi-builder-workspace/.build/out/Intermediates.noindex/swift-net-kit.build/Debug-webassembly-wasm32/NetKit-t.build/DerivedSources-normal/wasm32 -Xcc -I/host/spi-builder-workspace/.build/out/Intermediates.noindex/swift-net-kit.build/Debug-webassembly-wasm32/NetKit-t.build/DerivedSources/wasm32 -Xcc -I/host/spi-builder-workspace/.build/out/Intermediates.noindex/swift-net-kit.build/Debug-webassembly-wasm32/NetKit-t.build/DerivedSources -Xcc -DSWIFT_PACKAGE -Xcc -DDEBUG\=1 -no-auto-bridging-header-chaining -module-name NetKit -package-name spi_builder_workspace -const-gather-protocols-file /host/spi-builder-workspace/.build/out/Intermediates.noindex/swift-net-kit.build/Debug-webassembly-wasm32/NetKit-t.build/Objects-normal/wasm32/NetKit_const_extract_protocols.json -in-process-plugin-server-path /usr/lib/swift/host/libSwiftInProcPluginServer.so -plugin-path /usr/lib/swift/host/plugins -plugin-path /usr/local/lib/swift/host/plugins -emit-module-doc-path /host/spi-builder-workspace/.build/out/Intermediates.noindex/swift-net-kit.build/Debug-webassembly-wasm32/NetKit-t.build/Objects-normal/wasm32/Modules/NetKit.swiftdoc -emit-module-source-info-path /host/spi-builder-workspace/.build/out/Intermediates.noindex/swift-net-kit.build/Debug-webassembly-wasm32/NetKit-t.build/Objects-normal/wasm32/Modules/NetKit.swiftsourceinfo -emit-objc-header-path /host/spi-builder-workspace/.build/out/Intermediates.noindex/swift-net-kit.build/Debug-webassembly-wasm32/NetKit-t.build/Objects-normal/wasm32/NetKit-Swift.h -serialize-diagnostics-path /host/spi-builder-workspace/.build/out/Intermediates.noindex/swift-net-kit.build/Debug-webassembly-wasm32/NetKit-t.build/Objects-normal/wasm32/NetKit-primary-emit-module.dia -emit-dependencies-path /host/spi-builder-workspace/.build/out/Intermediates.noindex/swift-net-kit.build/Debug-webassembly-wasm32/NetKit-t.build/Objects-normal/wasm32/NetKit-primary-emit-module.d -parse-as-library -o /host/spi-builder-workspace/.build/out/Intermediates.noindex/swift-net-kit.build/Debug-webassembly-wasm32/NetKit-t.build/Objects-normal/wasm32/Modules/NetKit.swiftmodule
error: Build failed
BUILD FAILURE 6.4 wasm