Build Information
Failed to build PerfectSessionRedis, reference 3.1.0 (23427b), with Swift 6.4 for macOS (Xcode) using Xcode 27.0 on 16 Sep 2026 12:27:19 UTC.
Build Command
env DEVELOPER_DIR=/Applications/Xcode-27.0.0-Release.Candidate.app xcrun xcodebuild -IDEClonedSourcePackagesDirPathOverride=$PWD/.dependencies -skipMacroValidation -skipPackagePluginValidation -derivedDataPath $PWD/.derivedData build -scheme PerfectSessionRedis -destination platform=macOS,arch=arm64Build Log
CompileC /Users/admin/builder/spi-builder-workspace/.derivedData/Build/Intermediates.noindex/COpenSSL.build/Debug/COpenSSL-t.build/Objects-normal/arm64/ameth_lib.o /Users/admin/builder/spi-builder-workspace/.dependencies/checkouts/Perfect-COpenSSL/COpenSSL/ameth_lib.c normal arm64 c com.apple.compilers.llvm.clang.1_0.compiler (in target 'COpenSSL' from project 'COpenSSL')
cd /Users/admin/builder/spi-builder-workspace/.swiftpm/xcode
Using response file: /Users/admin/builder/spi-builder-workspace/.derivedData/Build/Intermediates.noindex/COpenSSL.build/Debug/COpenSSL-t.build/Objects-normal/arm64/7187679823f38a2a940e0043cdf9d637-common-args.resp
/Applications/Xcode-27.0.0-Release.Candidate.app/Contents/Developer/Toolchains/XcodeDefault.xctoolchain/usr/bin/clang -x c -ivfsstatcache /Users/admin/builder/spi-builder-workspace/.derivedData/SDKStatCaches.noindex/macosx27.0-26A425-e829b21a6f8c9b70876ba0858053c0446a22442a12e9d48fe1a705f55a1adfc4.sdkstatcache -target arm64-apple-macos12.0 -fmessage-length\=0 -fdiagnostics-show-note-include-stack -fmacro-backtrace-limit\=0 -fno-color-diagnostics -fmodules-prune-interval\=86400 -fmodules-prune-after\=345600 -fbuild-session-file\=/Users/admin/builder/spi-builder-workspace/.derivedData/ModuleCache.noindex/Session.modulevalidation -fmodules-validate-once-per-build-session -Wnon-modular-include-in-framework-module -Werror\=non-modular-include-in-framework-module -Wno-trigraphs -Wno-missing-field-initializers -Wno-missing-prototypes -Wno-return-type -Wno-missing-braces -Wparentheses -Wswitch -Wno-unused-function -Wno-unused-label -Wno-unused-parameter -Wno-unused-variable -Wunused-value -Wno-empty-body -Wno-uninitialized -Wno-unknown-pragmas -w -Wno-shadow -Wno-four-char-constants -Wno-conversion -Wno-constant-conversion -Wno-int-conversion -Wno-bool-conversion -Wno-enum-conversion -Wno-float-conversion -Wno-non-literal-null-conversion -Wno-objc-literal-conversion -Wshorten-64-to-32 -Wpointer-sign -Wno-newline-eof -Wno-implicit-fallthrough -isysroot /Applications/Xcode-27.0.0-Release.Candidate.app/Contents/Developer/Platforms/MacOSX.platform/Developer/SDKs/MacOSX27.0.sdk -fstrict-aliasing -Wdeprecated-declarations -Wno-sign-conversion -Wno-infinite-recursion -Wno-comma -Wno-block-capture-autoreleasing -Wno-strict-prototypes -Wno-semicolon-before-method-body -index-store-path /Users/admin/builder/spi-builder-workspace/.derivedData/Index.noindex/DataStore @/Users/admin/builder/spi-builder-workspace/.derivedData/Build/Intermediates.noindex/COpenSSL.build/Debug/COpenSSL-t.build/Objects-normal/arm64/7187679823f38a2a940e0043cdf9d637-common-args.resp -MMD -MT dependencies -MF /Users/admin/builder/spi-builder-workspace/.derivedData/Build/Intermediates.noindex/COpenSSL.build/Debug/COpenSSL-t.build/Objects-normal/arm64/ameth_lib.d --serialize-diagnostics /Users/admin/builder/spi-builder-workspace/.derivedData/Build/Intermediates.noindex/COpenSSL.build/Debug/COpenSSL-t.build/Objects-normal/arm64/ameth_lib.dia -c /Users/admin/builder/spi-builder-workspace/.dependencies/checkouts/Perfect-COpenSSL/COpenSSL/ameth_lib.c -o /Users/admin/builder/spi-builder-workspace/.derivedData/Build/Intermediates.noindex/COpenSSL.build/Debug/COpenSSL-t.build/Objects-normal/arm64/ameth_lib.o -index-unit-output-path /COpenSSL.build/Debug/COpenSSL-t.build/Objects-normal/arm64/ameth_lib.o
CompileC /Users/admin/builder/spi-builder-workspace/.derivedData/Build/Intermediates.noindex/COpenSSL.build/Debug/COpenSSL-t.build/Objects-normal/arm64/aes_.o /Users/admin/builder/spi-builder-workspace/.dependencies/checkouts/Perfect-COpenSSL/COpenSSL/aes_.c normal arm64 c com.apple.compilers.llvm.clang.1_0.compiler (in target 'COpenSSL' from project 'COpenSSL')
cd /Users/admin/builder/spi-builder-workspace/.swiftpm/xcode
Using response file: /Users/admin/builder/spi-builder-workspace/.derivedData/Build/Intermediates.noindex/COpenSSL.build/Debug/COpenSSL-t.build/Objects-normal/arm64/7187679823f38a2a940e0043cdf9d637-common-args.resp
/Applications/Xcode-27.0.0-Release.Candidate.app/Contents/Developer/Toolchains/XcodeDefault.xctoolchain/usr/bin/clang -x c -ivfsstatcache /Users/admin/builder/spi-builder-workspace/.derivedData/SDKStatCaches.noindex/macosx27.0-26A425-e829b21a6f8c9b70876ba0858053c0446a22442a12e9d48fe1a705f55a1adfc4.sdkstatcache -target arm64-apple-macos12.0 -fmessage-length\=0 -fdiagnostics-show-note-include-stack -fmacro-backtrace-limit\=0 -fno-color-diagnostics -fmodules-prune-interval\=86400 -fmodules-prune-after\=345600 -fbuild-session-file\=/Users/admin/builder/spi-builder-workspace/.derivedData/ModuleCache.noindex/Session.modulevalidation -fmodules-validate-once-per-build-session -Wnon-modular-include-in-framework-module -Werror\=non-modular-include-in-framework-module -Wno-trigraphs -Wno-missing-field-initializers -Wno-missing-prototypes -Wno-return-type -Wno-missing-braces -Wparentheses -Wswitch -Wno-unused-function -Wno-unused-label -Wno-unused-parameter -Wno-unused-variable -Wunused-value -Wno-empty-body -Wno-uninitialized -Wno-unknown-pragmas -w -Wno-shadow -Wno-four-char-constants -Wno-conversion -Wno-constant-conversion -Wno-int-conversion -Wno-bool-conversion -Wno-enum-conversion -Wno-float-conversion -Wno-non-literal-null-conversion -Wno-objc-literal-conversion -Wshorten-64-to-32 -Wpointer-sign -Wno-newline-eof -Wno-implicit-fallthrough -isysroot /Applications/Xcode-27.0.0-Release.Candidate.app/Contents/Developer/Platforms/MacOSX.platform/Developer/SDKs/MacOSX27.0.sdk -fstrict-aliasing -Wdeprecated-declarations -Wno-sign-conversion -Wno-infinite-recursion -Wno-comma -Wno-block-capture-autoreleasing -Wno-strict-prototypes -Wno-semicolon-before-method-body -index-store-path /Users/admin/builder/spi-builder-workspace/.derivedData/Index.noindex/DataStore @/Users/admin/builder/spi-builder-workspace/.derivedData/Build/Intermediates.noindex/COpenSSL.build/Debug/COpenSSL-t.build/Objects-normal/arm64/7187679823f38a2a940e0043cdf9d637-common-args.resp -MMD -MT dependencies -MF /Users/admin/builder/spi-builder-workspace/.derivedData/Build/Intermediates.noindex/COpenSSL.build/Debug/COpenSSL-t.build/Objects-normal/arm64/aes_.d --serialize-diagnostics /Users/admin/builder/spi-builder-workspace/.derivedData/Build/Intermediates.noindex/COpenSSL.build/Debug/COpenSSL-t.build/Objects-normal/arm64/aes_.dia -c /Users/admin/builder/spi-builder-workspace/.dependencies/checkouts/Perfect-COpenSSL/COpenSSL/aes_.c -o /Users/admin/builder/spi-builder-workspace/.derivedData/Build/Intermediates.noindex/COpenSSL.build/Debug/COpenSSL-t.build/Objects-normal/arm64/aes_.o -index-unit-output-path /COpenSSL.build/Debug/COpenSSL-t.build/Objects-normal/arm64/aes_.o
CompileC /Users/admin/builder/spi-builder-workspace/.derivedData/Build/Intermediates.noindex/COpenSSL.build/Debug/COpenSSL-t.build/Objects-normal/arm64/a_.o /Users/admin/builder/spi-builder-workspace/.dependencies/checkouts/Perfect-COpenSSL/COpenSSL/a_.c normal arm64 c com.apple.compilers.llvm.clang.1_0.compiler (in target 'COpenSSL' from project 'COpenSSL')
cd /Users/admin/builder/spi-builder-workspace/.swiftpm/xcode
Using response file: /Users/admin/builder/spi-builder-workspace/.derivedData/Build/Intermediates.noindex/COpenSSL.build/Debug/COpenSSL-t.build/Objects-normal/arm64/7187679823f38a2a940e0043cdf9d637-common-args.resp
/Applications/Xcode-27.0.0-Release.Candidate.app/Contents/Developer/Toolchains/XcodeDefault.xctoolchain/usr/bin/clang -x c -ivfsstatcache /Users/admin/builder/spi-builder-workspace/.derivedData/SDKStatCaches.noindex/macosx27.0-26A425-e829b21a6f8c9b70876ba0858053c0446a22442a12e9d48fe1a705f55a1adfc4.sdkstatcache -target arm64-apple-macos12.0 -fmessage-length\=0 -fdiagnostics-show-note-include-stack -fmacro-backtrace-limit\=0 -fno-color-diagnostics -fmodules-prune-interval\=86400 -fmodules-prune-after\=345600 -fbuild-session-file\=/Users/admin/builder/spi-builder-workspace/.derivedData/ModuleCache.noindex/Session.modulevalidation -fmodules-validate-once-per-build-session -Wnon-modular-include-in-framework-module -Werror\=non-modular-include-in-framework-module -Wno-trigraphs -Wno-missing-field-initializers -Wno-missing-prototypes -Wno-return-type -Wno-missing-braces -Wparentheses -Wswitch -Wno-unused-function -Wno-unused-label -Wno-unused-parameter -Wno-unused-variable -Wunused-value -Wno-empty-body -Wno-uninitialized -Wno-unknown-pragmas -w -Wno-shadow -Wno-four-char-constants -Wno-conversion -Wno-constant-conversion -Wno-int-conversion -Wno-bool-conversion -Wno-enum-conversion -Wno-float-conversion -Wno-non-literal-null-conversion -Wno-objc-literal-conversion -Wshorten-64-to-32 -Wpointer-sign -Wno-newline-eof -Wno-implicit-fallthrough -isysroot /Applications/Xcode-27.0.0-Release.Candidate.app/Contents/Developer/Platforms/MacOSX.platform/Developer/SDKs/MacOSX27.0.sdk -fstrict-aliasing -Wdeprecated-declarations -Wno-sign-conversion -Wno-infinite-recursion -Wno-comma -Wno-block-capture-autoreleasing -Wno-strict-prototypes -Wno-semicolon-before-method-body -index-store-path /Users/admin/builder/spi-builder-workspace/.derivedData/Index.noindex/DataStore @/Users/admin/builder/spi-builder-workspace/.derivedData/Build/Intermediates.noindex/COpenSSL.build/Debug/COpenSSL-t.build/Objects-normal/arm64/7187679823f38a2a940e0043cdf9d637-common-args.resp -MMD -MT dependencies -MF /Users/admin/builder/spi-builder-workspace/.derivedData/Build/Intermediates.noindex/COpenSSL.build/Debug/COpenSSL-t.build/Objects-normal/arm64/a_.d --serialize-diagnostics /Users/admin/builder/spi-builder-workspace/.derivedData/Build/Intermediates.noindex/COpenSSL.build/Debug/COpenSSL-t.build/Objects-normal/arm64/a_.dia -c /Users/admin/builder/spi-builder-workspace/.dependencies/checkouts/Perfect-COpenSSL/COpenSSL/a_.c -o /Users/admin/builder/spi-builder-workspace/.derivedData/Build/Intermediates.noindex/COpenSSL.build/Debug/COpenSSL-t.build/Objects-normal/arm64/a_.o -index-unit-output-path /COpenSSL.build/Debug/COpenSSL-t.build/Objects-normal/arm64/a_.o
SwiftDriver PerfectCrypto normal arm64 com.apple.xcode.tools.swift.compiler (in target 'PerfectCrypto' from project 'PerfectCrypto')
cd /Users/admin/builder/spi-builder-workspace/.swiftpm/xcode
builtin-SwiftDriver -- /Applications/Xcode-27.0.0-Release.Candidate.app/Contents/Developer/Toolchains/XcodeDefault.xctoolchain/usr/bin/swiftc -parse-as-library -module-name PerfectCrypto -Onone @/Users/admin/builder/spi-builder-workspace/.derivedData/Build/Intermediates.noindex/PerfectCrypto.build/Debug/PerfectCrypto-t.build/Objects-normal/arm64/PerfectCrypto.SwiftFileList -DSWIFT_PACKAGE -DDEBUG -DSWIFT_MODULE_RESOURCE_BUNDLE_UNAVAILABLE -Xcc -fmodule-map-file\=/Users/admin/builder/spi-builder-workspace/.dependencies/checkouts/Perfect-COpenSSL/COpenSSL/include/module.modulemap -DXcode -plugin-path /Applications/Xcode-27.0.0-Release.Candidate.app/Contents/Developer/Toolchains/XcodeDefault.xctoolchain/usr/lib/swift/host/plugins/testing -enable-experimental-feature DebugDescriptionMacro -sdk /Applications/Xcode-27.0.0-Release.Candidate.app/Contents/Developer/Platforms/MacOSX.platform/Developer/SDKs/MacOSX27.0.sdk -target arm64-apple-macos12.0 -g -module-cache-path /Users/admin/builder/spi-builder-workspace/.derivedData/ModuleCache.noindex -Xfrontend -serialize-debugging-options -enable-testing -suppress-warnings -index-store-path /Users/admin/builder/spi-builder-workspace/.derivedData/Index.noindex/DataStore -Xcc -D_LIBCPP_HARDENING_MODE\=_LIBCPP_HARDENING_MODE_DEBUG -swift-version 4 -I /Users/admin/builder/spi-builder-workspace/.derivedData/Build/Products/Debug -Isystem /Applications/Xcode-27.0.0-Release.Candidate.app/Contents/Developer/Platforms/MacOSX.platform/Developer/usr/lib -F /Users/admin/builder/spi-builder-workspace/.derivedData/Build/Products/Debug/PackageFrameworks -F /Users/admin/builder/spi-builder-workspace/.derivedData/Build/Products/Debug -F /Applications/Xcode-27.0.0-Release.Candidate.app/Contents/Developer/Platforms/MacOSX.platform/Developer/Library/Frameworks -c -j10 -enable-batch-mode -incremental -Xcc -ivfsstatcache -Xcc /Users/admin/builder/spi-builder-workspace/.derivedData/SDKStatCaches.noindex/macosx27.0-26A425-e829b21a6f8c9b70876ba0858053c0446a22442a12e9d48fe1a705f55a1adfc4.sdkstatcache -output-file-map /Users/admin/builder/spi-builder-workspace/.derivedData/Build/Intermediates.noindex/PerfectCrypto.build/Debug/PerfectCrypto-t.build/Objects-normal/arm64/PerfectCrypto-OutputFileMap.json -save-temps -no-color-diagnostics -emit-dependencies -emit-module -emit-module-path /Users/admin/builder/spi-builder-workspace/.derivedData/Build/Intermediates.noindex/PerfectCrypto.build/Debug/PerfectCrypto-t.build/Objects-normal/arm64/PerfectCrypto.swiftmodule -serialize-diagnostics -validate-clang-modules-once -clang-build-session-file /Users/admin/builder/spi-builder-workspace/.derivedData/ModuleCache.noindex/Session.modulevalidation -Xcc -fmodules-prune-interval\=86400 -Xcc -fmodules-prune-after\=345600 -emit-const-values -const-gather-protocols-list /Users/admin/builder/spi-builder-workspace/.derivedData/Build/Intermediates.noindex/PerfectCrypto.build/Debug/PerfectCrypto-t.build/Objects-normal/arm64/PerfectCrypto_const_extract_protocols.json -Xcc -I/Users/admin/builder/spi-builder-workspace/.dependencies/checkouts/Perfect-COpenSSL/COpenSSL/include -Xcc -I/Users/admin/builder/spi-builder-workspace/.derivedData/Build/Products/Debug/include -Xcc -I/Users/admin/builder/spi-builder-workspace/.derivedData/Build/Intermediates.noindex/PerfectCrypto.build/Debug/PerfectCrypto-t.build/DerivedSources-normal/arm64 -Xcc -I/Users/admin/builder/spi-builder-workspace/.derivedData/Build/Intermediates.noindex/PerfectCrypto.build/Debug/PerfectCrypto-t.build/DerivedSources/arm64 -Xcc -I/Users/admin/builder/spi-builder-workspace/.derivedData/Build/Intermediates.noindex/PerfectCrypto.build/Debug/PerfectCrypto-t.build/DerivedSources -Xcc -DSWIFT_PACKAGE -Xcc -DDEBUG\=1 -emit-objc-header -emit-objc-header-path /Users/admin/builder/spi-builder-workspace/.derivedData/Build/Intermediates.noindex/PerfectCrypto.build/Debug/PerfectCrypto-t.build/Objects-normal/arm64/PerfectCrypto-Swift.h -working-directory /Users/admin/builder/spi-builder-workspace/.swiftpm/xcode -experimental-emit-module-separately -disable-cmo
ExtractAppIntentsMetadata (in target 'PerfectThread' from project 'PerfectThread')
cd /Users/admin/builder/spi-builder-workspace/.dependencies/checkouts/Perfect-Thread
/Applications/Xcode-27.0.0-Release.Candidate.app/Contents/Developer/Toolchains/XcodeDefault.xctoolchain/usr/bin/appintentsmetadataprocessor --toolchain-dir /var/run/com.apple.security.cryptexd/mnt/com.apple.MobileAsset.MetalToolchain-v27.1.266.1.5EZ6qh/Metal.xctoolchain --module-name PerfectThread --sdk-root /Applications/Xcode-27.0.0-Release.Candidate.app/Contents/Developer/Platforms/MacOSX.platform/Developer/SDKs/MacOSX27.0.sdk --xcode-version 27A266a --platform-family macOS --deployment-target 12.0 --bundle-identifier perfect-thread.PerfectThread --output /Users/admin/builder/spi-builder-workspace/.derivedData/Build/Products/Debug/PerfectThread.appintents --target-triple arm64-apple-macos12.0 --binary-file /Users/admin/builder/spi-builder-workspace/.derivedData/Build/Products/Debug/PerfectThread.o --dependency-file /Users/admin/builder/spi-builder-workspace/.derivedData/Build/Intermediates.noindex/PerfectThread.build/Debug/PerfectThread-t.build/Objects-normal/arm64/PerfectThread_dependency_info.dat --stringsdata-file /Users/admin/builder/spi-builder-workspace/.derivedData/Build/Intermediates.noindex/PerfectThread.build/Debug/PerfectThread-t.build/Objects-normal/arm64/ExtractedAppShortcutsMetadata.stringsdata --source-file-list /Users/admin/builder/spi-builder-workspace/.derivedData/Build/Intermediates.noindex/PerfectThread.build/Debug/PerfectThread-t.build/Objects-normal/arm64/PerfectThread.SwiftFileList --metadata-file-list /Users/admin/builder/spi-builder-workspace/.derivedData/Build/Intermediates.noindex/PerfectThread.build/Debug/PerfectThread-t.build/PerfectThread.DependencyMetadataFileList --static-metadata-file-list /Users/admin/builder/spi-builder-workspace/.derivedData/Build/Intermediates.noindex/PerfectThread.build/Debug/PerfectThread-t.build/PerfectThread.DependencyStaticMetadataFileList --swift-const-vals-list /Users/admin/builder/spi-builder-workspace/.derivedData/Build/Intermediates.noindex/PerfectThread.build/Debug/PerfectThread-t.build/Objects-normal/arm64/PerfectThread.SwiftConstValuesFileList --force --compile-time-extraction --deployment-aware-processing --no-app-shortcuts-localization
2026-09-16 08:27:11.893 appintentsmetadataprocessor[1445:7179] Starting appintentsmetadataprocessor export
2026-09-16 08:27:12.004 appintentsmetadataprocessor[1445:7179] Extracted no relevant App Intents symbols, skipping writing output
SwiftEmitModule normal arm64 Emitting\ module\ for\ PerfectCrypto (in target 'PerfectCrypto' from project 'PerfectCrypto')
SwiftCompile normal arm64 (in target 'PerfectCrypto' from project 'PerfectCrypto')
cd /Users/admin/builder/spi-builder-workspace/.swiftpm/xcode
SwiftCompile normal arm64 Compiling\ Keys.swift /Users/admin/builder/spi-builder-workspace/.dependencies/checkouts/Perfect-Crypto/Sources/PerfectCrypto/Keys.swift (in target 'PerfectCrypto' from project 'PerfectCrypto')
SwiftCompile normal arm64 /Users/admin/builder/spi-builder-workspace/.dependencies/checkouts/Perfect-Crypto/Sources/PerfectCrypto/Keys.swift (in target 'PerfectCrypto' from project 'PerfectCrypto')
cd /Users/admin/builder/spi-builder-workspace/.swiftpm/xcode
builtin-SwiftPerFileCompile Keys.swift
SwiftCompile normal arm64 Compiling\ ByteIO.swift /Users/admin/builder/spi-builder-workspace/.dependencies/checkouts/Perfect-Crypto/Sources/PerfectCrypto/ByteIO.swift (in target 'PerfectCrypto' from project 'PerfectCrypto')
SwiftCompile normal arm64 /Users/admin/builder/spi-builder-workspace/.dependencies/checkouts/Perfect-Crypto/Sources/PerfectCrypto/ByteIO.swift (in target 'PerfectCrypto' from project 'PerfectCrypto')
cd /Users/admin/builder/spi-builder-workspace/.swiftpm/xcode
builtin-SwiftPerFileCompile ByteIO.swift
SwiftCompile normal arm64 Compiling\ Algorithms.swift /Users/admin/builder/spi-builder-workspace/.dependencies/checkouts/Perfect-Crypto/Sources/PerfectCrypto/Algorithms.swift (in target 'PerfectCrypto' from project 'PerfectCrypto')
SwiftCompile normal arm64 /Users/admin/builder/spi-builder-workspace/.dependencies/checkouts/Perfect-Crypto/Sources/PerfectCrypto/Algorithms.swift (in target 'PerfectCrypto' from project 'PerfectCrypto')
cd /Users/admin/builder/spi-builder-workspace/.swiftpm/xcode
builtin-SwiftPerFileCompile Algorithms.swift
SwiftCompile normal arm64 Compiling\ JWT.swift /Users/admin/builder/spi-builder-workspace/.dependencies/checkouts/Perfect-Crypto/Sources/PerfectCrypto/JWT.swift (in target 'PerfectCrypto' from project 'PerfectCrypto')
SwiftCompile normal arm64 /Users/admin/builder/spi-builder-workspace/.dependencies/checkouts/Perfect-Crypto/Sources/PerfectCrypto/JWT.swift (in target 'PerfectCrypto' from project 'PerfectCrypto')
cd /Users/admin/builder/spi-builder-workspace/.swiftpm/xcode
builtin-SwiftPerFileCompile JWT.swift
SwiftCompile normal arm64 Compiling\ PerfectCrypto.swift /Users/admin/builder/spi-builder-workspace/.dependencies/checkouts/Perfect-Crypto/Sources/PerfectCrypto/PerfectCrypto.swift (in target 'PerfectCrypto' from project 'PerfectCrypto')
SwiftCompile normal arm64 /Users/admin/builder/spi-builder-workspace/.dependencies/checkouts/Perfect-Crypto/Sources/PerfectCrypto/PerfectCrypto.swift (in target 'PerfectCrypto' from project 'PerfectCrypto')
cd /Users/admin/builder/spi-builder-workspace/.swiftpm/xcode
builtin-SwiftPerFileCompile PerfectCrypto.swift
SwiftCompile normal arm64 Compiling\ OpenSSLInternal.swift /Users/admin/builder/spi-builder-workspace/.dependencies/checkouts/Perfect-Crypto/Sources/PerfectCrypto/OpenSSLInternal.swift (in target 'PerfectCrypto' from project 'PerfectCrypto')
SwiftCompile normal arm64 /Users/admin/builder/spi-builder-workspace/.dependencies/checkouts/Perfect-Crypto/Sources/PerfectCrypto/OpenSSLInternal.swift (in target 'PerfectCrypto' from project 'PerfectCrypto')
cd /Users/admin/builder/spi-builder-workspace/.swiftpm/xcode
builtin-SwiftPerFileCompile OpenSSLInternal.swift
SwiftCompile normal arm64 Compiling\ JWK.swift /Users/admin/builder/spi-builder-workspace/.dependencies/checkouts/Perfect-Crypto/Sources/PerfectCrypto/JWK.swift (in target 'PerfectCrypto' from project 'PerfectCrypto')
SwiftCompile normal arm64 /Users/admin/builder/spi-builder-workspace/.dependencies/checkouts/Perfect-Crypto/Sources/PerfectCrypto/JWK.swift (in target 'PerfectCrypto' from project 'PerfectCrypto')
cd /Users/admin/builder/spi-builder-workspace/.swiftpm/xcode
builtin-SwiftPerFileCompile JWK.swift
SwiftCompile normal arm64 Compiling\ Extensions.swift /Users/admin/builder/spi-builder-workspace/.dependencies/checkouts/Perfect-Crypto/Sources/PerfectCrypto/Extensions.swift (in target 'PerfectCrypto' from project 'PerfectCrypto')
SwiftCompile normal arm64 /Users/admin/builder/spi-builder-workspace/.dependencies/checkouts/Perfect-Crypto/Sources/PerfectCrypto/Extensions.swift (in target 'PerfectCrypto' from project 'PerfectCrypto')
cd /Users/admin/builder/spi-builder-workspace/.swiftpm/xcode
builtin-SwiftPerFileCompile Extensions.swift
Ld /Users/admin/builder/spi-builder-workspace/.derivedData/Build/Products/Debug/COpenSSL.o normal (in target 'COpenSSL' from project 'COpenSSL')
cd /Users/admin/builder/spi-builder-workspace/.dependencies/checkouts/Perfect-COpenSSL
/Applications/Xcode-27.0.0-Release.Candidate.app/Contents/Developer/Toolchains/XcodeDefault.xctoolchain/usr/bin/clang -Xlinker -reproducible -target arm64-apple-macos12.0 -r -isysroot /Applications/Xcode-27.0.0-Release.Candidate.app/Contents/Developer/Platforms/MacOSX.platform/Developer/SDKs/MacOSX27.0.sdk -O0 -w -Xlinker -no_warn_duplicate_libraries -F/Users/admin/builder/spi-builder-workspace/.derivedData/Build/Intermediates.noindex/EagerLinkingTBDs/Debug -F/Users/admin/builder/spi-builder-workspace/.derivedData/Build/Products/Debug -iframework /Applications/Xcode-27.0.0-Release.Candidate.app/Contents/Developer/Platforms/MacOSX.platform/Developer/Library/Frameworks -filelist /Users/admin/builder/spi-builder-workspace/.derivedData/Build/Intermediates.noindex/COpenSSL.build/Debug/COpenSSL-t.build/Objects-normal/arm64/COpenSSL.LinkFileList -nostdlib -Xlinker -object_path_lto -Xlinker /Users/admin/builder/spi-builder-workspace/.derivedData/Build/Intermediates.noindex/COpenSSL.build/Debug/COpenSSL-t.build/Objects-normal/arm64/COpenSSL_lto.o -Xlinker -no_deduplicate -Xlinker -dependency_info -Xlinker /Users/admin/builder/spi-builder-workspace/.derivedData/Build/Intermediates.noindex/COpenSSL.build/Debug/COpenSSL-t.build/Objects-normal/arm64/COpenSSL_dependency_info.dat -o /Users/admin/builder/spi-builder-workspace/.derivedData/Build/Products/Debug/COpenSSL.o
ExtractAppIntentsMetadata (in target 'PerfectLib' from project 'PerfectLib')
cd /Users/admin/builder/spi-builder-workspace/.dependencies/checkouts/PerfectLib
/Applications/Xcode-27.0.0-Release.Candidate.app/Contents/Developer/Toolchains/XcodeDefault.xctoolchain/usr/bin/appintentsmetadataprocessor --toolchain-dir /var/run/com.apple.security.cryptexd/mnt/com.apple.MobileAsset.MetalToolchain-v27.1.266.1.5EZ6qh/Metal.xctoolchain --module-name PerfectLib --sdk-root /Applications/Xcode-27.0.0-Release.Candidate.app/Contents/Developer/Platforms/MacOSX.platform/Developer/SDKs/MacOSX27.0.sdk --xcode-version 27A266a --platform-family macOS --deployment-target 12.0 --bundle-identifier perfectlib.PerfectLib --output /Users/admin/builder/spi-builder-workspace/.derivedData/Build/Products/Debug/PerfectLib.appintents --target-triple arm64-apple-macos12.0 --binary-file /Users/admin/builder/spi-builder-workspace/.derivedData/Build/Products/Debug/PerfectLib.o --dependency-file /Users/admin/builder/spi-builder-workspace/.derivedData/Build/Intermediates.noindex/PerfectLib.build/Debug/PerfectLib-t.build/Objects-normal/arm64/PerfectLib_dependency_info.dat --stringsdata-file /Users/admin/builder/spi-builder-workspace/.derivedData/Build/Intermediates.noindex/PerfectLib.build/Debug/PerfectLib-t.build/Objects-normal/arm64/ExtractedAppShortcutsMetadata.stringsdata --source-file-list /Users/admin/builder/spi-builder-workspace/.derivedData/Build/Intermediates.noindex/PerfectLib.build/Debug/PerfectLib-t.build/Objects-normal/arm64/PerfectLib.SwiftFileList --metadata-file-list /Users/admin/builder/spi-builder-workspace/.derivedData/Build/Intermediates.noindex/PerfectLib.build/Debug/PerfectLib-t.build/PerfectLib.DependencyMetadataFileList --static-metadata-file-list /Users/admin/builder/spi-builder-workspace/.derivedData/Build/Intermediates.noindex/PerfectLib.build/Debug/PerfectLib-t.build/PerfectLib.DependencyStaticMetadataFileList --swift-const-vals-list /Users/admin/builder/spi-builder-workspace/.derivedData/Build/Intermediates.noindex/PerfectLib.build/Debug/PerfectLib-t.build/Objects-normal/arm64/PerfectLib.SwiftConstValuesFileList --force --compile-time-extraction --deployment-aware-processing --no-app-shortcuts-localization
2026-09-16 08:27:12.125 appintentsmetadataprocessor[1457:7213] Starting appintentsmetadataprocessor export
2026-09-16 08:27:12.198 appintentsmetadataprocessor[1457:7213] Extracted no relevant App Intents symbols, skipping writing output
SwiftDriverJobDiscovery normal arm64 Compiling PerfectCrypto.swift (in target 'PerfectCrypto' from project 'PerfectCrypto')
SwiftDriverJobDiscovery normal arm64 Compiling Algorithms.swift (in target 'PerfectCrypto' from project 'PerfectCrypto')
SwiftDriverJobDiscovery normal arm64 Emitting module for PerfectCrypto (in target 'PerfectCrypto' from project 'PerfectCrypto')
SwiftDriver\ Compilation\ Requirements PerfectCrypto normal arm64 com.apple.xcode.tools.swift.compiler (in target 'PerfectCrypto' from project 'PerfectCrypto')
cd /Users/admin/builder/spi-builder-workspace/.swiftpm/xcode
builtin-Swift-Compilation-Requirements -- /Applications/Xcode-27.0.0-Release.Candidate.app/Contents/Developer/Toolchains/XcodeDefault.xctoolchain/usr/bin/swiftc -parse-as-library -module-name PerfectCrypto -Onone @/Users/admin/builder/spi-builder-workspace/.derivedData/Build/Intermediates.noindex/PerfectCrypto.build/Debug/PerfectCrypto-t.build/Objects-normal/arm64/PerfectCrypto.SwiftFileList -DSWIFT_PACKAGE -DDEBUG -DSWIFT_MODULE_RESOURCE_BUNDLE_UNAVAILABLE -Xcc -fmodule-map-file\=/Users/admin/builder/spi-builder-workspace/.dependencies/checkouts/Perfect-COpenSSL/COpenSSL/include/module.modulemap -DXcode -plugin-path /Applications/Xcode-27.0.0-Release.Candidate.app/Contents/Developer/Toolchains/XcodeDefault.xctoolchain/usr/lib/swift/host/plugins/testing -enable-experimental-feature DebugDescriptionMacro -sdk /Applications/Xcode-27.0.0-Release.Candidate.app/Contents/Developer/Platforms/MacOSX.platform/Developer/SDKs/MacOSX27.0.sdk -target arm64-apple-macos12.0 -g -module-cache-path /Users/admin/builder/spi-builder-workspace/.derivedData/ModuleCache.noindex -Xfrontend -serialize-debugging-options -enable-testing -suppress-warnings -index-store-path /Users/admin/builder/spi-builder-workspace/.derivedData/Index.noindex/DataStore -Xcc -D_LIBCPP_HARDENING_MODE\=_LIBCPP_HARDENING_MODE_DEBUG -swift-version 4 -I /Users/admin/builder/spi-builder-workspace/.derivedData/Build/Products/Debug -Isystem /Applications/Xcode-27.0.0-Release.Candidate.app/Contents/Developer/Platforms/MacOSX.platform/Developer/usr/lib -F /Users/admin/builder/spi-builder-workspace/.derivedData/Build/Products/Debug/PackageFrameworks -F /Users/admin/builder/spi-builder-workspace/.derivedData/Build/Products/Debug -F /Applications/Xcode-27.0.0-Release.Candidate.app/Contents/Developer/Platforms/MacOSX.platform/Developer/Library/Frameworks -c -j10 -enable-batch-mode -incremental -Xcc -ivfsstatcache -Xcc /Users/admin/builder/spi-builder-workspace/.derivedData/SDKStatCaches.noindex/macosx27.0-26A425-e829b21a6f8c9b70876ba0858053c0446a22442a12e9d48fe1a705f55a1adfc4.sdkstatcache -output-file-map /Users/admin/builder/spi-builder-workspace/.derivedData/Build/Intermediates.noindex/PerfectCrypto.build/Debug/PerfectCrypto-t.build/Objects-normal/arm64/PerfectCrypto-OutputFileMap.json -save-temps -no-color-diagnostics -emit-dependencies -emit-module -emit-module-path /Users/admin/builder/spi-builder-workspace/.derivedData/Build/Intermediates.noindex/PerfectCrypto.build/Debug/PerfectCrypto-t.build/Objects-normal/arm64/PerfectCrypto.swiftmodule -serialize-diagnostics -validate-clang-modules-once -clang-build-session-file /Users/admin/builder/spi-builder-workspace/.derivedData/ModuleCache.noindex/Session.modulevalidation -Xcc -fmodules-prune-interval\=86400 -Xcc -fmodules-prune-after\=345600 -emit-const-values -const-gather-protocols-list /Users/admin/builder/spi-builder-workspace/.derivedData/Build/Intermediates.noindex/PerfectCrypto.build/Debug/PerfectCrypto-t.build/Objects-normal/arm64/PerfectCrypto_const_extract_protocols.json -Xcc -I/Users/admin/builder/spi-builder-workspace/.dependencies/checkouts/Perfect-COpenSSL/COpenSSL/include -Xcc -I/Users/admin/builder/spi-builder-workspace/.derivedData/Build/Products/Debug/include -Xcc -I/Users/admin/builder/spi-builder-workspace/.derivedData/Build/Intermediates.noindex/PerfectCrypto.build/Debug/PerfectCrypto-t.build/DerivedSources-normal/arm64 -Xcc -I/Users/admin/builder/spi-builder-workspace/.derivedData/Build/Intermediates.noindex/PerfectCrypto.build/Debug/PerfectCrypto-t.build/DerivedSources/arm64 -Xcc -I/Users/admin/builder/spi-builder-workspace/.derivedData/Build/Intermediates.noindex/PerfectCrypto.build/Debug/PerfectCrypto-t.build/DerivedSources -Xcc -DSWIFT_PACKAGE -Xcc -DDEBUG\=1 -emit-objc-header -emit-objc-header-path /Users/admin/builder/spi-builder-workspace/.derivedData/Build/Intermediates.noindex/PerfectCrypto.build/Debug/PerfectCrypto-t.build/Objects-normal/arm64/PerfectCrypto-Swift.h -working-directory /Users/admin/builder/spi-builder-workspace/.swiftpm/xcode -experimental-emit-module-separately -disable-cmo
SwiftMergeGeneratedHeaders /Users/admin/builder/spi-builder-workspace/.derivedData/Build/Intermediates.noindex/GeneratedModuleMaps/PerfectCrypto-Swift.h /Users/admin/builder/spi-builder-workspace/.derivedData/Build/Intermediates.noindex/PerfectCrypto.build/Debug/PerfectCrypto-t.build/Objects-normal/arm64/PerfectCrypto-Swift.h (in target 'PerfectCrypto' from project 'PerfectCrypto')
cd /Users/admin/builder/spi-builder-workspace/.dependencies/checkouts/Perfect-Crypto
builtin-swiftHeaderTool -arch arm64 /Users/admin/builder/spi-builder-workspace/.derivedData/Build/Intermediates.noindex/PerfectCrypto.build/Debug/PerfectCrypto-t.build/Objects-normal/arm64/PerfectCrypto-Swift.h -o /Users/admin/builder/spi-builder-workspace/.derivedData/Build/Intermediates.noindex/GeneratedModuleMaps/PerfectCrypto-Swift.h
Copy /Users/admin/builder/spi-builder-workspace/.derivedData/Build/Products/Debug/PerfectCrypto.swiftmodule/arm64-apple-macos.swiftdoc /Users/admin/builder/spi-builder-workspace/.derivedData/Build/Intermediates.noindex/PerfectCrypto.build/Debug/PerfectCrypto-t.build/Objects-normal/arm64/PerfectCrypto.swiftdoc (in target 'PerfectCrypto' from project 'PerfectCrypto')
cd /Users/admin/builder/spi-builder-workspace/.dependencies/checkouts/Perfect-Crypto
builtin-copy -exclude .DS_Store -exclude CVS -exclude .svn -exclude .git -exclude .hg -resolve-src-symlinks -rename /Users/admin/builder/spi-builder-workspace/.derivedData/Build/Intermediates.noindex/PerfectCrypto.build/Debug/PerfectCrypto-t.build/Objects-normal/arm64/PerfectCrypto.swiftdoc /Users/admin/builder/spi-builder-workspace/.derivedData/Build/Products/Debug/PerfectCrypto.swiftmodule/arm64-apple-macos.swiftdoc
Copy /Users/admin/builder/spi-builder-workspace/.derivedData/Build/Products/Debug/PerfectCrypto.swiftmodule/arm64-apple-macos.abi.json /Users/admin/builder/spi-builder-workspace/.derivedData/Build/Intermediates.noindex/PerfectCrypto.build/Debug/PerfectCrypto-t.build/Objects-normal/arm64/PerfectCrypto.abi.json (in target 'PerfectCrypto' from project 'PerfectCrypto')
cd /Users/admin/builder/spi-builder-workspace/.dependencies/checkouts/Perfect-Crypto
builtin-copy -exclude .DS_Store -exclude CVS -exclude .svn -exclude .git -exclude .hg -resolve-src-symlinks -rename /Users/admin/builder/spi-builder-workspace/.derivedData/Build/Intermediates.noindex/PerfectCrypto.build/Debug/PerfectCrypto-t.build/Objects-normal/arm64/PerfectCrypto.abi.json /Users/admin/builder/spi-builder-workspace/.derivedData/Build/Products/Debug/PerfectCrypto.swiftmodule/arm64-apple-macos.abi.json
Copy /Users/admin/builder/spi-builder-workspace/.derivedData/Build/Products/Debug/PerfectCrypto.swiftmodule/arm64-apple-macos.swiftmodule /Users/admin/builder/spi-builder-workspace/.derivedData/Build/Intermediates.noindex/PerfectCrypto.build/Debug/PerfectCrypto-t.build/Objects-normal/arm64/PerfectCrypto.swiftmodule (in target 'PerfectCrypto' from project 'PerfectCrypto')
cd /Users/admin/builder/spi-builder-workspace/.dependencies/checkouts/Perfect-Crypto
builtin-copy -exclude .DS_Store -exclude CVS -exclude .svn -exclude .git -exclude .hg -resolve-src-symlinks -rename /Users/admin/builder/spi-builder-workspace/.derivedData/Build/Intermediates.noindex/PerfectCrypto.build/Debug/PerfectCrypto-t.build/Objects-normal/arm64/PerfectCrypto.swiftmodule /Users/admin/builder/spi-builder-workspace/.derivedData/Build/Products/Debug/PerfectCrypto.swiftmodule/arm64-apple-macos.swiftmodule
Copy /Users/admin/builder/spi-builder-workspace/.derivedData/Build/Products/Debug/PerfectCrypto.swiftmodule/Project/arm64-apple-macos.swiftsourceinfo /Users/admin/builder/spi-builder-workspace/.derivedData/Build/Intermediates.noindex/PerfectCrypto.build/Debug/PerfectCrypto-t.build/Objects-normal/arm64/PerfectCrypto.swiftsourceinfo (in target 'PerfectCrypto' from project 'PerfectCrypto')
cd /Users/admin/builder/spi-builder-workspace/.dependencies/checkouts/Perfect-Crypto
builtin-copy -exclude .DS_Store -exclude CVS -exclude .svn -exclude .git -exclude .hg -resolve-src-symlinks -rename /Users/admin/builder/spi-builder-workspace/.derivedData/Build/Intermediates.noindex/PerfectCrypto.build/Debug/PerfectCrypto-t.build/Objects-normal/arm64/PerfectCrypto.swiftsourceinfo /Users/admin/builder/spi-builder-workspace/.derivedData/Build/Products/Debug/PerfectCrypto.swiftmodule/Project/arm64-apple-macos.swiftsourceinfo
SwiftDriver PerfectNet normal arm64 com.apple.xcode.tools.swift.compiler (in target 'PerfectNet' from project 'PerfectNet')
cd /Users/admin/builder/spi-builder-workspace/.swiftpm/xcode
builtin-SwiftDriver -- /Applications/Xcode-27.0.0-Release.Candidate.app/Contents/Developer/Toolchains/XcodeDefault.xctoolchain/usr/bin/swiftc -parse-as-library -module-name PerfectNet -Onone @/Users/admin/builder/spi-builder-workspace/.derivedData/Build/Intermediates.noindex/PerfectNet.build/Debug/PerfectNet-t.build/Objects-normal/arm64/PerfectNet.SwiftFileList -DSWIFT_PACKAGE -DDEBUG -DSWIFT_MODULE_RESOURCE_BUNDLE_UNAVAILABLE -Xcc -fmodule-map-file\=/Users/admin/builder/spi-builder-workspace/.dependencies/checkouts/Perfect-COpenSSL/COpenSSL/include/module.modulemap -DXcode -plugin-path /Applications/Xcode-27.0.0-Release.Candidate.app/Contents/Developer/Toolchains/XcodeDefault.xctoolchain/usr/lib/swift/host/plugins/testing -enable-experimental-feature DebugDescriptionMacro -sdk /Applications/Xcode-27.0.0-Release.Candidate.app/Contents/Developer/Platforms/MacOSX.platform/Developer/SDKs/MacOSX27.0.sdk -target arm64-apple-macos12.0 -g -module-cache-path /Users/admin/builder/spi-builder-workspace/.derivedData/ModuleCache.noindex -Xfrontend -serialize-debugging-options -enable-testing -suppress-warnings -index-store-path /Users/admin/builder/spi-builder-workspace/.derivedData/Index.noindex/DataStore -Xcc -D_LIBCPP_HARDENING_MODE\=_LIBCPP_HARDENING_MODE_DEBUG -swift-version 4 -I /Users/admin/builder/spi-builder-workspace/.derivedData/Build/Products/Debug -Isystem /Applications/Xcode-27.0.0-Release.Candidate.app/Contents/Developer/Platforms/MacOSX.platform/Developer/usr/lib -F /Users/admin/builder/spi-builder-workspace/.derivedData/Build/Products/Debug/PackageFrameworks -F /Users/admin/builder/spi-builder-workspace/.derivedData/Build/Products/Debug -F /Applications/Xcode-27.0.0-Release.Candidate.app/Contents/Developer/Platforms/MacOSX.platform/Developer/Library/Frameworks -c -j10 -enable-batch-mode -incremental -Xcc -ivfsstatcache -Xcc /Users/admin/builder/spi-builder-workspace/.derivedData/SDKStatCaches.noindex/macosx27.0-26A425-e829b21a6f8c9b70876ba0858053c0446a22442a12e9d48fe1a705f55a1adfc4.sdkstatcache -output-file-map /Users/admin/builder/spi-builder-workspace/.derivedData/Build/Intermediates.noindex/PerfectNet.build/Debug/PerfectNet-t.build/Objects-normal/arm64/PerfectNet-OutputFileMap.json -save-temps -no-color-diagnostics -emit-dependencies -emit-module -emit-module-path /Users/admin/builder/spi-builder-workspace/.derivedData/Build/Intermediates.noindex/PerfectNet.build/Debug/PerfectNet-t.build/Objects-normal/arm64/PerfectNet.swiftmodule -serialize-diagnostics -validate-clang-modules-once -clang-build-session-file /Users/admin/builder/spi-builder-workspace/.derivedData/ModuleCache.noindex/Session.modulevalidation -Xcc -fmodules-prune-interval\=86400 -Xcc -fmodules-prune-after\=345600 -emit-const-values -const-gather-protocols-list /Users/admin/builder/spi-builder-workspace/.derivedData/Build/Intermediates.noindex/PerfectNet.build/Debug/PerfectNet-t.build/Objects-normal/arm64/PerfectNet_const_extract_protocols.json -Xcc -I/Users/admin/builder/spi-builder-workspace/.dependencies/checkouts/Perfect-COpenSSL/COpenSSL/include -Xcc -I/Users/admin/builder/spi-builder-workspace/.derivedData/Build/Products/Debug/include -Xcc -I/Users/admin/builder/spi-builder-workspace/.derivedData/Build/Intermediates.noindex/PerfectNet.build/Debug/PerfectNet-t.build/DerivedSources-normal/arm64 -Xcc -I/Users/admin/builder/spi-builder-workspace/.derivedData/Build/Intermediates.noindex/PerfectNet.build/Debug/PerfectNet-t.build/DerivedSources/arm64 -Xcc -I/Users/admin/builder/spi-builder-workspace/.derivedData/Build/Intermediates.noindex/PerfectNet.build/Debug/PerfectNet-t.build/DerivedSources -Xcc -DSWIFT_PACKAGE -Xcc -DDEBUG\=1 -emit-objc-header -emit-objc-header-path /Users/admin/builder/spi-builder-workspace/.derivedData/Build/Intermediates.noindex/PerfectNet.build/Debug/PerfectNet-t.build/Objects-normal/arm64/PerfectNet-Swift.h -working-directory /Users/admin/builder/spi-builder-workspace/.swiftpm/xcode -experimental-emit-module-separately -disable-cmo
SwiftEmitModule normal arm64 Emitting\ module\ for\ PerfectNet (in target 'PerfectNet' from project 'PerfectNet')
SwiftCompile normal arm64 (in target 'PerfectNet' from project 'PerfectNet')
cd /Users/admin/builder/spi-builder-workspace/.swiftpm/xcode
SwiftCompile normal arm64 Compiling\ NetTCP.swift /Users/admin/builder/spi-builder-workspace/.dependencies/checkouts/Perfect-Net/Sources/PerfectNet/NetTCP.swift (in target 'PerfectNet' from project 'PerfectNet')
SwiftCompile normal arm64 /Users/admin/builder/spi-builder-workspace/.dependencies/checkouts/Perfect-Net/Sources/PerfectNet/NetTCP.swift (in target 'PerfectNet' from project 'PerfectNet')
cd /Users/admin/builder/spi-builder-workspace/.swiftpm/xcode
builtin-SwiftPerFileCompile NetTCP.swift
SwiftCompile normal arm64 Compiling\ Net.swift /Users/admin/builder/spi-builder-workspace/.dependencies/checkouts/Perfect-Net/Sources/PerfectNet/Net.swift (in target 'PerfectNet' from project 'PerfectNet')
SwiftCompile normal arm64 /Users/admin/builder/spi-builder-workspace/.dependencies/checkouts/Perfect-Net/Sources/PerfectNet/Net.swift (in target 'PerfectNet' from project 'PerfectNet')
cd /Users/admin/builder/spi-builder-workspace/.swiftpm/xcode
builtin-SwiftPerFileCompile Net.swift
SwiftCompile normal arm64 Compiling\ NetEvent.swift /Users/admin/builder/spi-builder-workspace/.dependencies/checkouts/Perfect-Net/Sources/PerfectNet/NetEvent.swift (in target 'PerfectNet' from project 'PerfectNet')
SwiftCompile normal arm64 /Users/admin/builder/spi-builder-workspace/.dependencies/checkouts/Perfect-Net/Sources/PerfectNet/NetEvent.swift (in target 'PerfectNet' from project 'PerfectNet')
cd /Users/admin/builder/spi-builder-workspace/.swiftpm/xcode
builtin-SwiftPerFileCompile NetEvent.swift
SwiftCompile normal arm64 Compiling\ NetTCPSSL.swift /Users/admin/builder/spi-builder-workspace/.dependencies/checkouts/Perfect-Net/Sources/PerfectNet/NetTCPSSL.swift (in target 'PerfectNet' from project 'PerfectNet')
SwiftCompile normal arm64 /Users/admin/builder/spi-builder-workspace/.dependencies/checkouts/Perfect-Net/Sources/PerfectNet/NetTCPSSL.swift (in target 'PerfectNet' from project 'PerfectNet')
cd /Users/admin/builder/spi-builder-workspace/.swiftpm/xcode
builtin-SwiftPerFileCompile NetTCPSSL.swift
SwiftDriverJobDiscovery normal arm64 Compiling Extensions.swift (in target 'PerfectCrypto' from project 'PerfectCrypto')
SwiftCompile normal arm64 Compiling\ NetUDP.swift /Users/admin/builder/spi-builder-workspace/.dependencies/checkouts/Perfect-Net/Sources/PerfectNet/NetUDP.swift (in target 'PerfectNet' from project 'PerfectNet')
SwiftCompile normal arm64 /Users/admin/builder/spi-builder-workspace/.dependencies/checkouts/Perfect-Net/Sources/PerfectNet/NetUDP.swift (in target 'PerfectNet' from project 'PerfectNet')
cd /Users/admin/builder/spi-builder-workspace/.swiftpm/xcode
builtin-SwiftPerFileCompile NetUDP.swift
SwiftDriverJobDiscovery normal arm64 Compiling Keys.swift (in target 'PerfectCrypto' from project 'PerfectCrypto')
SwiftCompile normal arm64 Compiling\ NetAddress.swift /Users/admin/builder/spi-builder-workspace/.dependencies/checkouts/Perfect-Net/Sources/PerfectNet/NetAddress.swift (in target 'PerfectNet' from project 'PerfectNet')
SwiftCompile normal arm64 /Users/admin/builder/spi-builder-workspace/.dependencies/checkouts/Perfect-Net/Sources/PerfectNet/NetAddress.swift (in target 'PerfectNet' from project 'PerfectNet')
cd /Users/admin/builder/spi-builder-workspace/.swiftpm/xcode
builtin-SwiftPerFileCompile NetAddress.swift
SwiftDriverJobDiscovery normal arm64 Compiling JWT.swift (in target 'PerfectCrypto' from project 'PerfectCrypto')
SwiftCompile normal arm64 Compiling\ NetNamedPipe.swift /Users/admin/builder/spi-builder-workspace/.dependencies/checkouts/Perfect-Net/Sources/PerfectNet/NetNamedPipe.swift (in target 'PerfectNet' from project 'PerfectNet')
SwiftCompile normal arm64 /Users/admin/builder/spi-builder-workspace/.dependencies/checkouts/Perfect-Net/Sources/PerfectNet/NetNamedPipe.swift (in target 'PerfectNet' from project 'PerfectNet')
cd /Users/admin/builder/spi-builder-workspace/.swiftpm/xcode
builtin-SwiftPerFileCompile NetNamedPipe.swift
SwiftDriverJobDiscovery normal arm64 Compiling JWK.swift (in target 'PerfectCrypto' from project 'PerfectCrypto')
SwiftDriverJobDiscovery normal arm64 Compiling ByteIO.swift (in target 'PerfectCrypto' from project 'PerfectCrypto')
SwiftDriverJobDiscovery normal arm64 Compiling OpenSSLInternal.swift (in target 'PerfectCrypto' from project 'PerfectCrypto')
SwiftDriver\ Compilation PerfectCrypto normal arm64 com.apple.xcode.tools.swift.compiler (in target 'PerfectCrypto' from project 'PerfectCrypto')
cd /Users/admin/builder/spi-builder-workspace/.swiftpm/xcode
builtin-Swift-Compilation -- /Applications/Xcode-27.0.0-Release.Candidate.app/Contents/Developer/Toolchains/XcodeDefault.xctoolchain/usr/bin/swiftc -parse-as-library -module-name PerfectCrypto -Onone @/Users/admin/builder/spi-builder-workspace/.derivedData/Build/Intermediates.noindex/PerfectCrypto.build/Debug/PerfectCrypto-t.build/Objects-normal/arm64/PerfectCrypto.SwiftFileList -DSWIFT_PACKAGE -DDEBUG -DSWIFT_MODULE_RESOURCE_BUNDLE_UNAVAILABLE -Xcc -fmodule-map-file\=/Users/admin/builder/spi-builder-workspace/.dependencies/checkouts/Perfect-COpenSSL/COpenSSL/include/module.modulemap -DXcode -plugin-path /Applications/Xcode-27.0.0-Release.Candidate.app/Contents/Developer/Toolchains/XcodeDefault.xctoolchain/usr/lib/swift/host/plugins/testing -enable-experimental-feature DebugDescriptionMacro -sdk /Applications/Xcode-27.0.0-Release.Candidate.app/Contents/Developer/Platforms/MacOSX.platform/Developer/SDKs/MacOSX27.0.sdk -target arm64-apple-macos12.0 -g -module-cache-path /Users/admin/builder/spi-builder-workspace/.derivedData/ModuleCache.noindex -Xfrontend -serialize-debugging-options -enable-testing -suppress-warnings -index-store-path /Users/admin/builder/spi-builder-workspace/.derivedData/Index.noindex/DataStore -Xcc -D_LIBCPP_HARDENING_MODE\=_LIBCPP_HARDENING_MODE_DEBUG -swift-version 4 -I /Users/admin/builder/spi-builder-workspace/.derivedData/Build/Products/Debug -Isystem /Applications/Xcode-27.0.0-Release.Candidate.app/Contents/Developer/Platforms/MacOSX.platform/Developer/usr/lib -F /Users/admin/builder/spi-builder-workspace/.derivedData/Build/Products/Debug/PackageFrameworks -F /Users/admin/builder/spi-builder-workspace/.derivedData/Build/Products/Debug -F /Applications/Xcode-27.0.0-Release.Candidate.app/Contents/Developer/Platforms/MacOSX.platform/Developer/Library/Frameworks -c -j10 -enable-batch-mode -incremental -Xcc -ivfsstatcache -Xcc /Users/admin/builder/spi-builder-workspace/.derivedData/SDKStatCaches.noindex/macosx27.0-26A425-e829b21a6f8c9b70876ba0858053c0446a22442a12e9d48fe1a705f55a1adfc4.sdkstatcache -output-file-map /Users/admin/builder/spi-builder-workspace/.derivedData/Build/Intermediates.noindex/PerfectCrypto.build/Debug/PerfectCrypto-t.build/Objects-normal/arm64/PerfectCrypto-OutputFileMap.json -save-temps -no-color-diagnostics -emit-dependencies -emit-module -emit-module-path /Users/admin/builder/spi-builder-workspace/.derivedData/Build/Intermediates.noindex/PerfectCrypto.build/Debug/PerfectCrypto-t.build/Objects-normal/arm64/PerfectCrypto.swiftmodule -serialize-diagnostics -validate-clang-modules-once -clang-build-session-file /Users/admin/builder/spi-builder-workspace/.derivedData/ModuleCache.noindex/Session.modulevalidation -Xcc -fmodules-prune-interval\=86400 -Xcc -fmodules-prune-after\=345600 -emit-const-values -const-gather-protocols-list /Users/admin/builder/spi-builder-workspace/.derivedData/Build/Intermediates.noindex/PerfectCrypto.build/Debug/PerfectCrypto-t.build/Objects-normal/arm64/PerfectCrypto_const_extract_protocols.json -Xcc -I/Users/admin/builder/spi-builder-workspace/.dependencies/checkouts/Perfect-COpenSSL/COpenSSL/include -Xcc -I/Users/admin/builder/spi-builder-workspace/.derivedData/Build/Products/Debug/include -Xcc -I/Users/admin/builder/spi-builder-workspace/.derivedData/Build/Intermediates.noindex/PerfectCrypto.build/Debug/PerfectCrypto-t.build/DerivedSources-normal/arm64 -Xcc -I/Users/admin/builder/spi-builder-workspace/.derivedData/Build/Intermediates.noindex/PerfectCrypto.build/Debug/PerfectCrypto-t.build/DerivedSources/arm64 -Xcc -I/Users/admin/builder/spi-builder-workspace/.derivedData/Build/Intermediates.noindex/PerfectCrypto.build/Debug/PerfectCrypto-t.build/DerivedSources -Xcc -DSWIFT_PACKAGE -Xcc -DDEBUG\=1 -emit-objc-header -emit-objc-header-path /Users/admin/builder/spi-builder-workspace/.derivedData/Build/Intermediates.noindex/PerfectCrypto.build/Debug/PerfectCrypto-t.build/Objects-normal/arm64/PerfectCrypto-Swift.h -working-directory /Users/admin/builder/spi-builder-workspace/.swiftpm/xcode -experimental-emit-module-separately -disable-cmo
Ld /Users/admin/builder/spi-builder-workspace/.derivedData/Build/Products/Debug/PerfectCrypto.o normal (in target 'PerfectCrypto' from project 'PerfectCrypto')
cd /Users/admin/builder/spi-builder-workspace/.dependencies/checkouts/Perfect-Crypto
/Applications/Xcode-27.0.0-Release.Candidate.app/Contents/Developer/Toolchains/XcodeDefault.xctoolchain/usr/bin/clang -Xlinker -reproducible -target arm64-apple-macos12.0 -r -isysroot /Applications/Xcode-27.0.0-Release.Candidate.app/Contents/Developer/Platforms/MacOSX.platform/Developer/SDKs/MacOSX27.0.sdk -O0 -w -Xlinker -no_warn_duplicate_libraries -F/Users/admin/builder/spi-builder-workspace/.derivedData/Build/Intermediates.noindex/EagerLinkingTBDs/Debug -F/Users/admin/builder/spi-builder-workspace/.derivedData/Build/Products/Debug/PackageFrameworks -F/Users/admin/builder/spi-builder-workspace/.derivedData/Build/Products/Debug -iframework /Applications/Xcode-27.0.0-Release.Candidate.app/Contents/Developer/Platforms/MacOSX.platform/Developer/Library/Frameworks -filelist /Users/admin/builder/spi-builder-workspace/.derivedData/Build/Intermediates.noindex/PerfectCrypto.build/Debug/PerfectCrypto-t.build/Objects-normal/arm64/PerfectCrypto.LinkFileList -nostdlib -Xlinker -object_path_lto -Xlinker /Users/admin/builder/spi-builder-workspace/.derivedData/Build/Intermediates.noindex/PerfectCrypto.build/Debug/PerfectCrypto-t.build/Objects-normal/arm64/PerfectCrypto_lto.o -Xlinker -no_deduplicate -Xlinker -dependency_info -Xlinker /Users/admin/builder/spi-builder-workspace/.derivedData/Build/Intermediates.noindex/PerfectCrypto.build/Debug/PerfectCrypto-t.build/Objects-normal/arm64/PerfectCrypto_dependency_info.dat -fobjc-link-runtime -L/Applications/Xcode-27.0.0-Release.Candidate.app/Contents/Developer/Toolchains/XcodeDefault.xctoolchain/usr/lib/swift/macosx -L/usr/lib/swift -Xlinker -add_ast_path -Xlinker /Users/admin/builder/spi-builder-workspace/.derivedData/Build/Intermediates.noindex/PerfectCrypto.build/Debug/PerfectCrypto-t.build/Objects-normal/arm64/PerfectCrypto.swiftmodule -o /Users/admin/builder/spi-builder-workspace/.derivedData/Build/Products/Debug/PerfectCrypto.o
ExtractAppIntentsMetadata (in target 'PerfectCrypto' from project 'PerfectCrypto')
cd /Users/admin/builder/spi-builder-workspace/.dependencies/checkouts/Perfect-Crypto
/Applications/Xcode-27.0.0-Release.Candidate.app/Contents/Developer/Toolchains/XcodeDefault.xctoolchain/usr/bin/appintentsmetadataprocessor --toolchain-dir /var/run/com.apple.security.cryptexd/mnt/com.apple.MobileAsset.MetalToolchain-v27.1.266.1.5EZ6qh/Metal.xctoolchain --module-name PerfectCrypto --sdk-root /Applications/Xcode-27.0.0-Release.Candidate.app/Contents/Developer/Platforms/MacOSX.platform/Developer/SDKs/MacOSX27.0.sdk --xcode-version 27A266a --platform-family macOS --deployment-target 12.0 --bundle-identifier perfect-crypto.PerfectCrypto --output /Users/admin/builder/spi-builder-workspace/.derivedData/Build/Products/Debug/PerfectCrypto.appintents --target-triple arm64-apple-macos12.0 --binary-file /Users/admin/builder/spi-builder-workspace/.derivedData/Build/Products/Debug/PerfectCrypto.o --dependency-file /Users/admin/builder/spi-builder-workspace/.derivedData/Build/Intermediates.noindex/PerfectCrypto.build/Debug/PerfectCrypto-t.build/Objects-normal/arm64/PerfectCrypto_dependency_info.dat --stringsdata-file /Users/admin/builder/spi-builder-workspace/.derivedData/Build/Intermediates.noindex/PerfectCrypto.build/Debug/PerfectCrypto-t.build/Objects-normal/arm64/ExtractedAppShortcutsMetadata.stringsdata --source-file-list /Users/admin/builder/spi-builder-workspace/.derivedData/Build/Intermediates.noindex/PerfectCrypto.build/Debug/PerfectCrypto-t.build/Objects-normal/arm64/PerfectCrypto.SwiftFileList --metadata-file-list /Users/admin/builder/spi-builder-workspace/.derivedData/Build/Intermediates.noindex/PerfectCrypto.build/Debug/PerfectCrypto-t.build/PerfectCrypto.DependencyMetadataFileList --static-metadata-file-list /Users/admin/builder/spi-builder-workspace/.derivedData/Build/Intermediates.noindex/PerfectCrypto.build/Debug/PerfectCrypto-t.build/PerfectCrypto.DependencyStaticMetadataFileList --swift-const-vals-list /Users/admin/builder/spi-builder-workspace/.derivedData/Build/Intermediates.noindex/PerfectCrypto.build/Debug/PerfectCrypto-t.build/Objects-normal/arm64/PerfectCrypto.SwiftConstValuesFileList --force --compile-time-extraction --deployment-aware-processing --no-app-shortcuts-localization
2026-09-16 08:27:12.680 appintentsmetadataprocessor[1468:7251] Starting appintentsmetadataprocessor export
2026-09-16 08:27:12.755 appintentsmetadataprocessor[1468:7251] Extracted no relevant App Intents symbols, skipping writing output
SwiftDriverJobDiscovery normal arm64 Emitting module for PerfectNet (in target 'PerfectNet' from project 'PerfectNet')
SwiftDriver\ Compilation\ Requirements PerfectNet normal arm64 com.apple.xcode.tools.swift.compiler (in target 'PerfectNet' from project 'PerfectNet')
cd /Users/admin/builder/spi-builder-workspace/.swiftpm/xcode
builtin-Swift-Compilation-Requirements -- /Applications/Xcode-27.0.0-Release.Candidate.app/Contents/Developer/Toolchains/XcodeDefault.xctoolchain/usr/bin/swiftc -parse-as-library -module-name PerfectNet -Onone @/Users/admin/builder/spi-builder-workspace/.derivedData/Build/Intermediates.noindex/PerfectNet.build/Debug/PerfectNet-t.build/Objects-normal/arm64/PerfectNet.SwiftFileList -DSWIFT_PACKAGE -DDEBUG -DSWIFT_MODULE_RESOURCE_BUNDLE_UNAVAILABLE -Xcc -fmodule-map-file\=/Users/admin/builder/spi-builder-workspace/.dependencies/checkouts/Perfect-COpenSSL/COpenSSL/include/module.modulemap -DXcode -plugin-path /Applications/Xcode-27.0.0-Release.Candidate.app/Contents/Developer/Toolchains/XcodeDefault.xctoolchain/usr/lib/swift/host/plugins/testing -enable-experimental-feature DebugDescriptionMacro -sdk /Applications/Xcode-27.0.0-Release.Candidate.app/Contents/Developer/Platforms/MacOSX.platform/Developer/SDKs/MacOSX27.0.sdk -target arm64-apple-macos12.0 -g -module-cache-path /Users/admin/builder/spi-builder-workspace/.derivedData/ModuleCache.noindex -Xfrontend -serialize-debugging-options -enable-testing -suppress-warnings -index-store-path /Users/admin/builder/spi-builder-workspace/.derivedData/Index.noindex/DataStore -Xcc -D_LIBCPP_HARDENING_MODE\=_LIBCPP_HARDENING_MODE_DEBUG -swift-version 4 -I /Users/admin/builder/spi-builder-workspace/.derivedData/Build/Products/Debug -Isystem /Applications/Xcode-27.0.0-Release.Candidate.app/Contents/Developer/Platforms/MacOSX.platform/Developer/usr/lib -F /Users/admin/builder/spi-builder-workspace/.derivedData/Build/Products/Debug/PackageFrameworks -F /Users/admin/builder/spi-builder-workspace/.derivedData/Build/Products/Debug -F /Applications/Xcode-27.0.0-Release.Candidate.app/Contents/Developer/Platforms/MacOSX.platform/Developer/Library/Frameworks -c -j10 -enable-batch-mode -incremental -Xcc -ivfsstatcache -Xcc /Users/admin/builder/spi-builder-workspace/.derivedData/SDKStatCaches.noindex/macosx27.0-26A425-e829b21a6f8c9b70876ba0858053c0446a22442a12e9d48fe1a705f55a1adfc4.sdkstatcache -output-file-map /Users/admin/builder/spi-builder-workspace/.derivedData/Build/Intermediates.noindex/PerfectNet.build/Debug/PerfectNet-t.build/Objects-normal/arm64/PerfectNet-OutputFileMap.json -save-temps -no-color-diagnostics -emit-dependencies -emit-module -emit-module-path /Users/admin/builder/spi-builder-workspace/.derivedData/Build/Intermediates.noindex/PerfectNet.build/Debug/PerfectNet-t.build/Objects-normal/arm64/PerfectNet.swiftmodule -serialize-diagnostics -validate-clang-modules-once -clang-build-session-file /Users/admin/builder/spi-builder-workspace/.derivedData/ModuleCache.noindex/Session.modulevalidation -Xcc -fmodules-prune-interval\=86400 -Xcc -fmodules-prune-after\=345600 -emit-const-values -const-gather-protocols-list /Users/admin/builder/spi-builder-workspace/.derivedData/Build/Intermediates.noindex/PerfectNet.build/Debug/PerfectNet-t.build/Objects-normal/arm64/PerfectNet_const_extract_protocols.json -Xcc -I/Users/admin/builder/spi-builder-workspace/.dependencies/checkouts/Perfect-COpenSSL/COpenSSL/include -Xcc -I/Users/admin/builder/spi-builder-workspace/.derivedData/Build/Products/Debug/include -Xcc -I/Users/admin/builder/spi-builder-workspace/.derivedData/Build/Intermediates.noindex/PerfectNet.build/Debug/PerfectNet-t.build/DerivedSources-normal/arm64 -Xcc -I/Users/admin/builder/spi-builder-workspace/.derivedData/Build/Intermediates.noindex/PerfectNet.build/Debug/PerfectNet-t.build/DerivedSources/arm64 -Xcc -I/Users/admin/builder/spi-builder-workspace/.derivedData/Build/Intermediates.noindex/PerfectNet.build/Debug/PerfectNet-t.build/DerivedSources -Xcc -DSWIFT_PACKAGE -Xcc -DDEBUG\=1 -emit-objc-header -emit-objc-header-path /Users/admin/builder/spi-builder-workspace/.derivedData/Build/Intermediates.noindex/PerfectNet.build/Debug/PerfectNet-t.build/Objects-normal/arm64/PerfectNet-Swift.h -working-directory /Users/admin/builder/spi-builder-workspace/.swiftpm/xcode -experimental-emit-module-separately -disable-cmo
SwiftMergeGeneratedHeaders /Users/admin/builder/spi-builder-workspace/.derivedData/Build/Intermediates.noindex/GeneratedModuleMaps/PerfectNet-Swift.h /Users/admin/builder/spi-builder-workspace/.derivedData/Build/Intermediates.noindex/PerfectNet.build/Debug/PerfectNet-t.build/Objects-normal/arm64/PerfectNet-Swift.h (in target 'PerfectNet' from project 'PerfectNet')
cd /Users/admin/builder/spi-builder-workspace/.dependencies/checkouts/Perfect-Net
builtin-swiftHeaderTool -arch arm64 /Users/admin/builder/spi-builder-workspace/.derivedData/Build/Intermediates.noindex/PerfectNet.build/Debug/PerfectNet-t.build/Objects-normal/arm64/PerfectNet-Swift.h -o /Users/admin/builder/spi-builder-workspace/.derivedData/Build/Intermediates.noindex/GeneratedModuleMaps/PerfectNet-Swift.h
Copy /Users/admin/builder/spi-builder-workspace/.derivedData/Build/Products/Debug/PerfectNet.swiftmodule/arm64-apple-macos.swiftmodule /Users/admin/builder/spi-builder-workspace/.derivedData/Build/Intermediates.noindex/PerfectNet.build/Debug/PerfectNet-t.build/Objects-normal/arm64/PerfectNet.swiftmodule (in target 'PerfectNet' from project 'PerfectNet')
cd /Users/admin/builder/spi-builder-workspace/.dependencies/checkouts/Perfect-Net
builtin-copy -exclude .DS_Store -exclude CVS -exclude .svn -exclude .git -exclude .hg -resolve-src-symlinks -rename /Users/admin/builder/spi-builder-workspace/.derivedData/Build/Intermediates.noindex/PerfectNet.build/Debug/PerfectNet-t.build/Objects-normal/arm64/PerfectNet.swiftmodule /Users/admin/builder/spi-builder-workspace/.derivedData/Build/Products/Debug/PerfectNet.swiftmodule/arm64-apple-macos.swiftmodule
Copy /Users/admin/builder/spi-builder-workspace/.derivedData/Build/Products/Debug/PerfectNet.swiftmodule/arm64-apple-macos.swiftdoc /Users/admin/builder/spi-builder-workspace/.derivedData/Build/Intermediates.noindex/PerfectNet.build/Debug/PerfectNet-t.build/Objects-normal/arm64/PerfectNet.swiftdoc (in target 'PerfectNet' from project 'PerfectNet')
cd /Users/admin/builder/spi-builder-workspace/.dependencies/checkouts/Perfect-Net
builtin-copy -exclude .DS_Store -exclude CVS -exclude .svn -exclude .git -exclude .hg -resolve-src-symlinks -rename /Users/admin/builder/spi-builder-workspace/.derivedData/Build/Intermediates.noindex/PerfectNet.build/Debug/PerfectNet-t.build/Objects-normal/arm64/PerfectNet.swiftdoc /Users/admin/builder/spi-builder-workspace/.derivedData/Build/Products/Debug/PerfectNet.swiftmodule/arm64-apple-macos.swiftdoc
Copy /Users/admin/builder/spi-builder-workspace/.derivedData/Build/Products/Debug/PerfectNet.swiftmodule/arm64-apple-macos.abi.json /Users/admin/builder/spi-builder-workspace/.derivedData/Build/Intermediates.noindex/PerfectNet.build/Debug/PerfectNet-t.build/Objects-normal/arm64/PerfectNet.abi.json (in target 'PerfectNet' from project 'PerfectNet')
cd /Users/admin/builder/spi-builder-workspace/.dependencies/checkouts/Perfect-Net
builtin-copy -exclude .DS_Store -exclude CVS -exclude .svn -exclude .git -exclude .hg -resolve-src-symlinks -rename /Users/admin/builder/spi-builder-workspace/.derivedData/Build/Intermediates.noindex/PerfectNet.build/Debug/PerfectNet-t.build/Objects-normal/arm64/PerfectNet.abi.json /Users/admin/builder/spi-builder-workspace/.derivedData/Build/Products/Debug/PerfectNet.swiftmodule/arm64-apple-macos.abi.json
Copy /Users/admin/builder/spi-builder-workspace/.derivedData/Build/Products/Debug/PerfectNet.swiftmodule/Project/arm64-apple-macos.swiftsourceinfo /Users/admin/builder/spi-builder-workspace/.derivedData/Build/Intermediates.noindex/PerfectNet.build/Debug/PerfectNet-t.build/Objects-normal/arm64/PerfectNet.swiftsourceinfo (in target 'PerfectNet' from project 'PerfectNet')
cd /Users/admin/builder/spi-builder-workspace/.dependencies/checkouts/Perfect-Net
builtin-copy -exclude .DS_Store -exclude CVS -exclude .svn -exclude .git -exclude .hg -resolve-src-symlinks -rename /Users/admin/builder/spi-builder-workspace/.derivedData/Build/Intermediates.noindex/PerfectNet.build/Debug/PerfectNet-t.build/Objects-normal/arm64/PerfectNet.swiftsourceinfo /Users/admin/builder/spi-builder-workspace/.derivedData/Build/Products/Debug/PerfectNet.swiftmodule/Project/arm64-apple-macos.swiftsourceinfo
SwiftDriver PerfectRedis normal arm64 com.apple.xcode.tools.swift.compiler (in target 'PerfectRedis' from project 'PerfectRedis')
cd /Users/admin/builder/spi-builder-workspace/.swiftpm/xcode
builtin-SwiftDriver -- /Applications/Xcode-27.0.0-Release.Candidate.app/Contents/Developer/Toolchains/XcodeDefault.xctoolchain/usr/bin/swiftc -parse-as-library -module-name PerfectRedis -Onone @/Users/admin/builder/spi-builder-workspace/.derivedData/Build/Intermediates.noindex/PerfectRedis.build/Debug/PerfectRedis-t.build/Objects-normal/arm64/PerfectRedis.SwiftFileList -DSWIFT_PACKAGE -DDEBUG -DSWIFT_MODULE_RESOURCE_BUNDLE_UNAVAILABLE -Xcc -fmodule-map-file\=/Users/admin/builder/spi-builder-workspace/.dependencies/checkouts/Perfect-COpenSSL/COpenSSL/include/module.modulemap -DXcode -plugin-path /Applications/Xcode-27.0.0-Release.Candidate.app/Contents/Developer/Toolchains/XcodeDefault.xctoolchain/usr/lib/swift/host/plugins/testing -enable-experimental-feature DebugDescriptionMacro -sdk /Applications/Xcode-27.0.0-Release.Candidate.app/Contents/Developer/Platforms/MacOSX.platform/Developer/SDKs/MacOSX27.0.sdk -target arm64-apple-macos12.0 -g -module-cache-path /Users/admin/builder/spi-builder-workspace/.derivedData/ModuleCache.noindex -Xfrontend -serialize-debugging-options -enable-testing -suppress-warnings -index-store-path /Users/admin/builder/spi-builder-workspace/.derivedData/Index.noindex/DataStore -Xcc -D_LIBCPP_HARDENING_MODE\=_LIBCPP_HARDENING_MODE_DEBUG -swift-version 4 -I /Users/admin/builder/spi-builder-workspace/.derivedData/Build/Products/Debug -Isystem /Applications/Xcode-27.0.0-Release.Candidate.app/Contents/Developer/Platforms/MacOSX.platform/Developer/usr/lib -F /Users/admin/builder/spi-builder-workspace/.derivedData/Build/Products/Debug/PackageFrameworks -F /Users/admin/builder/spi-builder-workspace/.derivedData/Build/Products/Debug -F /Applications/Xcode-27.0.0-Release.Candidate.app/Contents/Developer/Platforms/MacOSX.platform/Developer/Library/Frameworks -c -j10 -enable-batch-mode -incremental -Xcc -ivfsstatcache -Xcc /Users/admin/builder/spi-builder-workspace/.derivedData/SDKStatCaches.noindex/macosx27.0-26A425-e829b21a6f8c9b70876ba0858053c0446a22442a12e9d48fe1a705f55a1adfc4.sdkstatcache -output-file-map /Users/admin/builder/spi-builder-workspace/.derivedData/Build/Intermediates.noindex/PerfectRedis.build/Debug/PerfectRedis-t.build/Objects-normal/arm64/PerfectRedis-OutputFileMap.json -save-temps -no-color-diagnostics -emit-dependencies -emit-module -emit-module-path /Users/admin/builder/spi-builder-workspace/.derivedData/Build/Intermediates.noindex/PerfectRedis.build/Debug/PerfectRedis-t.build/Objects-normal/arm64/PerfectRedis.swiftmodule -serialize-diagnostics -validate-clang-modules-once -clang-build-session-file /Users/admin/builder/spi-builder-workspace/.derivedData/ModuleCache.noindex/Session.modulevalidation -Xcc -fmodules-prune-interval\=86400 -Xcc -fmodules-prune-after\=345600 -emit-const-values -const-gather-protocols-list /Users/admin/builder/spi-builder-workspace/.derivedData/Build/Intermediates.noindex/PerfectRedis.build/Debug/PerfectRedis-t.build/Objects-normal/arm64/PerfectRedis_const_extract_protocols.json -Xcc -I/Users/admin/builder/spi-builder-workspace/.dependencies/checkouts/Perfect-COpenSSL/COpenSSL/include -Xcc -I/Users/admin/builder/spi-builder-workspace/.derivedData/Build/Products/Debug/include -Xcc -I/Users/admin/builder/spi-builder-workspace/.derivedData/Build/Intermediates.noindex/PerfectRedis.build/Debug/PerfectRedis-t.build/DerivedSources-normal/arm64 -Xcc -I/Users/admin/builder/spi-builder-workspace/.derivedData/Build/Intermediates.noindex/PerfectRedis.build/Debug/PerfectRedis-t.build/DerivedSources/arm64 -Xcc -I/Users/admin/builder/spi-builder-workspace/.derivedData/Build/Intermediates.noindex/PerfectRedis.build/Debug/PerfectRedis-t.build/DerivedSources -Xcc -DSWIFT_PACKAGE -Xcc -DDEBUG\=1 -emit-objc-header -emit-objc-header-path /Users/admin/builder/spi-builder-workspace/.derivedData/Build/Intermediates.noindex/PerfectRedis.build/Debug/PerfectRedis-t.build/Objects-normal/arm64/PerfectRedis-Swift.h -working-directory /Users/admin/builder/spi-builder-workspace/.swiftpm/xcode -experimental-emit-module-separately -disable-cmo
SwiftDriver PerfectHTTP normal arm64 com.apple.xcode.tools.swift.compiler (in target 'PerfectHTTP' from project 'PerfectHTTP')
cd /Users/admin/builder/spi-builder-workspace/.swiftpm/xcode
builtin-SwiftDriver -- /Applications/Xcode-27.0.0-Release.Candidate.app/Contents/Developer/Toolchains/XcodeDefault.xctoolchain/usr/bin/swiftc -parse-as-library -module-name PerfectHTTP -Onone @/Users/admin/builder/spi-builder-workspace/.derivedData/Build/Intermediates.noindex/PerfectHTTP.build/Debug/PerfectHTTP-t.build/Objects-normal/arm64/PerfectHTTP.SwiftFileList -DSWIFT_PACKAGE -DDEBUG -DSWIFT_MODULE_RESOURCE_BUNDLE_UNAVAILABLE -Xcc -fmodule-map-file\=/Users/admin/builder/spi-builder-workspace/.dependencies/checkouts/Perfect-COpenSSL/COpenSSL/include/module.modulemap -DXcode -plugin-path /Applications/Xcode-27.0.0-Release.Candidate.app/Contents/Developer/Toolchains/XcodeDefault.xctoolchain/usr/lib/swift/host/plugins/testing -enable-experimental-feature DebugDescriptionMacro -sdk /Applications/Xcode-27.0.0-Release.Candidate.app/Contents/Developer/Platforms/MacOSX.platform/Developer/SDKs/MacOSX27.0.sdk -target arm64-apple-macos12.0 -g -module-cache-path /Users/admin/builder/spi-builder-workspace/.derivedData/ModuleCache.noindex -Xfrontend -serialize-debugging-options -enable-testing -suppress-warnings -index-store-path /Users/admin/builder/spi-builder-workspace/.derivedData/Index.noindex/DataStore -Xcc -D_LIBCPP_HARDENING_MODE\=_LIBCPP_HARDENING_MODE_DEBUG -swift-version 4 -I /Users/admin/builder/spi-builder-workspace/.derivedData/Build/Products/Debug -Isystem /Applications/Xcode-27.0.0-Release.Candidate.app/Contents/Developer/Platforms/MacOSX.platform/Developer/usr/lib -F /Users/admin/builder/spi-builder-workspace/.derivedData/Build/Products/Debug/PackageFrameworks -F /Users/admin/builder/spi-builder-workspace/.derivedData/Build/Products/Debug -F /Applications/Xcode-27.0.0-Release.Candidate.app/Contents/Developer/Platforms/MacOSX.platform/Developer/Library/Frameworks -c -j10 -enable-batch-mode -incremental -Xcc -ivfsstatcache -Xcc /Users/admin/builder/spi-builder-workspace/.derivedData/SDKStatCaches.noindex/macosx27.0-26A425-e829b21a6f8c9b70876ba0858053c0446a22442a12e9d48fe1a705f55a1adfc4.sdkstatcache -output-file-map /Users/admin/builder/spi-builder-workspace/.derivedData/Build/Intermediates.noindex/PerfectHTTP.build/Debug/PerfectHTTP-t.build/Objects-normal/arm64/PerfectHTTP-OutputFileMap.json -save-temps -no-color-diagnostics -emit-dependencies -emit-module -emit-module-path /Users/admin/builder/spi-builder-workspace/.derivedData/Build/Intermediates.noindex/PerfectHTTP.build/Debug/PerfectHTTP-t.build/Objects-normal/arm64/PerfectHTTP.swiftmodule -serialize-diagnostics -validate-clang-modules-once -clang-build-session-file /Users/admin/builder/spi-builder-workspace/.derivedData/ModuleCache.noindex/Session.modulevalidation -Xcc -fmodules-prune-interval\=86400 -Xcc -fmodules-prune-after\=345600 -emit-const-values -const-gather-protocols-list /Users/admin/builder/spi-builder-workspace/.derivedData/Build/Intermediates.noindex/PerfectHTTP.build/Debug/PerfectHTTP-t.build/Objects-normal/arm64/PerfectHTTP_const_extract_protocols.json -Xcc -I/Users/admin/builder/spi-builder-workspace/.dependencies/checkouts/Perfect-COpenSSL/COpenSSL/include -Xcc -I/Users/admin/builder/spi-builder-workspace/.derivedData/Build/Products/Debug/include -Xcc -I/Users/admin/builder/spi-builder-workspace/.derivedData/Build/Intermediates.noindex/PerfectHTTP.build/Debug/PerfectHTTP-t.build/DerivedSources-normal/arm64 -Xcc -I/Users/admin/builder/spi-builder-workspace/.derivedData/Build/Intermediates.noindex/PerfectHTTP.build/Debug/PerfectHTTP-t.build/DerivedSources/arm64 -Xcc -I/Users/admin/builder/spi-builder-workspace/.derivedData/Build/Intermediates.noindex/PerfectHTTP.build/Debug/PerfectHTTP-t.build/DerivedSources -Xcc -DSWIFT_PACKAGE -Xcc -DDEBUG\=1 -emit-objc-header -emit-objc-header-path /Users/admin/builder/spi-builder-workspace/.derivedData/Build/Intermediates.noindex/PerfectHTTP.build/Debug/PerfectHTTP-t.build/Objects-normal/arm64/PerfectHTTP-Swift.h -working-directory /Users/admin/builder/spi-builder-workspace/.swiftpm/xcode -experimental-emit-module-separately -disable-cmo
SwiftEmitModule normal arm64 Emitting\ module\ for\ PerfectRedis (in target 'PerfectRedis' from project 'PerfectRedis')
SwiftCompile normal arm64 (in target 'PerfectRedis' from project 'PerfectRedis')
cd /Users/admin/builder/spi-builder-workspace/.swiftpm/xcode
SwiftCompile normal arm64 Compiling\ PerfectRedis.swift /Users/admin/builder/spi-builder-workspace/.dependencies/checkouts/Perfect-Redis/Sources/PerfectRedis/PerfectRedis.swift (in target 'PerfectRedis' from project 'PerfectRedis')
SwiftCompile normal arm64 /Users/admin/builder/spi-builder-workspace/.dependencies/checkouts/Perfect-Redis/Sources/PerfectRedis/PerfectRedis.swift (in target 'PerfectRedis' from project 'PerfectRedis')
cd /Users/admin/builder/spi-builder-workspace/.swiftpm/xcode
builtin-SwiftPerFileCompile PerfectRedis.swift
SwiftEmitModule normal arm64 Emitting\ module\ for\ PerfectHTTP (in target 'PerfectHTTP' from project 'PerfectHTTP')
SwiftCompile normal arm64 (in target 'PerfectHTTP' from project 'PerfectHTTP')
cd /Users/admin/builder/spi-builder-workspace/.swiftpm/xcode
SwiftDriverJobDiscovery normal arm64 Compiling Net.swift (in target 'PerfectNet' from project 'PerfectNet')
SwiftCompile normal arm64 Compiling\ RedisList.swift /Users/admin/builder/spi-builder-workspace/.dependencies/checkouts/Perfect-Redis/Sources/PerfectRedis/RedisList.swift (in target 'PerfectRedis' from project 'PerfectRedis')
SwiftCompile normal arm64 /Users/admin/builder/spi-builder-workspace/.dependencies/checkouts/Perfect-Redis/Sources/PerfectRedis/RedisList.swift (in target 'PerfectRedis' from project 'PerfectRedis')
cd /Users/admin/builder/spi-builder-workspace/.swiftpm/xcode
builtin-SwiftPerFileCompile RedisList.swift
SwiftCompile normal arm64 Compiling\ RedisHash.swift /Users/admin/builder/spi-builder-workspace/.dependencies/checkouts/Perfect-Redis/Sources/PerfectRedis/RedisHash.swift (in target 'PerfectRedis' from project 'PerfectRedis')
SwiftCompile normal arm64 /Users/admin/builder/spi-builder-workspace/.dependencies/checkouts/Perfect-Redis/Sources/PerfectRedis/RedisHash.swift (in target 'PerfectRedis' from project 'PerfectRedis')
cd /Users/admin/builder/spi-builder-workspace/.swiftpm/xcode
builtin-SwiftPerFileCompile RedisHash.swift
SwiftDriverJobDiscovery normal arm64 Compiling NetTCP.swift (in target 'PerfectNet' from project 'PerfectNet')
SwiftCompile normal arm64 Compiling\ RedisClientSync.swift /Users/admin/builder/spi-builder-workspace/.dependencies/checkouts/Perfect-Redis/Sources/PerfectRedis/RedisClientSync.swift (in target 'PerfectRedis' from project 'PerfectRedis')
SwiftCompile normal arm64 /Users/admin/builder/spi-builder-workspace/.dependencies/checkouts/Perfect-Redis/Sources/PerfectRedis/RedisClientSync.swift (in target 'PerfectRedis' from project 'PerfectRedis')
cd /Users/admin/builder/spi-builder-workspace/.swiftpm/xcode
builtin-SwiftPerFileCompile RedisClientSync.swift
SwiftDriverJobDiscovery normal arm64 Compiling NetEvent.swift (in target 'PerfectNet' from project 'PerfectNet')
SwiftCompile normal arm64 Compiling\ RedisSet.swift /Users/admin/builder/spi-builder-workspace/.dependencies/checkouts/Perfect-Redis/Sources/PerfectRedis/RedisSet.swift (in target 'PerfectRedis' from project 'PerfectRedis')
SwiftCompile normal arm64 /Users/admin/builder/spi-builder-workspace/.dependencies/checkouts/Perfect-Redis/Sources/PerfectRedis/RedisSet.swift (in target 'PerfectRedis' from project 'PerfectRedis')
cd /Users/admin/builder/spi-builder-workspace/.swiftpm/xcode
builtin-SwiftPerFileCompile RedisSet.swift
SwiftDriverJobDiscovery normal arm64 Compiling NetUDP.swift (in target 'PerfectNet' from project 'PerfectNet')
SwiftCompile normal arm64 Compiling\ MimeType.swift /Users/admin/builder/spi-builder-workspace/.dependencies/checkouts/Perfect-HTTP/Sources/PerfectHTTP/MimeType.swift (in target 'PerfectHTTP' from project 'PerfectHTTP')
SwiftCompile normal arm64 /Users/admin/builder/spi-builder-workspace/.dependencies/checkouts/Perfect-HTTP/Sources/PerfectHTTP/MimeType.swift (in target 'PerfectHTTP' from project 'PerfectHTTP')
cd /Users/admin/builder/spi-builder-workspace/.swiftpm/xcode
builtin-SwiftPerFileCompile MimeType.swift
SwiftDriverJobDiscovery normal arm64 Compiling NetAddress.swift (in target 'PerfectNet' from project 'PerfectNet')
SwiftCompile normal arm64 Compiling\ HTTPResponse.swift /Users/admin/builder/spi-builder-workspace/.dependencies/checkouts/Perfect-HTTP/Sources/PerfectHTTP/HTTPResponse.swift (in target 'PerfectHTTP' from project 'PerfectHTTP')
SwiftCompile normal arm64 /Users/admin/builder/spi-builder-workspace/.dependencies/checkouts/Perfect-HTTP/Sources/PerfectHTTP/HTTPResponse.swift (in target 'PerfectHTTP' from project 'PerfectHTTP')
cd /Users/admin/builder/spi-builder-workspace/.swiftpm/xcode
builtin-SwiftPerFileCompile HTTPResponse.swift
SwiftDriverJobDiscovery normal arm64 Emitting module for PerfectRedis (in target 'PerfectRedis' from project 'PerfectRedis')
SwiftDriver\ Compilation\ Requirements PerfectRedis normal arm64 com.apple.xcode.tools.swift.compiler (in target 'PerfectRedis' from project 'PerfectRedis')
cd /Users/admin/builder/spi-builder-workspace/.swiftpm/xcode
builtin-Swift-Compilation-Requirements -- /Applications/Xcode-27.0.0-Release.Candidate.app/Contents/Developer/Toolchains/XcodeDefault.xctoolchain/usr/bin/swiftc -parse-as-library -module-name PerfectRedis -Onone @/Users/admin/builder/spi-builder-workspace/.derivedData/Build/Intermediates.noindex/PerfectRedis.build/Debug/PerfectRedis-t.build/Objects-normal/arm64/PerfectRedis.SwiftFileList -DSWIFT_PACKAGE -DDEBUG -DSWIFT_MODULE_RESOURCE_BUNDLE_UNAVAILABLE -Xcc -fmodule-map-file\=/Users/admin/builder/spi-builder-workspace/.dependencies/checkouts/Perfect-COpenSSL/COpenSSL/include/module.modulemap -DXcode -plugin-path /Applications/Xcode-27.0.0-Release.Candidate.app/Contents/Developer/Toolchains/XcodeDefault.xctoolchain/usr/lib/swift/host/plugins/testing -enable-experimental-feature DebugDescriptionMacro -sdk /Applications/Xcode-27.0.0-Release.Candidate.app/Contents/Developer/Platforms/MacOSX.platform/Developer/SDKs/MacOSX27.0.sdk -target arm64-apple-macos12.0 -g -module-cache-path /Users/admin/builder/spi-builder-workspace/.derivedData/ModuleCache.noindex -Xfrontend -serialize-debugging-options -enable-testing -suppress-warnings -index-store-path /Users/admin/builder/spi-builder-workspace/.derivedData/Index.noindex/DataStore -Xcc -D_LIBCPP_HARDENING_MODE\=_LIBCPP_HARDENING_MODE_DEBUG -swift-version 4 -I /Users/admin/builder/spi-builder-workspace/.derivedData/Build/Products/Debug -Isystem /Applications/Xcode-27.0.0-Release.Candidate.app/Contents/Developer/Platforms/MacOSX.platform/Developer/usr/lib -F /Users/admin/builder/spi-builder-workspace/.derivedData/Build/Products/Debug/PackageFrameworks -F /Users/admin/builder/spi-builder-workspace/.derivedData/Build/Products/Debug -F /Applications/Xcode-27.0.0-Release.Candidate.app/Contents/Developer/Platforms/MacOSX.platform/Developer/Library/Frameworks -c -j10 -enable-batch-mode -incremental -Xcc -ivfsstatcache -Xcc /Users/admin/builder/spi-builder-workspace/.derivedData/SDKStatCaches.noindex/macosx27.0-26A425-e829b21a6f8c9b70876ba0858053c0446a22442a12e9d48fe1a705f55a1adfc4.sdkstatcache -output-file-map /Users/admin/builder/spi-builder-workspace/.derivedData/Build/Intermediates.noindex/PerfectRedis.build/Debug/PerfectRedis-t.build/Objects-normal/arm64/PerfectRedis-OutputFileMap.json -save-temps -no-color-diagnostics -emit-dependencies -emit-module -emit-module-path /Users/admin/builder/spi-builder-workspace/.derivedData/Build/Intermediates.noindex/PerfectRedis.build/Debug/PerfectRedis-t.build/Objects-normal/arm64/PerfectRedis.swiftmodule -serialize-diagnostics -validate-clang-modules-once -clang-build-session-file /Users/admin/builder/spi-builder-workspace/.derivedData/ModuleCache.noindex/Session.modulevalidation -Xcc -fmodules-prune-interval\=86400 -Xcc -fmodules-prune-after\=345600 -emit-const-values -const-gather-protocols-list /Users/admin/builder/spi-builder-workspace/.derivedData/Build/Intermediates.noindex/PerfectRedis.build/Debug/PerfectRedis-t.build/Objects-normal/arm64/PerfectRedis_const_extract_protocols.json -Xcc -I/Users/admin/builder/spi-builder-workspace/.dependencies/checkouts/Perfect-COpenSSL/COpenSSL/include -Xcc -I/Users/admin/builder/spi-builder-workspace/.derivedData/Build/Products/Debug/include -Xcc -I/Users/admin/builder/spi-builder-workspace/.derivedData/Build/Intermediates.noindex/PerfectRedis.build/Debug/PerfectRedis-t.build/DerivedSources-normal/arm64 -Xcc -I/Users/admin/builder/spi-builder-workspace/.derivedData/Build/Intermediates.noindex/PerfectRedis.build/Debug/PerfectRedis-t.build/DerivedSources/arm64 -Xcc -I/Users/admin/builder/spi-builder-workspace/.derivedData/Build/Intermediates.noindex/PerfectRedis.build/Debug/PerfectRedis-t.build/DerivedSources -Xcc -DSWIFT_PACKAGE -Xcc -DDEBUG\=1 -emit-objc-header -emit-objc-header-path /Users/admin/builder/spi-builder-workspace/.derivedData/Build/Intermediates.noindex/PerfectRedis.build/Debug/PerfectRedis-t.build/Objects-normal/arm64/PerfectRedis-Swift.h -working-directory /Users/admin/builder/spi-builder-workspace/.swiftpm/xcode -experimental-emit-module-separately -disable-cmo
SwiftDriverJobDiscovery normal arm64 Compiling NetNamedPipe.swift (in target 'PerfectNet' from project 'PerfectNet')
SwiftCompile normal arm64 Compiling\ HTTPMethod.swift /Users/admin/builder/spi-builder-workspace/.dependencies/checkouts/Perfect-HTTP/Sources/PerfectHTTP/HTTPMethod.swift (in target 'PerfectHTTP' from project 'PerfectHTTP')
SwiftCompile normal arm64 /Users/admin/builder/spi-builder-workspace/.dependencies/checkouts/Perfect-HTTP/Sources/PerfectHTTP/HTTPMethod.swift (in target 'PerfectHTTP' from project 'PerfectHTTP')
cd /Users/admin/builder/spi-builder-workspace/.swiftpm/xcode
builtin-SwiftPerFileCompile HTTPMethod.swift
SwiftMergeGeneratedHeaders /Users/admin/builder/spi-builder-workspace/.derivedData/Build/Intermediates.noindex/GeneratedModuleMaps/PerfectRedis-Swift.h /Users/admin/builder/spi-builder-workspace/.derivedData/Build/Intermediates.noindex/PerfectRedis.build/Debug/PerfectRedis-t.build/Objects-normal/arm64/PerfectRedis-Swift.h (in target 'PerfectRedis' from project 'PerfectRedis')
cd /Users/admin/builder/spi-builder-workspace/.dependencies/checkouts/Perfect-Redis
builtin-swiftHeaderTool -arch arm64 /Users/admin/builder/spi-builder-workspace/.derivedData/Build/Intermediates.noindex/PerfectRedis.build/Debug/PerfectRedis-t.build/Objects-normal/arm64/PerfectRedis-Swift.h -o /Users/admin/builder/spi-builder-workspace/.derivedData/Build/Intermediates.noindex/GeneratedModuleMaps/PerfectRedis-Swift.h
SwiftDriverJobDiscovery normal arm64 Compiling RedisList.swift (in target 'PerfectRedis' from project 'PerfectRedis')
Copy /Users/admin/builder/spi-builder-workspace/.derivedData/Build/Products/Debug/PerfectRedis.swiftmodule/arm64-apple-macos.swiftmodule /Users/admin/builder/spi-builder-workspace/.derivedData/Build/Intermediates.noindex/PerfectRedis.build/Debug/PerfectRedis-t.build/Objects-normal/arm64/PerfectRedis.swiftmodule (in target 'PerfectRedis' from project 'PerfectRedis')
cd /Users/admin/builder/spi-builder-workspace/.dependencies/checkouts/Perfect-Redis
builtin-copy -exclude .DS_Store -exclude CVS -exclude .svn -exclude .git -exclude .hg -resolve-src-symlinks -rename /Users/admin/builder/spi-builder-workspace/.derivedData/Build/Intermediates.noindex/PerfectRedis.build/Debug/PerfectRedis-t.build/Objects-normal/arm64/PerfectRedis.swiftmodule /Users/admin/builder/spi-builder-workspace/.derivedData/Build/Products/Debug/PerfectRedis.swiftmodule/arm64-apple-macos.swiftmodule
Copy /Users/admin/builder/spi-builder-workspace/.derivedData/Build/Products/Debug/PerfectRedis.swiftmodule/arm64-apple-macos.swiftdoc /Users/admin/builder/spi-builder-workspace/.derivedData/Build/Intermediates.noindex/PerfectRedis.build/Debug/PerfectRedis-t.build/Objects-normal/arm64/PerfectRedis.swiftdoc (in target 'PerfectRedis' from project 'PerfectRedis')
cd /Users/admin/builder/spi-builder-workspace/.dependencies/checkouts/Perfect-Redis
builtin-copy -exclude .DS_Store -exclude CVS -exclude .svn -exclude .git -exclude .hg -resolve-src-symlinks -rename /Users/admin/builder/spi-builder-workspace/.derivedData/Build/Intermediates.noindex/PerfectRedis.build/Debug/PerfectRedis-t.build/Objects-normal/arm64/PerfectRedis.swiftdoc /Users/admin/builder/spi-builder-workspace/.derivedData/Build/Products/Debug/PerfectRedis.swiftmodule/arm64-apple-macos.swiftdoc
Copy /Users/admin/builder/spi-builder-workspace/.derivedData/Build/Products/Debug/PerfectRedis.swiftmodule/arm64-apple-macos.abi.json /Users/admin/builder/spi-builder-workspace/.derivedData/Build/Intermediates.noindex/PerfectRedis.build/Debug/PerfectRedis-t.build/Objects-normal/arm64/PerfectRedis.abi.json (in target 'PerfectRedis' from project 'PerfectRedis')
cd /Users/admin/builder/spi-builder-workspace/.dependencies/checkouts/Perfect-Redis
builtin-copy -exclude .DS_Store -exclude CVS -exclude .svn -exclude .git -exclude .hg -resolve-src-symlinks -rename /Users/admin/builder/spi-builder-workspace/.derivedData/Build/Intermediates.noindex/PerfectRedis.build/Debug/PerfectRedis-t.build/Objects-normal/arm64/PerfectRedis.abi.json /Users/admin/builder/spi-builder-workspace/.derivedData/Build/Products/Debug/PerfectRedis.swiftmodule/arm64-apple-macos.abi.json
Copy /Users/admin/builder/spi-builder-workspace/.derivedData/Build/Products/Debug/PerfectRedis.swiftmodule/Project/arm64-apple-macos.swiftsourceinfo /Users/admin/builder/spi-builder-workspace/.derivedData/Build/Intermediates.noindex/PerfectRedis.build/Debug/PerfectRedis-t.build/Objects-normal/arm64/PerfectRedis.swiftsourceinfo (in target 'PerfectRedis' from project 'PerfectRedis')
cd /Users/admin/builder/spi-builder-workspace/.dependencies/checkouts/Perfect-Redis
builtin-copy -exclude .DS_Store -exclude CVS -exclude .svn -exclude .git -exclude .hg -resolve-src-symlinks -rename /Users/admin/builder/spi-builder-workspace/.derivedData/Build/Intermediates.noindex/PerfectRedis.build/Debug/PerfectRedis-t.build/Objects-normal/arm64/PerfectRedis.swiftsourceinfo /Users/admin/builder/spi-builder-workspace/.derivedData/Build/Products/Debug/PerfectRedis.swiftmodule/Project/arm64-apple-macos.swiftsourceinfo
SwiftDriverJobDiscovery normal arm64 Compiling RedisHash.swift (in target 'PerfectRedis' from project 'PerfectRedis')
SwiftCompile normal arm64 Compiling\ HTTPHeaders.swift /Users/admin/builder/spi-builder-workspace/.dependencies/checkouts/Perfect-HTTP/Sources/PerfectHTTP/HTTPHeaders.swift (in target 'PerfectHTTP' from project 'PerfectHTTP')
SwiftCompile normal arm64 /Users/admin/builder/spi-builder-workspace/.dependencies/checkouts/Perfect-HTTP/Sources/PerfectHTTP/HTTPHeaders.swift (in target 'PerfectHTTP' from project 'PerfectHTTP')
cd /Users/admin/builder/spi-builder-workspace/.swiftpm/xcode
builtin-SwiftPerFileCompile HTTPHeaders.swift
SwiftCompile normal arm64 Compiling\ StaticFileHandler.swift /Users/admin/builder/spi-builder-workspace/.dependencies/checkouts/Perfect-HTTP/Sources/PerfectHTTP/StaticFileHandler.swift (in target 'PerfectHTTP' from project 'PerfectHTTP')
SwiftCompile normal arm64 /Users/admin/builder/spi-builder-workspace/.dependencies/checkouts/Perfect-HTTP/Sources/PerfectHTTP/StaticFileHandler.swift (in target 'PerfectHTTP' from project 'PerfectHTTP')
cd /Users/admin/builder/spi-builder-workspace/.swiftpm/xcode
builtin-SwiftPerFileCompile StaticFileHandler.swift
SwiftDriverJobDiscovery normal arm64 Compiling RedisSet.swift (in target 'PerfectRedis' from project 'PerfectRedis')
SwiftCompile normal arm64 Compiling\ TypedRoutes.swift /Users/admin/builder/spi-builder-workspace/.dependencies/checkouts/Perfect-HTTP/Sources/PerfectHTTP/TypedRoutes.swift (in target 'PerfectHTTP' from project 'PerfectHTTP')
SwiftCompile normal arm64 /Users/admin/builder/spi-builder-workspace/.dependencies/checkouts/Perfect-HTTP/Sources/PerfectHTTP/TypedRoutes.swift (in target 'PerfectHTTP' from project 'PerfectHTTP')
cd /Users/admin/builder/spi-builder-workspace/.swiftpm/xcode
builtin-SwiftPerFileCompile TypedRoutes.swift
SwiftDriverJobDiscovery normal arm64 Compiling RedisClientSync.swift (in target 'PerfectRedis' from project 'PerfectRedis')
SwiftCompile normal arm64 Compiling\ MimeReader.swift /Users/admin/builder/spi-builder-workspace/.dependencies/checkouts/Perfect-HTTP/Sources/PerfectHTTP/MimeReader.swift (in target 'PerfectHTTP' from project 'PerfectHTTP')
SwiftCompile normal arm64 /Users/admin/builder/spi-builder-workspace/.dependencies/checkouts/Perfect-HTTP/Sources/PerfectHTTP/MimeReader.swift (in target 'PerfectHTTP' from project 'PerfectHTTP')
cd /Users/admin/builder/spi-builder-workspace/.swiftpm/xcode
builtin-SwiftPerFileCompile MimeReader.swift
SwiftDriverJobDiscovery normal arm64 Emitting module for PerfectHTTP (in target 'PerfectHTTP' from project 'PerfectHTTP')
SwiftDriver\ Compilation\ Requirements PerfectHTTP normal arm64 com.apple.xcode.tools.swift.compiler (in target 'PerfectHTTP' from project 'PerfectHTTP')
cd /Users/admin/builder/spi-builder-workspace/.swiftpm/xcode
builtin-Swift-Compilation-Requirements -- /Applications/Xcode-27.0.0-Release.Candidate.app/Contents/Developer/Toolchains/XcodeDefault.xctoolchain/usr/bin/swiftc -parse-as-library -module-name PerfectHTTP -Onone @/Users/admin/builder/spi-builder-workspace/.derivedData/Build/Intermediates.noindex/PerfectHTTP.build/Debug/PerfectHTTP-t.build/Objects-normal/arm64/PerfectHTTP.SwiftFileList -DSWIFT_PACKAGE -DDEBUG -DSWIFT_MODULE_RESOURCE_BUNDLE_UNAVAILABLE -Xcc -fmodule-map-file\=/Users/admin/builder/spi-builder-workspace/.dependencies/checkouts/Perfect-COpenSSL/COpenSSL/include/module.modulemap -DXcode -plugin-path /Applications/Xcode-27.0.0-Release.Candidate.app/Contents/Developer/Toolchains/XcodeDefault.xctoolchain/usr/lib/swift/host/plugins/testing -enable-experimental-feature DebugDescriptionMacro -sdk /Applications/Xcode-27.0.0-Release.Candidate.app/Contents/Developer/Platforms/MacOSX.platform/Developer/SDKs/MacOSX27.0.sdk -target arm64-apple-macos12.0 -g -module-cache-path /Users/admin/builder/spi-builder-workspace/.derivedData/ModuleCache.noindex -Xfrontend -serialize-debugging-options -enable-testing -suppress-warnings -index-store-path /Users/admin/builder/spi-builder-workspace/.derivedData/Index.noindex/DataStore -Xcc -D_LIBCPP_HARDENING_MODE\=_LIBCPP_HARDENING_MODE_DEBUG -swift-version 4 -I /Users/admin/builder/spi-builder-workspace/.derivedData/Build/Products/Debug -Isystem /Applications/Xcode-27.0.0-Release.Candidate.app/Contents/Developer/Platforms/MacOSX.platform/Developer/usr/lib -F /Users/admin/builder/spi-builder-workspace/.derivedData/Build/Products/Debug/PackageFrameworks -F /Users/admin/builder/spi-builder-workspace/.derivedData/Build/Products/Debug -F /Applications/Xcode-27.0.0-Release.Candidate.app/Contents/Developer/Platforms/MacOSX.platform/Developer/Library/Frameworks -c -j10 -enable-batch-mode -incremental -Xcc -ivfsstatcache -Xcc /Users/admin/builder/spi-builder-workspace/.derivedData/SDKStatCaches.noindex/macosx27.0-26A425-e829b21a6f8c9b70876ba0858053c0446a22442a12e9d48fe1a705f55a1adfc4.sdkstatcache -output-file-map /Users/admin/builder/spi-builder-workspace/.derivedData/Build/Intermediates.noindex/PerfectHTTP.build/Debug/PerfectHTTP-t.build/Objects-normal/arm64/PerfectHTTP-OutputFileMap.json -save-temps -no-color-diagnostics -emit-dependencies -emit-module -emit-module-path /Users/admin/builder/spi-builder-workspace/.derivedData/Build/Intermediates.noindex/PerfectHTTP.build/Debug/PerfectHTTP-t.build/Objects-normal/arm64/PerfectHTTP.swiftmodule -serialize-diagnostics -validate-clang-modules-once -clang-build-session-file /Users/admin/builder/spi-builder-workspace/.derivedData/ModuleCache.noindex/Session.modulevalidation -Xcc -fmodules-prune-interval\=86400 -Xcc -fmodules-prune-after\=345600 -emit-const-values -const-gather-protocols-list /Users/admin/builder/spi-builder-workspace/.derivedData/Build/Intermediates.noindex/PerfectHTTP.build/Debug/PerfectHTTP-t.build/Objects-normal/arm64/PerfectHTTP_const_extract_protocols.json -Xcc -I/Users/admin/builder/spi-builder-workspace/.dependencies/checkouts/Perfect-COpenSSL/COpenSSL/include -Xcc -I/Users/admin/builder/spi-builder-workspace/.derivedData/Build/Products/Debug/include -Xcc -I/Users/admin/builder/spi-builder-workspace/.derivedData/Build/Intermediates.noindex/PerfectHTTP.build/Debug/PerfectHTTP-t.build/DerivedSources-normal/arm64 -Xcc -I/Users/admin/builder/spi-builder-workspace/.derivedData/Build/Intermediates.noindex/PerfectHTTP.build/Debug/PerfectHTTP-t.build/DerivedSources/arm64 -Xcc -I/Users/admin/builder/spi-builder-workspace/.derivedData/Build/Intermediates.noindex/PerfectHTTP.build/Debug/PerfectHTTP-t.build/DerivedSources -Xcc -DSWIFT_PACKAGE -Xcc -DDEBUG\=1 -emit-objc-header -emit-objc-header-path /Users/admin/builder/spi-builder-workspace/.derivedData/Build/Intermediates.noindex/PerfectHTTP.build/Debug/PerfectHTTP-t.build/Objects-normal/arm64/PerfectHTTP-Swift.h -working-directory /Users/admin/builder/spi-builder-workspace/.swiftpm/xcode -experimental-emit-module-separately -disable-cmo
SwiftCompile normal arm64 Compiling\ HTTPRequest.swift /Users/admin/builder/spi-builder-workspace/.dependencies/checkouts/Perfect-HTTP/Sources/PerfectHTTP/HTTPRequest.swift (in target 'PerfectHTTP' from project 'PerfectHTTP')
SwiftCompile normal arm64 /Users/admin/builder/spi-builder-workspace/.dependencies/checkouts/Perfect-HTTP/Sources/PerfectHTTP/HTTPRequest.swift (in target 'PerfectHTTP' from project 'PerfectHTTP')
cd /Users/admin/builder/spi-builder-workspace/.swiftpm/xcode
builtin-SwiftPerFileCompile HTTPRequest.swift
SwiftMergeGeneratedHeaders /Users/admin/builder/spi-builder-workspace/.derivedData/Build/Intermediates.noindex/GeneratedModuleMaps/PerfectHTTP-Swift.h /Users/admin/builder/spi-builder-workspace/.derivedData/Build/Intermediates.noindex/PerfectHTTP.build/Debug/PerfectHTTP-t.build/Objects-normal/arm64/PerfectHTTP-Swift.h (in target 'PerfectHTTP' from project 'PerfectHTTP')
cd /Users/admin/builder/spi-builder-workspace/.dependencies/checkouts/Perfect-HTTP
builtin-swiftHeaderTool -arch arm64 /Users/admin/builder/spi-builder-workspace/.derivedData/Build/Intermediates.noindex/PerfectHTTP.build/Debug/PerfectHTTP-t.build/Objects-normal/arm64/PerfectHTTP-Swift.h -o /Users/admin/builder/spi-builder-workspace/.derivedData/Build/Intermediates.noindex/GeneratedModuleMaps/PerfectHTTP-Swift.h
SwiftDriverJobDiscovery normal arm64 Compiling HTTPMethod.swift (in target 'PerfectHTTP' from project 'PerfectHTTP')
Copy /Users/admin/builder/spi-builder-workspace/.derivedData/Build/Products/Debug/PerfectHTTP.swiftmodule/arm64-apple-macos.swiftmodule /Users/admin/builder/spi-builder-workspace/.derivedData/Build/Intermediates.noindex/PerfectHTTP.build/Debug/PerfectHTTP-t.build/Objects-normal/arm64/PerfectHTTP.swiftmodule (in target 'PerfectHTTP' from project 'PerfectHTTP')
cd /Users/admin/builder/spi-builder-workspace/.dependencies/checkouts/Perfect-HTTP
builtin-copy -exclude .DS_Store -exclude CVS -exclude .svn -exclude .git -exclude .hg -resolve-src-symlinks -rename /Users/admin/builder/spi-builder-workspace/.derivedData/Build/Intermediates.noindex/PerfectHTTP.build/Debug/PerfectHTTP-t.build/Objects-normal/arm64/PerfectHTTP.swiftmodule /Users/admin/builder/spi-builder-workspace/.derivedData/Build/Products/Debug/PerfectHTTP.swiftmodule/arm64-apple-macos.swiftmodule
Copy /Users/admin/builder/spi-builder-workspace/.derivedData/Build/Products/Debug/PerfectHTTP.swiftmodule/arm64-apple-macos.swiftdoc /Users/admin/builder/spi-builder-workspace/.derivedData/Build/Intermediates.noindex/PerfectHTTP.build/Debug/PerfectHTTP-t.build/Objects-normal/arm64/PerfectHTTP.swiftdoc (in target 'PerfectHTTP' from project 'PerfectHTTP')
cd /Users/admin/builder/spi-builder-workspace/.dependencies/checkouts/Perfect-HTTP
builtin-copy -exclude .DS_Store -exclude CVS -exclude .svn -exclude .git -exclude .hg -resolve-src-symlinks -rename /Users/admin/builder/spi-builder-workspace/.derivedData/Build/Intermediates.noindex/PerfectHTTP.build/Debug/PerfectHTTP-t.build/Objects-normal/arm64/PerfectHTTP.swiftdoc /Users/admin/builder/spi-builder-workspace/.derivedData/Build/Products/Debug/PerfectHTTP.swiftmodule/arm64-apple-macos.swiftdoc
Copy /Users/admin/builder/spi-builder-workspace/.derivedData/Build/Products/Debug/PerfectHTTP.swiftmodule/arm64-apple-macos.abi.json /Users/admin/builder/spi-builder-workspace/.derivedData/Build/Intermediates.noindex/PerfectHTTP.build/Debug/PerfectHTTP-t.build/Objects-normal/arm64/PerfectHTTP.abi.json (in target 'PerfectHTTP' from project 'PerfectHTTP')
cd /Users/admin/builder/spi-builder-workspace/.dependencies/checkouts/Perfect-HTTP
builtin-copy -exclude .DS_Store -exclude CVS -exclude .svn -exclude .git -exclude .hg -resolve-src-symlinks -rename /Users/admin/builder/spi-builder-workspace/.derivedData/Build/Intermediates.noindex/PerfectHTTP.build/Debug/PerfectHTTP-t.build/Objects-normal/arm64/PerfectHTTP.abi.json /Users/admin/builder/spi-builder-workspace/.derivedData/Build/Products/Debug/PerfectHTTP.swiftmodule/arm64-apple-macos.abi.json
Copy /Users/admin/builder/spi-builder-workspace/.derivedData/Build/Products/Debug/PerfectHTTP.swiftmodule/Project/arm64-apple-macos.swiftsourceinfo /Users/admin/builder/spi-builder-workspace/.derivedData/Build/Intermediates.noindex/PerfectHTTP.build/Debug/PerfectHTTP-t.build/Objects-normal/arm64/PerfectHTTP.swiftsourceinfo (in target 'PerfectHTTP' from project 'PerfectHTTP')
cd /Users/admin/builder/spi-builder-workspace/.dependencies/checkouts/Perfect-HTTP
builtin-copy -exclude .DS_Store -exclude CVS -exclude .svn -exclude .git -exclude .hg -resolve-src-symlinks -rename /Users/admin/builder/spi-builder-workspace/.derivedData/Build/Intermediates.noindex/PerfectHTTP.build/Debug/PerfectHTTP-t.build/Objects-normal/arm64/PerfectHTTP.swiftsourceinfo /Users/admin/builder/spi-builder-workspace/.derivedData/Build/Products/Debug/PerfectHTTP.swiftmodule/Project/arm64-apple-macos.swiftsourceinfo
SwiftCompile normal arm64 Compiling\ HTTPFilter.swift /Users/admin/builder/spi-builder-workspace/.dependencies/checkouts/Perfect-HTTP/Sources/PerfectHTTP/HTTPFilter.swift (in target 'PerfectHTTP' from project 'PerfectHTTP')
SwiftCompile normal arm64 /Users/admin/builder/spi-builder-workspace/.dependencies/checkouts/Perfect-HTTP/Sources/PerfectHTTP/HTTPFilter.swift (in target 'PerfectHTTP' from project 'PerfectHTTP')
cd /Users/admin/builder/spi-builder-workspace/.swiftpm/xcode
builtin-SwiftPerFileCompile HTTPFilter.swift
SwiftDriverJobDiscovery normal arm64 Compiling NetTCPSSL.swift (in target 'PerfectNet' from project 'PerfectNet')
SwiftCompile normal arm64 Compiling\ Routing.swift /Users/admin/builder/spi-builder-workspace/.dependencies/checkouts/Perfect-HTTP/Sources/PerfectHTTP/Routing.swift (in target 'PerfectHTTP' from project 'PerfectHTTP')
SwiftCompile normal arm64 /Users/admin/builder/spi-builder-workspace/.dependencies/checkouts/Perfect-HTTP/Sources/PerfectHTTP/Routing.swift (in target 'PerfectHTTP' from project 'PerfectHTTP')
cd /Users/admin/builder/spi-builder-workspace/.swiftpm/xcode
builtin-SwiftPerFileCompile Routing.swift
SwiftDriver\ Compilation PerfectNet normal arm64 com.apple.xcode.tools.swift.compiler (in target 'PerfectNet' from project 'PerfectNet')
cd /Users/admin/builder/spi-builder-workspace/.swiftpm/xcode
builtin-Swift-Compilation -- /Applications/Xcode-27.0.0-Release.Candidate.app/Contents/Developer/Toolchains/XcodeDefault.xctoolchain/usr/bin/swiftc -parse-as-library -module-name PerfectNet -Onone @/Users/admin/builder/spi-builder-workspace/.derivedData/Build/Intermediates.noindex/PerfectNet.build/Debug/PerfectNet-t.build/Objects-normal/arm64/PerfectNet.SwiftFileList -DSWIFT_PACKAGE -DDEBUG -DSWIFT_MODULE_RESOURCE_BUNDLE_UNAVAILABLE -Xcc -fmodule-map-file\=/Users/admin/builder/spi-builder-workspace/.dependencies/checkouts/Perfect-COpenSSL/COpenSSL/include/module.modulemap -DXcode -plugin-path /Applications/Xcode-27.0.0-Release.Candidate.app/Contents/Developer/Toolchains/XcodeDefault.xctoolchain/usr/lib/swift/host/plugins/testing -enable-experimental-feature DebugDescriptionMacro -sdk /Applications/Xcode-27.0.0-Release.Candidate.app/Contents/Developer/Platforms/MacOSX.platform/Developer/SDKs/MacOSX27.0.sdk -target arm64-apple-macos12.0 -g -module-cache-path /Users/admin/builder/spi-builder-workspace/.derivedData/ModuleCache.noindex -Xfrontend -serialize-debugging-options -enable-testing -suppress-warnings -index-store-path /Users/admin/builder/spi-builder-workspace/.derivedData/Index.noindex/DataStore -Xcc -D_LIBCPP_HARDENING_MODE\=_LIBCPP_HARDENING_MODE_DEBUG -swift-version 4 -I /Users/admin/builder/spi-builder-workspace/.derivedData/Build/Products/Debug -Isystem /Applications/Xcode-27.0.0-Release.Candidate.app/Contents/Developer/Platforms/MacOSX.platform/Developer/usr/lib -F /Users/admin/builder/spi-builder-workspace/.derivedData/Build/Products/Debug/PackageFrameworks -F /Users/admin/builder/spi-builder-workspace/.derivedData/Build/Products/Debug -F /Applications/Xcode-27.0.0-Release.Candidate.app/Contents/Developer/Platforms/MacOSX.platform/Developer/Library/Frameworks -c -j10 -enable-batch-mode -incremental -Xcc -ivfsstatcache -Xcc /Users/admin/builder/spi-builder-workspace/.derivedData/SDKStatCaches.noindex/macosx27.0-26A425-e829b21a6f8c9b70876ba0858053c0446a22442a12e9d48fe1a705f55a1adfc4.sdkstatcache -output-file-map /Users/admin/builder/spi-builder-workspace/.derivedData/Build/Intermediates.noindex/PerfectNet.build/Debug/PerfectNet-t.build/Objects-normal/arm64/PerfectNet-OutputFileMap.json -save-temps -no-color-diagnostics -emit-dependencies -emit-module -emit-module-path /Users/admin/builder/spi-builder-workspace/.derivedData/Build/Intermediates.noindex/PerfectNet.build/Debug/PerfectNet-t.build/Objects-normal/arm64/PerfectNet.swiftmodule -serialize-diagnostics -validate-clang-modules-once -clang-build-session-file /Users/admin/builder/spi-builder-workspace/.derivedData/ModuleCache.noindex/Session.modulevalidation -Xcc -fmodules-prune-interval\=86400 -Xcc -fmodules-prune-after\=345600 -emit-const-values -const-gather-protocols-list /Users/admin/builder/spi-builder-workspace/.derivedData/Build/Intermediates.noindex/PerfectNet.build/Debug/PerfectNet-t.build/Objects-normal/arm64/PerfectNet_const_extract_protocols.json -Xcc -I/Users/admin/builder/spi-builder-workspace/.dependencies/checkouts/Perfect-COpenSSL/COpenSSL/include -Xcc -I/Users/admin/builder/spi-builder-workspace/.derivedData/Build/Products/Debug/include -Xcc -I/Users/admin/builder/spi-builder-workspace/.derivedData/Build/Intermediates.noindex/PerfectNet.build/Debug/PerfectNet-t.build/DerivedSources-normal/arm64 -Xcc -I/Users/admin/builder/spi-builder-workspace/.derivedData/Build/Intermediates.noindex/PerfectNet.build/Debug/PerfectNet-t.build/DerivedSources/arm64 -Xcc -I/Users/admin/builder/spi-builder-workspace/.derivedData/Build/Intermediates.noindex/PerfectNet.build/Debug/PerfectNet-t.build/DerivedSources -Xcc -DSWIFT_PACKAGE -Xcc -DDEBUG\=1 -emit-objc-header -emit-objc-header-path /Users/admin/builder/spi-builder-workspace/.derivedData/Build/Intermediates.noindex/PerfectNet.build/Debug/PerfectNet-t.build/Objects-normal/arm64/PerfectNet-Swift.h -working-directory /Users/admin/builder/spi-builder-workspace/.swiftpm/xcode -experimental-emit-module-separately -disable-cmo
SwiftDriverJobDiscovery normal arm64 Compiling HTTPResponse.swift (in target 'PerfectHTTP' from project 'PerfectHTTP')
SwiftDriver PerfectCURL normal arm64 com.apple.xcode.tools.swift.compiler (in target 'PerfectCURL' from project 'PerfectCURL')
cd /Users/admin/builder/spi-builder-workspace/.swiftpm/xcode
builtin-SwiftDriver -- /Applications/Xcode-27.0.0-Release.Candidate.app/Contents/Developer/Toolchains/XcodeDefault.xctoolchain/usr/bin/swiftc -parse-as-library -module-name PerfectCURL -Onone @/Users/admin/builder/spi-builder-workspace/.derivedData/Build/Intermediates.noindex/PerfectCURL.build/Debug/PerfectCURL-t.build/Objects-normal/arm64/PerfectCURL.SwiftFileList -DSWIFT_PACKAGE -DDEBUG -DSWIFT_MODULE_RESOURCE_BUNDLE_UNAVAILABLE -Xcc -fmodule-map-file\=/Users/admin/builder/spi-builder-workspace/.dependencies/checkouts/Perfect-COpenSSL/COpenSSL/include/module.modulemap -Xcc -fmodule-map-file\=/Users/admin/builder/spi-builder-workspace/.dependencies/checkouts/Perfect-libcurl/module.modulemap -DXcode -plugin-path /Applications/Xcode-27.0.0-Release.Candidate.app/Contents/Developer/Toolchains/XcodeDefault.xctoolchain/usr/lib/swift/host/plugins/testing -enable-experimental-feature DebugDescriptionMacro -sdk /Applications/Xcode-27.0.0-Release.Candidate.app/Contents/Developer/Platforms/MacOSX.platform/Developer/SDKs/MacOSX27.0.sdk -target arm64-apple-macos12.0 -g -module-cache-path /Users/admin/builder/spi-builder-workspace/.derivedData/ModuleCache.noindex -Xfrontend -serialize-debugging-options -enable-testing -suppress-warnings -index-store-path /Users/admin/builder/spi-builder-workspace/.derivedData/Index.noindex/DataStore -Xcc -D_LIBCPP_HARDENING_MODE\=_LIBCPP_HARDENING_MODE_DEBUG -swift-version 4 -I /Users/admin/builder/spi-builder-workspace/.derivedData/Build/Products/Debug -Isystem /Applications/Xcode-27.0.0-Release.Candidate.app/Contents/Developer/Platforms/MacOSX.platform/Developer/usr/lib -F /Users/admin/builder/spi-builder-workspace/.derivedData/Build/Products/Debug/PackageFrameworks -F /Users/admin/builder/spi-builder-workspace/.derivedData/Build/Products/Debug -F /Applications/Xcode-27.0.0-Release.Candidate.app/Contents/Developer/Platforms/MacOSX.platform/Developer/Library/Frameworks -c -j10 -enable-batch-mode -incremental -Xcc -ivfsstatcache -Xcc /Users/admin/builder/spi-builder-workspace/.derivedData/SDKStatCaches.noindex/macosx27.0-26A425-e829b21a6f8c9b70876ba0858053c0446a22442a12e9d48fe1a705f55a1adfc4.sdkstatcache -output-file-map /Users/admin/builder/spi-builder-workspace/.derivedData/Build/Intermediates.noindex/PerfectCURL.build/Debug/PerfectCURL-t.build/Objects-normal/arm64/PerfectCURL-OutputFileMap.json -save-temps -no-color-diagnostics -emit-dependencies -emit-module -emit-module-path /Users/admin/builder/spi-builder-workspace/.derivedData/Build/Intermediates.noindex/PerfectCURL.build/Debug/PerfectCURL-t.build/Objects-normal/arm64/PerfectCURL.swiftmodule -serialize-diagnostics -validate-clang-modules-once -clang-build-session-file /Users/admin/builder/spi-builder-workspace/.derivedData/ModuleCache.noindex/Session.modulevalidation -Xcc -fmodules-prune-interval\=86400 -Xcc -fmodules-prune-after\=345600 -emit-const-values -const-gather-protocols-list /Users/admin/builder/spi-builder-workspace/.derivedData/Build/Intermediates.noindex/PerfectCURL.build/Debug/PerfectCURL-t.build/Objects-normal/arm64/PerfectCURL_const_extract_protocols.json -Xcc -I/Users/admin/builder/spi-builder-workspace/.dependencies/checkouts/Perfect-COpenSSL/COpenSSL/include -Xcc -I/Users/admin/builder/spi-builder-workspace/.derivedData/Build/Products/Debug/include -Xcc -I/Users/admin/builder/spi-builder-workspace/.derivedData/Build/Intermediates.noindex/PerfectCURL.build/Debug/PerfectCURL-t.build/DerivedSources-normal/arm64 -Xcc -I/Users/admin/builder/spi-builder-workspace/.derivedData/Build/Intermediates.noindex/PerfectCURL.build/Debug/PerfectCURL-t.build/DerivedSources/arm64 -Xcc -I/Users/admin/builder/spi-builder-workspace/.derivedData/Build/Intermediates.noindex/PerfectCURL.build/Debug/PerfectCURL-t.build/DerivedSources -Xcc -DSWIFT_PACKAGE -Xcc -DDEBUG\=1 -emit-objc-header -emit-objc-header-path /Users/admin/builder/spi-builder-workspace/.derivedData/Build/Intermediates.noindex/PerfectCURL.build/Debug/PerfectCURL-t.build/Objects-normal/arm64/PerfectCURL-Swift.h -working-directory /Users/admin/builder/spi-builder-workspace/.swiftpm/xcode -experimental-emit-module-separately -disable-cmo
SwiftEmitModule normal arm64 Emitting\ module\ for\ PerfectCURL (in target 'PerfectCURL' from project 'PerfectCURL')
SwiftCompile normal arm64 (in target 'PerfectCURL' from project 'PerfectCURL')
cd /Users/admin/builder/spi-builder-workspace/.swiftpm/xcode
SwiftCompile normal arm64 Compiling\ CURLRequestOptions.swift /Users/admin/builder/spi-builder-workspace/.dependencies/checkouts/Perfect-CURL/Sources/PerfectCURL/CURLRequestOptions.swift (in target 'PerfectCURL' from project 'PerfectCURL')
/Users/admin/builder/spi-builder-workspace/.dependencies/checkouts/Perfect-CURL/Sources/PerfectCURL/CURLRequestOptions.swift:126:19: error: cannot find 'CURLOPT_FTP_RESPONSE_TIMEOUT' in scope
124 | curl.setOption(CURLOPT_FTPPORT, s: optString)
125 | case .ftpResponseTimeout(let optInt):
126 | curl.setOption(CURLOPT_FTP_RESPONSE_TIMEOUT, int: optInt)
| `- error: cannot find 'CURLOPT_FTP_RESPONSE_TIMEOUT' in scope
127 | case .sshPublicKey(let optString):
128 | curl.setOption(CURLOPT_SSH_PUBLIC_KEYFILE, s: optString)
Failed frontend command:
/Applications/Xcode-27.0.0-Release.Candidate.app/Contents/Developer/Toolchains/XcodeDefault.xctoolchain/usr/bin/swift-frontend -frontend -c /Users/admin/builder/spi-builder-workspace/.dependencies/checkouts/Perfect-CURL/Sources/PerfectCURL/CURLRequest.swift -primary-file /Users/admin/builder/spi-builder-workspace/.dependencies/checkouts/Perfect-CURL/Sources/PerfectCURL/CURLRequestOptions.swift /Users/admin/builder/spi-builder-workspace/.dependencies/checkouts/Perfect-CURL/Sources/PerfectCURL/CURLResponse.swift /Users/admin/builder/spi-builder-workspace/.dependencies/checkouts/Perfect-CURL/Sources/PerfectCURL/CURLResponseInfos.swift /Users/admin/builder/spi-builder-workspace/.dependencies/checkouts/Perfect-CURL/Sources/PerfectCURL/cURL.swift -emit-dependencies-path /Users/admin/builder/spi-builder-workspace/.derivedData/Build/Intermediates.noindex/PerfectCURL.build/Debug/PerfectCURL-t.build/Objects-normal/arm64/CURLRequestOptions.d -emit-const-values-path /Users/admin/builder/spi-builder-workspace/.derivedData/Build/Intermediates.noindex/PerfectCURL.build/Debug/PerfectCURL-t.build/Objects-normal/arm64/CURLRequestOptions.swiftconstvalues -emit-reference-dependencies-path /Users/admin/builder/spi-builder-workspace/.derivedData/Build/Intermediates.noindex/PerfectCURL.build/Debug/PerfectCURL-t.build/Objects-normal/arm64/CURLRequestOptions.swiftdeps -serialize-diagnostics-path /Users/admin/builder/spi-builder-workspace/.derivedData/Build/Intermediates.noindex/PerfectCURL.build/Debug/PerfectCURL-t.build/Objects-normal/arm64/CURLRequestOptions.dia -target arm64-apple-macos12.0 -Xllvm -aarch64-use-tbi -enable-objc-interop -stack-check -sdk /Applications/Xcode-27.0.0-Release.Candidate.app/Contents/Developer/Platforms/MacOSX.platform/Developer/SDKs/MacOSX27.0.sdk -I /Users/admin/builder/spi-builder-workspace/.derivedData/Build/Products/Debug -Isystem /Applications/Xcode-27.0.0-Release.Candidate.app/Contents/Developer/Platforms/MacOSX.platform/Developer/usr/lib -F /Users/admin/builder/spi-builder-workspace/.derivedData/Build/Products/Debug/PackageFrameworks -F /Users/admin/builder/spi-builder-workspace/.derivedData/Build/Products/Debug -F /Applications/Xcode-27.0.0-Release.Candidate.app/Contents/Developer/Platforms/MacOSX.platform/Developer/Library/Frameworks -module-cache-path /Users/admin/builder/spi-builder-workspace/.derivedData/ModuleCache.noindex -no-color-diagnostics -Xcc -fno-color-diagnostics -enable-testing -g -debug-info-format\=dwarf -dwarf-version\=4 -suppress-warnings -swift-version 4 -Onone -D SWIFT_PACKAGE -D DEBUG -D SWIFT_MODULE_RESOURCE_BUNDLE_UNAVAILABLE -D Xcode -serialize-debugging-options -enable-experimental-feature DebugDescriptionMacro -empty-abi-descriptor -plugin-path /Applications/Xcode-27.0.0-Release.Candidate.app/Contents/Developer/Toolchains/XcodeDefault.xctoolchain/usr/lib/swift/host/plugins/testing -validate-clang-modules-once -clang-build-session-file /Users/admin/builder/spi-builder-workspace/.derivedData/ModuleCache.noindex/Session.modulevalidation -Xcc -working-directory -Xcc /Users/admin/builder/spi-builder-workspace/.swiftpm/xcode -enable-anonymous-context-mangled-names -file-compilation-dir /Users/admin/builder/spi-builder-workspace/.swiftpm/xcode -Xcc -fmodule-map-file\=/Users/admin/builder/spi-builder-workspace/.dependencies/checkouts/Perfect-COpenSSL/COpenSSL/include/module.modulemap -Xcc -fmodule-map-file\=/Users/admin/builder/spi-builder-workspace/.dependencies/checkouts/Perfect-libcurl/module.modulemap -Xcc -D_LIBCPP_HARDENING_MODE\=_LIBCPP_HARDENING_MODE_DEBUG -Xcc -ivfsstatcache -Xcc /Users/admin/builder/spi-builder-workspace/.derivedData/SDKStatCaches.noindex/macosx27.0-26A425-e829b21a6f8c9b70876ba0858053c0446a22442a12e9d48fe1a705f55a1adfc4.sdkstatcache -Xcc -fmodules-prune-interval\=86400 -Xcc -fmodules-prune-after\=345600 -Xcc -I/Users/admin/builder/spi-builder-workspace/.dependencies/checkouts/Perfect-COpenSSL/COpenSSL/include -Xcc -I/Users/admin/builder/spi-builder-workspace/.derivedData/Build/Products/Debug/include -Xcc -I/Users/admin/builder/spi-builder-workspace/.derivedData/Build/Intermediates.noindex/PerfectCURL.build/Debug/PerfectCURL-t.build/DerivedSources-normal/arm64 -Xcc -I/Users/admin/builder/spi-builder-workspace/.derivedData/Build/Intermediates.noindex/PerfectCURL.build/Debug/PerfectCURL-t.build/DerivedSources/arm64 -Xcc -I/Users/admin/builder/spi-builder-workspace/.derivedData/Build/Intermediates.noindex/PerfectCURL.build/Debug/PerfectCURL-t.build/DerivedSources -Xcc -DSWIFT_PACKAGE -Xcc -DDEBUG\=1 -no-auto-bridging-header-chaining -module-name PerfectCURL -const-gather-protocols-file /Users/admin/builder/spi-builder-workspace/.derivedData/Build/Intermediates.noindex/PerfectCURL.build/Debug/PerfectCURL-t.build/Objects-normal/arm64/PerfectCURL_const_extract_protocols.json -disable-clang-spi -target-sdk-version 27.0 -target-sdk-name macosx27.0 -external-plugin-path /Applications/Xcode-27.0.0-Release.Candidate.app/Contents/Developer/Platforms/MacOSX.platform/Developer/usr/lib/swift/host/plugins\#/Applications/Xcode-27.0.0-Release.Candidate.app/Contents/Developer/Platforms/MacOSX.platform/Developer/usr/bin/swift-plugin-server -external-plugin-path /Applications/Xcode-27.0.0-Release.Candidate.app/Contents/Developer/Platforms/MacOSX.platform/Developer/usr/local/lib/swift/host/plugins\#/Applications/Xcode-27.0.0-Release.Candidate.app/Contents/Developer/Platforms/MacOSX.platform/Developer/usr/bin/swift-plugin-server -in-process-plugin-server-path /Applications/Xcode-27.0.0-Release.Candidate.app/Contents/Developer/Toolchains/XcodeDefault.xctoolchain/usr/lib/swift/host/libSwiftInProcPluginServer.dylib -plugin-path /Applications/Xcode-27.0.0-Release.Candidate.app/Contents/Developer/Toolchains/XcodeDefault.xctoolchain/usr/lib/swift/host/plugins -plugin-path /Applications/Xcode-27.0.0-Release.Candidate.app/Contents/Developer/Toolchains/XcodeDefault.xctoolchain/usr/local/lib/swift/host/plugins -parse-as-library -o /Users/admin/builder/spi-builder-workspace/.derivedData/Build/Intermediates.noindex/PerfectCURL.build/Debug/PerfectCURL-t.build/Objects-normal/arm64/CURLRequestOptions.o -index-unit-output-path /PerfectCURL.build/Debug/PerfectCURL-t.build/Objects-normal/arm64/CURLRequestOptions.o -index-store-path /Users/admin/builder/spi-builder-workspace/.derivedData/Index.noindex/DataStore -index-system-modules
SwiftCompile normal arm64 /Users/admin/builder/spi-builder-workspace/.dependencies/checkouts/Perfect-CURL/Sources/PerfectCURL/CURLRequestOptions.swift (in target 'PerfectCURL' from project 'PerfectCURL')
cd /Users/admin/builder/spi-builder-workspace/.swiftpm/xcode
builtin-SwiftPerFileCompile CURLRequestOptions.swift
SwiftDriverJobDiscovery normal arm64 Compiling HTTPHeaders.swift (in target 'PerfectHTTP' from project 'PerfectHTTP')
SwiftCompile normal arm64 Compiling\ CURLResponse.swift /Users/admin/builder/spi-builder-workspace/.dependencies/checkouts/Perfect-CURL/Sources/PerfectCURL/CURLResponse.swift (in target 'PerfectCURL' from project 'PerfectCURL')
SwiftCompile normal arm64 /Users/admin/builder/spi-builder-workspace/.dependencies/checkouts/Perfect-CURL/Sources/PerfectCURL/CURLResponse.swift (in target 'PerfectCURL' from project 'PerfectCURL')
cd /Users/admin/builder/spi-builder-workspace/.swiftpm/xcode
builtin-SwiftPerFileCompile CURLResponse.swift
SwiftDriverJobDiscovery normal arm64 Compiling HTTPFilter.swift (in target 'PerfectHTTP' from project 'PerfectHTTP')
SwiftCompile normal arm64 Compiling\ CURLResponseInfos.swift /Users/admin/builder/spi-builder-workspace/.dependencies/checkouts/Perfect-CURL/Sources/PerfectCURL/CURLResponseInfos.swift (in target 'PerfectCURL' from project 'PerfectCURL')
SwiftCompile normal arm64 /Users/admin/builder/spi-builder-workspace/.dependencies/checkouts/Perfect-CURL/Sources/PerfectCURL/CURLResponseInfos.swift (in target 'PerfectCURL' from project 'PerfectCURL')
cd /Users/admin/builder/spi-builder-workspace/.swiftpm/xcode
builtin-SwiftPerFileCompile CURLResponseInfos.swift
SwiftDriverJobDiscovery normal arm64 Compiling HTTPRequest.swift (in target 'PerfectHTTP' from project 'PerfectHTTP')
SwiftCompile normal arm64 Compiling\ cURL.swift /Users/admin/builder/spi-builder-workspace/.dependencies/checkouts/Perfect-CURL/Sources/PerfectCURL/cURL.swift (in target 'PerfectCURL' from project 'PerfectCURL')
SwiftCompile normal arm64 /Users/admin/builder/spi-builder-workspace/.dependencies/checkouts/Perfect-CURL/Sources/PerfectCURL/cURL.swift (in target 'PerfectCURL' from project 'PerfectCURL')
cd /Users/admin/builder/spi-builder-workspace/.swiftpm/xcode
builtin-SwiftPerFileCompile cURL.swift
SwiftDriverJobDiscovery normal arm64 Compiling StaticFileHandler.swift (in target 'PerfectHTTP' from project 'PerfectHTTP')
SwiftCompile normal arm64 Compiling\ CURLRequest.swift /Users/admin/builder/spi-builder-workspace/.dependencies/checkouts/Perfect-CURL/Sources/PerfectCURL/CURLRequest.swift (in target 'PerfectCURL' from project 'PerfectCURL')
SwiftCompile normal arm64 /Users/admin/builder/spi-builder-workspace/.dependencies/checkouts/Perfect-CURL/Sources/PerfectCURL/CURLRequest.swift (in target 'PerfectCURL' from project 'PerfectCURL')
cd /Users/admin/builder/spi-builder-workspace/.swiftpm/xcode
builtin-SwiftPerFileCompile CURLRequest.swift
SwiftDriverJobDiscovery normal arm64 Compiling MimeReader.swift (in target 'PerfectHTTP' from project 'PerfectHTTP')
SwiftDriverJobDiscovery normal arm64 Emitting module for PerfectCURL (in target 'PerfectCURL' from project 'PerfectCURL')
SwiftDriver\ Compilation\ Requirements PerfectCURL normal arm64 com.apple.xcode.tools.swift.compiler (in target 'PerfectCURL' from project 'PerfectCURL')
cd /Users/admin/builder/spi-builder-workspace/.swiftpm/xcode
builtin-Swift-Compilation-Requirements -- /Applications/Xcode-27.0.0-Release.Candidate.app/Contents/Developer/Toolchains/XcodeDefault.xctoolchain/usr/bin/swiftc -parse-as-library -module-name PerfectCURL -Onone @/Users/admin/builder/spi-builder-workspace/.derivedData/Build/Intermediates.noindex/PerfectCURL.build/Debug/PerfectCURL-t.build/Objects-normal/arm64/PerfectCURL.SwiftFileList -DSWIFT_PACKAGE -DDEBUG -DSWIFT_MODULE_RESOURCE_BUNDLE_UNAVAILABLE -Xcc -fmodule-map-file\=/Users/admin/builder/spi-builder-workspace/.dependencies/checkouts/Perfect-COpenSSL/COpenSSL/include/module.modulemap -Xcc -fmodule-map-file\=/Users/admin/builder/spi-builder-workspace/.dependencies/checkouts/Perfect-libcurl/module.modulemap -DXcode -plugin-path /Applications/Xcode-27.0.0-Release.Candidate.app/Contents/Developer/Toolchains/XcodeDefault.xctoolchain/usr/lib/swift/host/plugins/testing -enable-experimental-feature DebugDescriptionMacro -sdk /Applications/Xcode-27.0.0-Release.Candidate.app/Contents/Developer/Platforms/MacOSX.platform/Developer/SDKs/MacOSX27.0.sdk -target arm64-apple-macos12.0 -g -module-cache-path /Users/admin/builder/spi-builder-workspace/.derivedData/ModuleCache.noindex -Xfrontend -serialize-debugging-options -enable-testing -suppress-warnings -index-store-path /Users/admin/builder/spi-builder-workspace/.derivedData/Index.noindex/DataStore -Xcc -D_LIBCPP_HARDENING_MODE\=_LIBCPP_HARDENING_MODE_DEBUG -swift-version 4 -I /Users/admin/builder/spi-builder-workspace/.derivedData/Build/Products/Debug -Isystem /Applications/Xcode-27.0.0-Release.Candidate.app/Contents/Developer/Platforms/MacOSX.platform/Developer/usr/lib -F /Users/admin/builder/spi-builder-workspace/.derivedData/Build/Products/Debug/PackageFrameworks -F /Users/admin/builder/spi-builder-workspace/.derivedData/Build/Products/Debug -F /Applications/Xcode-27.0.0-Release.Candidate.app/Contents/Developer/Platforms/MacOSX.platform/Developer/Library/Frameworks -c -j10 -enable-batch-mode -incremental -Xcc -ivfsstatcache -Xcc /Users/admin/builder/spi-builder-workspace/.derivedData/SDKStatCaches.noindex/macosx27.0-26A425-e829b21a6f8c9b70876ba0858053c0446a22442a12e9d48fe1a705f55a1adfc4.sdkstatcache -output-file-map /Users/admin/builder/spi-builder-workspace/.derivedData/Build/Intermediates.noindex/PerfectCURL.build/Debug/PerfectCURL-t.build/Objects-normal/arm64/PerfectCURL-OutputFileMap.json -save-temps -no-color-diagnostics -emit-dependencies -emit-module -emit-module-path /Users/admin/builder/spi-builder-workspace/.derivedData/Build/Intermediates.noindex/PerfectCURL.build/Debug/PerfectCURL-t.build/Objects-normal/arm64/PerfectCURL.swiftmodule -serialize-diagnostics -validate-clang-modules-once -clang-build-session-file /Users/admin/builder/spi-builder-workspace/.derivedData/ModuleCache.noindex/Session.modulevalidation -Xcc -fmodules-prune-interval\=86400 -Xcc -fmodules-prune-after\=345600 -emit-const-values -const-gather-protocols-list /Users/admin/builder/spi-builder-workspace/.derivedData/Build/Intermediates.noindex/PerfectCURL.build/Debug/PerfectCURL-t.build/Objects-normal/arm64/PerfectCURL_const_extract_protocols.json -Xcc -I/Users/admin/builder/spi-builder-workspace/.dependencies/checkouts/Perfect-COpenSSL/COpenSSL/include -Xcc -I/Users/admin/builder/spi-builder-workspace/.derivedData/Build/Products/Debug/include -Xcc -I/Users/admin/builder/spi-builder-workspace/.derivedData/Build/Intermediates.noindex/PerfectCURL.build/Debug/PerfectCURL-t.build/DerivedSources-normal/arm64 -Xcc -I/Users/admin/builder/spi-builder-workspace/.derivedData/Build/Intermediates.noindex/PerfectCURL.build/Debug/PerfectCURL-t.build/DerivedSources/arm64 -Xcc -I/Users/admin/builder/spi-builder-workspace/.derivedData/Build/Intermediates.noindex/PerfectCURL.build/Debug/PerfectCURL-t.build/DerivedSources -Xcc -DSWIFT_PACKAGE -Xcc -DDEBUG\=1 -emit-objc-header -emit-objc-header-path /Users/admin/builder/spi-builder-workspace/.derivedData/Build/Intermediates.noindex/PerfectCURL.build/Debug/PerfectCURL-t.build/Objects-normal/arm64/PerfectCURL-Swift.h -working-directory /Users/admin/builder/spi-builder-workspace/.swiftpm/xcode -experimental-emit-module-separately -disable-cmo
SwiftMergeGeneratedHeaders /Users/admin/builder/spi-builder-workspace/.derivedData/Build/Intermediates.noindex/GeneratedModuleMaps/PerfectCURL-Swift.h /Users/admin/builder/spi-builder-workspace/.derivedData/Build/Intermediates.noindex/PerfectCURL.build/Debug/PerfectCURL-t.build/Objects-normal/arm64/PerfectCURL-Swift.h (in target 'PerfectCURL' from project 'PerfectCURL')
cd /Users/admin/builder/spi-builder-workspace/.dependencies/checkouts/Perfect-CURL
builtin-swiftHeaderTool -arch arm64 /Users/admin/builder/spi-builder-workspace/.derivedData/Build/Intermediates.noindex/PerfectCURL.build/Debug/PerfectCURL-t.build/Objects-normal/arm64/PerfectCURL-Swift.h -o /Users/admin/builder/spi-builder-workspace/.derivedData/Build/Intermediates.noindex/GeneratedModuleMaps/PerfectCURL-Swift.h
Copy /Users/admin/builder/spi-builder-workspace/.derivedData/Build/Products/Debug/PerfectCURL.swiftmodule/arm64-apple-macos.swiftmodule /Users/admin/builder/spi-builder-workspace/.derivedData/Build/Intermediates.noindex/PerfectCURL.build/Debug/PerfectCURL-t.build/Objects-normal/arm64/PerfectCURL.swiftmodule (in target 'PerfectCURL' from project 'PerfectCURL')
cd /Users/admin/builder/spi-builder-workspace/.dependencies/checkouts/Perfect-CURL
builtin-copy -exclude .DS_Store -exclude CVS -exclude .svn -exclude .git -exclude .hg -resolve-src-symlinks -rename /Users/admin/builder/spi-builder-workspace/.derivedData/Build/Intermediates.noindex/PerfectCURL.build/Debug/PerfectCURL-t.build/Objects-normal/arm64/PerfectCURL.swiftmodule /Users/admin/builder/spi-builder-workspace/.derivedData/Build/Products/Debug/PerfectCURL.swiftmodule/arm64-apple-macos.swiftmodule
Copy /Users/admin/builder/spi-builder-workspace/.derivedData/Build/Products/Debug/PerfectCURL.swiftmodule/arm64-apple-macos.swiftdoc /Users/admin/builder/spi-builder-workspace/.derivedData/Build/Intermediates.noindex/PerfectCURL.build/Debug/PerfectCURL-t.build/Objects-normal/arm64/PerfectCURL.swiftdoc (in target 'PerfectCURL' from project 'PerfectCURL')
cd /Users/admin/builder/spi-builder-workspace/.dependencies/checkouts/Perfect-CURL
builtin-copy -exclude .DS_Store -exclude CVS -exclude .svn -exclude .git -exclude .hg -resolve-src-symlinks -rename /Users/admin/builder/spi-builder-workspace/.derivedData/Build/Intermediates.noindex/PerfectCURL.build/Debug/PerfectCURL-t.build/Objects-normal/arm64/PerfectCURL.swiftdoc /Users/admin/builder/spi-builder-workspace/.derivedData/Build/Products/Debug/PerfectCURL.swiftmodule/arm64-apple-macos.swiftdoc
Copy /Users/admin/builder/spi-builder-workspace/.derivedData/Build/Products/Debug/PerfectCURL.swiftmodule/arm64-apple-macos.abi.json /Users/admin/builder/spi-builder-workspace/.derivedData/Build/Intermediates.noindex/PerfectCURL.build/Debug/PerfectCURL-t.build/Objects-normal/arm64/PerfectCURL.abi.json (in target 'PerfectCURL' from project 'PerfectCURL')
cd /Users/admin/builder/spi-builder-workspace/.dependencies/checkouts/Perfect-CURL
builtin-copy -exclude .DS_Store -exclude CVS -exclude .svn -exclude .git -exclude .hg -resolve-src-symlinks -rename /Users/admin/builder/spi-builder-workspace/.derivedData/Build/Intermediates.noindex/PerfectCURL.build/Debug/PerfectCURL-t.build/Objects-normal/arm64/PerfectCURL.abi.json /Users/admin/builder/spi-builder-workspace/.derivedData/Build/Products/Debug/PerfectCURL.swiftmodule/arm64-apple-macos.abi.json
Copy /Users/admin/builder/spi-builder-workspace/.derivedData/Build/Products/Debug/PerfectCURL.swiftmodule/Project/arm64-apple-macos.swiftsourceinfo /Users/admin/builder/spi-builder-workspace/.derivedData/Build/Intermediates.noindex/PerfectCURL.build/Debug/PerfectCURL-t.build/Objects-normal/arm64/PerfectCURL.swiftsourceinfo (in target 'PerfectCURL' from project 'PerfectCURL')
cd /Users/admin/builder/spi-builder-workspace/.dependencies/checkouts/Perfect-CURL
builtin-copy -exclude .DS_Store -exclude CVS -exclude .svn -exclude .git -exclude .hg -resolve-src-symlinks -rename /Users/admin/builder/spi-builder-workspace/.derivedData/Build/Intermediates.noindex/PerfectCURL.build/Debug/PerfectCURL-t.build/Objects-normal/arm64/PerfectCURL.swiftsourceinfo /Users/admin/builder/spi-builder-workspace/.derivedData/Build/Products/Debug/PerfectCURL.swiftmodule/Project/arm64-apple-macos.swiftsourceinfo
Ld /Users/admin/builder/spi-builder-workspace/.derivedData/Build/Products/Debug/PerfectNet.o normal (in target 'PerfectNet' from project 'PerfectNet')
cd /Users/admin/builder/spi-builder-workspace/.dependencies/checkouts/Perfect-Net
/Applications/Xcode-27.0.0-Release.Candidate.app/Contents/Developer/Toolchains/XcodeDefault.xctoolchain/usr/bin/clang -Xlinker -reproducible -target arm64-apple-macos12.0 -r -isysroot /Applications/Xcode-27.0.0-Release.Candidate.app/Contents/Developer/Platforms/MacOSX.platform/Developer/SDKs/MacOSX27.0.sdk -O0 -w -Xlinker -no_warn_duplicate_libraries -F/Users/admin/builder/spi-builder-workspace/.derivedData/Build/Intermediates.noindex/EagerLinkingTBDs/Debug -F/Users/admin/builder/spi-builder-workspace/.derivedData/Build/Products/Debug/PackageFrameworks -F/Users/admin/builder/spi-builder-workspace/.derivedData/Build/Products/Debug -iframework /Applications/Xcode-27.0.0-Release.Candidate.app/Contents/Developer/Platforms/MacOSX.platform/Developer/Library/Frameworks -filelist /Users/admin/builder/spi-builder-workspace/.derivedData/Build/Intermediates.noindex/PerfectNet.build/Debug/PerfectNet-t.build/Objects-normal/arm64/PerfectNet.LinkFileList -nostdlib -Xlinker -object_path_lto -Xlinker /Users/admin/builder/spi-builder-workspace/.derivedData/Build/Intermediates.noindex/PerfectNet.build/Debug/PerfectNet-t.build/Objects-normal/arm64/PerfectNet_lto.o -Xlinker -no_deduplicate -Xlinker -dependency_info -Xlinker /Users/admin/builder/spi-builder-workspace/.derivedData/Build/Intermediates.noindex/PerfectNet.build/Debug/PerfectNet-t.build/Objects-normal/arm64/PerfectNet_dependency_info.dat -fobjc-link-runtime -L/Applications/Xcode-27.0.0-Release.Candidate.app/Contents/Developer/Toolchains/XcodeDefault.xctoolchain/usr/lib/swift/macosx -L/usr/lib/swift -Xlinker -add_ast_path -Xlinker /Users/admin/builder/spi-builder-workspace/.derivedData/Build/Intermediates.noindex/PerfectNet.build/Debug/PerfectNet-t.build/Objects-normal/arm64/PerfectNet.swiftmodule -o /Users/admin/builder/spi-builder-workspace/.derivedData/Build/Products/Debug/PerfectNet.o
ExtractAppIntentsMetadata (in target 'PerfectNet' from project 'PerfectNet')
cd /Users/admin/builder/spi-builder-workspace/.dependencies/checkouts/Perfect-Net
/Applications/Xcode-27.0.0-Release.Candidate.app/Contents/Developer/Toolchains/XcodeDefault.xctoolchain/usr/bin/appintentsmetadataprocessor --toolchain-dir /var/run/com.apple.security.cryptexd/mnt/com.apple.MobileAsset.MetalToolchain-v27.1.266.1.5EZ6qh/Metal.xctoolchain --module-name PerfectNet --sdk-root /Applications/Xcode-27.0.0-Release.Candidate.app/Contents/Developer/Platforms/MacOSX.platform/Developer/SDKs/MacOSX27.0.sdk --xcode-version 27A266a --platform-family macOS --deployment-target 12.0 --bundle-identifier perfect-net.PerfectNet --output /Users/admin/builder/spi-builder-workspace/.derivedData/Build/Products/Debug/PerfectNet.appintents --target-triple arm64-apple-macos12.0 --binary-file /Users/admin/builder/spi-builder-workspace/.derivedData/Build/Products/Debug/PerfectNet.o --dependency-file /Users/admin/builder/spi-builder-workspace/.derivedData/Build/Intermediates.noindex/PerfectNet.build/Debug/PerfectNet-t.build/Objects-normal/arm64/PerfectNet_dependency_info.dat --stringsdata-file /Users/admin/builder/spi-builder-workspace/.derivedData/Build/Intermediates.noindex/PerfectNet.build/Debug/PerfectNet-t.build/Objects-normal/arm64/ExtractedAppShortcutsMetadata.stringsdata --source-file-list /Users/admin/builder/spi-builder-workspace/.derivedData/Build/Intermediates.noindex/PerfectNet.build/Debug/PerfectNet-t.build/Objects-normal/arm64/PerfectNet.SwiftFileList --metadata-file-list /Users/admin/builder/spi-builder-workspace/.derivedData/Build/Intermediates.noindex/PerfectNet.build/Debug/PerfectNet-t.build/PerfectNet.DependencyMetadataFileList --static-metadata-file-list /Users/admin/builder/spi-builder-workspace/.derivedData/Build/Intermediates.noindex/PerfectNet.build/Debug/PerfectNet-t.build/PerfectNet.DependencyStaticMetadataFileList --swift-const-vals-list /Users/admin/builder/spi-builder-workspace/.derivedData/Build/Intermediates.noindex/PerfectNet.build/Debug/PerfectNet-t.build/Objects-normal/arm64/PerfectNet.SwiftConstValuesFileList --force --compile-time-extraction --deployment-aware-processing --no-app-shortcuts-localization
2026-09-16 08:27:13.614 appintentsmetadataprocessor[1494:7337] Starting appintentsmetadataprocessor export
PruneExplicitPrecompiledModules /Users/admin/builder/spi-builder-workspace/.derivedData/Build/Intermediates.noindex/SwiftExplicitPrecompiledModules
PruneExplicitPrecompiledModules /Users/admin/builder/spi-builder-workspace/.derivedData/SDKExplicitPrecompiledModules
PruneExplicitPrecompiledModules /Users/admin/builder/spi-builder-workspace/.derivedData/Build/Intermediates.noindex/ExplicitPrecompiledModules
2026-09-16 08:27:02.674 xcodebuild[1069:5981] [MT] IDERunDestination: Supported platforms for the buildables in the current scheme is empty.
--- xcodebuild: WARNING: Using the first of multiple matching destinations:
{ platform:macOS, arch:arm64, id:52fc276b921febf8390852ff4e3d44a166b3174e, name:My Mac }
{ platform:macOS, arch:arm64, variant:Mac Catalyst, id:52fc276b921febf8390852ff4e3d44a166b3174e, name:My Mac }
{ platform:macOS, arch:arm64, variant:DriverKit, id:52fc276b921febf8390852ff4e3d44a166b3174e, name:My Mac }
{ platform:macOS, arch:arm64, variant:Designed for [iPad,iPhone], id:52fc276b921febf8390852ff4e3d44a166b3174e, name:My Mac }
** BUILD FAILED **
The following build commands failed:
SwiftCompile normal arm64 Compiling\ CURLRequestOptions.swift /Users/admin/builder/spi-builder-workspace/.dependencies/checkouts/Perfect-CURL/Sources/PerfectCURL/CURLRequestOptions.swift (in target 'PerfectCURL' from project 'PerfectCURL')
SwiftCompile normal arm64 /Users/admin/builder/spi-builder-workspace/.dependencies/checkouts/Perfect-CURL/Sources/PerfectCURL/CURLRequestOptions.swift (in target 'PerfectCURL' from project 'PerfectCURL')
Building workspace PerfectSessionRedis with scheme PerfectSessionRedis
(3 failures)
Command line invocation:
/Applications/Xcode-27.0.0-Release.Candidate.app/Contents/Developer/usr/bin/xcodebuild -IDEClonedSourcePackagesDirPathOverride=/Users/admin/builder/spi-builder-workspace/.dependencies -resolvePackageDependencies
Resolve Package Graph
ignoring declared target(s) 'cURL' in the system packageyou may be able to install libcurl using your system-packager:
brew install curl
Resolved source packages:
PerfectRedis: https://github.com/PerfectlySoft/Perfect-Redis.git @ 3.4.1
PerfectHTTP: https://github.com/PerfectlySoft/Perfect-HTTP.git @ 3.3.0
PerfectLib: https://github.com/PerfectlySoft/PerfectLib.git @ 3.1.4
PerfectThread: https://github.com/PerfectlySoft/Perfect-Thread.git @ 3.0.7
COpenSSL: https://github.com/PerfectlySoft/Perfect-COpenSSL.git @ 4.0.2
PerfectLogger: https://github.com/PerfectlySoft/Perfect-Logger.git @ 3.3.0
PerfectCURL: https://github.com/PerfectlySoft/Perfect-CURL.git @ 3.1.0
PerfectSessionRedis: /Users/admin/builder/spi-builder-workspace
PerfectCrypto: https://github.com/PerfectlySoft/Perfect-Crypto.git @ 3.3.0
PerfectNet: https://github.com/PerfectlySoft/Perfect-Net.git @ 3.3.0
cURL: https://github.com/PerfectlySoft/Perfect-libcurl.git @ 2.1.0
PerfectSession: https://github.com/PerfectlySoft/Perfect-Session.git @ 3.1.5
resolved source packages: PerfectRedis, PerfectHTTP, PerfectLib, PerfectThread, COpenSSL, PerfectLogger, PerfectCURL, PerfectSessionRedis, PerfectCrypto, PerfectNet, cURL, PerfectSession
2026-09-16 08:27:14.951 xcodebuild[1495:7372] [MT] IDERunDestination: Supported platforms for the buildables in the current scheme is empty.
{
"dependencies" : [
{
"identity" : "perfect-session",
"requirement" : {
"range" : [
{
"lower_bound" : "3.0.0",
"upper_bound" : "4.0.0"
}
]
},
"type" : "sourceControl",
"url" : "https://github.com/PerfectlySoft/Perfect-Session.git"
},
{
"identity" : "perfect-redis",
"requirement" : {
"range" : [
{
"lower_bound" : "3.0.0",
"upper_bound" : "4.0.0"
}
]
},
"type" : "sourceControl",
"url" : "https://github.com/PerfectlySoft/Perfect-Redis.git"
}
],
"manifest_display_name" : "PerfectSessionRedis",
"name" : "PerfectSessionRedis",
"path" : "/Users/admin/builder/spi-builder-workspace",
"platforms" : [
],
"products" : [
{
"name" : "PerfectSessionRedis",
"targets" : [
"PerfectSessionRedis"
],
"type" : {
"library" : [
"automatic"
]
}
}
],
"targets" : [
{
"c99name" : "PerfectSessionRedis",
"module_type" : "SwiftTarget",
"name" : "PerfectSessionRedis",
"path" : "Sources/PerfectSessionRedis",
"product_dependencies" : [
"PerfectSession",
"PerfectRedis"
],
"product_memberships" : [
"PerfectSessionRedis"
],
"sources" : [
"Redirect.swift",
"RedisSessionDriver.swift",
"RedisSessions.swift"
],
"type" : "library"
}
],
"tools_version" : "4.2"
}
{
"workspace" : {
"name" : "PerfectSessionRedis",
"schemes" : [
"PerfectSessionRedis"
]
}
}
2026-09-16 08:27:16.336 xcodebuild[1510:7450] [MT] IDERunDestination: Supported platforms for the buildables in the current scheme is empty.
Running build ...
env DEVELOPER_DIR=/Applications/Xcode-27.0.0-Release.Candidate.app xcrun xcodebuild -IDEClonedSourcePackagesDirPathOverride=$PWD/.dependencies -skipMacroValidation -skipPackagePluginValidation -derivedDataPath $PWD/.derivedData build -scheme PerfectSessionRedis -destination platform=macOS,arch=arm64
Command line invocation:
/Applications/Xcode-27.0.0-Release.Candidate.app/Contents/Developer/usr/bin/xcodebuild -IDEClonedSourcePackagesDirPathOverride=/Users/admin/builder/spi-builder-workspace/.dependencies -skipMacroValidation -skipPackagePluginValidation -derivedDataPath /Users/admin/builder/spi-builder-workspace/.derivedData build -scheme PerfectSessionRedis -destination platform=macOS,arch=arm64
Resolve Package Graph
ignoring declared target(s) 'cURL' in the system packageyou may be able to install libcurl using your system-packager:
brew install curl
Resolved source packages:
PerfectRedis: https://github.com/PerfectlySoft/Perfect-Redis.git @ 3.4.1
PerfectThread: https://github.com/PerfectlySoft/Perfect-Thread.git @ 3.0.7
PerfectLib: https://github.com/PerfectlySoft/PerfectLib.git @ 3.1.4
PerfectSessionRedis: /Users/admin/builder/spi-builder-workspace
PerfectSession: https://github.com/PerfectlySoft/Perfect-Session.git @ 3.1.5
PerfectNet: https://github.com/PerfectlySoft/Perfect-Net.git @ 3.3.0
PerfectLogger: https://github.com/PerfectlySoft/Perfect-Logger.git @ 3.3.0
PerfectHTTP: https://github.com/PerfectlySoft/Perfect-HTTP.git @ 3.3.0
cURL: https://github.com/PerfectlySoft/Perfect-libcurl.git @ 2.1.0
COpenSSL: https://github.com/PerfectlySoft/Perfect-COpenSSL.git @ 4.0.2
PerfectCURL: https://github.com/PerfectlySoft/Perfect-CURL.git @ 3.1.0
PerfectCrypto: https://github.com/PerfectlySoft/Perfect-Crypto.git @ 3.3.0
ComputePackagePrebuildTargetDependencyGraph
Prepare packages
CreateBuildRequest
SendProjectDescription
CreateBuildOperation
ComputeTargetDependencyGraph
note: Building targets in dependency order
note: Target dependency graph (23 targets)
Target 'PerfectSessionRedis-product' in project 'PerfectSessionRedis'
➜ Explicit dependency on target 'PerfectSessionRedis' in project 'PerfectSessionRedis'
➜ Explicit dependency on target 'PerfectSession-product' in project 'PerfectSession'
➜ Explicit dependency on target 'PerfectRedis-product' in project 'PerfectRedis'
Target 'PerfectSessionRedis' in project 'PerfectSessionRedis'
➜ Explicit dependency on target 'PerfectSession-product' in project 'PerfectSession'
➜ Explicit dependency on target 'PerfectRedis-product' in project 'PerfectRedis'
Target 'PerfectRedis-product' in project 'PerfectRedis'
➜ Explicit dependency on target 'PerfectRedis' in project 'PerfectRedis'
➜ Explicit dependency on target 'PerfectNet-product' in project 'PerfectNet'
Target 'PerfectRedis' in project 'PerfectRedis'
➜ Explicit dependency on target 'PerfectNet-product' in project 'PerfectNet'
Target 'PerfectSession-product' in project 'PerfectSession'
➜ Explicit dependency on target 'PerfectSession' in project 'PerfectSession'
➜ Explicit dependency on target 'PerfectLogger-product' in project 'PerfectLogger'
Target 'PerfectSession' in project 'PerfectSession'
➜ Explicit dependency on target 'PerfectLogger-product' in project 'PerfectLogger'
Target 'PerfectLogger-product' in project 'PerfectLogger'
➜ Explicit dependency on target 'PerfectLogger' in project 'PerfectLogger'
➜ Explicit dependency on target 'PerfectCURL-product' in project 'PerfectCURL'
Target 'PerfectLogger' in project 'PerfectLogger'
➜ Explicit dependency on target 'PerfectCURL-product' in project 'PerfectCURL'
Target 'PerfectCURL-product' in project 'PerfectCURL'
➜ Explicit dependency on target 'PerfectCURL' in project 'PerfectCURL'
➜ Explicit dependency on target 'PerfectHTTP-product' in project 'PerfectHTTP'
Target 'PerfectCURL' in project 'PerfectCURL'
➜ Explicit dependency on target 'cURL' in project 'cURL'
➜ Explicit dependency on target 'PerfectHTTP-product' in project 'PerfectHTTP'
Target 'PerfectHTTP-product' in project 'PerfectHTTP'
➜ Explicit dependency on target 'PerfectHTTP' in project 'PerfectHTTP'
➜ Explicit dependency on target 'PerfectLib-product' in project 'PerfectLib'
➜ Explicit dependency on target 'PerfectNet-product' in project 'PerfectNet'
Target 'PerfectHTTP' in project 'PerfectHTTP'
➜ Explicit dependency on target 'PerfectLib-product' in project 'PerfectLib'
➜ Explicit dependency on target 'PerfectNet-product' in project 'PerfectNet'
Target 'PerfectNet-product' in project 'PerfectNet'
➜ Explicit dependency on target 'PerfectNet' in project 'PerfectNet'
➜ Explicit dependency on target 'PerfectCrypto-product' in project 'PerfectCrypto'
➜ Explicit dependency on target 'PerfectThread-product' in project 'PerfectThread'
Target 'PerfectNet' in project 'PerfectNet'
➜ Explicit dependency on target 'PerfectCrypto-product' in project 'PerfectCrypto'
➜ Explicit dependency on target 'PerfectThread-product' in project 'PerfectThread'
Target 'PerfectCrypto-product' in project 'PerfectCrypto'
➜ Explicit dependency on target 'PerfectCrypto' in project 'PerfectCrypto'
➜ Explicit dependency on target 'PerfectLib-product' in project 'PerfectLib'
➜ Explicit dependency on target 'PerfectThread-product' in project 'PerfectThread'
➜ Explicit dependency on target 'COpenSSL-product' in project 'COpenSSL'
Target 'PerfectCrypto' in project 'PerfectCrypto'
➜ Explicit dependency on target 'PerfectLib-product' in project 'PerfectLib'
➜ Explicit dependency on target 'PerfectThread-product' in project 'PerfectThread'
➜ Explicit dependency on target 'COpenSSL-product' in project 'COpenSSL'
Target 'COpenSSL-product' in project 'COpenSSL'
➜ Explicit dependency on target 'COpenSSL' in project 'COpenSSL'
Target 'COpenSSL' in project 'COpenSSL' (no dependencies)
Target 'PerfectThread-product' in project 'PerfectThread'
➜ Explicit dependency on target 'PerfectThread' in project 'PerfectThread'
Target 'PerfectThread' in project 'PerfectThread' (no dependencies)
Target 'PerfectLib-product' in project 'PerfectLib'
➜ Explicit dependency on target 'PerfectLib' in project 'PerfectLib'
Target 'PerfectLib' in project 'PerfectLib' (no dependencies)
Target 'cURL' in project 'cURL' (no dependencies)
GatherProvisioningInputs
CreateBuildDescription
ClangStatCache /Applications/Xcode-27.0.0-Release.Candidate.app/Contents/Developer/Toolchains/XcodeDefault.xctoolchain/usr/bin/clang-stat-cache /Applications/Xcode-27.0.0-Release.Candidate.app/Contents/Developer/Platforms/MacOSX.platform/Developer/SDKs/MacOSX27.0.sdk /Users/admin/builder/spi-builder-workspace/.derivedData/SDKStatCaches.noindex/macosx27.0-26A425-e829b21a6f8c9b70876ba0858053c0446a22442a12e9d48fe1a705f55a1adfc4.sdkstatcache
cd /Users/admin/builder/spi-builder-workspace/.swiftpm/xcode
/Applications/Xcode-27.0.0-Release.Candidate.app/Contents/Developer/Toolchains/XcodeDefault.xctoolchain/usr/bin/clang-stat-cache /Applications/Xcode-27.0.0-Release.Candidate.app/Contents/Developer/Platforms/MacOSX.platform/Developer/SDKs/MacOSX27.0.sdk -o /Users/admin/builder/spi-builder-workspace/.derivedData/SDKStatCaches.noindex/macosx27.0-26A425-e829b21a6f8c9b70876ba0858053c0446a22442a12e9d48fe1a705f55a1adfc4.sdkstatcache
ExtractAppIntentsMetadata (in target 'PerfectNet' from project 'PerfectNet')
cd /Users/admin/builder/spi-builder-workspace/.dependencies/checkouts/Perfect-Net
/Applications/Xcode-27.0.0-Release.Candidate.app/Contents/Developer/Toolchains/XcodeDefault.xctoolchain/usr/bin/appintentsmetadataprocessor --toolchain-dir /var/run/com.apple.security.cryptexd/mnt/com.apple.MobileAsset.MetalToolchain-v27.1.266.1.5EZ6qh/Metal.xctoolchain --module-name PerfectNet --sdk-root /Applications/Xcode-27.0.0-Release.Candidate.app/Contents/Developer/Platforms/MacOSX.platform/Developer/SDKs/MacOSX27.0.sdk --xcode-version 27A266a --platform-family macOS --deployment-target 12.0 --bundle-identifier perfect-net.PerfectNet --output /Users/admin/builder/spi-builder-workspace/.derivedData/Build/Products/Debug/PerfectNet.appintents --target-triple arm64-apple-macos12.0 --binary-file /Users/admin/builder/spi-builder-workspace/.derivedData/Build/Products/Debug/PerfectNet.o --dependency-file /Users/admin/builder/spi-builder-workspace/.derivedData/Build/Intermediates.noindex/PerfectNet.build/Debug/PerfectNet-t.build/Objects-normal/arm64/PerfectNet_dependency_info.dat --stringsdata-file /Users/admin/builder/spi-builder-workspace/.derivedData/Build/Intermediates.noindex/PerfectNet.build/Debug/PerfectNet-t.build/Objects-normal/arm64/ExtractedAppShortcutsMetadata.stringsdata --source-file-list /Users/admin/builder/spi-builder-workspace/.derivedData/Build/Intermediates.noindex/PerfectNet.build/Debug/PerfectNet-t.build/Objects-normal/arm64/PerfectNet.SwiftFileList --metadata-file-list /Users/admin/builder/spi-builder-workspace/.derivedData/Build/Intermediates.noindex/PerfectNet.build/Debug/PerfectNet-t.build/PerfectNet.DependencyMetadataFileList --static-metadata-file-list /Users/admin/builder/spi-builder-workspace/.derivedData/Build/Intermediates.noindex/PerfectNet.build/Debug/PerfectNet-t.build/PerfectNet.DependencyStaticMetadataFileList --swift-const-vals-list /Users/admin/builder/spi-builder-workspace/.derivedData/Build/Intermediates.noindex/PerfectNet.build/Debug/PerfectNet-t.build/Objects-normal/arm64/PerfectNet.SwiftConstValuesFileList --force --compile-time-extraction --deployment-aware-processing --no-app-shortcuts-localization
2026-09-16 08:27:18.715 appintentsmetadataprocessor[1528:7537] Starting appintentsmetadataprocessor export
2026-09-16 08:27:18.775 appintentsmetadataprocessor[1528:7537] Extracted no relevant App Intents symbols, skipping writing output
SwiftDriver PerfectRedis normal arm64 com.apple.xcode.tools.swift.compiler (in target 'PerfectRedis' from project 'PerfectRedis')
cd /Users/admin/builder/spi-builder-workspace/.swiftpm/xcode
builtin-SwiftDriver -- /Applications/Xcode-27.0.0-Release.Candidate.app/Contents/Developer/Toolchains/XcodeDefault.xctoolchain/usr/bin/swiftc -parse-as-library -module-name PerfectRedis -Onone @/Users/admin/builder/spi-builder-workspace/.derivedData/Build/Intermediates.noindex/PerfectRedis.build/Debug/PerfectRedis-t.build/Objects-normal/arm64/PerfectRedis.SwiftFileList -DSWIFT_PACKAGE -DDEBUG -DSWIFT_MODULE_RESOURCE_BUNDLE_UNAVAILABLE -Xcc -fmodule-map-file\=/Users/admin/builder/spi-builder-workspace/.dependencies/checkouts/Perfect-COpenSSL/COpenSSL/include/module.modulemap -DXcode -plugin-path /Applications/Xcode-27.0.0-Release.Candidate.app/Contents/Developer/Toolchains/XcodeDefault.xctoolchain/usr/lib/swift/host/plugins/testing -enable-experimental-feature DebugDescriptionMacro -sdk /Applications/Xcode-27.0.0-Release.Candidate.app/Contents/Developer/Platforms/MacOSX.platform/Developer/SDKs/MacOSX27.0.sdk -target arm64-apple-macos12.0 -g -module-cache-path /Users/admin/builder/spi-builder-workspace/.derivedData/ModuleCache.noindex -Xfrontend -serialize-debugging-options -enable-testing -suppress-warnings -index-store-path /Users/admin/builder/spi-builder-workspace/.derivedData/Index.noindex/DataStore -Xcc -D_LIBCPP_HARDENING_MODE\=_LIBCPP_HARDENING_MODE_DEBUG -swift-version 4 -I /Users/admin/builder/spi-builder-workspace/.derivedData/Build/Products/Debug -Isystem /Applications/Xcode-27.0.0-Release.Candidate.app/Contents/Developer/Platforms/MacOSX.platform/Developer/usr/lib -F /Users/admin/builder/spi-builder-workspace/.derivedData/Build/Products/Debug/PackageFrameworks -F /Users/admin/builder/spi-builder-workspace/.derivedData/Build/Products/Debug -F /Applications/Xcode-27.0.0-Release.Candidate.app/Contents/Developer/Platforms/MacOSX.platform/Developer/Library/Frameworks -c -j10 -enable-batch-mode -incremental -Xcc -ivfsstatcache -Xcc /Users/admin/builder/spi-builder-workspace/.derivedData/SDKStatCaches.noindex/macosx27.0-26A425-e829b21a6f8c9b70876ba0858053c0446a22442a12e9d48fe1a705f55a1adfc4.sdkstatcache -output-file-map /Users/admin/builder/spi-builder-workspace/.derivedData/Build/Intermediates.noindex/PerfectRedis.build/Debug/PerfectRedis-t.build/Objects-normal/arm64/PerfectRedis-OutputFileMap.json -save-temps -no-color-diagnostics -emit-dependencies -emit-module -emit-module-path /Users/admin/builder/spi-builder-workspace/.derivedData/Build/Intermediates.noindex/PerfectRedis.build/Debug/PerfectRedis-t.build/Objects-normal/arm64/PerfectRedis.swiftmodule -serialize-diagnostics -validate-clang-modules-once -clang-build-session-file /Users/admin/builder/spi-builder-workspace/.derivedData/ModuleCache.noindex/Session.modulevalidation -Xcc -fmodules-prune-interval\=86400 -Xcc -fmodules-prune-after\=345600 -emit-const-values -const-gather-protocols-list /Users/admin/builder/spi-builder-workspace/.derivedData/Build/Intermediates.noindex/PerfectRedis.build/Debug/PerfectRedis-t.build/Objects-normal/arm64/PerfectRedis_const_extract_protocols.json -Xcc -I/Users/admin/builder/spi-builder-workspace/.dependencies/checkouts/Perfect-COpenSSL/COpenSSL/include -Xcc -I/Users/admin/builder/spi-builder-workspace/.derivedData/Build/Products/Debug/include -Xcc -I/Users/admin/builder/spi-builder-workspace/.derivedData/Build/Intermediates.noindex/PerfectRedis.build/Debug/PerfectRedis-t.build/DerivedSources-normal/arm64 -Xcc -I/Users/admin/builder/spi-builder-workspace/.derivedData/Build/Intermediates.noindex/PerfectRedis.build/Debug/PerfectRedis-t.build/DerivedSources/arm64 -Xcc -I/Users/admin/builder/spi-builder-workspace/.derivedData/Build/Intermediates.noindex/PerfectRedis.build/Debug/PerfectRedis-t.build/DerivedSources -Xcc -DSWIFT_PACKAGE -Xcc -DDEBUG\=1 -emit-objc-header -emit-objc-header-path /Users/admin/builder/spi-builder-workspace/.derivedData/Build/Intermediates.noindex/PerfectRedis.build/Debug/PerfectRedis-t.build/Objects-normal/arm64/PerfectRedis-Swift.h -working-directory /Users/admin/builder/spi-builder-workspace/.swiftpm/xcode -experimental-emit-module-separately -disable-cmo
SwiftDriver PerfectCURL normal arm64 com.apple.xcode.tools.swift.compiler (in target 'PerfectCURL' from project 'PerfectCURL')
cd /Users/admin/builder/spi-builder-workspace/.swiftpm/xcode
builtin-SwiftDriver -- /Applications/Xcode-27.0.0-Release.Candidate.app/Contents/Developer/Toolchains/XcodeDefault.xctoolchain/usr/bin/swiftc -parse-as-library -module-name PerfectCURL -Onone @/Users/admin/builder/spi-builder-workspace/.derivedData/Build/Intermediates.noindex/PerfectCURL.build/Debug/PerfectCURL-t.build/Objects-normal/arm64/PerfectCURL.SwiftFileList -DSWIFT_PACKAGE -DDEBUG -DSWIFT_MODULE_RESOURCE_BUNDLE_UNAVAILABLE -Xcc -fmodule-map-file\=/Users/admin/builder/spi-builder-workspace/.dependencies/checkouts/Perfect-COpenSSL/COpenSSL/include/module.modulemap -Xcc -fmodule-map-file\=/Users/admin/builder/spi-builder-workspace/.dependencies/checkouts/Perfect-libcurl/module.modulemap -DXcode -plugin-path /Applications/Xcode-27.0.0-Release.Candidate.app/Contents/Developer/Toolchains/XcodeDefault.xctoolchain/usr/lib/swift/host/plugins/testing -enable-experimental-feature DebugDescriptionMacro -sdk /Applications/Xcode-27.0.0-Release.Candidate.app/Contents/Developer/Platforms/MacOSX.platform/Developer/SDKs/MacOSX27.0.sdk -target arm64-apple-macos12.0 -g -module-cache-path /Users/admin/builder/spi-builder-workspace/.derivedData/ModuleCache.noindex -Xfrontend -serialize-debugging-options -enable-testing -suppress-warnings -index-store-path /Users/admin/builder/spi-builder-workspace/.derivedData/Index.noindex/DataStore -Xcc -D_LIBCPP_HARDENING_MODE\=_LIBCPP_HARDENING_MODE_DEBUG -swift-version 4 -I /Users/admin/builder/spi-builder-workspace/.derivedData/Build/Products/Debug -Isystem /Applications/Xcode-27.0.0-Release.Candidate.app/Contents/Developer/Platforms/MacOSX.platform/Developer/usr/lib -F /Users/admin/builder/spi-builder-workspace/.derivedData/Build/Products/Debug/PackageFrameworks -F /Users/admin/builder/spi-builder-workspace/.derivedData/Build/Products/Debug -F /Applications/Xcode-27.0.0-Release.Candidate.app/Contents/Developer/Platforms/MacOSX.platform/Developer/Library/Frameworks -c -j10 -enable-batch-mode -incremental -Xcc -ivfsstatcache -Xcc /Users/admin/builder/spi-builder-workspace/.derivedData/SDKStatCaches.noindex/macosx27.0-26A425-e829b21a6f8c9b70876ba0858053c0446a22442a12e9d48fe1a705f55a1adfc4.sdkstatcache -output-file-map /Users/admin/builder/spi-builder-workspace/.derivedData/Build/Intermediates.noindex/PerfectCURL.build/Debug/PerfectCURL-t.build/Objects-normal/arm64/PerfectCURL-OutputFileMap.json -save-temps -no-color-diagnostics -emit-dependencies -emit-module -emit-module-path /Users/admin/builder/spi-builder-workspace/.derivedData/Build/Intermediates.noindex/PerfectCURL.build/Debug/PerfectCURL-t.build/Objects-normal/arm64/PerfectCURL.swiftmodule -serialize-diagnostics -validate-clang-modules-once -clang-build-session-file /Users/admin/builder/spi-builder-workspace/.derivedData/ModuleCache.noindex/Session.modulevalidation -Xcc -fmodules-prune-interval\=86400 -Xcc -fmodules-prune-after\=345600 -emit-const-values -const-gather-protocols-list /Users/admin/builder/spi-builder-workspace/.derivedData/Build/Intermediates.noindex/PerfectCURL.build/Debug/PerfectCURL-t.build/Objects-normal/arm64/PerfectCURL_const_extract_protocols.json -Xcc -I/Users/admin/builder/spi-builder-workspace/.dependencies/checkouts/Perfect-COpenSSL/COpenSSL/include -Xcc -I/Users/admin/builder/spi-builder-workspace/.derivedData/Build/Products/Debug/include -Xcc -I/Users/admin/builder/spi-builder-workspace/.derivedData/Build/Intermediates.noindex/PerfectCURL.build/Debug/PerfectCURL-t.build/DerivedSources-normal/arm64 -Xcc -I/Users/admin/builder/spi-builder-workspace/.derivedData/Build/Intermediates.noindex/PerfectCURL.build/Debug/PerfectCURL-t.build/DerivedSources/arm64 -Xcc -I/Users/admin/builder/spi-builder-workspace/.derivedData/Build/Intermediates.noindex/PerfectCURL.build/Debug/PerfectCURL-t.build/DerivedSources -Xcc -DSWIFT_PACKAGE -Xcc -DDEBUG\=1 -emit-objc-header -emit-objc-header-path /Users/admin/builder/spi-builder-workspace/.derivedData/Build/Intermediates.noindex/PerfectCURL.build/Debug/PerfectCURL-t.build/Objects-normal/arm64/PerfectCURL-Swift.h -working-directory /Users/admin/builder/spi-builder-workspace/.swiftpm/xcode -experimental-emit-module-separately -disable-cmo
SwiftDriver PerfectHTTP normal arm64 com.apple.xcode.tools.swift.compiler (in target 'PerfectHTTP' from project 'PerfectHTTP')
cd /Users/admin/builder/spi-builder-workspace/.swiftpm/xcode
builtin-SwiftDriver -- /Applications/Xcode-27.0.0-Release.Candidate.app/Contents/Developer/Toolchains/XcodeDefault.xctoolchain/usr/bin/swiftc -parse-as-library -module-name PerfectHTTP -Onone @/Users/admin/builder/spi-builder-workspace/.derivedData/Build/Intermediates.noindex/PerfectHTTP.build/Debug/PerfectHTTP-t.build/Objects-normal/arm64/PerfectHTTP.SwiftFileList -DSWIFT_PACKAGE -DDEBUG -DSWIFT_MODULE_RESOURCE_BUNDLE_UNAVAILABLE -Xcc -fmodule-map-file\=/Users/admin/builder/spi-builder-workspace/.dependencies/checkouts/Perfect-COpenSSL/COpenSSL/include/module.modulemap -DXcode -plugin-path /Applications/Xcode-27.0.0-Release.Candidate.app/Contents/Developer/Toolchains/XcodeDefault.xctoolchain/usr/lib/swift/host/plugins/testing -enable-experimental-feature DebugDescriptionMacro -sdk /Applications/Xcode-27.0.0-Release.Candidate.app/Contents/Developer/Platforms/MacOSX.platform/Developer/SDKs/MacOSX27.0.sdk -target arm64-apple-macos12.0 -g -module-cache-path /Users/admin/builder/spi-builder-workspace/.derivedData/ModuleCache.noindex -Xfrontend -serialize-debugging-options -enable-testing -suppress-warnings -index-store-path /Users/admin/builder/spi-builder-workspace/.derivedData/Index.noindex/DataStore -Xcc -D_LIBCPP_HARDENING_MODE\=_LIBCPP_HARDENING_MODE_DEBUG -swift-version 4 -I /Users/admin/builder/spi-builder-workspace/.derivedData/Build/Products/Debug -Isystem /Applications/Xcode-27.0.0-Release.Candidate.app/Contents/Developer/Platforms/MacOSX.platform/Developer/usr/lib -F /Users/admin/builder/spi-builder-workspace/.derivedData/Build/Products/Debug/PackageFrameworks -F /Users/admin/builder/spi-builder-workspace/.derivedData/Build/Products/Debug -F /Applications/Xcode-27.0.0-Release.Candidate.app/Contents/Developer/Platforms/MacOSX.platform/Developer/Library/Frameworks -c -j10 -enable-batch-mode -incremental -Xcc -ivfsstatcache -Xcc /Users/admin/builder/spi-builder-workspace/.derivedData/SDKStatCaches.noindex/macosx27.0-26A425-e829b21a6f8c9b70876ba0858053c0446a22442a12e9d48fe1a705f55a1adfc4.sdkstatcache -output-file-map /Users/admin/builder/spi-builder-workspace/.derivedData/Build/Intermediates.noindex/PerfectHTTP.build/Debug/PerfectHTTP-t.build/Objects-normal/arm64/PerfectHTTP-OutputFileMap.json -save-temps -no-color-diagnostics -emit-dependencies -emit-module -emit-module-path /Users/admin/builder/spi-builder-workspace/.derivedData/Build/Intermediates.noindex/PerfectHTTP.build/Debug/PerfectHTTP-t.build/Objects-normal/arm64/PerfectHTTP.swiftmodule -serialize-diagnostics -validate-clang-modules-once -clang-build-session-file /Users/admin/builder/spi-builder-workspace/.derivedData/ModuleCache.noindex/Session.modulevalidation -Xcc -fmodules-prune-interval\=86400 -Xcc -fmodules-prune-after\=345600 -emit-const-values -const-gather-protocols-list /Users/admin/builder/spi-builder-workspace/.derivedData/Build/Intermediates.noindex/PerfectHTTP.build/Debug/PerfectHTTP-t.build/Objects-normal/arm64/PerfectHTTP_const_extract_protocols.json -Xcc -I/Users/admin/builder/spi-builder-workspace/.dependencies/checkouts/Perfect-COpenSSL/COpenSSL/include -Xcc -I/Users/admin/builder/spi-builder-workspace/.derivedData/Build/Products/Debug/include -Xcc -I/Users/admin/builder/spi-builder-workspace/.derivedData/Build/Intermediates.noindex/PerfectHTTP.build/Debug/PerfectHTTP-t.build/DerivedSources-normal/arm64 -Xcc -I/Users/admin/builder/spi-builder-workspace/.derivedData/Build/Intermediates.noindex/PerfectHTTP.build/Debug/PerfectHTTP-t.build/DerivedSources/arm64 -Xcc -I/Users/admin/builder/spi-builder-workspace/.derivedData/Build/Intermediates.noindex/PerfectHTTP.build/Debug/PerfectHTTP-t.build/DerivedSources -Xcc -DSWIFT_PACKAGE -Xcc -DDEBUG\=1 -emit-objc-header -emit-objc-header-path /Users/admin/builder/spi-builder-workspace/.derivedData/Build/Intermediates.noindex/PerfectHTTP.build/Debug/PerfectHTTP-t.build/Objects-normal/arm64/PerfectHTTP-Swift.h -working-directory /Users/admin/builder/spi-builder-workspace/.swiftpm/xcode -experimental-emit-module-separately -disable-cmo
SwiftDriver PerfectLogger normal arm64 com.apple.xcode.tools.swift.compiler (in target 'PerfectLogger' from project 'PerfectLogger')
cd /Users/admin/builder/spi-builder-workspace/.swiftpm/xcode
builtin-SwiftDriver -- /Applications/Xcode-27.0.0-Release.Candidate.app/Contents/Developer/Toolchains/XcodeDefault.xctoolchain/usr/bin/swiftc -parse-as-library -module-name PerfectLogger -Onone @/Users/admin/builder/spi-builder-workspace/.derivedData/Build/Intermediates.noindex/PerfectLogger.build/Debug/PerfectLogger-t.build/Objects-normal/arm64/PerfectLogger.SwiftFileList -DSWIFT_PACKAGE -DDEBUG -DSWIFT_MODULE_RESOURCE_BUNDLE_UNAVAILABLE -Xcc -fmodule-map-file\=/Users/admin/builder/spi-builder-workspace/.dependencies/checkouts/Perfect-libcurl/module.modulemap -Xcc -fmodule-map-file\=/Users/admin/builder/spi-builder-workspace/.dependencies/checkouts/Perfect-COpenSSL/COpenSSL/include/module.modulemap -DXcode -plugin-path /Applications/Xcode-27.0.0-Release.Candidate.app/Contents/Developer/Toolchains/XcodeDefault.xctoolchain/usr/lib/swift/host/plugins/testing -enable-experimental-feature DebugDescriptionMacro -sdk /Applications/Xcode-27.0.0-Release.Candidate.app/Contents/Developer/Platforms/MacOSX.platform/Developer/SDKs/MacOSX27.0.sdk -target arm64-apple-macos12.0 -g -module-cache-path /Users/admin/builder/spi-builder-workspace/.derivedData/ModuleCache.noindex -Xfrontend -serialize-debugging-options -enable-testing -suppress-warnings -index-store-path /Users/admin/builder/spi-builder-workspace/.derivedData/Index.noindex/DataStore -Xcc -D_LIBCPP_HARDENING_MODE\=_LIBCPP_HARDENING_MODE_DEBUG -swift-version 4 -I /Users/admin/builder/spi-builder-workspace/.derivedData/Build/Products/Debug -Isystem /Applications/Xcode-27.0.0-Release.Candidate.app/Contents/Developer/Platforms/MacOSX.platform/Developer/usr/lib -F /Users/admin/builder/spi-builder-workspace/.derivedData/Build/Products/Debug/PackageFrameworks -F /Users/admin/builder/spi-builder-workspace/.derivedData/Build/Products/Debug -F /Applications/Xcode-27.0.0-Release.Candidate.app/Contents/Developer/Platforms/MacOSX.platform/Developer/Library/Frameworks -c -j10 -enable-batch-mode -incremental -Xcc -ivfsstatcache -Xcc /Users/admin/builder/spi-builder-workspace/.derivedData/SDKStatCaches.noindex/macosx27.0-26A425-e829b21a6f8c9b70876ba0858053c0446a22442a12e9d48fe1a705f55a1adfc4.sdkstatcache -output-file-map /Users/admin/builder/spi-builder-workspace/.derivedData/Build/Intermediates.noindex/PerfectLogger.build/Debug/PerfectLogger-t.build/Objects-normal/arm64/PerfectLogger-OutputFileMap.json -save-temps -no-color-diagnostics -emit-dependencies -emit-module -emit-module-path /Users/admin/builder/spi-builder-workspace/.derivedData/Build/Intermediates.noindex/PerfectLogger.build/Debug/PerfectLogger-t.build/Objects-normal/arm64/PerfectLogger.swiftmodule -serialize-diagnostics -validate-clang-modules-once -clang-build-session-file /Users/admin/builder/spi-builder-workspace/.derivedData/ModuleCache.noindex/Session.modulevalidation -Xcc -fmodules-prune-interval\=86400 -Xcc -fmodules-prune-after\=345600 -emit-const-values -const-gather-protocols-list /Users/admin/builder/spi-builder-workspace/.derivedData/Build/Intermediates.noindex/PerfectLogger.build/Debug/PerfectLogger-t.build/Objects-normal/arm64/PerfectLogger_const_extract_protocols.json -Xcc -I/Users/admin/builder/spi-builder-workspace/.dependencies/checkouts/Perfect-COpenSSL/COpenSSL/include -Xcc -I/Users/admin/builder/spi-builder-workspace/.derivedData/Build/Products/Debug/include -Xcc -I/Users/admin/builder/spi-builder-workspace/.derivedData/Build/Intermediates.noindex/PerfectLogger.build/Debug/PerfectLogger-t.build/DerivedSources-normal/arm64 -Xcc -I/Users/admin/builder/spi-builder-workspace/.derivedData/Build/Intermediates.noindex/PerfectLogger.build/Debug/PerfectLogger-t.build/DerivedSources/arm64 -Xcc -I/Users/admin/builder/spi-builder-workspace/.derivedData/Build/Intermediates.noindex/PerfectLogger.build/Debug/PerfectLogger-t.build/DerivedSources -Xcc -DSWIFT_PACKAGE -Xcc -DDEBUG\=1 -emit-objc-header -emit-objc-header-path /Users/admin/builder/spi-builder-workspace/.derivedData/Build/Intermediates.noindex/PerfectLogger.build/Debug/PerfectLogger-t.build/Objects-normal/arm64/PerfectLogger-Swift.h -working-directory /Users/admin/builder/spi-builder-workspace/.swiftpm/xcode -experimental-emit-module-separately -disable-cmo
SwiftCompile normal arm64 Compiling\ FileLogger.swift /Users/admin/builder/spi-builder-workspace/.dependencies/checkouts/Perfect-Logger/Sources/PerfectLogger/FileLogger.swift (in target 'PerfectLogger' from project 'PerfectLogger')
SwiftCompile normal arm64 /Users/admin/builder/spi-builder-workspace/.dependencies/checkouts/Perfect-Logger/Sources/PerfectLogger/FileLogger.swift (in target 'PerfectLogger' from project 'PerfectLogger')
cd /Users/admin/builder/spi-builder-workspace/.swiftpm/xcode
builtin-SwiftPerFileCompile FileLogger.swift
SwiftEmitModule normal arm64 Emitting\ module\ for\ PerfectLogger (in target 'PerfectLogger' from project 'PerfectLogger')
SwiftCompile normal arm64 (in target 'PerfectLogger' from project 'PerfectLogger')
cd /Users/admin/builder/spi-builder-workspace/.swiftpm/xcode
SwiftCompile normal arm64 Compiling\ LogOptions.swift /Users/admin/builder/spi-builder-workspace/.dependencies/checkouts/Perfect-Logger/Sources/PerfectLogger/LogOptions.swift (in target 'PerfectLogger' from project 'PerfectLogger')
SwiftCompile normal arm64 /Users/admin/builder/spi-builder-workspace/.dependencies/checkouts/Perfect-Logger/Sources/PerfectLogger/LogOptions.swift (in target 'PerfectLogger' from project 'PerfectLogger')
cd /Users/admin/builder/spi-builder-workspace/.swiftpm/xcode
builtin-SwiftPerFileCompile LogOptions.swift
SwiftCompile normal arm64 Compiling\ LogPriority.swift /Users/admin/builder/spi-builder-workspace/.dependencies/checkouts/Perfect-Logger/Sources/PerfectLogger/LogPriority.swift (in target 'PerfectLogger' from project 'PerfectLogger')
SwiftCompile normal arm64 /Users/admin/builder/spi-builder-workspace/.dependencies/checkouts/Perfect-Logger/Sources/PerfectLogger/LogPriority.swift (in target 'PerfectLogger' from project 'PerfectLogger')
cd /Users/admin/builder/spi-builder-workspace/.swiftpm/xcode
builtin-SwiftPerFileCompile LogPriority.swift
SwiftCompile normal arm64 Compiling\ RemoteLogger.swift /Users/admin/builder/spi-builder-workspace/.dependencies/checkouts/Perfect-Logger/Sources/PerfectLogger/RemoteLogger.swift (in target 'PerfectLogger' from project 'PerfectLogger')
SwiftCompile normal arm64 /Users/admin/builder/spi-builder-workspace/.dependencies/checkouts/Perfect-Logger/Sources/PerfectLogger/RemoteLogger.swift (in target 'PerfectLogger' from project 'PerfectLogger')
cd /Users/admin/builder/spi-builder-workspace/.swiftpm/xcode
builtin-SwiftPerFileCompile RemoteLogger.swift
SwiftEmitModule normal arm64 Emitting\ module\ for\ PerfectCURL (in target 'PerfectCURL' from project 'PerfectCURL')
SwiftCompile normal arm64 (in target 'PerfectCURL' from project 'PerfectCURL')
cd /Users/admin/builder/spi-builder-workspace/.swiftpm/xcode
SwiftCompile normal arm64 Compiling\ CURLRequest.swift /Users/admin/builder/spi-builder-workspace/.dependencies/checkouts/Perfect-CURL/Sources/PerfectCURL/CURLRequest.swift (in target 'PerfectCURL' from project 'PerfectCURL')
SwiftCompile normal arm64 /Users/admin/builder/spi-builder-workspace/.dependencies/checkouts/Perfect-CURL/Sources/PerfectCURL/CURLRequest.swift (in target 'PerfectCURL' from project 'PerfectCURL')
cd /Users/admin/builder/spi-builder-workspace/.swiftpm/xcode
builtin-SwiftPerFileCompile CURLRequest.swift
SwiftCompile normal arm64 Compiling\ CURLResponse.swift /Users/admin/builder/spi-builder-workspace/.dependencies/checkouts/Perfect-CURL/Sources/PerfectCURL/CURLResponse.swift (in target 'PerfectCURL' from project 'PerfectCURL')
SwiftCompile normal arm64 /Users/admin/builder/spi-builder-workspace/.dependencies/checkouts/Perfect-CURL/Sources/PerfectCURL/CURLResponse.swift (in target 'PerfectCURL' from project 'PerfectCURL')
cd /Users/admin/builder/spi-builder-workspace/.swiftpm/xcode
builtin-SwiftPerFileCompile CURLResponse.swift
SwiftCompile normal arm64 Compiling\ CURLResponseInfos.swift /Users/admin/builder/spi-builder-workspace/.dependencies/checkouts/Perfect-CURL/Sources/PerfectCURL/CURLResponseInfos.swift (in target 'PerfectCURL' from project 'PerfectCURL')
SwiftCompile normal arm64 /Users/admin/builder/spi-builder-workspace/.dependencies/checkouts/Perfect-CURL/Sources/PerfectCURL/CURLResponseInfos.swift (in target 'PerfectCURL' from project 'PerfectCURL')
cd /Users/admin/builder/spi-builder-workspace/.swiftpm/xcode
builtin-SwiftPerFileCompile CURLResponseInfos.swift
SwiftEmitModule normal arm64 Emitting\ module\ for\ PerfectRedis (in target 'PerfectRedis' from project 'PerfectRedis')
SwiftCompile normal arm64 (in target 'PerfectRedis' from project 'PerfectRedis')
cd /Users/admin/builder/spi-builder-workspace/.swiftpm/xcode
SwiftEmitModule normal arm64 Emitting\ module\ for\ PerfectHTTP (in target 'PerfectHTTP' from project 'PerfectHTTP')
SwiftCompile normal arm64 (in target 'PerfectHTTP' from project 'PerfectHTTP')
cd /Users/admin/builder/spi-builder-workspace/.swiftpm/xcode
SwiftDriverJobDiscovery normal arm64 Compiling LogPriority.swift (in target 'PerfectLogger' from project 'PerfectLogger')
SwiftCompile normal arm64 Compiling\ PerfectRedis.swift /Users/admin/builder/spi-builder-workspace/.dependencies/checkouts/Perfect-Redis/Sources/PerfectRedis/PerfectRedis.swift (in target 'PerfectRedis' from project 'PerfectRedis')
SwiftCompile normal arm64 /Users/admin/builder/spi-builder-workspace/.dependencies/checkouts/Perfect-Redis/Sources/PerfectRedis/PerfectRedis.swift (in target 'PerfectRedis' from project 'PerfectRedis')
cd /Users/admin/builder/spi-builder-workspace/.swiftpm/xcode
builtin-SwiftPerFileCompile PerfectRedis.swift
SwiftDriverJobDiscovery normal arm64 Compiling CURLResponseInfos.swift (in target 'PerfectCURL' from project 'PerfectCURL')
SwiftCompile normal arm64 Compiling\ MimeType.swift /Users/admin/builder/spi-builder-workspace/.dependencies/checkouts/Perfect-HTTP/Sources/PerfectHTTP/MimeType.swift (in target 'PerfectHTTP' from project 'PerfectHTTP')
SwiftCompile normal arm64 /Users/admin/builder/spi-builder-workspace/.dependencies/checkouts/Perfect-HTTP/Sources/PerfectHTTP/MimeType.swift (in target 'PerfectHTTP' from project 'PerfectHTTP')
cd /Users/admin/builder/spi-builder-workspace/.swiftpm/xcode
builtin-SwiftPerFileCompile MimeType.swift
SwiftDriverJobDiscovery normal arm64 Compiling LogOptions.swift (in target 'PerfectLogger' from project 'PerfectLogger')
SwiftCompile normal arm64 Compiling\ TypedRoutes.swift /Users/admin/builder/spi-builder-workspace/.dependencies/checkouts/Perfect-HTTP/Sources/PerfectHTTP/TypedRoutes.swift (in target 'PerfectHTTP' from project 'PerfectHTTP')
SwiftCompile normal arm64 /Users/admin/builder/spi-builder-workspace/.dependencies/checkouts/Perfect-HTTP/Sources/PerfectHTTP/TypedRoutes.swift (in target 'PerfectHTTP' from project 'PerfectHTTP')
cd /Users/admin/builder/spi-builder-workspace/.swiftpm/xcode
builtin-SwiftPerFileCompile TypedRoutes.swift
SwiftDriverJobDiscovery normal arm64 Emitting module for PerfectLogger (in target 'PerfectLogger' from project 'PerfectLogger')
SwiftDriver\ Compilation\ Requirements PerfectLogger normal arm64 com.apple.xcode.tools.swift.compiler (in target 'PerfectLogger' from project 'PerfectLogger')
cd /Users/admin/builder/spi-builder-workspace/.swiftpm/xcode
builtin-Swift-Compilation-Requirements -- /Applications/Xcode-27.0.0-Release.Candidate.app/Contents/Developer/Toolchains/XcodeDefault.xctoolchain/usr/bin/swiftc -parse-as-library -module-name PerfectLogger -Onone @/Users/admin/builder/spi-builder-workspace/.derivedData/Build/Intermediates.noindex/PerfectLogger.build/Debug/PerfectLogger-t.build/Objects-normal/arm64/PerfectLogger.SwiftFileList -DSWIFT_PACKAGE -DDEBUG -DSWIFT_MODULE_RESOURCE_BUNDLE_UNAVAILABLE -Xcc -fmodule-map-file\=/Users/admin/builder/spi-builder-workspace/.dependencies/checkouts/Perfect-libcurl/module.modulemap -Xcc -fmodule-map-file\=/Users/admin/builder/spi-builder-workspace/.dependencies/checkouts/Perfect-COpenSSL/COpenSSL/include/module.modulemap -DXcode -plugin-path /Applications/Xcode-27.0.0-Release.Candidate.app/Contents/Developer/Toolchains/XcodeDefault.xctoolchain/usr/lib/swift/host/plugins/testing -enable-experimental-feature DebugDescriptionMacro -sdk /Applications/Xcode-27.0.0-Release.Candidate.app/Contents/Developer/Platforms/MacOSX.platform/Developer/SDKs/MacOSX27.0.sdk -target arm64-apple-macos12.0 -g -module-cache-path /Users/admin/builder/spi-builder-workspace/.derivedData/ModuleCache.noindex -Xfrontend -serialize-debugging-options -enable-testing -suppress-warnings -index-store-path /Users/admin/builder/spi-builder-workspace/.derivedData/Index.noindex/DataStore -Xcc -D_LIBCPP_HARDENING_MODE\=_LIBCPP_HARDENING_MODE_DEBUG -swift-version 4 -I /Users/admin/builder/spi-builder-workspace/.derivedData/Build/Products/Debug -Isystem /Applications/Xcode-27.0.0-Release.Candidate.app/Contents/Developer/Platforms/MacOSX.platform/Developer/usr/lib -F /Users/admin/builder/spi-builder-workspace/.derivedData/Build/Products/Debug/PackageFrameworks -F /Users/admin/builder/spi-builder-workspace/.derivedData/Build/Products/Debug -F /Applications/Xcode-27.0.0-Release.Candidate.app/Contents/Developer/Platforms/MacOSX.platform/Developer/Library/Frameworks -c -j10 -enable-batch-mode -incremental -Xcc -ivfsstatcache -Xcc /Users/admin/builder/spi-builder-workspace/.derivedData/SDKStatCaches.noindex/macosx27.0-26A425-e829b21a6f8c9b70876ba0858053c0446a22442a12e9d48fe1a705f55a1adfc4.sdkstatcache -output-file-map /Users/admin/builder/spi-builder-workspace/.derivedData/Build/Intermediates.noindex/PerfectLogger.build/Debug/PerfectLogger-t.build/Objects-normal/arm64/PerfectLogger-OutputFileMap.json -save-temps -no-color-diagnostics -emit-dependencies -emit-module -emit-module-path /Users/admin/builder/spi-builder-workspace/.derivedData/Build/Intermediates.noindex/PerfectLogger.build/Debug/PerfectLogger-t.build/Objects-normal/arm64/PerfectLogger.swiftmodule -serialize-diagnostics -validate-clang-modules-once -clang-build-session-file /Users/admin/builder/spi-builder-workspace/.derivedData/ModuleCache.noindex/Session.modulevalidation -Xcc -fmodules-prune-interval\=86400 -Xcc -fmodules-prune-after\=345600 -emit-const-values -const-gather-protocols-list /Users/admin/builder/spi-builder-workspace/.derivedData/Build/Intermediates.noindex/PerfectLogger.build/Debug/PerfectLogger-t.build/Objects-normal/arm64/PerfectLogger_const_extract_protocols.json -Xcc -I/Users/admin/builder/spi-builder-workspace/.dependencies/checkouts/Perfect-COpenSSL/COpenSSL/include -Xcc -I/Users/admin/builder/spi-builder-workspace/.derivedData/Build/Products/Debug/include -Xcc -I/Users/admin/builder/spi-builder-workspace/.derivedData/Build/Intermediates.noindex/PerfectLogger.build/Debug/PerfectLogger-t.build/DerivedSources-normal/arm64 -Xcc -I/Users/admin/builder/spi-builder-workspace/.derivedData/Build/Intermediates.noindex/PerfectLogger.build/Debug/PerfectLogger-t.build/DerivedSources/arm64 -Xcc -I/Users/admin/builder/spi-builder-workspace/.derivedData/Build/Intermediates.noindex/PerfectLogger.build/Debug/PerfectLogger-t.build/DerivedSources -Xcc -DSWIFT_PACKAGE -Xcc -DDEBUG\=1 -emit-objc-header -emit-objc-header-path /Users/admin/builder/spi-builder-workspace/.derivedData/Build/Intermediates.noindex/PerfectLogger.build/Debug/PerfectLogger-t.build/Objects-normal/arm64/PerfectLogger-Swift.h -working-directory /Users/admin/builder/spi-builder-workspace/.swiftpm/xcode -experimental-emit-module-separately -disable-cmo
SwiftCompile normal arm64 Compiling\ Routing.swift /Users/admin/builder/spi-builder-workspace/.dependencies/checkouts/Perfect-HTTP/Sources/PerfectHTTP/Routing.swift (in target 'PerfectHTTP' from project 'PerfectHTTP')
SwiftCompile normal arm64 /Users/admin/builder/spi-builder-workspace/.dependencies/checkouts/Perfect-HTTP/Sources/PerfectHTTP/Routing.swift (in target 'PerfectHTTP' from project 'PerfectHTTP')
cd /Users/admin/builder/spi-builder-workspace/.swiftpm/xcode
builtin-SwiftPerFileCompile Routing.swift
SwiftMergeGeneratedHeaders /Users/admin/builder/spi-builder-workspace/.derivedData/Build/Intermediates.noindex/GeneratedModuleMaps/PerfectLogger-Swift.h /Users/admin/builder/spi-builder-workspace/.derivedData/Build/Intermediates.noindex/PerfectLogger.build/Debug/PerfectLogger-t.build/Objects-normal/arm64/PerfectLogger-Swift.h (in target 'PerfectLogger' from project 'PerfectLogger')
cd /Users/admin/builder/spi-builder-workspace/.dependencies/checkouts/Perfect-Logger
builtin-swiftHeaderTool -arch arm64 /Users/admin/builder/spi-builder-workspace/.derivedData/Build/Intermediates.noindex/PerfectLogger.build/Debug/PerfectLogger-t.build/Objects-normal/arm64/PerfectLogger-Swift.h -o /Users/admin/builder/spi-builder-workspace/.derivedData/Build/Intermediates.noindex/GeneratedModuleMaps/PerfectLogger-Swift.h
Copy /Users/admin/builder/spi-builder-workspace/.derivedData/Build/Products/Debug/PerfectLogger.swiftmodule/arm64-apple-macos.swiftmodule /Users/admin/builder/spi-builder-workspace/.derivedData/Build/Intermediates.noindex/PerfectLogger.build/Debug/PerfectLogger-t.build/Objects-normal/arm64/PerfectLogger.swiftmodule (in target 'PerfectLogger' from project 'PerfectLogger')
cd /Users/admin/builder/spi-builder-workspace/.dependencies/checkouts/Perfect-Logger
builtin-copy -exclude .DS_Store -exclude CVS -exclude .svn -exclude .git -exclude .hg -resolve-src-symlinks -rename /Users/admin/builder/spi-builder-workspace/.derivedData/Build/Intermediates.noindex/PerfectLogger.build/Debug/PerfectLogger-t.build/Objects-normal/arm64/PerfectLogger.swiftmodule /Users/admin/builder/spi-builder-workspace/.derivedData/Build/Products/Debug/PerfectLogger.swiftmodule/arm64-apple-macos.swiftmodule
Copy /Users/admin/builder/spi-builder-workspace/.derivedData/Build/Products/Debug/PerfectLogger.swiftmodule/arm64-apple-macos.swiftdoc /Users/admin/builder/spi-builder-workspace/.derivedData/Build/Intermediates.noindex/PerfectLogger.build/Debug/PerfectLogger-t.build/Objects-normal/arm64/PerfectLogger.swiftdoc (in target 'PerfectLogger' from project 'PerfectLogger')
cd /Users/admin/builder/spi-builder-workspace/.dependencies/checkouts/Perfect-Logger
builtin-copy -exclude .DS_Store -exclude CVS -exclude .svn -exclude .git -exclude .hg -resolve-src-symlinks -rename /Users/admin/builder/spi-builder-workspace/.derivedData/Build/Intermediates.noindex/PerfectLogger.build/Debug/PerfectLogger-t.build/Objects-normal/arm64/PerfectLogger.swiftdoc /Users/admin/builder/spi-builder-workspace/.derivedData/Build/Products/Debug/PerfectLogger.swiftmodule/arm64-apple-macos.swiftdoc
SwiftDriverJobDiscovery normal arm64 Compiling FileLogger.swift (in target 'PerfectLogger' from project 'PerfectLogger')
Copy /Users/admin/builder/spi-builder-workspace/.derivedData/Build/Products/Debug/PerfectLogger.swiftmodule/arm64-apple-macos.abi.json /Users/admin/builder/spi-builder-workspace/.derivedData/Build/Intermediates.noindex/PerfectLogger.build/Debug/PerfectLogger-t.build/Objects-normal/arm64/PerfectLogger.abi.json (in target 'PerfectLogger' from project 'PerfectLogger')
cd /Users/admin/builder/spi-builder-workspace/.dependencies/checkouts/Perfect-Logger
builtin-copy -exclude .DS_Store -exclude CVS -exclude .svn -exclude .git -exclude .hg -resolve-src-symlinks -rename /Users/admin/builder/spi-builder-workspace/.derivedData/Build/Intermediates.noindex/PerfectLogger.build/Debug/PerfectLogger-t.build/Objects-normal/arm64/PerfectLogger.abi.json /Users/admin/builder/spi-builder-workspace/.derivedData/Build/Products/Debug/PerfectLogger.swiftmodule/arm64-apple-macos.abi.json
SwiftDriverJobDiscovery normal arm64 Compiling RemoteLogger.swift (in target 'PerfectLogger' from project 'PerfectLogger')
Copy /Users/admin/builder/spi-builder-workspace/.derivedData/Build/Products/Debug/PerfectLogger.swiftmodule/Project/arm64-apple-macos.swiftsourceinfo /Users/admin/builder/spi-builder-workspace/.derivedData/Build/Intermediates.noindex/PerfectLogger.build/Debug/PerfectLogger-t.build/Objects-normal/arm64/PerfectLogger.swiftsourceinfo (in target 'PerfectLogger' from project 'PerfectLogger')
cd /Users/admin/builder/spi-builder-workspace/.dependencies/checkouts/Perfect-Logger
builtin-copy -exclude .DS_Store -exclude CVS -exclude .svn -exclude .git -exclude .hg -resolve-src-symlinks -rename /Users/admin/builder/spi-builder-workspace/.derivedData/Build/Intermediates.noindex/PerfectLogger.build/Debug/PerfectLogger-t.build/Objects-normal/arm64/PerfectLogger.swiftsourceinfo /Users/admin/builder/spi-builder-workspace/.derivedData/Build/Products/Debug/PerfectLogger.swiftmodule/Project/arm64-apple-macos.swiftsourceinfo
SwiftCompile normal arm64 Compiling\ cURL.swift /Users/admin/builder/spi-builder-workspace/.dependencies/checkouts/Perfect-CURL/Sources/PerfectCURL/cURL.swift (in target 'PerfectCURL' from project 'PerfectCURL')
SwiftCompile normal arm64 /Users/admin/builder/spi-builder-workspace/.dependencies/checkouts/Perfect-CURL/Sources/PerfectCURL/cURL.swift (in target 'PerfectCURL' from project 'PerfectCURL')
cd /Users/admin/builder/spi-builder-workspace/.swiftpm/xcode
builtin-SwiftPerFileCompile cURL.swift
SwiftCompile normal arm64 Compiling\ CURLRequestOptions.swift /Users/admin/builder/spi-builder-workspace/.dependencies/checkouts/Perfect-CURL/Sources/PerfectCURL/CURLRequestOptions.swift (in target 'PerfectCURL' from project 'PerfectCURL')
/Users/admin/builder/spi-builder-workspace/.dependencies/checkouts/Perfect-CURL/Sources/PerfectCURL/CURLRequestOptions.swift:126:19: error: cannot find 'CURLOPT_FTP_RESPONSE_TIMEOUT' in scope
124 | curl.setOption(CURLOPT_FTPPORT, s: optString)
125 | case .ftpResponseTimeout(let optInt):
126 | curl.setOption(CURLOPT_FTP_RESPONSE_TIMEOUT, int: optInt)
| `- error: cannot find 'CURLOPT_FTP_RESPONSE_TIMEOUT' in scope
127 | case .sshPublicKey(let optString):
128 | curl.setOption(CURLOPT_SSH_PUBLIC_KEYFILE, s: optString)
Failed frontend command:
/Applications/Xcode-27.0.0-Release.Candidate.app/Contents/Developer/Toolchains/XcodeDefault.xctoolchain/usr/bin/swift-frontend -frontend -c /Users/admin/builder/spi-builder-workspace/.dependencies/checkouts/Perfect-CURL/Sources/PerfectCURL/CURLRequest.swift -primary-file /Users/admin/builder/spi-builder-workspace/.dependencies/checkouts/Perfect-CURL/Sources/PerfectCURL/CURLRequestOptions.swift /Users/admin/builder/spi-builder-workspace/.dependencies/checkouts/Perfect-CURL/Sources/PerfectCURL/CURLResponse.swift /Users/admin/builder/spi-builder-workspace/.dependencies/checkouts/Perfect-CURL/Sources/PerfectCURL/CURLResponseInfos.swift /Users/admin/builder/spi-builder-workspace/.dependencies/checkouts/Perfect-CURL/Sources/PerfectCURL/cURL.swift -emit-dependencies-path /Users/admin/builder/spi-builder-workspace/.derivedData/Build/Intermediates.noindex/PerfectCURL.build/Debug/PerfectCURL-t.build/Objects-normal/arm64/CURLRequestOptions.d -emit-const-values-path /Users/admin/builder/spi-builder-workspace/.derivedData/Build/Intermediates.noindex/PerfectCURL.build/Debug/PerfectCURL-t.build/Objects-normal/arm64/CURLRequestOptions.swiftconstvalues -emit-reference-dependencies-path /Users/admin/builder/spi-builder-workspace/.derivedData/Build/Intermediates.noindex/PerfectCURL.build/Debug/PerfectCURL-t.build/Objects-normal/arm64/CURLRequestOptions.swiftdeps -serialize-diagnostics-path /Users/admin/builder/spi-builder-workspace/.derivedData/Build/Intermediates.noindex/PerfectCURL.build/Debug/PerfectCURL-t.build/Objects-normal/arm64/CURLRequestOptions.dia -target arm64-apple-macos12.0 -Xllvm -aarch64-use-tbi -enable-objc-interop -stack-check -sdk /Applications/Xcode-27.0.0-Release.Candidate.app/Contents/Developer/Platforms/MacOSX.platform/Developer/SDKs/MacOSX27.0.sdk -I /Users/admin/builder/spi-builder-workspace/.derivedData/Build/Products/Debug -Isystem /Applications/Xcode-27.0.0-Release.Candidate.app/Contents/Developer/Platforms/MacOSX.platform/Developer/usr/lib -F /Users/admin/builder/spi-builder-workspace/.derivedData/Build/Products/Debug/PackageFrameworks -F /Users/admin/builder/spi-builder-workspace/.derivedData/Build/Products/Debug -F /Applications/Xcode-27.0.0-Release.Candidate.app/Contents/Developer/Platforms/MacOSX.platform/Developer/Library/Frameworks -module-cache-path /Users/admin/builder/spi-builder-workspace/.derivedData/ModuleCache.noindex -no-color-diagnostics -Xcc -fno-color-diagnostics -enable-testing -g -debug-info-format\=dwarf -dwarf-version\=4 -suppress-warnings -swift-version 4 -Onone -D SWIFT_PACKAGE -D DEBUG -D SWIFT_MODULE_RESOURCE_BUNDLE_UNAVAILABLE -D Xcode -serialize-debugging-options -enable-experimental-feature DebugDescriptionMacro -empty-abi-descriptor -plugin-path /Applications/Xcode-27.0.0-Release.Candidate.app/Contents/Developer/Toolchains/XcodeDefault.xctoolchain/usr/lib/swift/host/plugins/testing -validate-clang-modules-once -clang-build-session-file /Users/admin/builder/spi-builder-workspace/.derivedData/ModuleCache.noindex/Session.modulevalidation -Xcc -working-directory -Xcc /Users/admin/builder/spi-builder-workspace/.swiftpm/xcode -enable-anonymous-context-mangled-names -file-compilation-dir /Users/admin/builder/spi-builder-workspace/.swiftpm/xcode -Xcc -fmodule-map-file\=/Users/admin/builder/spi-builder-workspace/.dependencies/checkouts/Perfect-COpenSSL/COpenSSL/include/module.modulemap -Xcc -fmodule-map-file\=/Users/admin/builder/spi-builder-workspace/.dependencies/checkouts/Perfect-libcurl/module.modulemap -Xcc -D_LIBCPP_HARDENING_MODE\=_LIBCPP_HARDENING_MODE_DEBUG -Xcc -ivfsstatcache -Xcc /Users/admin/builder/spi-builder-workspace/.derivedData/SDKStatCaches.noindex/macosx27.0-26A425-e829b21a6f8c9b70876ba0858053c0446a22442a12e9d48fe1a705f55a1adfc4.sdkstatcache -Xcc -fmodules-prune-interval\=86400 -Xcc -fmodules-prune-after\=345600 -Xcc -I/Users/admin/builder/spi-builder-workspace/.dependencies/checkouts/Perfect-COpenSSL/COpenSSL/include -Xcc -I/Users/admin/builder/spi-builder-workspace/.derivedData/Build/Products/Debug/include -Xcc -I/Users/admin/builder/spi-builder-workspace/.derivedData/Build/Intermediates.noindex/PerfectCURL.build/Debug/PerfectCURL-t.build/DerivedSources-normal/arm64 -Xcc -I/Users/admin/builder/spi-builder-workspace/.derivedData/Build/Intermediates.noindex/PerfectCURL.build/Debug/PerfectCURL-t.build/DerivedSources/arm64 -Xcc -I/Users/admin/builder/spi-builder-workspace/.derivedData/Build/Intermediates.noindex/PerfectCURL.build/Debug/PerfectCURL-t.build/DerivedSources -Xcc -DSWIFT_PACKAGE -Xcc -DDEBUG\=1 -no-auto-bridging-header-chaining -module-name PerfectCURL -const-gather-protocols-file /Users/admin/builder/spi-builder-workspace/.derivedData/Build/Intermediates.noindex/PerfectCURL.build/Debug/PerfectCURL-t.build/Objects-normal/arm64/PerfectCURL_const_extract_protocols.json -disable-clang-spi -target-sdk-version 27.0 -target-sdk-name macosx27.0 -external-plugin-path /Applications/Xcode-27.0.0-Release.Candidate.app/Contents/Developer/Platforms/MacOSX.platform/Developer/usr/lib/swift/host/plugins\#/Applications/Xcode-27.0.0-Release.Candidate.app/Contents/Developer/Platforms/MacOSX.platform/Developer/usr/bin/swift-plugin-server -external-plugin-path /Applications/Xcode-27.0.0-Release.Candidate.app/Contents/Developer/Platforms/MacOSX.platform/Developer/usr/local/lib/swift/host/plugins\#/Applications/Xcode-27.0.0-Release.Candidate.app/Contents/Developer/Platforms/MacOSX.platform/Developer/usr/bin/swift-plugin-server -in-process-plugin-server-path /Applications/Xcode-27.0.0-Release.Candidate.app/Contents/Developer/Toolchains/XcodeDefault.xctoolchain/usr/lib/swift/host/libSwiftInProcPluginServer.dylib -plugin-path /Applications/Xcode-27.0.0-Release.Candidate.app/Contents/Developer/Toolchains/XcodeDefault.xctoolchain/usr/lib/swift/host/plugins -plugin-path /Applications/Xcode-27.0.0-Release.Candidate.app/Contents/Developer/Toolchains/XcodeDefault.xctoolchain/usr/local/lib/swift/host/plugins -parse-as-library -o /Users/admin/builder/spi-builder-workspace/.derivedData/Build/Intermediates.noindex/PerfectCURL.build/Debug/PerfectCURL-t.build/Objects-normal/arm64/CURLRequestOptions.o -index-unit-output-path /PerfectCURL.build/Debug/PerfectCURL-t.build/Objects-normal/arm64/CURLRequestOptions.o -index-store-path /Users/admin/builder/spi-builder-workspace/.derivedData/Index.noindex/DataStore -index-system-modules
SwiftCompile normal arm64 /Users/admin/builder/spi-builder-workspace/.dependencies/checkouts/Perfect-CURL/Sources/PerfectCURL/CURLRequestOptions.swift (in target 'PerfectCURL' from project 'PerfectCURL')
cd /Users/admin/builder/spi-builder-workspace/.swiftpm/xcode
builtin-SwiftPerFileCompile CURLRequestOptions.swift
SwiftDriver\ Compilation PerfectLogger normal arm64 com.apple.xcode.tools.swift.compiler (in target 'PerfectLogger' from project 'PerfectLogger')
cd /Users/admin/builder/spi-builder-workspace/.swiftpm/xcode
builtin-Swift-Compilation -- /Applications/Xcode-27.0.0-Release.Candidate.app/Contents/Developer/Toolchains/XcodeDefault.xctoolchain/usr/bin/swiftc -parse-as-library -module-name PerfectLogger -Onone @/Users/admin/builder/spi-builder-workspace/.derivedData/Build/Intermediates.noindex/PerfectLogger.build/Debug/PerfectLogger-t.build/Objects-normal/arm64/PerfectLogger.SwiftFileList -DSWIFT_PACKAGE -DDEBUG -DSWIFT_MODULE_RESOURCE_BUNDLE_UNAVAILABLE -Xcc -fmodule-map-file\=/Users/admin/builder/spi-builder-workspace/.dependencies/checkouts/Perfect-libcurl/module.modulemap -Xcc -fmodule-map-file\=/Users/admin/builder/spi-builder-workspace/.dependencies/checkouts/Perfect-COpenSSL/COpenSSL/include/module.modulemap -DXcode -plugin-path /Applications/Xcode-27.0.0-Release.Candidate.app/Contents/Developer/Toolchains/XcodeDefault.xctoolchain/usr/lib/swift/host/plugins/testing -enable-experimental-feature DebugDescriptionMacro -sdk /Applications/Xcode-27.0.0-Release.Candidate.app/Contents/Developer/Platforms/MacOSX.platform/Developer/SDKs/MacOSX27.0.sdk -target arm64-apple-macos12.0 -g -module-cache-path /Users/admin/builder/spi-builder-workspace/.derivedData/ModuleCache.noindex -Xfrontend -serialize-debugging-options -enable-testing -suppress-warnings -index-store-path /Users/admin/builder/spi-builder-workspace/.derivedData/Index.noindex/DataStore -Xcc -D_LIBCPP_HARDENING_MODE\=_LIBCPP_HARDENING_MODE_DEBUG -swift-version 4 -I /Users/admin/builder/spi-builder-workspace/.derivedData/Build/Products/Debug -Isystem /Applications/Xcode-27.0.0-Release.Candidate.app/Contents/Developer/Platforms/MacOSX.platform/Developer/usr/lib -F /Users/admin/builder/spi-builder-workspace/.derivedData/Build/Products/Debug/PackageFrameworks -F /Users/admin/builder/spi-builder-workspace/.derivedData/Build/Products/Debug -F /Applications/Xcode-27.0.0-Release.Candidate.app/Contents/Developer/Platforms/MacOSX.platform/Developer/Library/Frameworks -c -j10 -enable-batch-mode -incremental -Xcc -ivfsstatcache -Xcc /Users/admin/builder/spi-builder-workspace/.derivedData/SDKStatCaches.noindex/macosx27.0-26A425-e829b21a6f8c9b70876ba0858053c0446a22442a12e9d48fe1a705f55a1adfc4.sdkstatcache -output-file-map /Users/admin/builder/spi-builder-workspace/.derivedData/Build/Intermediates.noindex/PerfectLogger.build/Debug/PerfectLogger-t.build/Objects-normal/arm64/PerfectLogger-OutputFileMap.json -save-temps -no-color-diagnostics -emit-dependencies -emit-module -emit-module-path /Users/admin/builder/spi-builder-workspace/.derivedData/Build/Intermediates.noindex/PerfectLogger.build/Debug/PerfectLogger-t.build/Objects-normal/arm64/PerfectLogger.swiftmodule -serialize-diagnostics -validate-clang-modules-once -clang-build-session-file /Users/admin/builder/spi-builder-workspace/.derivedData/ModuleCache.noindex/Session.modulevalidation -Xcc -fmodules-prune-interval\=86400 -Xcc -fmodules-prune-after\=345600 -emit-const-values -const-gather-protocols-list /Users/admin/builder/spi-builder-workspace/.derivedData/Build/Intermediates.noindex/PerfectLogger.build/Debug/PerfectLogger-t.build/Objects-normal/arm64/PerfectLogger_const_extract_protocols.json -Xcc -I/Users/admin/builder/spi-builder-workspace/.dependencies/checkouts/Perfect-COpenSSL/COpenSSL/include -Xcc -I/Users/admin/builder/spi-builder-workspace/.derivedData/Build/Products/Debug/include -Xcc -I/Users/admin/builder/spi-builder-workspace/.derivedData/Build/Intermediates.noindex/PerfectLogger.build/Debug/PerfectLogger-t.build/DerivedSources-normal/arm64 -Xcc -I/Users/admin/builder/spi-builder-workspace/.derivedData/Build/Intermediates.noindex/PerfectLogger.build/Debug/PerfectLogger-t.build/DerivedSources/arm64 -Xcc -I/Users/admin/builder/spi-builder-workspace/.derivedData/Build/Intermediates.noindex/PerfectLogger.build/Debug/PerfectLogger-t.build/DerivedSources -Xcc -DSWIFT_PACKAGE -Xcc -DDEBUG\=1 -emit-objc-header -emit-objc-header-path /Users/admin/builder/spi-builder-workspace/.derivedData/Build/Intermediates.noindex/PerfectLogger.build/Debug/PerfectLogger-t.build/Objects-normal/arm64/PerfectLogger-Swift.h -working-directory /Users/admin/builder/spi-builder-workspace/.swiftpm/xcode -experimental-emit-module-separately -disable-cmo
SwiftDriverJobDiscovery normal arm64 Compiling CURLRequest.swift (in target 'PerfectCURL' from project 'PerfectCURL')
SwiftDriver PerfectSession normal arm64 com.apple.xcode.tools.swift.compiler (in target 'PerfectSession' from project 'PerfectSession')
cd /Users/admin/builder/spi-builder-workspace/.swiftpm/xcode
builtin-SwiftDriver -- /Applications/Xcode-27.0.0-Release.Candidate.app/Contents/Developer/Toolchains/XcodeDefault.xctoolchain/usr/bin/swiftc -parse-as-library -module-name PerfectSession -Onone @/Users/admin/builder/spi-builder-workspace/.derivedData/Build/Intermediates.noindex/PerfectSession.build/Debug/PerfectSession-t.build/Objects-normal/arm64/PerfectSession.SwiftFileList -DSWIFT_PACKAGE -DDEBUG -DSWIFT_MODULE_RESOURCE_BUNDLE_UNAVAILABLE -Xcc -fmodule-map-file\=/Users/admin/builder/spi-builder-workspace/.dependencies/checkouts/Perfect-libcurl/module.modulemap -Xcc -fmodule-map-file\=/Users/admin/builder/spi-builder-workspace/.dependencies/checkouts/Perfect-COpenSSL/COpenSSL/include/module.modulemap -DXcode -plugin-path /Applications/Xcode-27.0.0-Release.Candidate.app/Contents/Developer/Toolchains/XcodeDefault.xctoolchain/usr/lib/swift/host/plugins/testing -enable-experimental-feature DebugDescriptionMacro -sdk /Applications/Xcode-27.0.0-Release.Candidate.app/Contents/Developer/Platforms/MacOSX.platform/Developer/SDKs/MacOSX27.0.sdk -target arm64-apple-macos12.0 -g -module-cache-path /Users/admin/builder/spi-builder-workspace/.derivedData/ModuleCache.noindex -Xfrontend -serialize-debugging-options -enable-testing -suppress-warnings -index-store-path /Users/admin/builder/spi-builder-workspace/.derivedData/Index.noindex/DataStore -Xcc -D_LIBCPP_HARDENING_MODE\=_LIBCPP_HARDENING_MODE_DEBUG -swift-version 4 -I /Users/admin/builder/spi-builder-workspace/.derivedData/Build/Products/Debug -Isystem /Applications/Xcode-27.0.0-Release.Candidate.app/Contents/Developer/Platforms/MacOSX.platform/Developer/usr/lib -F /Users/admin/builder/spi-builder-workspace/.derivedData/Build/Products/Debug/PackageFrameworks -F /Users/admin/builder/spi-builder-workspace/.derivedData/Build/Products/Debug -F /Applications/Xcode-27.0.0-Release.Candidate.app/Contents/Developer/Platforms/MacOSX.platform/Developer/Library/Frameworks -c -j10 -enable-batch-mode -incremental -Xcc -ivfsstatcache -Xcc /Users/admin/builder/spi-builder-workspace/.derivedData/SDKStatCaches.noindex/macosx27.0-26A425-e829b21a6f8c9b70876ba0858053c0446a22442a12e9d48fe1a705f55a1adfc4.sdkstatcache -output-file-map /Users/admin/builder/spi-builder-workspace/.derivedData/Build/Intermediates.noindex/PerfectSession.build/Debug/PerfectSession-t.build/Objects-normal/arm64/PerfectSession-OutputFileMap.json -save-temps -no-color-diagnostics -emit-dependencies -emit-module -emit-module-path /Users/admin/builder/spi-builder-workspace/.derivedData/Build/Intermediates.noindex/PerfectSession.build/Debug/PerfectSession-t.build/Objects-normal/arm64/PerfectSession.swiftmodule -serialize-diagnostics -validate-clang-modules-once -clang-build-session-file /Users/admin/builder/spi-builder-workspace/.derivedData/ModuleCache.noindex/Session.modulevalidation -Xcc -fmodules-prune-interval\=86400 -Xcc -fmodules-prune-after\=345600 -emit-const-values -const-gather-protocols-list /Users/admin/builder/spi-builder-workspace/.derivedData/Build/Intermediates.noindex/PerfectSession.build/Debug/PerfectSession-t.build/Objects-normal/arm64/PerfectSession_const_extract_protocols.json -Xcc -I/Users/admin/builder/spi-builder-workspace/.dependencies/checkouts/Perfect-COpenSSL/COpenSSL/include -Xcc -I/Users/admin/builder/spi-builder-workspace/.derivedData/Build/Products/Debug/include -Xcc -I/Users/admin/builder/spi-builder-workspace/.derivedData/Build/Intermediates.noindex/PerfectSession.build/Debug/PerfectSession-t.build/DerivedSources-normal/arm64 -Xcc -I/Users/admin/builder/spi-builder-workspace/.derivedData/Build/Intermediates.noindex/PerfectSession.build/Debug/PerfectSession-t.build/DerivedSources/arm64 -Xcc -I/Users/admin/builder/spi-builder-workspace/.derivedData/Build/Intermediates.noindex/PerfectSession.build/Debug/PerfectSession-t.build/DerivedSources -Xcc -DSWIFT_PACKAGE -Xcc -DDEBUG\=1 -emit-objc-header -emit-objc-header-path /Users/admin/builder/spi-builder-workspace/.derivedData/Build/Intermediates.noindex/PerfectSession.build/Debug/PerfectSession-t.build/Objects-normal/arm64/PerfectSession-Swift.h -working-directory /Users/admin/builder/spi-builder-workspace/.swiftpm/xcode -experimental-emit-module-separately -disable-cmo
SwiftCompile normal arm64 Compiling\ AuthFilters.swift /Users/admin/builder/spi-builder-workspace/.dependencies/checkouts/Perfect-Session/Sources/PerfectSession/AuthFilters.swift (in target 'PerfectSession' from project 'PerfectSession')
SwiftCompile normal arm64 /Users/admin/builder/spi-builder-workspace/.dependencies/checkouts/Perfect-Session/Sources/PerfectSession/AuthFilters.swift (in target 'PerfectSession' from project 'PerfectSession')
cd /Users/admin/builder/spi-builder-workspace/.swiftpm/xcode
builtin-SwiftPerFileCompile AuthFilters.swift
SwiftEmitModule normal arm64 Emitting\ module\ for\ PerfectSession (in target 'PerfectSession' from project 'PerfectSession')
SwiftCompile normal arm64 (in target 'PerfectSession' from project 'PerfectSession')
cd /Users/admin/builder/spi-builder-workspace/.swiftpm/xcode
SwiftCompile normal arm64 Compiling\ PerfectSession.swift /Users/admin/builder/spi-builder-workspace/.dependencies/checkouts/Perfect-Session/Sources/PerfectSession/PerfectSession.swift (in target 'PerfectSession' from project 'PerfectSession')
SwiftCompile normal arm64 /Users/admin/builder/spi-builder-workspace/.dependencies/checkouts/Perfect-Session/Sources/PerfectSession/PerfectSession.swift (in target 'PerfectSession' from project 'PerfectSession')
cd /Users/admin/builder/spi-builder-workspace/.swiftpm/xcode
builtin-SwiftPerFileCompile PerfectSession.swift
SwiftDriverJobDiscovery normal arm64 Compiling CURLResponse.swift (in target 'PerfectCURL' from project 'PerfectCURL')
SwiftCompile normal arm64 Compiling\ HTTP.swift /Users/admin/builder/spi-builder-workspace/.dependencies/checkouts/Perfect-Session/Sources/PerfectSession/HTTP.swift (in target 'PerfectSession' from project 'PerfectSession')
SwiftCompile normal arm64 /Users/admin/builder/spi-builder-workspace/.dependencies/checkouts/Perfect-Session/Sources/PerfectSession/HTTP.swift (in target 'PerfectSession' from project 'PerfectSession')
cd /Users/admin/builder/spi-builder-workspace/.swiftpm/xcode
builtin-SwiftPerFileCompile HTTP.swift
PruneExplicitPrecompiledModules /Users/admin/builder/spi-builder-workspace/.derivedData/Build/Intermediates.noindex/ExplicitPrecompiledModules
PruneExplicitPrecompiledModules /Users/admin/builder/spi-builder-workspace/.derivedData/Build/Intermediates.noindex/SwiftExplicitPrecompiledModules
PruneExplicitPrecompiledModules /Users/admin/builder/spi-builder-workspace/.derivedData/SDKExplicitPrecompiledModules
2026-09-16 08:27:17.453 xcodebuild[1518:7484] [MT] IDERunDestination: Supported platforms for the buildables in the current scheme is empty.
--- xcodebuild: WARNING: Using the first of multiple matching destinations:
{ platform:macOS, arch:arm64, id:52fc276b921febf8390852ff4e3d44a166b3174e, name:My Mac }
{ platform:macOS, arch:arm64, variant:Mac Catalyst, id:52fc276b921febf8390852ff4e3d44a166b3174e, name:My Mac }
{ platform:macOS, arch:arm64, variant:DriverKit, id:52fc276b921febf8390852ff4e3d44a166b3174e, name:My Mac }
{ platform:macOS, arch:arm64, variant:Designed for [iPad,iPhone], id:52fc276b921febf8390852ff4e3d44a166b3174e, name:My Mac }
** BUILD FAILED **
The following build commands failed:
SwiftCompile normal arm64 Compiling\ CURLRequestOptions.swift /Users/admin/builder/spi-builder-workspace/.dependencies/checkouts/Perfect-CURL/Sources/PerfectCURL/CURLRequestOptions.swift (in target 'PerfectCURL' from project 'PerfectCURL')
SwiftCompile normal arm64 /Users/admin/builder/spi-builder-workspace/.dependencies/checkouts/Perfect-CURL/Sources/PerfectCURL/CURLRequestOptions.swift (in target 'PerfectCURL' from project 'PerfectCURL')
Building workspace PerfectSessionRedis with scheme PerfectSessionRedis
(3 failures)
BUILD FAILURE 6.4 macosXcodebuild