Build Information
Failed to build LPMessagingSDK, reference 6.26.1 (0c8f6b), with Swift 6.3 for watchOS using Xcode 26.4 on 17 Jul 2026 01:56:10 UTC.
Build Command
env DEVELOPER_DIR=/Applications/Xcode-26.4.0.app xcrun xcodebuild -IDEClonedSourcePackagesDirPathOverride=$PWD/.dependencies -skipMacroValidation -skipPackagePluginValidation -derivedDataPath $PWD/.derivedData build -scheme LPMessagingSDK -destination generic/platform=watchOSBuild Log
========================================
RunAll
========================================
Builder version: undefined version: run 'make version' to update
Interrupt handler set up.
========================================
Checkout
========================================
Clone URL: https://github.com/LP-Messaging/lp-mobile-sdk-ios-spm.git
Reference: 6.26.1
Initialized empty Git repository in /Users/admin/builder/spi-builder-workspace/.git/
From https://github.com/LP-Messaging/lp-mobile-sdk-ios-spm
* tag 6.26.1 -> FETCH_HEAD
HEAD is now at 0c8f6ba release version 6.26.1
Cloned https://github.com/LP-Messaging/lp-mobile-sdk-ios-spm.git
Revision (git rev-parse @):
0c8f6bab121c1a5bebec9d15579ca59b83cbce61
SUCCESS checkout https://github.com/LP-Messaging/lp-mobile-sdk-ios-spm.git at 6.26.1
========================================
Build
========================================
Selected platform: watchOS
Swift version: 6.3
Building package at path: $PWD
https://github.com/LP-Messaging/lp-mobile-sdk-ios-spm.git
Command line invocation:
/Applications/Xcode-26.4.0.app/Contents/Developer/usr/bin/xcodebuild -IDEClonedSourcePackagesDirPathOverride=/Users/admin/builder/spi-builder-workspace/.dependencies -resolvePackageDependencies
Resolve Package Graph
Resolve Package Graph
Resolved source packages:
LPMessagingSDK: /Users/admin/builder/spi-builder-workspace
resolved source packages: LPMessagingSDK
2026-07-16 21:55:41.258 xcodebuild[541:3129] [MT] IDERunDestination: Supported platforms for the buildables in the current scheme is empty.
{
"dependencies" : [
],
"manifest_display_name" : "LPMessagingSDK",
"name" : "LPMessagingSDK",
"path" : "/Users/admin/builder/spi-builder-workspace",
"platforms" : [
{
"name" : "ios",
"version" : "13.0"
}
],
"products" : [
{
"name" : "LPMessagingSDK",
"targets" : [
"LPMessagingSDK"
],
"type" : {
"library" : [
"automatic"
]
}
}
],
"targets" : [
{
"c99name" : "LPMessagingSDK",
"module_type" : "BinaryTarget",
"name" : "LPMessagingSDK",
"path" : "LPMessagingSDK.xcframework",
"product_memberships" : [
"LPMessagingSDK"
],
"sources" : [
],
"type" : "binary"
}
],
"tools_version" : "5.7"
}
{
"workspace" : {
"name" : "spi-builder-workspace",
"schemes" : [
"LPMessagingSDK"
]
}
}
2026-07-16 21:56:04.351 xcodebuild[726:4543] [MT] IDERunDestination: Supported platforms for the buildables in the current scheme is empty.
Running build ...
env DEVELOPER_DIR=/Applications/Xcode-26.4.0.app xcrun xcodebuild -IDEClonedSourcePackagesDirPathOverride=$PWD/.dependencies -skipMacroValidation -skipPackagePluginValidation -derivedDataPath $PWD/.derivedData build -scheme LPMessagingSDK -destination generic/platform=watchOS
Command line invocation:
/Applications/Xcode-26.4.0.app/Contents/Developer/usr/bin/xcodebuild -IDEClonedSourcePackagesDirPathOverride=/Users/admin/builder/spi-builder-workspace/.dependencies -skipMacroValidation -skipPackagePluginValidation -derivedDataPath /Users/admin/builder/spi-builder-workspace/.derivedData build -scheme LPMessagingSDK -destination generic/platform=watchOS
Resolve Package Graph
Resolved source packages:
LPMessagingSDK: /Users/admin/builder/spi-builder-workspace
ComputePackagePrebuildTargetDependencyGraph
Prepare packages
CreateBuildRequest
SendProjectDescription
CreateBuildOperation
ComputeTargetDependencyGraph
note: Building targets in dependency order
note: Target dependency graph (1 target)
Target 'LPMessagingSDK' in project 'LPMessagingSDK' (no dependencies)
GatherProvisioningInputs
CreateBuildDescription
ExecuteExternalTool /Applications/Xcode-26.4.0.app/Contents/Developer/Toolchains/XcodeDefault.xctoolchain/usr/bin/clang -v -E -dM -isysroot /Applications/Xcode-26.4.0.app/Contents/Developer/Platforms/WatchOS.platform/Developer/SDKs/WatchOS26.4.sdk -x c -c /dev/null
Build description signature: ca661672aadcb8e4af2c4a954bdbcc6c
Build description path: /Users/admin/builder/spi-builder-workspace/.derivedData/Build/Intermediates.noindex/XCBuildData/ca661672aadcb8e4af2c4a954bdbcc6c.xcbuilddata
/Users/admin/builder/spi-builder-workspace/LPMessagingSDK.xcframework:1:1: error: While building for watchOS, no library for this platform was found in '/Users/admin/builder/spi-builder-workspace/LPMessagingSDK.xcframework'. (in target 'LPMessagingSDK' from project 'LPMessagingSDK')
2026-07-16 21:56:05.921 xcodebuild[734:4626] [MT] IDERunDestination: Supported platforms for the buildables in the current scheme is empty.
** BUILD FAILED **
The following build commands failed:
Building workspace spi-builder-workspace with scheme LPMessagingSDK
(1 failure)
Command line invocation:
/Applications/Xcode-26.4.0.app/Contents/Developer/usr/bin/xcodebuild -IDEClonedSourcePackagesDirPathOverride=/Users/admin/builder/spi-builder-workspace/.dependencies -resolvePackageDependencies
Resolve Package Graph
Resolved source packages:
LPMessagingSDK: /Users/admin/builder/spi-builder-workspace
resolved source packages: LPMessagingSDK
2026-07-16 21:56:08.261 xcodebuild[748:4719] [MT] IDERunDestination: Supported platforms for the buildables in the current scheme is empty.
{
"dependencies" : [
],
"manifest_display_name" : "LPMessagingSDK",
"name" : "LPMessagingSDK",
"path" : "/Users/admin/builder/spi-builder-workspace",
"platforms" : [
{
"name" : "ios",
"version" : "13.0"
}
],
"products" : [
{
"name" : "LPMessagingSDK",
"targets" : [
"LPMessagingSDK"
],
"type" : {
"library" : [
"automatic"
]
}
}
],
"targets" : [
{
"c99name" : "LPMessagingSDK",
"module_type" : "BinaryTarget",
"name" : "LPMessagingSDK",
"path" : "LPMessagingSDK.xcframework",
"product_memberships" : [
"LPMessagingSDK"
],
"sources" : [
],
"type" : "binary"
}
],
"tools_version" : "5.7"
}
{
"workspace" : {
"name" : "spi-builder-workspace",
"schemes" : [
"LPMessagingSDK"
]
}
}
2026-07-16 21:56:09.340 xcodebuild[758:4784] [MT] IDERunDestination: Supported platforms for the buildables in the current scheme is empty.
Running build ...
env DEVELOPER_DIR=/Applications/Xcode-26.4.0.app xcrun xcodebuild -IDEClonedSourcePackagesDirPathOverride=$PWD/.dependencies -skipMacroValidation -skipPackagePluginValidation -derivedDataPath $PWD/.derivedData build -scheme LPMessagingSDK -destination generic/platform=watchOS
Command line invocation:
/Applications/Xcode-26.4.0.app/Contents/Developer/usr/bin/xcodebuild -IDEClonedSourcePackagesDirPathOverride=/Users/admin/builder/spi-builder-workspace/.dependencies -skipMacroValidation -skipPackagePluginValidation -derivedDataPath /Users/admin/builder/spi-builder-workspace/.derivedData build -scheme LPMessagingSDK -destination generic/platform=watchOS
Resolve Package Graph
Resolved source packages:
LPMessagingSDK: /Users/admin/builder/spi-builder-workspace
ComputePackagePrebuildTargetDependencyGraph
Prepare packages
CreateBuildRequest
SendProjectDescription
CreateBuildOperation
ComputeTargetDependencyGraph
note: Building targets in dependency order
note: Target dependency graph (1 target)
Target 'LPMessagingSDK' in project 'LPMessagingSDK' (no dependencies)
GatherProvisioningInputs
CreateBuildDescription
/Users/admin/builder/spi-builder-workspace/LPMessagingSDK.xcframework:1:1: error: While building for watchOS, no library for this platform was found in '/Users/admin/builder/spi-builder-workspace/LPMessagingSDK.xcframework'. (in target 'LPMessagingSDK' from project 'LPMessagingSDK')
2026-07-16 21:56:10.125 xcodebuild[761:4817] [MT] IDERunDestination: Supported platforms for the buildables in the current scheme is empty.
** BUILD FAILED **
The following build commands failed:
Building workspace spi-builder-workspace with scheme LPMessagingSDK
(1 failure)
BUILD FAILURE 6.3 watchOS