The Swift Package Index logo.Swift Package Index

Build Information

Failed to build swift-math-parser, reference 5.0.4 (5b1bc0), with Swift 6.1 for tvOS using Xcode 16.3 on 10 Jul 2026 22:17:14 UTC.

Build Command

No build command. This typically means the build failed at an early stage where we determine the build command.

Build Log

========================================
RunAll
========================================
Builder version: undefined version: run 'make version' to update
Interrupt handler set up.
========================================
Checkout
========================================
Clone URL: https://github.com/bradhowes/swift-math-parser.git
Reference: 5.0.4
Initialized empty Git repository in /Users/admin/builder/spi-builder-workspace/.git/
From https://github.com/bradhowes/swift-math-parser
 * tag               5.0.4      -> FETCH_HEAD
HEAD is now at 5b1bc0f Use swift-parsing v0.15.0 without CasePaths trait.
Cloned https://github.com/bradhowes/swift-math-parser.git
Revision (git rev-parse @):
5b1bc0f4b02fa5c7eb8af90638ccc2083bf74536
SPI manifest file found: $PWD/.spi.yml
SUCCESS checkout https://github.com/bradhowes/swift-math-parser.git at 5.0.4
========================================
Build
========================================
Selected platform:         tvOS
Swift version:             6.1
Building package at path:  $PWD
https://github.com/bradhowes/swift-math-parser.git
https://github.com/bradhowes/swift-math-parser.git
error: 'spi-builder-workspace': package 'spi-builder-workspace' is using Swift tools version 6.2.0 but the installed version is 6.1.0
error: fatalError
Command line invocation:
    /Applications/Xcode-16.3.0.app/Contents/Developer/usr/bin/xcodebuild -IDEClonedSourcePackagesDirPathOverride=/Users/admin/builder/spi-builder-workspace/.dependencies -resolvePackageDependencies
Resolve Package Graph
package 'spi-builder-workspace' is using Swift tools version 6.2.0 but the installed version is 6.1.0
Resolved source packages:
  spi-builder-workspace: (null)
2026-07-10 15:17:13.519 xcodebuild[503:2874] Writing error result bundle to /var/folders/5k/5yc19ymj0jqd5v0zvgfqz0xw0000gn/T/ResultBundle_2026-10-07_15-17-0013.xcresult
xcodebuild: error: Could not resolve package dependencies:
  package 'spi-builder-workspace' is using Swift tools version 6.2.0 but the installed version is 6.1.0
Command line invocation:
    /Applications/Xcode-16.3.0.app/Contents/Developer/usr/bin/xcodebuild -IDEClonedSourcePackagesDirPathOverride=/Users/admin/builder/spi-builder-workspace/.dependencies -resolvePackageDependencies
Resolve Package Graph
package 'spi-builder-workspace' is using Swift tools version 6.2.0 but the installed version is 6.1.0
Resolved source packages:
  spi-builder-workspace: (null)
2026-07-10 15:17:14.237 xcodebuild[513:2973] Writing error result bundle to /var/folders/5k/5yc19ymj0jqd5v0zvgfqz0xw0000gn/T/ResultBundle_2026-10-07_15-17-0014.xcresult
xcodebuild: error: Could not resolve package dependencies:
  package 'spi-builder-workspace' is using Swift tools version 6.2.0 but the installed version is 6.1.0
BUILD FAILURE 6.1 tvOS