Build Information
Failed to build CopilotSDK, reference v2.5.3 (dd3448), with Swift 6.4 for watchOS using Xcode 27.0 on 27 Sep 2026 09:24:05 UTC.
Build Command
env DEVELOPER_DIR=/Applications/Xcode-27.0.0-Release.Candidate.app xcrun xcodebuild -IDEClonedSourcePackagesDirPathOverride=$PWD/.dependencies -skipMacroValidation -skipPackagePluginValidation -derivedDataPath $PWD/.derivedData build -scheme CopilotSDK-Package -destination generic/platform=watchOSBuild Log
========================================
RunAll
========================================
Builder version: 5.1.0
Interrupt handler set up.
========================================
Checkout
========================================
Clone URL: https://github.com/jeremiahjordanisaacson/copilot-sdk-supercharged.git
Reference: v2.5.3
Initialized empty Git repository in /Users/admin/builder/spi-builder-workspace/.git/
From https://github.com/jeremiahjordanisaacson/copilot-sdk-supercharged
* tag v2.5.3 -> FETCH_HEAD
HEAD is now at dd34489 chore: release v2.5.3
Updating files: 68% (3442/5007)
Updating files: 69% (3455/5007)
Updating files: 70% (3505/5007)
Updating files: 71% (3555/5007)
Updating files: 72% (3606/5007)
Updating files: 73% (3656/5007)
Updating files: 74% (3706/5007)
Updating files: 75% (3756/5007)
Updating files: 76% (3806/5007)
Updating files: 77% (3856/5007)
Updating files: 78% (3906/5007)
Updating files: 79% (3956/5007)
Updating files: 80% (4006/5007)
Updating files: 81% (4056/5007)
Updating files: 82% (4106/5007)
Updating files: 83% (4156/5007)
Updating files: 84% (4206/5007)
Updating files: 85% (4256/5007)
Updating files: 86% (4307/5007)
Updating files: 87% (4357/5007)
Updating files: 88% (4407/5007)
Updating files: 89% (4457/5007)
Updating files: 90% (4507/5007)
Updating files: 91% (4557/5007)
Updating files: 92% (4607/5007)
Updating files: 93% (4657/5007)
Updating files: 94% (4707/5007)
Updating files: 95% (4757/5007)
Updating files: 96% (4807/5007)
Updating files: 97% (4857/5007)
Updating files: 98% (4907/5007)
Updating files: 99% (4957/5007)
Updating files: 100% (5007/5007)
Updating files: 100% (5007/5007), done.
Cloned https://github.com/jeremiahjordanisaacson/copilot-sdk-supercharged.git
Revision (git rev-parse @):
dd34489d54addfa020a7ec5b7c5c8b61c6b99f8c
SUCCESS checkout https://github.com/jeremiahjordanisaacson/copilot-sdk-supercharged.git at v2.5.3
========================================
Build
========================================
Selected platform: watchOS
Swift version: 6.4
Building package at path: $PWD
https://github.com/jeremiahjordanisaacson/copilot-sdk-supercharged.git
Command line invocation:
/Applications/Xcode-27.0.0-Release.Candidate.app/Contents/Developer/usr/bin/xcodebuild -IDEClonedSourcePackagesDirPathOverride=/Users/admin/builder/spi-builder-workspace/.dependencies -resolvePackageDependencies
Resolve Package Graph
Resolve Package Graph
Resolved source packages:
CopilotSDK: /Users/admin/builder/spi-builder-workspace
resolved source packages: CopilotSDK
2026-09-27 05:23:22.100 xcodebuild[527:3052] [MT] IDERunDestination: Supported platforms for the buildables in the current scheme is empty.
{
"dependencies" : [
],
"manifest_display_name" : "CopilotSDK",
"name" : "CopilotSDK",
"path" : "/Users/admin/builder/spi-builder-workspace",
"platforms" : [
{
"name" : "macos",
"version" : "13.0"
},
{
"name" : "ios",
"version" : "16.0"
},
{
"name" : "tvos",
"version" : "16.0"
},
{
"name" : "watchos",
"version" : "9.0"
}
],
"products" : [
{
"name" : "CopilotSDK",
"targets" : [
"CopilotSDK"
],
"type" : {
"library" : [
"automatic"
]
}
},
{
"name" : "BasicExample",
"targets" : [
"BasicExample"
],
"type" : {
"executable" : null
}
}
],
"targets" : [
{
"c99name" : "CopilotSDK",
"module_type" : "SwiftTarget",
"name" : "CopilotSDK",
"path" : "swift/Sources/CopilotSDK",
"product_memberships" : [
"CopilotSDK",
"BasicExample"
],
"sources" : [
"CopilotClient.swift",
"CopilotSession.swift",
"DefineTool.swift",
"JsonRpcClient.swift",
"SdkProtocolVersion.swift",
"Types.swift"
],
"type" : "library"
},
{
"c99name" : "BasicExample",
"module_type" : "SwiftTarget",
"name" : "BasicExample",
"path" : "swift/Examples/BasicExample",
"product_memberships" : [
"BasicExample"
],
"sources" : [
"main.swift"
],
"target_dependencies" : [
"CopilotSDK"
],
"type" : "executable"
}
],
"tools_version" : "5.9"
}
{
"workspace" : {
"name" : "CopilotSDK",
"schemes" : [
"BasicExample",
"CopilotSDK",
"CopilotSDK-Package"
]
}
}
2026-09-27 05:23:54.906 xcodebuild[677:4269] [MT] IDERunDestination: Supported platforms for the buildables in the current scheme is empty.
Running build ...
env DEVELOPER_DIR=/Applications/Xcode-27.0.0-Release.Candidate.app xcrun xcodebuild -IDEClonedSourcePackagesDirPathOverride=$PWD/.dependencies -skipMacroValidation -skipPackagePluginValidation -derivedDataPath $PWD/.derivedData build -scheme CopilotSDK-Package -destination generic/platform=watchOS
Command line invocation:
/Applications/Xcode-27.0.0-Release.Candidate.app/Contents/Developer/usr/bin/xcodebuild -IDEClonedSourcePackagesDirPathOverride=/Users/admin/builder/spi-builder-workspace/.dependencies -skipMacroValidation -skipPackagePluginValidation -derivedDataPath /Users/admin/builder/spi-builder-workspace/.derivedData build -scheme CopilotSDK-Package -destination generic/platform=watchOS
Resolve Package Graph
Resolved source packages:
CopilotSDK: /Users/admin/builder/spi-builder-workspace
ComputePackagePrebuildTargetDependencyGraph
Prepare packages
CreateBuildRequest
SendProjectDescription
CreateBuildOperation
ComputeTargetDependencyGraph
note: Building targets in dependency order
note: Target dependency graph (3 targets)
Target 'BasicExample-product' in project 'CopilotSDK'
➜ Explicit dependency on target 'CopilotSDK' in project 'CopilotSDK'
Target 'CopilotSDK-product' in project 'CopilotSDK'
➜ Explicit dependency on target 'CopilotSDK' in project 'CopilotSDK'
Target 'CopilotSDK' in project 'CopilotSDK' (no dependencies)
GatherProvisioningInputs
CreateBuildDescription
ExecuteExternalTool /Applications/Xcode-27.0.0-Release.Candidate.app/Contents/Developer/Toolchains/XcodeDefault.xctoolchain/usr/bin/clang -v -E -dM -isysroot /Applications/Xcode-27.0.0-Release.Candidate.app/Contents/Developer/Platforms/WatchOS.platform/Developer/SDKs/WatchOS27.0.sdk -x c -c /dev/null
ExecuteExternalTool /Applications/Xcode-27.0.0-Release.Candidate.app/Contents/Developer/Toolchains/XcodeDefault.xctoolchain/usr/bin/swiftc --version
ExecuteExternalTool /Applications/Xcode-27.0.0-Release.Candidate.app/Contents/Developer/Toolchains/XcodeDefault.xctoolchain/usr/bin/ld -version_details
Build description signature: 1d0e5dcd2c2ff1e0ff8a7a29b48bfcde
Build description path: /Users/admin/builder/spi-builder-workspace/.derivedData/Build/Intermediates.noindex/XCBuildData/1d0e5dcd2c2ff1e0ff8a7a29b48bfcde.xcbuilddata
CreateBuildDirectory /Users/admin/builder/spi-builder-workspace/.derivedData/ModuleCache.noindex
cd /Users/admin/builder/spi-builder-workspace/.swiftpm/xcode
builtin-create-build-directory /Users/admin/builder/spi-builder-workspace/.derivedData/ModuleCache.noindex
CreateBuildDirectory /Users/admin/builder/spi-builder-workspace/.derivedData/SDKExplicitPrecompiledModules
cd /Users/admin/builder/spi-builder-workspace/.swiftpm/xcode
builtin-create-build-directory /Users/admin/builder/spi-builder-workspace/.derivedData/SDKExplicitPrecompiledModules
CreateBuildDirectory /Users/admin/builder/spi-builder-workspace/.derivedData/CompilationCache.noindex
cd /Users/admin/builder/spi-builder-workspace/.swiftpm/xcode
builtin-create-build-directory /Users/admin/builder/spi-builder-workspace/.derivedData/CompilationCache.noindex
CreateBuildDirectory /Users/admin/builder/spi-builder-workspace/.derivedData/Build/Intermediates.noindex
cd /Users/admin/builder/spi-builder-workspace/.swiftpm/xcode
builtin-create-build-directory /Users/admin/builder/spi-builder-workspace/.derivedData/Build/Intermediates.noindex
ClangStatCache /Applications/Xcode-27.0.0-Release.Candidate.app/Contents/Developer/Toolchains/XcodeDefault.xctoolchain/usr/bin/clang-stat-cache /Applications/Xcode-27.0.0-Release.Candidate.app/Contents/Developer/Platforms/WatchOS.platform/Developer/SDKs/WatchOS27.0.sdk /Users/admin/builder/spi-builder-workspace/.derivedData/SDKStatCaches.noindex/watchos27.0-24R360-e829b21a6f8c9b70876ba0858053c04477534ef55a1706bf4c1112bbb242f0a2.sdkstatcache
cd /Users/admin/builder/spi-builder-workspace/.swiftpm/xcode
/Applications/Xcode-27.0.0-Release.Candidate.app/Contents/Developer/Toolchains/XcodeDefault.xctoolchain/usr/bin/clang-stat-cache /Applications/Xcode-27.0.0-Release.Candidate.app/Contents/Developer/Platforms/WatchOS.platform/Developer/SDKs/WatchOS27.0.sdk -o /Users/admin/builder/spi-builder-workspace/.derivedData/SDKStatCaches.noindex/watchos27.0-24R360-e829b21a6f8c9b70876ba0858053c04477534ef55a1706bf4c1112bbb242f0a2.sdkstatcache
CreateBuildDirectory /Users/admin/builder/spi-builder-workspace/.derivedData/Build/Products
cd /Users/admin/builder/spi-builder-workspace/.swiftpm/xcode
builtin-create-build-directory /Users/admin/builder/spi-builder-workspace/.derivedData/Build/Products
CreateBuildDirectory /Users/admin/builder/spi-builder-workspace/.derivedData/Build/Intermediates.noindex/SwiftExplicitPrecompiledModules
cd /Users/admin/builder/spi-builder-workspace/.swiftpm/xcode
builtin-create-build-directory /Users/admin/builder/spi-builder-workspace/.derivedData/Build/Intermediates.noindex/SwiftExplicitPrecompiledModules
CreateBuildDirectory /Users/admin/builder/spi-builder-workspace/.derivedData/Build/Intermediates.noindex/ExplicitPrecompiledModules
cd /Users/admin/builder/spi-builder-workspace/.swiftpm/xcode
builtin-create-build-directory /Users/admin/builder/spi-builder-workspace/.derivedData/Build/Intermediates.noindex/ExplicitPrecompiledModules
CreateBuildDirectory /Users/admin/builder/spi-builder-workspace/.derivedData/Build/Intermediates.noindex/PrecompiledHeaders
cd /Users/admin/builder/spi-builder-workspace/.swiftpm/xcode
builtin-create-build-directory /Users/admin/builder/spi-builder-workspace/.derivedData/Build/Intermediates.noindex/PrecompiledHeaders
CreateBuildDirectory /Users/admin/builder/spi-builder-workspace/.derivedData/Build/Products/Debug-watchos
cd /Users/admin/builder/spi-builder-workspace/.swiftpm/xcode
builtin-create-build-directory /Users/admin/builder/spi-builder-workspace/.derivedData/Build/Products/Debug-watchos
CreateBuildDirectory /Users/admin/builder/spi-builder-workspace/.derivedData/Build/Intermediates.noindex/EagerLinkingTBDs/Debug-watchos
cd /Users/admin/builder/spi-builder-workspace/.swiftpm/xcode
builtin-create-build-directory /Users/admin/builder/spi-builder-workspace/.derivedData/Build/Intermediates.noindex/EagerLinkingTBDs/Debug-watchos
CreateBuildDirectory /Users/admin/builder/spi-builder-workspace/.derivedData/Build/Products/Debug-watchos/PackageFrameworks
cd /Users/admin/builder/spi-builder-workspace/.swiftpm/xcode
builtin-create-build-directory /Users/admin/builder/spi-builder-workspace/.derivedData/Build/Products/Debug-watchos/PackageFrameworks
WriteAuxiliaryFile /Users/admin/builder/spi-builder-workspace/.derivedData/Build/Intermediates.noindex/CopilotSDK.build/Debug-watchos/CopilotSDK-t.build/CopilotSDK.modulemap (in target 'CopilotSDK' from project 'CopilotSDK')
cd /Users/admin/builder/spi-builder-workspace
write-file /Users/admin/builder/spi-builder-workspace/.derivedData/Build/Intermediates.noindex/CopilotSDK.build/Debug-watchos/CopilotSDK-t.build/CopilotSDK.modulemap
WriteAuxiliaryFile /Users/admin/builder/spi-builder-workspace/.derivedData/Build/Intermediates.noindex/CopilotSDK.build/Debug-watchos/CopilotSDK-t.build/Objects-normal/arm64_32/CopilotSDK-OutputFileMap.json (in target 'CopilotSDK' from project 'CopilotSDK')
cd /Users/admin/builder/spi-builder-workspace
write-file /Users/admin/builder/spi-builder-workspace/.derivedData/Build/Intermediates.noindex/CopilotSDK.build/Debug-watchos/CopilotSDK-t.build/Objects-normal/arm64_32/CopilotSDK-OutputFileMap.json
WriteAuxiliaryFile /Users/admin/builder/spi-builder-workspace/.derivedData/Build/Intermediates.noindex/CopilotSDK.build/Debug-watchos/CopilotSDK-t.build/Objects-normal/arm64_32/CopilotSDK_const_extract_protocols.json (in target 'CopilotSDK' from project 'CopilotSDK')
cd /Users/admin/builder/spi-builder-workspace
write-file /Users/admin/builder/spi-builder-workspace/.derivedData/Build/Intermediates.noindex/CopilotSDK.build/Debug-watchos/CopilotSDK-t.build/Objects-normal/arm64_32/CopilotSDK_const_extract_protocols.json
WriteAuxiliaryFile /Users/admin/builder/spi-builder-workspace/.derivedData/Build/Intermediates.noindex/CopilotSDK.build/Debug-watchos/CopilotSDK-t.build/Objects-normal/arm64_32/CopilotSDK.SwiftFileList (in target 'CopilotSDK' from project 'CopilotSDK')
cd /Users/admin/builder/spi-builder-workspace
write-file /Users/admin/builder/spi-builder-workspace/.derivedData/Build/Intermediates.noindex/CopilotSDK.build/Debug-watchos/CopilotSDK-t.build/Objects-normal/arm64_32/CopilotSDK.SwiftFileList
WriteAuxiliaryFile /Users/admin/builder/spi-builder-workspace/.derivedData/Build/Intermediates.noindex/CopilotSDK.build/Debug-watchos/CopilotSDK-t.build/Objects-normal/arm64_32/CopilotSDK.LinkFileList (in target 'CopilotSDK' from project 'CopilotSDK')
cd /Users/admin/builder/spi-builder-workspace
write-file /Users/admin/builder/spi-builder-workspace/.derivedData/Build/Intermediates.noindex/CopilotSDK.build/Debug-watchos/CopilotSDK-t.build/Objects-normal/arm64_32/CopilotSDK.LinkFileList
WriteAuxiliaryFile /Users/admin/builder/spi-builder-workspace/.derivedData/Build/Intermediates.noindex/CopilotSDK.build/Debug-watchos/CopilotSDK-t.build/Objects-normal/arm64_32/CopilotSDK.SwiftConstValuesFileList (in target 'CopilotSDK' from project 'CopilotSDK')
cd /Users/admin/builder/spi-builder-workspace
write-file /Users/admin/builder/spi-builder-workspace/.derivedData/Build/Intermediates.noindex/CopilotSDK.build/Debug-watchos/CopilotSDK-t.build/Objects-normal/arm64_32/CopilotSDK.SwiftConstValuesFileList
WriteAuxiliaryFile /Users/admin/builder/spi-builder-workspace/.derivedData/Build/Intermediates.noindex/CopilotSDK.build/Debug-watchos/CopilotSDK-t.build/Objects-normal/arm64/CopilotSDK_const_extract_protocols.json (in target 'CopilotSDK' from project 'CopilotSDK')
cd /Users/admin/builder/spi-builder-workspace
write-file /Users/admin/builder/spi-builder-workspace/.derivedData/Build/Intermediates.noindex/CopilotSDK.build/Debug-watchos/CopilotSDK-t.build/Objects-normal/arm64/CopilotSDK_const_extract_protocols.json
WriteAuxiliaryFile /Users/admin/builder/spi-builder-workspace/.derivedData/Build/Intermediates.noindex/CopilotSDK.build/Debug-watchos/CopilotSDK-t.build/Objects-normal/arm64/CopilotSDK.SwiftFileList (in target 'CopilotSDK' from project 'CopilotSDK')
cd /Users/admin/builder/spi-builder-workspace
write-file /Users/admin/builder/spi-builder-workspace/.derivedData/Build/Intermediates.noindex/CopilotSDK.build/Debug-watchos/CopilotSDK-t.build/Objects-normal/arm64/CopilotSDK.SwiftFileList
WriteAuxiliaryFile /Users/admin/builder/spi-builder-workspace/.derivedData/Build/Intermediates.noindex/CopilotSDK.build/Debug-watchos/CopilotSDK-t.build/Objects-normal/arm64/CopilotSDK.SwiftConstValuesFileList (in target 'CopilotSDK' from project 'CopilotSDK')
cd /Users/admin/builder/spi-builder-workspace
write-file /Users/admin/builder/spi-builder-workspace/.derivedData/Build/Intermediates.noindex/CopilotSDK.build/Debug-watchos/CopilotSDK-t.build/Objects-normal/arm64/CopilotSDK.SwiftConstValuesFileList
WriteAuxiliaryFile /Users/admin/builder/spi-builder-workspace/.derivedData/Build/Intermediates.noindex/CopilotSDK.build/Debug-watchos/CopilotSDK-t.build/Objects-normal/arm64/CopilotSDK-OutputFileMap.json (in target 'CopilotSDK' from project 'CopilotSDK')
cd /Users/admin/builder/spi-builder-workspace
write-file /Users/admin/builder/spi-builder-workspace/.derivedData/Build/Intermediates.noindex/CopilotSDK.build/Debug-watchos/CopilotSDK-t.build/Objects-normal/arm64/CopilotSDK-OutputFileMap.json
WriteAuxiliaryFile /Users/admin/builder/spi-builder-workspace/.derivedData/Build/Intermediates.noindex/CopilotSDK.build/Debug-watchos/CopilotSDK-t.build/CopilotSDK.DependencyStaticMetadataFileList (in target 'CopilotSDK' from project 'CopilotSDK')
cd /Users/admin/builder/spi-builder-workspace
write-file /Users/admin/builder/spi-builder-workspace/.derivedData/Build/Intermediates.noindex/CopilotSDK.build/Debug-watchos/CopilotSDK-t.build/CopilotSDK.DependencyStaticMetadataFileList
WriteAuxiliaryFile /Users/admin/builder/spi-builder-workspace/.derivedData/Build/Intermediates.noindex/CopilotSDK.build/Debug-watchos/CopilotSDK-t.build/Objects-normal/arm64/CopilotSDK.LinkFileList (in target 'CopilotSDK' from project 'CopilotSDK')
cd /Users/admin/builder/spi-builder-workspace
write-file /Users/admin/builder/spi-builder-workspace/.derivedData/Build/Intermediates.noindex/CopilotSDK.build/Debug-watchos/CopilotSDK-t.build/Objects-normal/arm64/CopilotSDK.LinkFileList
WriteAuxiliaryFile /Users/admin/builder/spi-builder-workspace/.derivedData/Build/Intermediates.noindex/CopilotSDK.build/Debug-watchos/CopilotSDK-t.build/CopilotSDK.DependencyMetadataFileList (in target 'CopilotSDK' from project 'CopilotSDK')
cd /Users/admin/builder/spi-builder-workspace
write-file /Users/admin/builder/spi-builder-workspace/.derivedData/Build/Intermediates.noindex/CopilotSDK.build/Debug-watchos/CopilotSDK-t.build/CopilotSDK.DependencyMetadataFileList
WriteAuxiliaryFile /Users/admin/builder/spi-builder-workspace/.derivedData/Build/Intermediates.noindex/CopilotSDK.build/Debug-watchos/BasicExample-p.build/Objects-normal/arm64_32/BasicExample_const_extract_protocols.json (in target 'BasicExample-product' from project 'CopilotSDK')
cd /Users/admin/builder/spi-builder-workspace
write-file /Users/admin/builder/spi-builder-workspace/.derivedData/Build/Intermediates.noindex/CopilotSDK.build/Debug-watchos/BasicExample-p.build/Objects-normal/arm64_32/BasicExample_const_extract_protocols.json
WriteAuxiliaryFile /Users/admin/builder/spi-builder-workspace/.derivedData/Build/Intermediates.noindex/CopilotSDK.build/Debug-watchos/BasicExample-p.build/Objects-normal/arm64_32/BasicExample.SwiftFileList (in target 'BasicExample-product' from project 'CopilotSDK')
cd /Users/admin/builder/spi-builder-workspace
write-file /Users/admin/builder/spi-builder-workspace/.derivedData/Build/Intermediates.noindex/CopilotSDK.build/Debug-watchos/BasicExample-p.build/Objects-normal/arm64_32/BasicExample.SwiftFileList
WriteAuxiliaryFile /Users/admin/builder/spi-builder-workspace/.derivedData/Build/Intermediates.noindex/CopilotSDK.build/Debug-watchos/BasicExample-p.build/Objects-normal/arm64_32/BasicExample.LinkFileList (in target 'BasicExample-product' from project 'CopilotSDK')
cd /Users/admin/builder/spi-builder-workspace
write-file /Users/admin/builder/spi-builder-workspace/.derivedData/Build/Intermediates.noindex/CopilotSDK.build/Debug-watchos/BasicExample-p.build/Objects-normal/arm64_32/BasicExample.LinkFileList
WriteAuxiliaryFile /Users/admin/builder/spi-builder-workspace/.derivedData/Build/Intermediates.noindex/CopilotSDK.build/Debug-watchos/BasicExample-p.build/Objects-normal/arm64_32/BasicExample-OutputFileMap.json (in target 'BasicExample-product' from project 'CopilotSDK')
cd /Users/admin/builder/spi-builder-workspace
write-file /Users/admin/builder/spi-builder-workspace/.derivedData/Build/Intermediates.noindex/CopilotSDK.build/Debug-watchos/BasicExample-p.build/Objects-normal/arm64_32/BasicExample-OutputFileMap.json
Copy /Users/admin/builder/spi-builder-workspace/.derivedData/Build/Intermediates.noindex/GeneratedModuleMaps-watchos/CopilotSDK.modulemap /Users/admin/builder/spi-builder-workspace/.derivedData/Build/Intermediates.noindex/CopilotSDK.build/Debug-watchos/CopilotSDK-t.build/CopilotSDK.modulemap (in target 'CopilotSDK' from project 'CopilotSDK')
cd /Users/admin/builder/spi-builder-workspace
builtin-copy -exclude .DS_Store -exclude CVS -exclude .svn -exclude .git -exclude .hg -resolve-src-symlinks /Users/admin/builder/spi-builder-workspace/.derivedData/Build/Intermediates.noindex/CopilotSDK.build/Debug-watchos/CopilotSDK-t.build/CopilotSDK.modulemap /Users/admin/builder/spi-builder-workspace/.derivedData/Build/Intermediates.noindex/GeneratedModuleMaps-watchos
WriteAuxiliaryFile /Users/admin/builder/spi-builder-workspace/.derivedData/Build/Intermediates.noindex/CopilotSDK.build/Debug-watchos/BasicExample-p.build/Objects-normal/arm64/BasicExample.LinkFileList (in target 'BasicExample-product' from project 'CopilotSDK')
cd /Users/admin/builder/spi-builder-workspace
write-file /Users/admin/builder/spi-builder-workspace/.derivedData/Build/Intermediates.noindex/CopilotSDK.build/Debug-watchos/BasicExample-p.build/Objects-normal/arm64/BasicExample.LinkFileList
WriteAuxiliaryFile /Users/admin/builder/spi-builder-workspace/.derivedData/Build/Intermediates.noindex/CopilotSDK.build/Debug-watchos/BasicExample-p.build/Objects-normal/arm64/BasicExample-OutputFileMap.json (in target 'BasicExample-product' from project 'CopilotSDK')
cd /Users/admin/builder/spi-builder-workspace
write-file /Users/admin/builder/spi-builder-workspace/.derivedData/Build/Intermediates.noindex/CopilotSDK.build/Debug-watchos/BasicExample-p.build/Objects-normal/arm64/BasicExample-OutputFileMap.json
WriteAuxiliaryFile /Users/admin/builder/spi-builder-workspace/.derivedData/Build/Intermediates.noindex/CopilotSDK.build/Debug-watchos/BasicExample-p.build/Objects-normal/arm64/BasicExample_const_extract_protocols.json (in target 'BasicExample-product' from project 'CopilotSDK')
cd /Users/admin/builder/spi-builder-workspace
write-file /Users/admin/builder/spi-builder-workspace/.derivedData/Build/Intermediates.noindex/CopilotSDK.build/Debug-watchos/BasicExample-p.build/Objects-normal/arm64/BasicExample_const_extract_protocols.json
WriteAuxiliaryFile /Users/admin/builder/spi-builder-workspace/.derivedData/Build/Intermediates.noindex/CopilotSDK.build/Debug-watchos/BasicExample-p.build/Objects-normal/arm64/BasicExample.SwiftFileList (in target 'BasicExample-product' from project 'CopilotSDK')
cd /Users/admin/builder/spi-builder-workspace
write-file /Users/admin/builder/spi-builder-workspace/.derivedData/Build/Intermediates.noindex/CopilotSDK.build/Debug-watchos/BasicExample-p.build/Objects-normal/arm64/BasicExample.SwiftFileList
WriteAuxiliaryFile /Users/admin/builder/spi-builder-workspace/.derivedData/Build/Intermediates.noindex/CopilotSDK.build/Debug-watchos/BasicExample-p.build/BasicExample.DependencyStaticMetadataFileList (in target 'BasicExample-product' from project 'CopilotSDK')
cd /Users/admin/builder/spi-builder-workspace
write-file /Users/admin/builder/spi-builder-workspace/.derivedData/Build/Intermediates.noindex/CopilotSDK.build/Debug-watchos/BasicExample-p.build/BasicExample.DependencyStaticMetadataFileList
WriteAuxiliaryFile /Users/admin/builder/spi-builder-workspace/.derivedData/Build/Intermediates.noindex/CopilotSDK.build/Debug-watchos/BasicExample-p.build/BasicExample.DependencyMetadataFileList (in target 'BasicExample-product' from project 'CopilotSDK')
cd /Users/admin/builder/spi-builder-workspace
write-file /Users/admin/builder/spi-builder-workspace/.derivedData/Build/Intermediates.noindex/CopilotSDK.build/Debug-watchos/BasicExample-p.build/BasicExample.DependencyMetadataFileList
SwiftDriver CopilotSDK normal arm64 com.apple.xcode.tools.swift.compiler (in target 'CopilotSDK' from project 'CopilotSDK')
cd /Users/admin/builder/spi-builder-workspace/.swiftpm/xcode
builtin-SwiftDriver -- /Applications/Xcode-27.0.0-Release.Candidate.app/Contents/Developer/Toolchains/XcodeDefault.xctoolchain/usr/bin/swiftc -parse-as-library -module-name CopilotSDK -Onone @/Users/admin/builder/spi-builder-workspace/.derivedData/Build/Intermediates.noindex/CopilotSDK.build/Debug-watchos/CopilotSDK-t.build/Objects-normal/arm64/CopilotSDK.SwiftFileList -DSWIFT_PACKAGE -DDEBUG -DSWIFT_MODULE_RESOURCE_BUNDLE_UNAVAILABLE -DXcode -plugin-path /Applications/Xcode-27.0.0-Release.Candidate.app/Contents/Developer/Toolchains/XcodeDefault.xctoolchain/usr/lib/swift/host/plugins/testing -enable-experimental-feature DebugDescriptionMacro -sdk /Applications/Xcode-27.0.0-Release.Candidate.app/Contents/Developer/Platforms/WatchOS.platform/Developer/SDKs/WatchOS27.0.sdk -target arm64-apple-watchos9.0 -g -module-cache-path /Users/admin/builder/spi-builder-workspace/.derivedData/ModuleCache.noindex -Xfrontend -serialize-debugging-options -enable-testing -index-store-path /Users/admin/builder/spi-builder-workspace/.derivedData/Index.noindex/DataStore -Xcc -D_LIBCPP_HARDENING_MODE\=_LIBCPP_HARDENING_MODE_DEBUG -swift-version 5 -I /Users/admin/builder/spi-builder-workspace/.derivedData/Build/Products/Debug-watchos -Isystem /Applications/Xcode-27.0.0-Release.Candidate.app/Contents/Developer/Platforms/WatchOS.platform/Developer/usr/lib -F /Users/admin/builder/spi-builder-workspace/.derivedData/Build/Products/Debug-watchos -F /Applications/Xcode-27.0.0-Release.Candidate.app/Contents/Developer/Platforms/WatchOS.platform/Developer/Library/Frameworks -F /Applications/Xcode-27.0.0-Release.Candidate.app/Contents/Developer/Platforms/WatchOS.platform/Developer/SDKs/WatchOS27.0.sdk/Developer/Library/Frameworks -c -j10 -enable-batch-mode -incremental -Xcc -ivfsstatcache -Xcc /Users/admin/builder/spi-builder-workspace/.derivedData/SDKStatCaches.noindex/watchos27.0-24R360-e829b21a6f8c9b70876ba0858053c04477534ef55a1706bf4c1112bbb242f0a2.sdkstatcache -output-file-map /Users/admin/builder/spi-builder-workspace/.derivedData/Build/Intermediates.noindex/CopilotSDK.build/Debug-watchos/CopilotSDK-t.build/Objects-normal/arm64/CopilotSDK-OutputFileMap.json -save-temps -no-color-diagnostics -explicit-module-build -module-cache-path /Users/admin/builder/spi-builder-workspace/.derivedData/Build/Intermediates.noindex/SwiftExplicitPrecompiledModules -clang-scanner-module-cache-path /Users/admin/builder/spi-builder-workspace/.derivedData/ModuleCache.noindex -sdk-module-cache-path /Users/admin/builder/spi-builder-workspace/.derivedData/SDKExplicitPrecompiledModules -emit-dependencies -emit-module -emit-module-path /Users/admin/builder/spi-builder-workspace/.derivedData/Build/Intermediates.noindex/CopilotSDK.build/Debug-watchos/CopilotSDK-t.build/Objects-normal/arm64/CopilotSDK.swiftmodule -serialize-diagnostics -dependency-scan-serialize-diagnostics-path /Users/admin/builder/spi-builder-workspace/.derivedData/Build/Intermediates.noindex/CopilotSDK.build/Debug-watchos/CopilotSDK-t.build/Objects-normal/arm64/CopilotSDK-dependency-scan.dia -validate-clang-modules-once -clang-build-session-file /Users/admin/builder/spi-builder-workspace/.derivedData/ModuleCache.noindex/Session.modulevalidation -Xcc -fmodules-prune-interval\=86400 -Xcc -fmodules-prune-after\=345600 -package-name spi_builder_workspace -emit-const-values -const-gather-protocols-list /Users/admin/builder/spi-builder-workspace/.derivedData/Build/Intermediates.noindex/CopilotSDK.build/Debug-watchos/CopilotSDK-t.build/Objects-normal/arm64/CopilotSDK_const_extract_protocols.json -Xcc -I/Users/admin/builder/spi-builder-workspace/.derivedData/Build/Products/Debug-watchos/include -Xcc -I/Users/admin/builder/spi-builder-workspace/.derivedData/Build/Intermediates.noindex/CopilotSDK.build/Debug-watchos/CopilotSDK-t.build/DerivedSources-normal/arm64 -Xcc -I/Users/admin/builder/spi-builder-workspace/.derivedData/Build/Intermediates.noindex/CopilotSDK.build/Debug-watchos/CopilotSDK-t.build/DerivedSources/arm64 -Xcc -I/Users/admin/builder/spi-builder-workspace/.derivedData/Build/Intermediates.noindex/CopilotSDK.build/Debug-watchos/CopilotSDK-t.build/DerivedSources -Xcc -DSWIFT_PACKAGE -Xcc -DDEBUG\=1 -emit-objc-header -emit-objc-header-path /Users/admin/builder/spi-builder-workspace/.derivedData/Build/Intermediates.noindex/CopilotSDK.build/Debug-watchos/CopilotSDK-t.build/Objects-normal/arm64/CopilotSDK-Swift.h -working-directory /Users/admin/builder/spi-builder-workspace/.swiftpm/xcode -experimental-emit-module-separately -disable-cmo
SwiftDriver CopilotSDK normal arm64_32 com.apple.xcode.tools.swift.compiler (in target 'CopilotSDK' from project 'CopilotSDK')
cd /Users/admin/builder/spi-builder-workspace/.swiftpm/xcode
builtin-SwiftDriver -- /Applications/Xcode-27.0.0-Release.Candidate.app/Contents/Developer/Toolchains/XcodeDefault.xctoolchain/usr/bin/swiftc -parse-as-library -module-name CopilotSDK -Onone @/Users/admin/builder/spi-builder-workspace/.derivedData/Build/Intermediates.noindex/CopilotSDK.build/Debug-watchos/CopilotSDK-t.build/Objects-normal/arm64_32/CopilotSDK.SwiftFileList -DSWIFT_PACKAGE -DDEBUG -DSWIFT_MODULE_RESOURCE_BUNDLE_UNAVAILABLE -DXcode -plugin-path /Applications/Xcode-27.0.0-Release.Candidate.app/Contents/Developer/Toolchains/XcodeDefault.xctoolchain/usr/lib/swift/host/plugins/testing -enable-experimental-feature DebugDescriptionMacro -sdk /Applications/Xcode-27.0.0-Release.Candidate.app/Contents/Developer/Platforms/WatchOS.platform/Developer/SDKs/WatchOS27.0.sdk -target arm64_32-apple-watchos9.0 -g -module-cache-path /Users/admin/builder/spi-builder-workspace/.derivedData/ModuleCache.noindex -Xfrontend -serialize-debugging-options -enable-testing -index-store-path /Users/admin/builder/spi-builder-workspace/.derivedData/Index.noindex/DataStore -Xcc -D_LIBCPP_HARDENING_MODE\=_LIBCPP_HARDENING_MODE_DEBUG -swift-version 5 -I /Users/admin/builder/spi-builder-workspace/.derivedData/Build/Products/Debug-watchos -Isystem /Applications/Xcode-27.0.0-Release.Candidate.app/Contents/Developer/Platforms/WatchOS.platform/Developer/usr/lib -F /Users/admin/builder/spi-builder-workspace/.derivedData/Build/Products/Debug-watchos -F /Applications/Xcode-27.0.0-Release.Candidate.app/Contents/Developer/Platforms/WatchOS.platform/Developer/Library/Frameworks -F /Applications/Xcode-27.0.0-Release.Candidate.app/Contents/Developer/Platforms/WatchOS.platform/Developer/SDKs/WatchOS27.0.sdk/Developer/Library/Frameworks -c -j10 -enable-batch-mode -incremental -Xcc -ivfsstatcache -Xcc /Users/admin/builder/spi-builder-workspace/.derivedData/SDKStatCaches.noindex/watchos27.0-24R360-e829b21a6f8c9b70876ba0858053c04477534ef55a1706bf4c1112bbb242f0a2.sdkstatcache -output-file-map /Users/admin/builder/spi-builder-workspace/.derivedData/Build/Intermediates.noindex/CopilotSDK.build/Debug-watchos/CopilotSDK-t.build/Objects-normal/arm64_32/CopilotSDK-OutputFileMap.json -save-temps -no-color-diagnostics -explicit-module-build -module-cache-path /Users/admin/builder/spi-builder-workspace/.derivedData/Build/Intermediates.noindex/SwiftExplicitPrecompiledModules -clang-scanner-module-cache-path /Users/admin/builder/spi-builder-workspace/.derivedData/ModuleCache.noindex -sdk-module-cache-path /Users/admin/builder/spi-builder-workspace/.derivedData/SDKExplicitPrecompiledModules -emit-dependencies -emit-module -emit-module-path /Users/admin/builder/spi-builder-workspace/.derivedData/Build/Intermediates.noindex/CopilotSDK.build/Debug-watchos/CopilotSDK-t.build/Objects-normal/arm64_32/CopilotSDK.swiftmodule -serialize-diagnostics -dependency-scan-serialize-diagnostics-path /Users/admin/builder/spi-builder-workspace/.derivedData/Build/Intermediates.noindex/CopilotSDK.build/Debug-watchos/CopilotSDK-t.build/Objects-normal/arm64_32/CopilotSDK-dependency-scan.dia -validate-clang-modules-once -clang-build-session-file /Users/admin/builder/spi-builder-workspace/.derivedData/ModuleCache.noindex/Session.modulevalidation -Xcc -fmodules-prune-interval\=86400 -Xcc -fmodules-prune-after\=345600 -package-name spi_builder_workspace -emit-const-values -const-gather-protocols-list /Users/admin/builder/spi-builder-workspace/.derivedData/Build/Intermediates.noindex/CopilotSDK.build/Debug-watchos/CopilotSDK-t.build/Objects-normal/arm64_32/CopilotSDK_const_extract_protocols.json -Xcc -I/Users/admin/builder/spi-builder-workspace/.derivedData/Build/Products/Debug-watchos/include -Xcc -I/Users/admin/builder/spi-builder-workspace/.derivedData/Build/Intermediates.noindex/CopilotSDK.build/Debug-watchos/CopilotSDK-t.build/DerivedSources-normal/arm64_32 -Xcc -I/Users/admin/builder/spi-builder-workspace/.derivedData/Build/Intermediates.noindex/CopilotSDK.build/Debug-watchos/CopilotSDK-t.build/DerivedSources/arm64_32 -Xcc -I/Users/admin/builder/spi-builder-workspace/.derivedData/Build/Intermediates.noindex/CopilotSDK.build/Debug-watchos/CopilotSDK-t.build/DerivedSources -Xcc -DSWIFT_PACKAGE -Xcc -DDEBUG\=1 -emit-objc-header -emit-objc-header-path /Users/admin/builder/spi-builder-workspace/.derivedData/Build/Intermediates.noindex/CopilotSDK.build/Debug-watchos/CopilotSDK-t.build/Objects-normal/arm64_32/CopilotSDK-Swift.h -working-directory /Users/admin/builder/spi-builder-workspace/.swiftpm/xcode -experimental-emit-module-separately -disable-cmo
SwiftExplicitDependencyGeneratePcm arm64_32 /Users/admin/builder/spi-builder-workspace/.derivedData/SDKExplicitPrecompiledModules/_Builtin_stddef-H44EFHQX6XSS5MZ7QP6YJZ76.pcm
SwiftExplicitDependencyGeneratePcm arm64_32 /Users/admin/builder/spi-builder-workspace/.derivedData/SDKExplicitPrecompiledModules/_AvailabilityInternal-244WAN3Z1QBT7PIA64EZEFY1R.pcm
SwiftExplicitDependencyGeneratePcm arm64_32 /Users/admin/builder/spi-builder-workspace/.derivedData/SDKExplicitPrecompiledModules/ptrcheck-7ELIH9BTIGVKX3UBITM9N72WD.pcm
SwiftExplicitDependencyGeneratePcm arm64_32 /Users/admin/builder/spi-builder-workspace/.derivedData/SDKExplicitPrecompiledModules/_Builtin_stdbool-A967K8W8YUYEC9SN52KJ7OO88.pcm
SwiftExplicitDependencyGeneratePcm arm64_32 /Users/admin/builder/spi-builder-workspace/.derivedData/SDKExplicitPrecompiledModules/SwiftShims-9CQQGWTSNTN9EB5NSHDWUJICH.pcm
SwiftExplicitDependencyGeneratePcm arm64_32 /Users/admin/builder/spi-builder-workspace/.derivedData/SDKExplicitPrecompiledModules/_Builtin_stdarg-D305JG44A2WPI6CJY37X3QJE8.pcm
SwiftExplicitDependencyGeneratePcm arm64_32 /Users/admin/builder/spi-builder-workspace/.derivedData/SDKExplicitPrecompiledModules/_SwiftConcurrencyShims-6RTBPQ03V7BM9SPRK8SUE055H.pcm
SwiftExplicitDependencyGeneratePcm arm64 /Users/admin/builder/spi-builder-workspace/.derivedData/SDKExplicitPrecompiledModules/_Builtin_stddef-1FU30Y8SWFB7OUUHMJQH5J6FM.pcm
SwiftExplicitDependencyGeneratePcm arm64 /Users/admin/builder/spi-builder-workspace/.derivedData/SDKExplicitPrecompiledModules/_SwiftConcurrencyShims-659N52XSKR5F0QSB880BH2FJR.pcm
SwiftExplicitDependencyGeneratePcm arm64 /Users/admin/builder/spi-builder-workspace/.derivedData/SDKExplicitPrecompiledModules/ptrauth-3TZ9WJCGLYD25HQPWH4968ONX.pcm
SwiftExplicitDependencyGeneratePcm arm64 /Users/admin/builder/spi-builder-workspace/.derivedData/SDKExplicitPrecompiledModules/SwiftShims-4MXFZPV6FEB0XBYXCGPWAMQGL.pcm
SwiftExplicitDependencyGeneratePcm arm64 /Users/admin/builder/spi-builder-workspace/.derivedData/SDKExplicitPrecompiledModules/ptrcheck-AIF0NDOYZ8ORBNHQAQR5NNB8M.pcm
SwiftExplicitDependencyGeneratePcm arm64 /Users/admin/builder/spi-builder-workspace/.derivedData/SDKExplicitPrecompiledModules/_Builtin_stdbool-83J96QSOFE9VX04AAS6310UAE.pcm
SwiftExplicitDependencyGeneratePcm arm64 /Users/admin/builder/spi-builder-workspace/.derivedData/SDKExplicitPrecompiledModules/_Builtin_stdarg-A7UU8LE6MP85SM26YO7PBZNUQ.pcm
SwiftExplicitDependencyGeneratePcm arm64 /Users/admin/builder/spi-builder-workspace/.derivedData/SDKExplicitPrecompiledModules/_AvailabilityInternal-BUNV3UXM65NT37THI4W1AM0SF.pcm
SwiftExplicitDependencyGeneratePcm arm64 /Users/admin/builder/spi-builder-workspace/.derivedData/SDKExplicitPrecompiledModules/_Builtin_float-C0CW5Q4HGBQYKE77TC42IAFB5.pcm
SwiftExplicitDependencyGeneratePcm arm64_32 /Users/admin/builder/spi-builder-workspace/.derivedData/SDKExplicitPrecompiledModules/ptrauth-BFXF358ME5AK535N5A9Z766WU.pcm
SwiftExplicitDependencyGeneratePcm arm64_32 /Users/admin/builder/spi-builder-workspace/.derivedData/SDKExplicitPrecompiledModules/_Builtin_float-6KO8O3PEWRCA4WC6PPLOYO6WJ.pcm
SwiftExplicitDependencyGeneratePcm arm64_32 /Users/admin/builder/spi-builder-workspace/.derivedData/SDKExplicitPrecompiledModules/_DarwinFoundation1-2GWF9RFMPLQW4PDHS3NARVI3G.pcm
SwiftExplicitDependencyGeneratePcm arm64 /Users/admin/builder/spi-builder-workspace/.derivedData/SDKExplicitPrecompiledModules/_DarwinFoundation1-7SPX3MD0HMP55E4OLNCPNDQ53.pcm
SwiftExplicitDependencyGeneratePcm arm64_32 /Users/admin/builder/spi-builder-workspace/.derivedData/SDKExplicitPrecompiledModules/_Builtin_limits-3VKBU2AFTD65PAJZ5CJ3LHFM2.pcm
SwiftExplicitDependencyGeneratePcm arm64_32 /Users/admin/builder/spi-builder-workspace/.derivedData/SDKExplicitPrecompiledModules/_DarwinFoundation2-9MY8GOSYRO0M9MKNXF6D3MBNK.pcm
SwiftExplicitDependencyGeneratePcm arm64 /Users/admin/builder/spi-builder-workspace/.derivedData/SDKExplicitPrecompiledModules/_Builtin_limits-9GWPA2B0H20DYUNYHYCWKABJG.pcm
SwiftExplicitDependencyGeneratePcm arm64 /Users/admin/builder/spi-builder-workspace/.derivedData/SDKExplicitPrecompiledModules/_DarwinFoundation2-D0XAPJU49S5E9XMKYOFGSTB1Q.pcm
SwiftExplicitDependencyGeneratePcm arm64_32 /Users/admin/builder/spi-builder-workspace/.derivedData/SDKExplicitPrecompiledModules/sys_types-8TLLMW08ZJWDGIIPKOYFGHHZW.pcm
SwiftExplicitDependencyGeneratePcm arm64_32 /Users/admin/builder/spi-builder-workspace/.derivedData/SDKExplicitPrecompiledModules/string_h-BFVLUQUSBZWYMLCU9QI7VZALW.pcm
SwiftExplicitDependencyGeneratePcm arm64_32 /Users/admin/builder/spi-builder-workspace/.derivedData/SDKExplicitPrecompiledModules/_Builtin_stdint-1HMXWI3V0V4TXHRWZOMZGZ80Y.pcm
SwiftExplicitDependencyGeneratePcm arm64 /Users/admin/builder/spi-builder-workspace/.derivedData/SDKExplicitPrecompiledModules/_Builtin_stdint-8XMILLJZEGRN2XG7XZUXZ5RLX.pcm
SwiftExplicitDependencyGeneratePcm arm64 /Users/admin/builder/spi-builder-workspace/.derivedData/SDKExplicitPrecompiledModules/sys_types-2KXQLI78OUCDP779AE68GZJ2.pcm
SwiftExplicitDependencyGeneratePcm arm64 /Users/admin/builder/spi-builder-workspace/.derivedData/SDKExplicitPrecompiledModules/string_h-E6PRXK75PHIPCZFWOFCQ3QBMK.pcm
SwiftExplicitDependencyGeneratePcm arm64_32 /Users/admin/builder/spi-builder-workspace/.derivedData/SDKExplicitPrecompiledModules/_DarwinFoundation3-3DUTYQDQSD9HUAAVY947NMWOI.pcm
SwiftExplicitDependencyGeneratePcm arm64 /Users/admin/builder/spi-builder-workspace/.derivedData/SDKExplicitPrecompiledModules/_DarwinFoundation3-B97LRG0E9GON2NUE65TVG81HU.pcm
SwiftExplicitDependencyGeneratePcm arm64_32 /Users/admin/builder/spi-builder-workspace/.derivedData/SDKExplicitPrecompiledModules/_Builtin_inttypes-D2KPCR4PEX9AQA33NGLUT5SBR.pcm
SwiftExplicitDependencyGeneratePcm arm64 /Users/admin/builder/spi-builder-workspace/.derivedData/SDKExplicitPrecompiledModules/_Builtin_inttypes-3UQSCM7WNM9EK4HZML8TY5J3D.pcm
SwiftExplicitDependencyGeneratePcm arm64 /Users/admin/builder/spi-builder-workspace/.derivedData/SDKExplicitPrecompiledModules/Darwin-3984OXKFNSPE77NT743WK8SEX.pcm
SwiftExplicitDependencyGeneratePcm arm64_32 /Users/admin/builder/spi-builder-workspace/.derivedData/SDKExplicitPrecompiledModules/Darwin-3FVT1SKLN2ZQ5RVOABMTQBB34.pcm
SwiftExplicitDependencyGeneratePcm arm64 /Users/admin/builder/spi-builder-workspace/.derivedData/SDKExplicitPrecompiledModules/ObjectiveC-72IVD3VS2RS8Q28D9PIMY0KQP.pcm
SwiftExplicitDependencyGeneratePcm arm64_32 /Users/admin/builder/spi-builder-workspace/.derivedData/SDKExplicitPrecompiledModules/ObjectiveC-6IJNELR2E80E7LUKESVCP2KET.pcm
SwiftExplicitDependencyGeneratePcm arm64 /Users/admin/builder/spi-builder-workspace/.derivedData/SDKExplicitPrecompiledModules/os_object-3SDKD7F87FTZ26OON37DRYT6O.pcm
SwiftExplicitDependencyGeneratePcm arm64_32 /Users/admin/builder/spi-builder-workspace/.derivedData/SDKExplicitPrecompiledModules/os_object-5YWTC6L4756IWSTPGXS5NM0D0.pcm
SwiftExplicitDependencyGeneratePcm arm64_32 /Users/admin/builder/spi-builder-workspace/.derivedData/SDKExplicitPrecompiledModules/os_workgroup-5JHTPDMNBUNHLJI8LPHKQK1JK.pcm
SwiftExplicitDependencyGeneratePcm arm64 /Users/admin/builder/spi-builder-workspace/.derivedData/SDKExplicitPrecompiledModules/os_workgroup-89GG5G7YC2D0ZTK6AZXXQ20DH.pcm
SwiftExplicitDependencyGeneratePcm arm64_32 /Users/admin/builder/spi-builder-workspace/.derivedData/SDKExplicitPrecompiledModules/Dispatch-2P62F1T4XV63S4P99TUDTOK2Q.pcm
SwiftExplicitDependencyGeneratePcm arm64 /Users/admin/builder/spi-builder-workspace/.derivedData/SDKExplicitPrecompiledModules/Dispatch-1NLJOVAK60XP0DUB05XA59EIM.pcm
SwiftExplicitDependencyGeneratePcm arm64_32 /Users/admin/builder/spi-builder-workspace/.derivedData/SDKExplicitPrecompiledModules/XPC-81Y45QFY96XYYFCW2GT6FY8S4.pcm
SwiftExplicitDependencyGeneratePcm arm64_32 /Users/admin/builder/spi-builder-workspace/.derivedData/SDKExplicitPrecompiledModules/CoreFoundation-8E6Y4BA3EXYKUGJ24GT9LGV3N.pcm
SwiftExplicitDependencyGeneratePcm arm64 /Users/admin/builder/spi-builder-workspace/.derivedData/SDKExplicitPrecompiledModules/CoreFoundation-8T2L24YC5NU7WO6WQJWRY7W08.pcm
SwiftExplicitDependencyGeneratePcm arm64 /Users/admin/builder/spi-builder-workspace/.derivedData/SDKExplicitPrecompiledModules/XPC-40DR0X1DHKGCV4J1IOLFS8MOU.pcm
SwiftExplicitDependencyGeneratePcm arm64 /Users/admin/builder/spi-builder-workspace/.derivedData/SDKExplicitPrecompiledModules/Security-6RZ6YBRU8WCUHRFFRVUK5WKMM.pcm
SwiftExplicitDependencyGeneratePcm arm64_32 /Users/admin/builder/spi-builder-workspace/.derivedData/SDKExplicitPrecompiledModules/Security-D7TOWF88VWF67TB9HAFP5UWB1.pcm
SwiftExplicitDependencyGeneratePcm arm64 /Users/admin/builder/spi-builder-workspace/.derivedData/SDKExplicitPrecompiledModules/Foundation-DLBKUSGXN8QHAT8W0OARR9S8A.pcm
SwiftExplicitDependencyGeneratePcm arm64_32 /Users/admin/builder/spi-builder-workspace/.derivedData/SDKExplicitPrecompiledModules/Foundation-BJ2VQGI3OGR34500MEQ1VKHPH.pcm
SwiftCompile normal arm64 Compiling\ SdkProtocolVersion.swift /Users/admin/builder/spi-builder-workspace/swift/Sources/CopilotSDK/SdkProtocolVersion.swift (in target 'CopilotSDK' from project 'CopilotSDK')
SwiftCompile normal arm64 /Users/admin/builder/spi-builder-workspace/swift/Sources/CopilotSDK/SdkProtocolVersion.swift (in target 'CopilotSDK' from project 'CopilotSDK')
cd /Users/admin/builder/spi-builder-workspace/.swiftpm/xcode
builtin-SwiftPerFileCompile SdkProtocolVersion.swift
SwiftEmitModule normal arm64 Emitting\ module\ for\ CopilotSDK (in target 'CopilotSDK' from project 'CopilotSDK')
/Users/admin/builder/spi-builder-workspace/swift/Sources/CopilotSDK/CopilotClient.swift:33:29: error: cannot find type 'Process' in scope
31 | private let options: CopilotClientOptions
32 | private var state: ConnectionState = .disconnected
33 | private var cliProcess: Process?
| `- error: cannot find type 'Process' in scope
34 | private var rpcClient: JsonRpcClient?
35 | private var sessions: [String: CopilotSession] = [:]
/Users/admin/builder/spi-builder-workspace/swift/Sources/CopilotSDK/Types.swift:91:16: warning: stored property 'arguments' of 'Sendable'-conforming struct 'ToolInvocation' contains non-Sendable type 'Any'; this is an error in the Swift 6 language mode
89 | public let toolCallId: String
90 | public let toolName: String
91 | public let arguments: Any? // The decoded JSON arguments
| `- warning: stored property 'arguments' of 'Sendable'-conforming struct 'ToolInvocation' contains non-Sendable type 'Any'; this is an error in the Swift 6 language mode
92 |
93 | public init(sessionId: String, toolCallId: String, toolName: String, arguments: Any?) {
/Users/admin/builder/spi-builder-workspace/swift/Sources/CopilotSDK/Types.swift:110:16: warning: stored property 'parameters' of 'Sendable'-conforming struct 'Tool' contains non-Sendable type 'Any'; this is an error in the Swift 6 language mode
108 | public let name: String
109 | public let description: String?
110 | public let parameters: [String: Any]?
| `- warning: stored property 'parameters' of 'Sendable'-conforming struct 'Tool' contains non-Sendable type 'Any'; this is an error in the Swift 6 language mode
111 | public let handler: ToolHandler
112 | /// Tool deferral policy: `ToolDefer.auto` (default) or `ToolDefer.never`.
/Users/admin/builder/spi-builder-workspace/swift/Sources/CopilotSDK/Types.swift:244:16: warning: stored property 'rawData' of 'Sendable'-conforming struct 'PermissionRequest' contains non-Sendable type 'Any'; this is an error in the Swift 6 language mode
242 | public let kind: String
243 | public let toolCallId: String?
244 | public let rawData: [String: Any]
| `- warning: stored property 'rawData' of 'Sendable'-conforming struct 'PermissionRequest' contains non-Sendable type 'Any'; this is an error in the Swift 6 language mode
245 |
246 | public init(kind: String, toolCallId: String? = nil, rawData: [String: Any] = [:]) {
/Users/admin/builder/spi-builder-workspace/swift/Sources/CopilotSDK/Types.swift:1346:16: warning: stored property 'data' of 'Sendable'-conforming struct 'SessionEvent' contains non-Sendable type 'Any'; this is an error in the Swift 6 language mode
1344 | public let ephemeral: Bool?
1345 | public let type: String
1346 | public let data: [String: Any]
| `- warning: stored property 'data' of 'Sendable'-conforming struct 'SessionEvent' contains non-Sendable type 'Any'; this is an error in the Swift 6 language mode
1347 |
1348 | public init(
Failed frontend command:
/Applications/Xcode-27.0.0-Release.Candidate.app/Contents/Developer/Toolchains/XcodeDefault.xctoolchain/usr/bin/swift-frontend -frontend -emit-module -experimental-skip-non-inlinable-function-bodies-without-types /Users/admin/builder/spi-builder-workspace/swift/Sources/CopilotSDK/CopilotClient.swift /Users/admin/builder/spi-builder-workspace/swift/Sources/CopilotSDK/CopilotSession.swift /Users/admin/builder/spi-builder-workspace/swift/Sources/CopilotSDK/DefineTool.swift /Users/admin/builder/spi-builder-workspace/swift/Sources/CopilotSDK/JsonRpcClient.swift /Users/admin/builder/spi-builder-workspace/swift/Sources/CopilotSDK/SdkProtocolVersion.swift /Users/admin/builder/spi-builder-workspace/swift/Sources/CopilotSDK/Types.swift -target arm64-apple-watchos9.0 -disable-cross-import-overlay-search -load-resolved-plugin /Applications/Xcode-27.0.0-Release.Candidate.app/Contents/Developer/Platforms/WatchOS.platform/Developer/usr/lib/swift/host/plugins/libFoundationMacros.dylib\#/Applications/Xcode-27.0.0-Release.Candidate.app/Contents/Developer/Platforms/WatchOS.platform/Developer/usr/bin/swift-plugin-server\#FoundationMacros -load-resolved-plugin /Applications/Xcode-27.0.0-Release.Candidate.app/Contents/Developer/Platforms/WatchOS.platform/Developer/usr/lib/swift/host/plugins/libObservationMacros.dylib\#/Applications/Xcode-27.0.0-Release.Candidate.app/Contents/Developer/Platforms/WatchOS.platform/Developer/usr/bin/swift-plugin-server\#ObservationMacros -load-resolved-plugin /Applications/Xcode-27.0.0-Release.Candidate.app/Contents/Developer/Platforms/WatchOS.platform/Developer/usr/lib/swift/host/plugins/libSwiftMacros.dylib\#/Applications/Xcode-27.0.0-Release.Candidate.app/Contents/Developer/Platforms/WatchOS.platform/Developer/usr/bin/swift-plugin-server\#SwiftMacros -disable-implicit-swift-modules -Xcc -fno-implicit-modules -Xcc -fno-implicit-module-maps -explicit-swift-module-map-file /Users/admin/builder/spi-builder-workspace/.derivedData/Build/Intermediates.noindex/CopilotSDK.build/Debug-watchos/CopilotSDK-t.build/Objects-normal/arm64/CopilotSDK-dependencies-1.json -Xllvm -aarch64-use-tbi -enable-objc-interop -stack-check -sdk /Applications/Xcode-27.0.0-Release.Candidate.app/Contents/Developer/Platforms/WatchOS.platform/Developer/SDKs/WatchOS27.0.sdk -I /Users/admin/builder/spi-builder-workspace/.derivedData/Build/Products/Debug-watchos -Isystem /Applications/Xcode-27.0.0-Release.Candidate.app/Contents/Developer/Platforms/WatchOS.platform/Developer/usr/lib -F /Users/admin/builder/spi-builder-workspace/.derivedData/Build/Products/Debug-watchos -F /Applications/Xcode-27.0.0-Release.Candidate.app/Contents/Developer/Platforms/WatchOS.platform/Developer/Library/Frameworks -F /Applications/Xcode-27.0.0-Release.Candidate.app/Contents/Developer/Platforms/WatchOS.platform/Developer/SDKs/WatchOS27.0.sdk/Developer/Library/Frameworks -module-cache-path /Users/admin/builder/spi-builder-workspace/.derivedData/Build/Intermediates.noindex/SwiftExplicitPrecompiledModules -no-color-diagnostics -Xcc -fno-color-diagnostics -enable-testing -g -debug-info-format\=dwarf -dwarf-version\=4 -swift-version 5 -Onone -D SWIFT_PACKAGE -D DEBUG -D SWIFT_MODULE_RESOURCE_BUNDLE_UNAVAILABLE -D Xcode -serialize-debugging-options -enable-experimental-feature DebugDescriptionMacro -empty-abi-descriptor -validate-clang-modules-once -clang-build-session-file /Users/admin/builder/spi-builder-workspace/.derivedData/ModuleCache.noindex/Session.modulevalidation -Xcc -working-directory -Xcc /Users/admin/builder/spi-builder-workspace/.swiftpm/xcode -enable-anonymous-context-mangled-names -file-compilation-dir /Users/admin/builder/spi-builder-workspace/.swiftpm/xcode -Xcc -D_LIBCPP_HARDENING_MODE\=_LIBCPP_HARDENING_MODE_DEBUG -Xcc -ivfsstatcache -Xcc /Users/admin/builder/spi-builder-workspace/.derivedData/SDKStatCaches.noindex/watchos27.0-24R360-e829b21a6f8c9b70876ba0858053c04477534ef55a1706bf4c1112bbb242f0a2.sdkstatcache -Xcc -fmodules-prune-interval\=86400 -Xcc -fmodules-prune-after\=345600 -Xcc -I/Users/admin/builder/spi-builder-workspace/.derivedData/Build/Products/Debug-watchos/include -Xcc -I/Users/admin/builder/spi-builder-workspace/.derivedData/Build/Intermediates.noindex/CopilotSDK.build/Debug-watchos/CopilotSDK-t.build/DerivedSources-normal/arm64 -Xcc -I/Users/admin/builder/spi-builder-workspace/.derivedData/Build/Intermediates.noindex/CopilotSDK.build/Debug-watchos/CopilotSDK-t.build/DerivedSources/arm64 -Xcc -I/Users/admin/builder/spi-builder-workspace/.derivedData/Build/Intermediates.noindex/CopilotSDK.build/Debug-watchos/CopilotSDK-t.build/DerivedSources -Xcc -DSWIFT_PACKAGE -Xcc -DDEBUG\=1 -no-auto-bridging-header-chaining -module-name CopilotSDK -package-name spi_builder_workspace -const-gather-protocols-file /Users/admin/builder/spi-builder-workspace/.derivedData/Build/Intermediates.noindex/CopilotSDK.build/Debug-watchos/CopilotSDK-t.build/Objects-normal/arm64/CopilotSDK_const_extract_protocols.json -disable-clang-spi -clang-target arm64-apple-watchos27.0 -target-sdk-version 27.0 -target-sdk-name watchos27.0 -in-process-plugin-server-path /Applications/Xcode-27.0.0-Release.Candidate.app/Contents/Developer/Toolchains/XcodeDefault.xctoolchain/usr/lib/swift/host/libSwiftInProcPluginServer.dylib -emit-module-doc-path /Users/admin/builder/spi-builder-workspace/.derivedData/Build/Intermediates.noindex/CopilotSDK.build/Debug-watchos/CopilotSDK-t.build/Objects-normal/arm64/CopilotSDK.swiftdoc -emit-module-source-info-path /Users/admin/builder/spi-builder-workspace/.derivedData/Build/Intermediates.noindex/CopilotSDK.build/Debug-watchos/CopilotSDK-t.build/Objects-normal/arm64/CopilotSDK.swiftsourceinfo -emit-objc-header-path /Users/admin/builder/spi-builder-workspace/.derivedData/Build/Intermediates.noindex/CopilotSDK.build/Debug-watchos/CopilotSDK-t.build/Objects-normal/arm64/CopilotSDK-Swift.h -serialize-diagnostics-path /Users/admin/builder/spi-builder-workspace/.derivedData/Build/Intermediates.noindex/CopilotSDK.build/Debug-watchos/CopilotSDK-t.build/Objects-normal/arm64/CopilotSDK-primary-emit-module.dia -emit-dependencies-path /Users/admin/builder/spi-builder-workspace/.derivedData/Build/Intermediates.noindex/CopilotSDK.build/Debug-watchos/CopilotSDK-t.build/Objects-normal/arm64/CopilotSDK-primary-emit-module.d -parse-as-library -o /Users/admin/builder/spi-builder-workspace/.derivedData/Build/Intermediates.noindex/CopilotSDK.build/Debug-watchos/CopilotSDK-t.build/Objects-normal/arm64/CopilotSDK.swiftmodule -emit-abi-descriptor-path /Users/admin/builder/spi-builder-workspace/.derivedData/Build/Intermediates.noindex/CopilotSDK.build/Debug-watchos/CopilotSDK-t.build/Objects-normal/arm64/CopilotSDK.abi.json
SwiftCompile normal arm64 (in target 'CopilotSDK' from project 'CopilotSDK')
cd /Users/admin/builder/spi-builder-workspace/.swiftpm/xcode
SwiftCompile normal arm64 Compiling\ Types.swift /Users/admin/builder/spi-builder-workspace/swift/Sources/CopilotSDK/Types.swift (in target 'CopilotSDK' from project 'CopilotSDK')
/Users/admin/builder/spi-builder-workspace/swift/Sources/CopilotSDK/Types.swift:91:16: warning: stored property 'arguments' of 'Sendable'-conforming struct 'ToolInvocation' contains non-Sendable type 'Any'; this is an error in the Swift 6 language mode
89 | public let toolCallId: String
90 | public let toolName: String
91 | public let arguments: Any? // The decoded JSON arguments
| `- warning: stored property 'arguments' of 'Sendable'-conforming struct 'ToolInvocation' contains non-Sendable type 'Any'; this is an error in the Swift 6 language mode
92 |
93 | public init(sessionId: String, toolCallId: String, toolName: String, arguments: Any?) {
/Users/admin/builder/spi-builder-workspace/swift/Sources/CopilotSDK/Types.swift:110:16: warning: stored property 'parameters' of 'Sendable'-conforming struct 'Tool' contains non-Sendable type 'Any'; this is an error in the Swift 6 language mode
108 | public let name: String
109 | public let description: String?
110 | public let parameters: [String: Any]?
| `- warning: stored property 'parameters' of 'Sendable'-conforming struct 'Tool' contains non-Sendable type 'Any'; this is an error in the Swift 6 language mode
111 | public let handler: ToolHandler
112 | /// Tool deferral policy: `ToolDefer.auto` (default) or `ToolDefer.never`.
/Users/admin/builder/spi-builder-workspace/swift/Sources/CopilotSDK/Types.swift:244:16: warning: stored property 'rawData' of 'Sendable'-conforming struct 'PermissionRequest' contains non-Sendable type 'Any'; this is an error in the Swift 6 language mode
242 | public let kind: String
243 | public let toolCallId: String?
244 | public let rawData: [String: Any]
| `- warning: stored property 'rawData' of 'Sendable'-conforming struct 'PermissionRequest' contains non-Sendable type 'Any'; this is an error in the Swift 6 language mode
245 |
246 | public init(kind: String, toolCallId: String? = nil, rawData: [String: Any] = [:]) {
SwiftCompile normal arm64 /Users/admin/builder/spi-builder-workspace/swift/Sources/CopilotSDK/Types.swift (in target 'CopilotSDK' from project 'CopilotSDK')
cd /Users/admin/builder/spi-builder-workspace/.swiftpm/xcode
builtin-SwiftPerFileCompile Types.swift
SwiftCompile normal arm64 Compiling\ DefineTool.swift /Users/admin/builder/spi-builder-workspace/swift/Sources/CopilotSDK/DefineTool.swift (in target 'CopilotSDK' from project 'CopilotSDK')
SwiftCompile normal arm64 /Users/admin/builder/spi-builder-workspace/swift/Sources/CopilotSDK/DefineTool.swift (in target 'CopilotSDK' from project 'CopilotSDK')
cd /Users/admin/builder/spi-builder-workspace/.swiftpm/xcode
builtin-SwiftPerFileCompile DefineTool.swift
SwiftCompile normal arm64 Compiling\ CopilotSession.swift /Users/admin/builder/spi-builder-workspace/swift/Sources/CopilotSDK/CopilotSession.swift (in target 'CopilotSDK' from project 'CopilotSDK')
SwiftCompile normal arm64 /Users/admin/builder/spi-builder-workspace/swift/Sources/CopilotSDK/CopilotSession.swift (in target 'CopilotSDK' from project 'CopilotSDK')
cd /Users/admin/builder/spi-builder-workspace/.swiftpm/xcode
builtin-SwiftPerFileCompile CopilotSession.swift
/Users/admin/builder/spi-builder-workspace/swift/Sources/CopilotSDK/CopilotSession.swift:124:28: warning: no 'async' operations occur within 'await' expression [#UnnecessaryEffectMarker]
122 | try await Task.sleep(nanoseconds: UInt64(timeout * 1_000_000_000))
123 | if state.tryResume() {
124 | Task { await self.removeEventHandler(handlerId) }
| `- warning: no 'async' operations occur within 'await' expression [#UnnecessaryEffectMarker]
125 | continuation.resume(
126 | throwing: CopilotError.timeout(
SwiftCompile normal arm64 Compiling\ JsonRpcClient.swift /Users/admin/builder/spi-builder-workspace/swift/Sources/CopilotSDK/JsonRpcClient.swift (in target 'CopilotSDK' from project 'CopilotSDK')
SwiftCompile normal arm64 /Users/admin/builder/spi-builder-workspace/swift/Sources/CopilotSDK/JsonRpcClient.swift (in target 'CopilotSDK' from project 'CopilotSDK')
cd /Users/admin/builder/spi-builder-workspace/.swiftpm/xcode
builtin-SwiftPerFileCompile JsonRpcClient.swift
SwiftCompile normal arm64 Compiling\ CopilotClient.swift /Users/admin/builder/spi-builder-workspace/swift/Sources/CopilotSDK/CopilotClient.swift (in target 'CopilotSDK' from project 'CopilotSDK')
SwiftCompile normal arm64 /Users/admin/builder/spi-builder-workspace/swift/Sources/CopilotSDK/CopilotClient.swift (in target 'CopilotSDK' from project 'CopilotSDK')
cd /Users/admin/builder/spi-builder-workspace/.swiftpm/xcode
builtin-SwiftPerFileCompile CopilotClient.swift
/Users/admin/builder/spi-builder-workspace/swift/Sources/CopilotSDK/CopilotClient.swift:33:29: error: cannot find type 'Process' in scope
31 | private let options: CopilotClientOptions
32 | private var state: ConnectionState = .disconnected
33 | private var cliProcess: Process?
| `- error: cannot find type 'Process' in scope
34 | private var rpcClient: JsonRpcClient?
35 | private var sessions: [String: CopilotSession] = [:]
SwiftEmitModule normal arm64_32 Emitting\ module\ for\ CopilotSDK (in target 'CopilotSDK' from project 'CopilotSDK')
/Users/admin/builder/spi-builder-workspace/swift/Sources/CopilotSDK/CopilotClient.swift:33:29: error: cannot find type 'Process' in scope
31 | private let options: CopilotClientOptions
32 | private var state: ConnectionState = .disconnected
33 | private var cliProcess: Process?
| `- error: cannot find type 'Process' in scope
34 | private var rpcClient: JsonRpcClient?
35 | private var sessions: [String: CopilotSession] = [:]
/Users/admin/builder/spi-builder-workspace/swift/Sources/CopilotSDK/Types.swift:91:16: warning: stored property 'arguments' of 'Sendable'-conforming struct 'ToolInvocation' contains non-Sendable type 'Any'; this is an error in the Swift 6 language mode
89 | public let toolCallId: String
90 | public let toolName: String
91 | public let arguments: Any? // The decoded JSON arguments
| `- warning: stored property 'arguments' of 'Sendable'-conforming struct 'ToolInvocation' contains non-Sendable type 'Any'; this is an error in the Swift 6 language mode
92 |
93 | public init(sessionId: String, toolCallId: String, toolName: String, arguments: Any?) {
/Users/admin/builder/spi-builder-workspace/swift/Sources/CopilotSDK/Types.swift:110:16: warning: stored property 'parameters' of 'Sendable'-conforming struct 'Tool' contains non-Sendable type 'Any'; this is an error in the Swift 6 language mode
108 | public let name: String
109 | public let description: String?
110 | public let parameters: [String: Any]?
| `- warning: stored property 'parameters' of 'Sendable'-conforming struct 'Tool' contains non-Sendable type 'Any'; this is an error in the Swift 6 language mode
111 | public let handler: ToolHandler
112 | /// Tool deferral policy: `ToolDefer.auto` (default) or `ToolDefer.never`.
/Users/admin/builder/spi-builder-workspace/swift/Sources/CopilotSDK/Types.swift:244:16: warning: stored property 'rawData' of 'Sendable'-conforming struct 'PermissionRequest' contains non-Sendable type 'Any'; this is an error in the Swift 6 language mode
242 | public let kind: String
243 | public let toolCallId: String?
244 | public let rawData: [String: Any]
| `- warning: stored property 'rawData' of 'Sendable'-conforming struct 'PermissionRequest' contains non-Sendable type 'Any'; this is an error in the Swift 6 language mode
245 |
246 | public init(kind: String, toolCallId: String? = nil, rawData: [String: Any] = [:]) {
/Users/admin/builder/spi-builder-workspace/swift/Sources/CopilotSDK/Types.swift:1346:16: warning: stored property 'data' of 'Sendable'-conforming struct 'SessionEvent' contains non-Sendable type 'Any'; this is an error in the Swift 6 language mode
1344 | public let ephemeral: Bool?
1345 | public let type: String
1346 | public let data: [String: Any]
| `- warning: stored property 'data' of 'Sendable'-conforming struct 'SessionEvent' contains non-Sendable type 'Any'; this is an error in the Swift 6 language mode
1347 |
1348 | public init(
Failed frontend command:
/Applications/Xcode-27.0.0-Release.Candidate.app/Contents/Developer/Toolchains/XcodeDefault.xctoolchain/usr/bin/swift-frontend -frontend -emit-module -experimental-skip-non-inlinable-function-bodies-without-types /Users/admin/builder/spi-builder-workspace/swift/Sources/CopilotSDK/CopilotClient.swift /Users/admin/builder/spi-builder-workspace/swift/Sources/CopilotSDK/CopilotSession.swift /Users/admin/builder/spi-builder-workspace/swift/Sources/CopilotSDK/DefineTool.swift /Users/admin/builder/spi-builder-workspace/swift/Sources/CopilotSDK/JsonRpcClient.swift /Users/admin/builder/spi-builder-workspace/swift/Sources/CopilotSDK/SdkProtocolVersion.swift /Users/admin/builder/spi-builder-workspace/swift/Sources/CopilotSDK/Types.swift -target arm64_32-apple-watchos9.0 -disable-cross-import-overlay-search -load-resolved-plugin /Applications/Xcode-27.0.0-Release.Candidate.app/Contents/Developer/Platforms/WatchOS.platform/Developer/usr/lib/swift/host/plugins/libFoundationMacros.dylib\#/Applications/Xcode-27.0.0-Release.Candidate.app/Contents/Developer/Platforms/WatchOS.platform/Developer/usr/bin/swift-plugin-server\#FoundationMacros -load-resolved-plugin /Applications/Xcode-27.0.0-Release.Candidate.app/Contents/Developer/Platforms/WatchOS.platform/Developer/usr/lib/swift/host/plugins/libObservationMacros.dylib\#/Applications/Xcode-27.0.0-Release.Candidate.app/Contents/Developer/Platforms/WatchOS.platform/Developer/usr/bin/swift-plugin-server\#ObservationMacros -load-resolved-plugin /Applications/Xcode-27.0.0-Release.Candidate.app/Contents/Developer/Platforms/WatchOS.platform/Developer/usr/lib/swift/host/plugins/libSwiftMacros.dylib\#/Applications/Xcode-27.0.0-Release.Candidate.app/Contents/Developer/Platforms/WatchOS.platform/Developer/usr/bin/swift-plugin-server\#SwiftMacros -disable-implicit-swift-modules -Xcc -fno-implicit-modules -Xcc -fno-implicit-module-maps -explicit-swift-module-map-file /Users/admin/builder/spi-builder-workspace/.derivedData/Build/Intermediates.noindex/CopilotSDK.build/Debug-watchos/CopilotSDK-t.build/Objects-normal/arm64_32/CopilotSDK-dependencies-2.json -enable-objc-interop -sdk /Applications/Xcode-27.0.0-Release.Candidate.app/Contents/Developer/Platforms/WatchOS.platform/Developer/SDKs/WatchOS27.0.sdk -I /Users/admin/builder/spi-builder-workspace/.derivedData/Build/Products/Debug-watchos -Isystem /Applications/Xcode-27.0.0-Release.Candidate.app/Contents/Developer/Platforms/WatchOS.platform/Developer/usr/lib -F /Users/admin/builder/spi-builder-workspace/.derivedData/Build/Products/Debug-watchos -F /Applications/Xcode-27.0.0-Release.Candidate.app/Contents/Developer/Platforms/WatchOS.platform/Developer/Library/Frameworks -F /Applications/Xcode-27.0.0-Release.Candidate.app/Contents/Developer/Platforms/WatchOS.platform/Developer/SDKs/WatchOS27.0.sdk/Developer/Library/Frameworks -module-cache-path /Users/admin/builder/spi-builder-workspace/.derivedData/Build/Intermediates.noindex/SwiftExplicitPrecompiledModules -no-color-diagnostics -Xcc -fno-color-diagnostics -enable-testing -g -debug-info-format\=dwarf -dwarf-version\=4 -swift-version 5 -Onone -D SWIFT_PACKAGE -D DEBUG -D SWIFT_MODULE_RESOURCE_BUNDLE_UNAVAILABLE -D Xcode -serialize-debugging-options -enable-experimental-feature DebugDescriptionMacro -empty-abi-descriptor -validate-clang-modules-once -clang-build-session-file /Users/admin/builder/spi-builder-workspace/.derivedData/ModuleCache.noindex/Session.modulevalidation -Xcc -working-directory -Xcc /Users/admin/builder/spi-builder-workspace/.swiftpm/xcode -enable-anonymous-context-mangled-names -file-compilation-dir /Users/admin/builder/spi-builder-workspace/.swiftpm/xcode -Xcc -D_LIBCPP_HARDENING_MODE\=_LIBCPP_HARDENING_MODE_DEBUG -Xcc -ivfsstatcache -Xcc /Users/admin/builder/spi-builder-workspace/.derivedData/SDKStatCaches.noindex/watchos27.0-24R360-e829b21a6f8c9b70876ba0858053c04477534ef55a1706bf4c1112bbb242f0a2.sdkstatcache -Xcc -fmodules-prune-interval\=86400 -Xcc -fmodules-prune-after\=345600 -Xcc -I/Users/admin/builder/spi-builder-workspace/.derivedData/Build/Products/Debug-watchos/include -Xcc -I/Users/admin/builder/spi-builder-workspace/.derivedData/Build/Intermediates.noindex/CopilotSDK.build/Debug-watchos/CopilotSDK-t.build/DerivedSources-normal/arm64_32 -Xcc -I/Users/admin/builder/spi-builder-workspace/.derivedData/Build/Intermediates.noindex/CopilotSDK.build/Debug-watchos/CopilotSDK-t.build/DerivedSources/arm64_32 -Xcc -I/Users/admin/builder/spi-builder-workspace/.derivedData/Build/Intermediates.noindex/CopilotSDK.build/Debug-watchos/CopilotSDK-t.build/DerivedSources -Xcc -DSWIFT_PACKAGE -Xcc -DDEBUG\=1 -no-auto-bridging-header-chaining -module-name CopilotSDK -package-name spi_builder_workspace -const-gather-protocols-file /Users/admin/builder/spi-builder-workspace/.derivedData/Build/Intermediates.noindex/CopilotSDK.build/Debug-watchos/CopilotSDK-t.build/Objects-normal/arm64_32/CopilotSDK_const_extract_protocols.json -disable-clang-spi -clang-target arm64_32-apple-watchos27.0 -target-sdk-version 27.0 -target-sdk-name watchos27.0 -in-process-plugin-server-path /Applications/Xcode-27.0.0-Release.Candidate.app/Contents/Developer/Toolchains/XcodeDefault.xctoolchain/usr/lib/swift/host/libSwiftInProcPluginServer.dylib -emit-module-doc-path /Users/admin/builder/spi-builder-workspace/.derivedData/Build/Intermediates.noindex/CopilotSDK.build/Debug-watchos/CopilotSDK-t.build/Objects-normal/arm64_32/CopilotSDK.swiftdoc -emit-module-source-info-path /Users/admin/builder/spi-builder-workspace/.derivedData/Build/Intermediates.noindex/CopilotSDK.build/Debug-watchos/CopilotSDK-t.build/Objects-normal/arm64_32/CopilotSDK.swiftsourceinfo -emit-objc-header-path /Users/admin/builder/spi-builder-workspace/.derivedData/Build/Intermediates.noindex/CopilotSDK.build/Debug-watchos/CopilotSDK-t.build/Objects-normal/arm64_32/CopilotSDK-Swift.h -serialize-diagnostics-path /Users/admin/builder/spi-builder-workspace/.derivedData/Build/Intermediates.noindex/CopilotSDK.build/Debug-watchos/CopilotSDK-t.build/Objects-normal/arm64_32/CopilotSDK-primary-emit-module.dia -emit-dependencies-path /Users/admin/builder/spi-builder-workspace/.derivedData/Build/Intermediates.noindex/CopilotSDK.build/Debug-watchos/CopilotSDK-t.build/Objects-normal/arm64_32/CopilotSDK-primary-emit-module.d -parse-as-library -o /Users/admin/builder/spi-builder-workspace/.derivedData/Build/Intermediates.noindex/CopilotSDK.build/Debug-watchos/CopilotSDK-t.build/Objects-normal/arm64_32/CopilotSDK.swiftmodule -emit-abi-descriptor-path /Users/admin/builder/spi-builder-workspace/.derivedData/Build/Intermediates.noindex/CopilotSDK.build/Debug-watchos/CopilotSDK-t.build/Objects-normal/arm64_32/CopilotSDK.abi.json
SwiftCompile normal arm64_32 (in target 'CopilotSDK' from project 'CopilotSDK')
cd /Users/admin/builder/spi-builder-workspace/.swiftpm/xcode
SwiftCompile normal arm64_32 Compiling\ DefineTool.swift /Users/admin/builder/spi-builder-workspace/swift/Sources/CopilotSDK/DefineTool.swift (in target 'CopilotSDK' from project 'CopilotSDK')
SwiftCompile normal arm64_32 /Users/admin/builder/spi-builder-workspace/swift/Sources/CopilotSDK/DefineTool.swift (in target 'CopilotSDK' from project 'CopilotSDK')
cd /Users/admin/builder/spi-builder-workspace/.swiftpm/xcode
builtin-SwiftPerFileCompile DefineTool.swift
SwiftCompile normal arm64_32 Compiling\ SdkProtocolVersion.swift /Users/admin/builder/spi-builder-workspace/swift/Sources/CopilotSDK/SdkProtocolVersion.swift (in target 'CopilotSDK' from project 'CopilotSDK')
SwiftCompile normal arm64_32 /Users/admin/builder/spi-builder-workspace/swift/Sources/CopilotSDK/SdkProtocolVersion.swift (in target 'CopilotSDK' from project 'CopilotSDK')
cd /Users/admin/builder/spi-builder-workspace/.swiftpm/xcode
builtin-SwiftPerFileCompile SdkProtocolVersion.swift
SwiftCompile normal arm64_32 Compiling\ CopilotSession.swift /Users/admin/builder/spi-builder-workspace/swift/Sources/CopilotSDK/CopilotSession.swift (in target 'CopilotSDK' from project 'CopilotSDK')
SwiftCompile normal arm64_32 /Users/admin/builder/spi-builder-workspace/swift/Sources/CopilotSDK/CopilotSession.swift (in target 'CopilotSDK' from project 'CopilotSDK')
cd /Users/admin/builder/spi-builder-workspace/.swiftpm/xcode
builtin-SwiftPerFileCompile CopilotSession.swift
PruneExplicitPrecompiledModules /Users/admin/builder/spi-builder-workspace/.derivedData/Build/Intermediates.noindex/ExplicitPrecompiledModules
PruneExplicitPrecompiledModules /Users/admin/builder/spi-builder-workspace/.derivedData/SDKExplicitPrecompiledModules
PruneExplicitPrecompiledModules /Users/admin/builder/spi-builder-workspace/.derivedData/Build/Intermediates.noindex/SwiftExplicitPrecompiledModules
2026-09-27 05:23:56.718 xcodebuild[678:4313] [MT] IDERunDestination: Supported platforms for the buildables in the current scheme is empty.
** BUILD FAILED **
The following build commands failed:
SwiftEmitModule normal arm64 Emitting\ module\ for\ CopilotSDK (in target 'CopilotSDK' from project 'CopilotSDK')
SwiftCompile normal arm64 (in target 'CopilotSDK' from project 'CopilotSDK')
SwiftEmitModule normal arm64_32 Emitting\ module\ for\ CopilotSDK (in target 'CopilotSDK' from project 'CopilotSDK')
SwiftCompile normal arm64_32 (in target 'CopilotSDK' from project 'CopilotSDK')
Building workspace CopilotSDK with scheme CopilotSDK-Package
(5 failures)
Command line invocation:
/Applications/Xcode-27.0.0-Release.Candidate.app/Contents/Developer/usr/bin/xcodebuild -IDEClonedSourcePackagesDirPathOverride=/Users/admin/builder/spi-builder-workspace/.dependencies -resolvePackageDependencies
Resolve Package Graph
Resolved source packages:
CopilotSDK: /Users/admin/builder/spi-builder-workspace
resolved source packages: CopilotSDK
2026-09-27 05:24:01.795 xcodebuild[755:4651] [MT] IDERunDestination: Supported platforms for the buildables in the current scheme is empty.
{
"dependencies" : [
],
"manifest_display_name" : "CopilotSDK",
"name" : "CopilotSDK",
"path" : "/Users/admin/builder/spi-builder-workspace",
"platforms" : [
{
"name" : "macos",
"version" : "13.0"
},
{
"name" : "ios",
"version" : "16.0"
},
{
"name" : "tvos",
"version" : "16.0"
},
{
"name" : "watchos",
"version" : "9.0"
}
],
"products" : [
{
"name" : "CopilotSDK",
"targets" : [
"CopilotSDK"
],
"type" : {
"library" : [
"automatic"
]
}
},
{
"name" : "BasicExample",
"targets" : [
"BasicExample"
],
"type" : {
"executable" : null
}
}
],
"targets" : [
{
"c99name" : "CopilotSDK",
"module_type" : "SwiftTarget",
"name" : "CopilotSDK",
"path" : "swift/Sources/CopilotSDK",
"product_memberships" : [
"CopilotSDK",
"BasicExample"
],
"sources" : [
"CopilotClient.swift",
"CopilotSession.swift",
"DefineTool.swift",
"JsonRpcClient.swift",
"SdkProtocolVersion.swift",
"Types.swift"
],
"type" : "library"
},
{
"c99name" : "BasicExample",
"module_type" : "SwiftTarget",
"name" : "BasicExample",
"path" : "swift/Examples/BasicExample",
"product_memberships" : [
"BasicExample"
],
"sources" : [
"main.swift"
],
"target_dependencies" : [
"CopilotSDK"
],
"type" : "executable"
}
],
"tools_version" : "5.9"
}
{
"workspace" : {
"name" : "CopilotSDK",
"schemes" : [
"BasicExample",
"CopilotSDK",
"CopilotSDK-Package"
]
}
}
2026-09-27 05:24:03.226 xcodebuild[763:4722] [MT] IDERunDestination: Supported platforms for the buildables in the current scheme is empty.
Running build ...
env DEVELOPER_DIR=/Applications/Xcode-27.0.0-Release.Candidate.app xcrun xcodebuild -IDEClonedSourcePackagesDirPathOverride=$PWD/.dependencies -skipMacroValidation -skipPackagePluginValidation -derivedDataPath $PWD/.derivedData build -scheme CopilotSDK-Package -destination generic/platform=watchOS
Command line invocation:
/Applications/Xcode-27.0.0-Release.Candidate.app/Contents/Developer/usr/bin/xcodebuild -IDEClonedSourcePackagesDirPathOverride=/Users/admin/builder/spi-builder-workspace/.dependencies -skipMacroValidation -skipPackagePluginValidation -derivedDataPath /Users/admin/builder/spi-builder-workspace/.derivedData build -scheme CopilotSDK-Package -destination generic/platform=watchOS
Resolve Package Graph
Resolved source packages:
CopilotSDK: /Users/admin/builder/spi-builder-workspace
ComputePackagePrebuildTargetDependencyGraph
Prepare packages
CreateBuildRequest
SendProjectDescription
CreateBuildOperation
ComputeTargetDependencyGraph
note: Building targets in dependency order
note: Target dependency graph (3 targets)
Target 'BasicExample-product' in project 'CopilotSDK'
➜ Explicit dependency on target 'CopilotSDK' in project 'CopilotSDK'
Target 'CopilotSDK-product' in project 'CopilotSDK'
➜ Explicit dependency on target 'CopilotSDK' in project 'CopilotSDK'
Target 'CopilotSDK' in project 'CopilotSDK' (no dependencies)
GatherProvisioningInputs
CreateBuildDescription
ClangStatCache /Applications/Xcode-27.0.0-Release.Candidate.app/Contents/Developer/Toolchains/XcodeDefault.xctoolchain/usr/bin/clang-stat-cache /Applications/Xcode-27.0.0-Release.Candidate.app/Contents/Developer/Platforms/WatchOS.platform/Developer/SDKs/WatchOS27.0.sdk /Users/admin/builder/spi-builder-workspace/.derivedData/SDKStatCaches.noindex/watchos27.0-24R360-e829b21a6f8c9b70876ba0858053c04477534ef55a1706bf4c1112bbb242f0a2.sdkstatcache
cd /Users/admin/builder/spi-builder-workspace/.swiftpm/xcode
/Applications/Xcode-27.0.0-Release.Candidate.app/Contents/Developer/Toolchains/XcodeDefault.xctoolchain/usr/bin/clang-stat-cache /Applications/Xcode-27.0.0-Release.Candidate.app/Contents/Developer/Platforms/WatchOS.platform/Developer/SDKs/WatchOS27.0.sdk -o /Users/admin/builder/spi-builder-workspace/.derivedData/SDKStatCaches.noindex/watchos27.0-24R360-e829b21a6f8c9b70876ba0858053c04477534ef55a1706bf4c1112bbb242f0a2.sdkstatcache
SwiftDriver CopilotSDK normal arm64 com.apple.xcode.tools.swift.compiler (in target 'CopilotSDK' from project 'CopilotSDK')
cd /Users/admin/builder/spi-builder-workspace/.swiftpm/xcode
builtin-SwiftDriver -- /Applications/Xcode-27.0.0-Release.Candidate.app/Contents/Developer/Toolchains/XcodeDefault.xctoolchain/usr/bin/swiftc -parse-as-library -module-name CopilotSDK -Onone @/Users/admin/builder/spi-builder-workspace/.derivedData/Build/Intermediates.noindex/CopilotSDK.build/Debug-watchos/CopilotSDK-t.build/Objects-normal/arm64/CopilotSDK.SwiftFileList -DSWIFT_PACKAGE -DDEBUG -DSWIFT_MODULE_RESOURCE_BUNDLE_UNAVAILABLE -DXcode -plugin-path /Applications/Xcode-27.0.0-Release.Candidate.app/Contents/Developer/Toolchains/XcodeDefault.xctoolchain/usr/lib/swift/host/plugins/testing -enable-experimental-feature DebugDescriptionMacro -sdk /Applications/Xcode-27.0.0-Release.Candidate.app/Contents/Developer/Platforms/WatchOS.platform/Developer/SDKs/WatchOS27.0.sdk -target arm64-apple-watchos9.0 -g -module-cache-path /Users/admin/builder/spi-builder-workspace/.derivedData/ModuleCache.noindex -Xfrontend -serialize-debugging-options -enable-testing -index-store-path /Users/admin/builder/spi-builder-workspace/.derivedData/Index.noindex/DataStore -Xcc -D_LIBCPP_HARDENING_MODE\=_LIBCPP_HARDENING_MODE_DEBUG -swift-version 5 -I /Users/admin/builder/spi-builder-workspace/.derivedData/Build/Products/Debug-watchos -Isystem /Applications/Xcode-27.0.0-Release.Candidate.app/Contents/Developer/Platforms/WatchOS.platform/Developer/usr/lib -F /Users/admin/builder/spi-builder-workspace/.derivedData/Build/Products/Debug-watchos -F /Applications/Xcode-27.0.0-Release.Candidate.app/Contents/Developer/Platforms/WatchOS.platform/Developer/Library/Frameworks -F /Applications/Xcode-27.0.0-Release.Candidate.app/Contents/Developer/Platforms/WatchOS.platform/Developer/SDKs/WatchOS27.0.sdk/Developer/Library/Frameworks -c -j10 -enable-batch-mode -incremental -Xcc -ivfsstatcache -Xcc /Users/admin/builder/spi-builder-workspace/.derivedData/SDKStatCaches.noindex/watchos27.0-24R360-e829b21a6f8c9b70876ba0858053c04477534ef55a1706bf4c1112bbb242f0a2.sdkstatcache -output-file-map /Users/admin/builder/spi-builder-workspace/.derivedData/Build/Intermediates.noindex/CopilotSDK.build/Debug-watchos/CopilotSDK-t.build/Objects-normal/arm64/CopilotSDK-OutputFileMap.json -save-temps -no-color-diagnostics -explicit-module-build -module-cache-path /Users/admin/builder/spi-builder-workspace/.derivedData/Build/Intermediates.noindex/SwiftExplicitPrecompiledModules -clang-scanner-module-cache-path /Users/admin/builder/spi-builder-workspace/.derivedData/ModuleCache.noindex -sdk-module-cache-path /Users/admin/builder/spi-builder-workspace/.derivedData/SDKExplicitPrecompiledModules -emit-dependencies -emit-module -emit-module-path /Users/admin/builder/spi-builder-workspace/.derivedData/Build/Intermediates.noindex/CopilotSDK.build/Debug-watchos/CopilotSDK-t.build/Objects-normal/arm64/CopilotSDK.swiftmodule -serialize-diagnostics -dependency-scan-serialize-diagnostics-path /Users/admin/builder/spi-builder-workspace/.derivedData/Build/Intermediates.noindex/CopilotSDK.build/Debug-watchos/CopilotSDK-t.build/Objects-normal/arm64/CopilotSDK-dependency-scan.dia -validate-clang-modules-once -clang-build-session-file /Users/admin/builder/spi-builder-workspace/.derivedData/ModuleCache.noindex/Session.modulevalidation -Xcc -fmodules-prune-interval\=86400 -Xcc -fmodules-prune-after\=345600 -package-name spi_builder_workspace -emit-const-values -const-gather-protocols-list /Users/admin/builder/spi-builder-workspace/.derivedData/Build/Intermediates.noindex/CopilotSDK.build/Debug-watchos/CopilotSDK-t.build/Objects-normal/arm64/CopilotSDK_const_extract_protocols.json -Xcc -I/Users/admin/builder/spi-builder-workspace/.derivedData/Build/Products/Debug-watchos/include -Xcc -I/Users/admin/builder/spi-builder-workspace/.derivedData/Build/Intermediates.noindex/CopilotSDK.build/Debug-watchos/CopilotSDK-t.build/DerivedSources-normal/arm64 -Xcc -I/Users/admin/builder/spi-builder-workspace/.derivedData/Build/Intermediates.noindex/CopilotSDK.build/Debug-watchos/CopilotSDK-t.build/DerivedSources/arm64 -Xcc -I/Users/admin/builder/spi-builder-workspace/.derivedData/Build/Intermediates.noindex/CopilotSDK.build/Debug-watchos/CopilotSDK-t.build/DerivedSources -Xcc -DSWIFT_PACKAGE -Xcc -DDEBUG\=1 -emit-objc-header -emit-objc-header-path /Users/admin/builder/spi-builder-workspace/.derivedData/Build/Intermediates.noindex/CopilotSDK.build/Debug-watchos/CopilotSDK-t.build/Objects-normal/arm64/CopilotSDK-Swift.h -working-directory /Users/admin/builder/spi-builder-workspace/.swiftpm/xcode -experimental-emit-module-separately -disable-cmo
SwiftDriver CopilotSDK normal arm64_32 com.apple.xcode.tools.swift.compiler (in target 'CopilotSDK' from project 'CopilotSDK')
cd /Users/admin/builder/spi-builder-workspace/.swiftpm/xcode
builtin-SwiftDriver -- /Applications/Xcode-27.0.0-Release.Candidate.app/Contents/Developer/Toolchains/XcodeDefault.xctoolchain/usr/bin/swiftc -parse-as-library -module-name CopilotSDK -Onone @/Users/admin/builder/spi-builder-workspace/.derivedData/Build/Intermediates.noindex/CopilotSDK.build/Debug-watchos/CopilotSDK-t.build/Objects-normal/arm64_32/CopilotSDK.SwiftFileList -DSWIFT_PACKAGE -DDEBUG -DSWIFT_MODULE_RESOURCE_BUNDLE_UNAVAILABLE -DXcode -plugin-path /Applications/Xcode-27.0.0-Release.Candidate.app/Contents/Developer/Toolchains/XcodeDefault.xctoolchain/usr/lib/swift/host/plugins/testing -enable-experimental-feature DebugDescriptionMacro -sdk /Applications/Xcode-27.0.0-Release.Candidate.app/Contents/Developer/Platforms/WatchOS.platform/Developer/SDKs/WatchOS27.0.sdk -target arm64_32-apple-watchos9.0 -g -module-cache-path /Users/admin/builder/spi-builder-workspace/.derivedData/ModuleCache.noindex -Xfrontend -serialize-debugging-options -enable-testing -index-store-path /Users/admin/builder/spi-builder-workspace/.derivedData/Index.noindex/DataStore -Xcc -D_LIBCPP_HARDENING_MODE\=_LIBCPP_HARDENING_MODE_DEBUG -swift-version 5 -I /Users/admin/builder/spi-builder-workspace/.derivedData/Build/Products/Debug-watchos -Isystem /Applications/Xcode-27.0.0-Release.Candidate.app/Contents/Developer/Platforms/WatchOS.platform/Developer/usr/lib -F /Users/admin/builder/spi-builder-workspace/.derivedData/Build/Products/Debug-watchos -F /Applications/Xcode-27.0.0-Release.Candidate.app/Contents/Developer/Platforms/WatchOS.platform/Developer/Library/Frameworks -F /Applications/Xcode-27.0.0-Release.Candidate.app/Contents/Developer/Platforms/WatchOS.platform/Developer/SDKs/WatchOS27.0.sdk/Developer/Library/Frameworks -c -j10 -enable-batch-mode -incremental -Xcc -ivfsstatcache -Xcc /Users/admin/builder/spi-builder-workspace/.derivedData/SDKStatCaches.noindex/watchos27.0-24R360-e829b21a6f8c9b70876ba0858053c04477534ef55a1706bf4c1112bbb242f0a2.sdkstatcache -output-file-map /Users/admin/builder/spi-builder-workspace/.derivedData/Build/Intermediates.noindex/CopilotSDK.build/Debug-watchos/CopilotSDK-t.build/Objects-normal/arm64_32/CopilotSDK-OutputFileMap.json -save-temps -no-color-diagnostics -explicit-module-build -module-cache-path /Users/admin/builder/spi-builder-workspace/.derivedData/Build/Intermediates.noindex/SwiftExplicitPrecompiledModules -clang-scanner-module-cache-path /Users/admin/builder/spi-builder-workspace/.derivedData/ModuleCache.noindex -sdk-module-cache-path /Users/admin/builder/spi-builder-workspace/.derivedData/SDKExplicitPrecompiledModules -emit-dependencies -emit-module -emit-module-path /Users/admin/builder/spi-builder-workspace/.derivedData/Build/Intermediates.noindex/CopilotSDK.build/Debug-watchos/CopilotSDK-t.build/Objects-normal/arm64_32/CopilotSDK.swiftmodule -serialize-diagnostics -dependency-scan-serialize-diagnostics-path /Users/admin/builder/spi-builder-workspace/.derivedData/Build/Intermediates.noindex/CopilotSDK.build/Debug-watchos/CopilotSDK-t.build/Objects-normal/arm64_32/CopilotSDK-dependency-scan.dia -validate-clang-modules-once -clang-build-session-file /Users/admin/builder/spi-builder-workspace/.derivedData/ModuleCache.noindex/Session.modulevalidation -Xcc -fmodules-prune-interval\=86400 -Xcc -fmodules-prune-after\=345600 -package-name spi_builder_workspace -emit-const-values -const-gather-protocols-list /Users/admin/builder/spi-builder-workspace/.derivedData/Build/Intermediates.noindex/CopilotSDK.build/Debug-watchos/CopilotSDK-t.build/Objects-normal/arm64_32/CopilotSDK_const_extract_protocols.json -Xcc -I/Users/admin/builder/spi-builder-workspace/.derivedData/Build/Products/Debug-watchos/include -Xcc -I/Users/admin/builder/spi-builder-workspace/.derivedData/Build/Intermediates.noindex/CopilotSDK.build/Debug-watchos/CopilotSDK-t.build/DerivedSources-normal/arm64_32 -Xcc -I/Users/admin/builder/spi-builder-workspace/.derivedData/Build/Intermediates.noindex/CopilotSDK.build/Debug-watchos/CopilotSDK-t.build/DerivedSources/arm64_32 -Xcc -I/Users/admin/builder/spi-builder-workspace/.derivedData/Build/Intermediates.noindex/CopilotSDK.build/Debug-watchos/CopilotSDK-t.build/DerivedSources -Xcc -DSWIFT_PACKAGE -Xcc -DDEBUG\=1 -emit-objc-header -emit-objc-header-path /Users/admin/builder/spi-builder-workspace/.derivedData/Build/Intermediates.noindex/CopilotSDK.build/Debug-watchos/CopilotSDK-t.build/Objects-normal/arm64_32/CopilotSDK-Swift.h -working-directory /Users/admin/builder/spi-builder-workspace/.swiftpm/xcode -experimental-emit-module-separately -disable-cmo
SwiftCompile normal arm64 Compiling\ CopilotClient.swift /Users/admin/builder/spi-builder-workspace/swift/Sources/CopilotSDK/CopilotClient.swift (in target 'CopilotSDK' from project 'CopilotSDK')
SwiftCompile normal arm64 /Users/admin/builder/spi-builder-workspace/swift/Sources/CopilotSDK/CopilotClient.swift (in target 'CopilotSDK' from project 'CopilotSDK')
cd /Users/admin/builder/spi-builder-workspace/.swiftpm/xcode
builtin-SwiftPerFileCompile CopilotClient.swift
/Users/admin/builder/spi-builder-workspace/swift/Sources/CopilotSDK/CopilotClient.swift:33:29: error: cannot find type 'Process' in scope
31 | private let options: CopilotClientOptions
32 | private var state: ConnectionState = .disconnected
33 | private var cliProcess: Process?
| `- error: cannot find type 'Process' in scope
34 | private var rpcClient: JsonRpcClient?
35 | private var sessions: [String: CopilotSession] = [:]
SwiftCompile normal arm64 Compiling\ SdkProtocolVersion.swift /Users/admin/builder/spi-builder-workspace/swift/Sources/CopilotSDK/SdkProtocolVersion.swift (in target 'CopilotSDK' from project 'CopilotSDK')
SwiftCompile normal arm64 /Users/admin/builder/spi-builder-workspace/swift/Sources/CopilotSDK/SdkProtocolVersion.swift (in target 'CopilotSDK' from project 'CopilotSDK')
cd /Users/admin/builder/spi-builder-workspace/.swiftpm/xcode
builtin-SwiftPerFileCompile SdkProtocolVersion.swift
SwiftEmitModule normal arm64 Emitting\ module\ for\ CopilotSDK (in target 'CopilotSDK' from project 'CopilotSDK')
/Users/admin/builder/spi-builder-workspace/swift/Sources/CopilotSDK/CopilotClient.swift:33:29: error: cannot find type 'Process' in scope
31 | private let options: CopilotClientOptions
32 | private var state: ConnectionState = .disconnected
33 | private var cliProcess: Process?
| `- error: cannot find type 'Process' in scope
34 | private var rpcClient: JsonRpcClient?
35 | private var sessions: [String: CopilotSession] = [:]
/Users/admin/builder/spi-builder-workspace/swift/Sources/CopilotSDK/Types.swift:91:16: warning: stored property 'arguments' of 'Sendable'-conforming struct 'ToolInvocation' contains non-Sendable type 'Any'; this is an error in the Swift 6 language mode
89 | public let toolCallId: String
90 | public let toolName: String
91 | public let arguments: Any? // The decoded JSON arguments
| `- warning: stored property 'arguments' of 'Sendable'-conforming struct 'ToolInvocation' contains non-Sendable type 'Any'; this is an error in the Swift 6 language mode
92 |
93 | public init(sessionId: String, toolCallId: String, toolName: String, arguments: Any?) {
/Users/admin/builder/spi-builder-workspace/swift/Sources/CopilotSDK/Types.swift:110:16: warning: stored property 'parameters' of 'Sendable'-conforming struct 'Tool' contains non-Sendable type 'Any'; this is an error in the Swift 6 language mode
108 | public let name: String
109 | public let description: String?
110 | public let parameters: [String: Any]?
| `- warning: stored property 'parameters' of 'Sendable'-conforming struct 'Tool' contains non-Sendable type 'Any'; this is an error in the Swift 6 language mode
111 | public let handler: ToolHandler
112 | /// Tool deferral policy: `ToolDefer.auto` (default) or `ToolDefer.never`.
/Users/admin/builder/spi-builder-workspace/swift/Sources/CopilotSDK/Types.swift:244:16: warning: stored property 'rawData' of 'Sendable'-conforming struct 'PermissionRequest' contains non-Sendable type 'Any'; this is an error in the Swift 6 language mode
242 | public let kind: String
243 | public let toolCallId: String?
244 | public let rawData: [String: Any]
| `- warning: stored property 'rawData' of 'Sendable'-conforming struct 'PermissionRequest' contains non-Sendable type 'Any'; this is an error in the Swift 6 language mode
245 |
246 | public init(kind: String, toolCallId: String? = nil, rawData: [String: Any] = [:]) {
/Users/admin/builder/spi-builder-workspace/swift/Sources/CopilotSDK/Types.swift:1346:16: warning: stored property 'data' of 'Sendable'-conforming struct 'SessionEvent' contains non-Sendable type 'Any'; this is an error in the Swift 6 language mode
1344 | public let ephemeral: Bool?
1345 | public let type: String
1346 | public let data: [String: Any]
| `- warning: stored property 'data' of 'Sendable'-conforming struct 'SessionEvent' contains non-Sendable type 'Any'; this is an error in the Swift 6 language mode
1347 |
1348 | public init(
Failed frontend command:
/Applications/Xcode-27.0.0-Release.Candidate.app/Contents/Developer/Toolchains/XcodeDefault.xctoolchain/usr/bin/swift-frontend -frontend -emit-module -experimental-skip-non-inlinable-function-bodies-without-types /Users/admin/builder/spi-builder-workspace/swift/Sources/CopilotSDK/CopilotClient.swift /Users/admin/builder/spi-builder-workspace/swift/Sources/CopilotSDK/CopilotSession.swift /Users/admin/builder/spi-builder-workspace/swift/Sources/CopilotSDK/DefineTool.swift /Users/admin/builder/spi-builder-workspace/swift/Sources/CopilotSDK/JsonRpcClient.swift /Users/admin/builder/spi-builder-workspace/swift/Sources/CopilotSDK/SdkProtocolVersion.swift /Users/admin/builder/spi-builder-workspace/swift/Sources/CopilotSDK/Types.swift -target arm64-apple-watchos9.0 -disable-cross-import-overlay-search -load-resolved-plugin /Applications/Xcode-27.0.0-Release.Candidate.app/Contents/Developer/Platforms/WatchOS.platform/Developer/usr/lib/swift/host/plugins/libFoundationMacros.dylib\#/Applications/Xcode-27.0.0-Release.Candidate.app/Contents/Developer/Platforms/WatchOS.platform/Developer/usr/bin/swift-plugin-server\#FoundationMacros -load-resolved-plugin /Applications/Xcode-27.0.0-Release.Candidate.app/Contents/Developer/Platforms/WatchOS.platform/Developer/usr/lib/swift/host/plugins/libObservationMacros.dylib\#/Applications/Xcode-27.0.0-Release.Candidate.app/Contents/Developer/Platforms/WatchOS.platform/Developer/usr/bin/swift-plugin-server\#ObservationMacros -load-resolved-plugin /Applications/Xcode-27.0.0-Release.Candidate.app/Contents/Developer/Platforms/WatchOS.platform/Developer/usr/lib/swift/host/plugins/libSwiftMacros.dylib\#/Applications/Xcode-27.0.0-Release.Candidate.app/Contents/Developer/Platforms/WatchOS.platform/Developer/usr/bin/swift-plugin-server\#SwiftMacros -disable-implicit-swift-modules -Xcc -fno-implicit-modules -Xcc -fno-implicit-module-maps -explicit-swift-module-map-file /Users/admin/builder/spi-builder-workspace/.derivedData/Build/Intermediates.noindex/CopilotSDK.build/Debug-watchos/CopilotSDK-t.build/Objects-normal/arm64/CopilotSDK-dependencies-2.json -Xllvm -aarch64-use-tbi -enable-objc-interop -stack-check -sdk /Applications/Xcode-27.0.0-Release.Candidate.app/Contents/Developer/Platforms/WatchOS.platform/Developer/SDKs/WatchOS27.0.sdk -I /Users/admin/builder/spi-builder-workspace/.derivedData/Build/Products/Debug-watchos -Isystem /Applications/Xcode-27.0.0-Release.Candidate.app/Contents/Developer/Platforms/WatchOS.platform/Developer/usr/lib -F /Users/admin/builder/spi-builder-workspace/.derivedData/Build/Products/Debug-watchos -F /Applications/Xcode-27.0.0-Release.Candidate.app/Contents/Developer/Platforms/WatchOS.platform/Developer/Library/Frameworks -F /Applications/Xcode-27.0.0-Release.Candidate.app/Contents/Developer/Platforms/WatchOS.platform/Developer/SDKs/WatchOS27.0.sdk/Developer/Library/Frameworks -module-cache-path /Users/admin/builder/spi-builder-workspace/.derivedData/Build/Intermediates.noindex/SwiftExplicitPrecompiledModules -no-color-diagnostics -Xcc -fno-color-diagnostics -enable-testing -g -debug-info-format\=dwarf -dwarf-version\=4 -swift-version 5 -Onone -D SWIFT_PACKAGE -D DEBUG -D SWIFT_MODULE_RESOURCE_BUNDLE_UNAVAILABLE -D Xcode -serialize-debugging-options -enable-experimental-feature DebugDescriptionMacro -empty-abi-descriptor -validate-clang-modules-once -clang-build-session-file /Users/admin/builder/spi-builder-workspace/.derivedData/ModuleCache.noindex/Session.modulevalidation -Xcc -working-directory -Xcc /Users/admin/builder/spi-builder-workspace/.swiftpm/xcode -enable-anonymous-context-mangled-names -file-compilation-dir /Users/admin/builder/spi-builder-workspace/.swiftpm/xcode -Xcc -D_LIBCPP_HARDENING_MODE\=_LIBCPP_HARDENING_MODE_DEBUG -Xcc -ivfsstatcache -Xcc /Users/admin/builder/spi-builder-workspace/.derivedData/SDKStatCaches.noindex/watchos27.0-24R360-e829b21a6f8c9b70876ba0858053c04477534ef55a1706bf4c1112bbb242f0a2.sdkstatcache -Xcc -fmodules-prune-interval\=86400 -Xcc -fmodules-prune-after\=345600 -Xcc -I/Users/admin/builder/spi-builder-workspace/.derivedData/Build/Products/Debug-watchos/include -Xcc -I/Users/admin/builder/spi-builder-workspace/.derivedData/Build/Intermediates.noindex/CopilotSDK.build/Debug-watchos/CopilotSDK-t.build/DerivedSources-normal/arm64 -Xcc -I/Users/admin/builder/spi-builder-workspace/.derivedData/Build/Intermediates.noindex/CopilotSDK.build/Debug-watchos/CopilotSDK-t.build/DerivedSources/arm64 -Xcc -I/Users/admin/builder/spi-builder-workspace/.derivedData/Build/Intermediates.noindex/CopilotSDK.build/Debug-watchos/CopilotSDK-t.build/DerivedSources -Xcc -DSWIFT_PACKAGE -Xcc -DDEBUG\=1 -no-auto-bridging-header-chaining -module-name CopilotSDK -package-name spi_builder_workspace -const-gather-protocols-file /Users/admin/builder/spi-builder-workspace/.derivedData/Build/Intermediates.noindex/CopilotSDK.build/Debug-watchos/CopilotSDK-t.build/Objects-normal/arm64/CopilotSDK_const_extract_protocols.json -disable-clang-spi -clang-target arm64-apple-watchos27.0 -target-sdk-version 27.0 -target-sdk-name watchos27.0 -in-process-plugin-server-path /Applications/Xcode-27.0.0-Release.Candidate.app/Contents/Developer/Toolchains/XcodeDefault.xctoolchain/usr/lib/swift/host/libSwiftInProcPluginServer.dylib -emit-module-doc-path /Users/admin/builder/spi-builder-workspace/.derivedData/Build/Intermediates.noindex/CopilotSDK.build/Debug-watchos/CopilotSDK-t.build/Objects-normal/arm64/CopilotSDK.swiftdoc -emit-module-source-info-path /Users/admin/builder/spi-builder-workspace/.derivedData/Build/Intermediates.noindex/CopilotSDK.build/Debug-watchos/CopilotSDK-t.build/Objects-normal/arm64/CopilotSDK.swiftsourceinfo -emit-objc-header-path /Users/admin/builder/spi-builder-workspace/.derivedData/Build/Intermediates.noindex/CopilotSDK.build/Debug-watchos/CopilotSDK-t.build/Objects-normal/arm64/CopilotSDK-Swift.h -serialize-diagnostics-path /Users/admin/builder/spi-builder-workspace/.derivedData/Build/Intermediates.noindex/CopilotSDK.build/Debug-watchos/CopilotSDK-t.build/Objects-normal/arm64/CopilotSDK-primary-emit-module.dia -emit-dependencies-path /Users/admin/builder/spi-builder-workspace/.derivedData/Build/Intermediates.noindex/CopilotSDK.build/Debug-watchos/CopilotSDK-t.build/Objects-normal/arm64/CopilotSDK-primary-emit-module.d -parse-as-library -o /Users/admin/builder/spi-builder-workspace/.derivedData/Build/Intermediates.noindex/CopilotSDK.build/Debug-watchos/CopilotSDK-t.build/Objects-normal/arm64/CopilotSDK.swiftmodule -emit-abi-descriptor-path /Users/admin/builder/spi-builder-workspace/.derivedData/Build/Intermediates.noindex/CopilotSDK.build/Debug-watchos/CopilotSDK-t.build/Objects-normal/arm64/CopilotSDK.abi.json
SwiftCompile normal arm64 (in target 'CopilotSDK' from project 'CopilotSDK')
cd /Users/admin/builder/spi-builder-workspace/.swiftpm/xcode
SwiftCompile normal arm64 Compiling\ JsonRpcClient.swift /Users/admin/builder/spi-builder-workspace/swift/Sources/CopilotSDK/JsonRpcClient.swift (in target 'CopilotSDK' from project 'CopilotSDK')
SwiftCompile normal arm64 /Users/admin/builder/spi-builder-workspace/swift/Sources/CopilotSDK/JsonRpcClient.swift (in target 'CopilotSDK' from project 'CopilotSDK')
cd /Users/admin/builder/spi-builder-workspace/.swiftpm/xcode
builtin-SwiftPerFileCompile JsonRpcClient.swift
SwiftCompile normal arm64 Compiling\ Types.swift /Users/admin/builder/spi-builder-workspace/swift/Sources/CopilotSDK/Types.swift (in target 'CopilotSDK' from project 'CopilotSDK')
/Users/admin/builder/spi-builder-workspace/swift/Sources/CopilotSDK/Types.swift:91:16: warning: stored property 'arguments' of 'Sendable'-conforming struct 'ToolInvocation' contains non-Sendable type 'Any'; this is an error in the Swift 6 language mode
89 | public let toolCallId: String
90 | public let toolName: String
91 | public let arguments: Any? // The decoded JSON arguments
| `- warning: stored property 'arguments' of 'Sendable'-conforming struct 'ToolInvocation' contains non-Sendable type 'Any'; this is an error in the Swift 6 language mode
92 |
93 | public init(sessionId: String, toolCallId: String, toolName: String, arguments: Any?) {
/Users/admin/builder/spi-builder-workspace/swift/Sources/CopilotSDK/Types.swift:110:16: warning: stored property 'parameters' of 'Sendable'-conforming struct 'Tool' contains non-Sendable type 'Any'; this is an error in the Swift 6 language mode
108 | public let name: String
109 | public let description: String?
110 | public let parameters: [String: Any]?
| `- warning: stored property 'parameters' of 'Sendable'-conforming struct 'Tool' contains non-Sendable type 'Any'; this is an error in the Swift 6 language mode
111 | public let handler: ToolHandler
112 | /// Tool deferral policy: `ToolDefer.auto` (default) or `ToolDefer.never`.
/Users/admin/builder/spi-builder-workspace/swift/Sources/CopilotSDK/Types.swift:244:16: warning: stored property 'rawData' of 'Sendable'-conforming struct 'PermissionRequest' contains non-Sendable type 'Any'; this is an error in the Swift 6 language mode
242 | public let kind: String
243 | public let toolCallId: String?
244 | public let rawData: [String: Any]
| `- warning: stored property 'rawData' of 'Sendable'-conforming struct 'PermissionRequest' contains non-Sendable type 'Any'; this is an error in the Swift 6 language mode
245 |
246 | public init(kind: String, toolCallId: String? = nil, rawData: [String: Any] = [:]) {
SwiftCompile normal arm64 /Users/admin/builder/spi-builder-workspace/swift/Sources/CopilotSDK/Types.swift (in target 'CopilotSDK' from project 'CopilotSDK')
cd /Users/admin/builder/spi-builder-workspace/.swiftpm/xcode
builtin-SwiftPerFileCompile Types.swift
SwiftCompile normal arm64 Compiling\ DefineTool.swift /Users/admin/builder/spi-builder-workspace/swift/Sources/CopilotSDK/DefineTool.swift (in target 'CopilotSDK' from project 'CopilotSDK')
SwiftCompile normal arm64 /Users/admin/builder/spi-builder-workspace/swift/Sources/CopilotSDK/DefineTool.swift (in target 'CopilotSDK' from project 'CopilotSDK')
cd /Users/admin/builder/spi-builder-workspace/.swiftpm/xcode
builtin-SwiftPerFileCompile DefineTool.swift
SwiftEmitModule normal arm64_32 Emitting\ module\ for\ CopilotSDK (in target 'CopilotSDK' from project 'CopilotSDK')
/Users/admin/builder/spi-builder-workspace/swift/Sources/CopilotSDK/CopilotClient.swift:33:29: error: cannot find type 'Process' in scope
31 | private let options: CopilotClientOptions
32 | private var state: ConnectionState = .disconnected
33 | private var cliProcess: Process?
| `- error: cannot find type 'Process' in scope
34 | private var rpcClient: JsonRpcClient?
35 | private var sessions: [String: CopilotSession] = [:]
/Users/admin/builder/spi-builder-workspace/swift/Sources/CopilotSDK/Types.swift:91:16: warning: stored property 'arguments' of 'Sendable'-conforming struct 'ToolInvocation' contains non-Sendable type 'Any'; this is an error in the Swift 6 language mode
89 | public let toolCallId: String
90 | public let toolName: String
91 | public let arguments: Any? // The decoded JSON arguments
| `- warning: stored property 'arguments' of 'Sendable'-conforming struct 'ToolInvocation' contains non-Sendable type 'Any'; this is an error in the Swift 6 language mode
92 |
93 | public init(sessionId: String, toolCallId: String, toolName: String, arguments: Any?) {
/Users/admin/builder/spi-builder-workspace/swift/Sources/CopilotSDK/Types.swift:110:16: warning: stored property 'parameters' of 'Sendable'-conforming struct 'Tool' contains non-Sendable type 'Any'; this is an error in the Swift 6 language mode
108 | public let name: String
109 | public let description: String?
110 | public let parameters: [String: Any]?
| `- warning: stored property 'parameters' of 'Sendable'-conforming struct 'Tool' contains non-Sendable type 'Any'; this is an error in the Swift 6 language mode
111 | public let handler: ToolHandler
112 | /// Tool deferral policy: `ToolDefer.auto` (default) or `ToolDefer.never`.
/Users/admin/builder/spi-builder-workspace/swift/Sources/CopilotSDK/Types.swift:244:16: warning: stored property 'rawData' of 'Sendable'-conforming struct 'PermissionRequest' contains non-Sendable type 'Any'; this is an error in the Swift 6 language mode
242 | public let kind: String
243 | public let toolCallId: String?
244 | public let rawData: [String: Any]
| `- warning: stored property 'rawData' of 'Sendable'-conforming struct 'PermissionRequest' contains non-Sendable type 'Any'; this is an error in the Swift 6 language mode
245 |
246 | public init(kind: String, toolCallId: String? = nil, rawData: [String: Any] = [:]) {
/Users/admin/builder/spi-builder-workspace/swift/Sources/CopilotSDK/Types.swift:1346:16: warning: stored property 'data' of 'Sendable'-conforming struct 'SessionEvent' contains non-Sendable type 'Any'; this is an error in the Swift 6 language mode
1344 | public let ephemeral: Bool?
1345 | public let type: String
1346 | public let data: [String: Any]
| `- warning: stored property 'data' of 'Sendable'-conforming struct 'SessionEvent' contains non-Sendable type 'Any'; this is an error in the Swift 6 language mode
1347 |
1348 | public init(
Failed frontend command:
/Applications/Xcode-27.0.0-Release.Candidate.app/Contents/Developer/Toolchains/XcodeDefault.xctoolchain/usr/bin/swift-frontend -frontend -emit-module -experimental-skip-non-inlinable-function-bodies-without-types /Users/admin/builder/spi-builder-workspace/swift/Sources/CopilotSDK/CopilotClient.swift /Users/admin/builder/spi-builder-workspace/swift/Sources/CopilotSDK/CopilotSession.swift /Users/admin/builder/spi-builder-workspace/swift/Sources/CopilotSDK/DefineTool.swift /Users/admin/builder/spi-builder-workspace/swift/Sources/CopilotSDK/JsonRpcClient.swift /Users/admin/builder/spi-builder-workspace/swift/Sources/CopilotSDK/SdkProtocolVersion.swift /Users/admin/builder/spi-builder-workspace/swift/Sources/CopilotSDK/Types.swift -target arm64_32-apple-watchos9.0 -disable-cross-import-overlay-search -load-resolved-plugin /Applications/Xcode-27.0.0-Release.Candidate.app/Contents/Developer/Platforms/WatchOS.platform/Developer/usr/lib/swift/host/plugins/libFoundationMacros.dylib\#/Applications/Xcode-27.0.0-Release.Candidate.app/Contents/Developer/Platforms/WatchOS.platform/Developer/usr/bin/swift-plugin-server\#FoundationMacros -load-resolved-plugin /Applications/Xcode-27.0.0-Release.Candidate.app/Contents/Developer/Platforms/WatchOS.platform/Developer/usr/lib/swift/host/plugins/libObservationMacros.dylib\#/Applications/Xcode-27.0.0-Release.Candidate.app/Contents/Developer/Platforms/WatchOS.platform/Developer/usr/bin/swift-plugin-server\#ObservationMacros -load-resolved-plugin /Applications/Xcode-27.0.0-Release.Candidate.app/Contents/Developer/Platforms/WatchOS.platform/Developer/usr/lib/swift/host/plugins/libSwiftMacros.dylib\#/Applications/Xcode-27.0.0-Release.Candidate.app/Contents/Developer/Platforms/WatchOS.platform/Developer/usr/bin/swift-plugin-server\#SwiftMacros -disable-implicit-swift-modules -Xcc -fno-implicit-modules -Xcc -fno-implicit-module-maps -explicit-swift-module-map-file /Users/admin/builder/spi-builder-workspace/.derivedData/Build/Intermediates.noindex/CopilotSDK.build/Debug-watchos/CopilotSDK-t.build/Objects-normal/arm64_32/CopilotSDK-dependencies-1.json -enable-objc-interop -sdk /Applications/Xcode-27.0.0-Release.Candidate.app/Contents/Developer/Platforms/WatchOS.platform/Developer/SDKs/WatchOS27.0.sdk -I /Users/admin/builder/spi-builder-workspace/.derivedData/Build/Products/Debug-watchos -Isystem /Applications/Xcode-27.0.0-Release.Candidate.app/Contents/Developer/Platforms/WatchOS.platform/Developer/usr/lib -F /Users/admin/builder/spi-builder-workspace/.derivedData/Build/Products/Debug-watchos -F /Applications/Xcode-27.0.0-Release.Candidate.app/Contents/Developer/Platforms/WatchOS.platform/Developer/Library/Frameworks -F /Applications/Xcode-27.0.0-Release.Candidate.app/Contents/Developer/Platforms/WatchOS.platform/Developer/SDKs/WatchOS27.0.sdk/Developer/Library/Frameworks -module-cache-path /Users/admin/builder/spi-builder-workspace/.derivedData/Build/Intermediates.noindex/SwiftExplicitPrecompiledModules -no-color-diagnostics -Xcc -fno-color-diagnostics -enable-testing -g -debug-info-format\=dwarf -dwarf-version\=4 -swift-version 5 -Onone -D SWIFT_PACKAGE -D DEBUG -D SWIFT_MODULE_RESOURCE_BUNDLE_UNAVAILABLE -D Xcode -serialize-debugging-options -enable-experimental-feature DebugDescriptionMacro -empty-abi-descriptor -validate-clang-modules-once -clang-build-session-file /Users/admin/builder/spi-builder-workspace/.derivedData/ModuleCache.noindex/Session.modulevalidation -Xcc -working-directory -Xcc /Users/admin/builder/spi-builder-workspace/.swiftpm/xcode -enable-anonymous-context-mangled-names -file-compilation-dir /Users/admin/builder/spi-builder-workspace/.swiftpm/xcode -Xcc -D_LIBCPP_HARDENING_MODE\=_LIBCPP_HARDENING_MODE_DEBUG -Xcc -ivfsstatcache -Xcc /Users/admin/builder/spi-builder-workspace/.derivedData/SDKStatCaches.noindex/watchos27.0-24R360-e829b21a6f8c9b70876ba0858053c04477534ef55a1706bf4c1112bbb242f0a2.sdkstatcache -Xcc -fmodules-prune-interval\=86400 -Xcc -fmodules-prune-after\=345600 -Xcc -I/Users/admin/builder/spi-builder-workspace/.derivedData/Build/Products/Debug-watchos/include -Xcc -I/Users/admin/builder/spi-builder-workspace/.derivedData/Build/Intermediates.noindex/CopilotSDK.build/Debug-watchos/CopilotSDK-t.build/DerivedSources-normal/arm64_32 -Xcc -I/Users/admin/builder/spi-builder-workspace/.derivedData/Build/Intermediates.noindex/CopilotSDK.build/Debug-watchos/CopilotSDK-t.build/DerivedSources/arm64_32 -Xcc -I/Users/admin/builder/spi-builder-workspace/.derivedData/Build/Intermediates.noindex/CopilotSDK.build/Debug-watchos/CopilotSDK-t.build/DerivedSources -Xcc -DSWIFT_PACKAGE -Xcc -DDEBUG\=1 -no-auto-bridging-header-chaining -module-name CopilotSDK -package-name spi_builder_workspace -const-gather-protocols-file /Users/admin/builder/spi-builder-workspace/.derivedData/Build/Intermediates.noindex/CopilotSDK.build/Debug-watchos/CopilotSDK-t.build/Objects-normal/arm64_32/CopilotSDK_const_extract_protocols.json -disable-clang-spi -clang-target arm64_32-apple-watchos27.0 -target-sdk-version 27.0 -target-sdk-name watchos27.0 -in-process-plugin-server-path /Applications/Xcode-27.0.0-Release.Candidate.app/Contents/Developer/Toolchains/XcodeDefault.xctoolchain/usr/lib/swift/host/libSwiftInProcPluginServer.dylib -emit-module-doc-path /Users/admin/builder/spi-builder-workspace/.derivedData/Build/Intermediates.noindex/CopilotSDK.build/Debug-watchos/CopilotSDK-t.build/Objects-normal/arm64_32/CopilotSDK.swiftdoc -emit-module-source-info-path /Users/admin/builder/spi-builder-workspace/.derivedData/Build/Intermediates.noindex/CopilotSDK.build/Debug-watchos/CopilotSDK-t.build/Objects-normal/arm64_32/CopilotSDK.swiftsourceinfo -emit-objc-header-path /Users/admin/builder/spi-builder-workspace/.derivedData/Build/Intermediates.noindex/CopilotSDK.build/Debug-watchos/CopilotSDK-t.build/Objects-normal/arm64_32/CopilotSDK-Swift.h -serialize-diagnostics-path /Users/admin/builder/spi-builder-workspace/.derivedData/Build/Intermediates.noindex/CopilotSDK.build/Debug-watchos/CopilotSDK-t.build/Objects-normal/arm64_32/CopilotSDK-primary-emit-module.dia -emit-dependencies-path /Users/admin/builder/spi-builder-workspace/.derivedData/Build/Intermediates.noindex/CopilotSDK.build/Debug-watchos/CopilotSDK-t.build/Objects-normal/arm64_32/CopilotSDK-primary-emit-module.d -parse-as-library -o /Users/admin/builder/spi-builder-workspace/.derivedData/Build/Intermediates.noindex/CopilotSDK.build/Debug-watchos/CopilotSDK-t.build/Objects-normal/arm64_32/CopilotSDK.swiftmodule -emit-abi-descriptor-path /Users/admin/builder/spi-builder-workspace/.derivedData/Build/Intermediates.noindex/CopilotSDK.build/Debug-watchos/CopilotSDK-t.build/Objects-normal/arm64_32/CopilotSDK.abi.json
SwiftCompile normal arm64_32 (in target 'CopilotSDK' from project 'CopilotSDK')
cd /Users/admin/builder/spi-builder-workspace/.swiftpm/xcode
SwiftCompile normal arm64_32 Compiling\ CopilotClient.swift /Users/admin/builder/spi-builder-workspace/swift/Sources/CopilotSDK/CopilotClient.swift (in target 'CopilotSDK' from project 'CopilotSDK')
/Users/admin/builder/spi-builder-workspace/swift/Sources/CopilotSDK/CopilotClient.swift:33:29: error: cannot find type 'Process' in scope
31 | private let options: CopilotClientOptions
32 | private var state: ConnectionState = .disconnected
33 | private var cliProcess: Process?
| `- error: cannot find type 'Process' in scope
34 | private var rpcClient: JsonRpcClient?
35 | private var sessions: [String: CopilotSession] = [:]
SwiftCompile normal arm64_32 /Users/admin/builder/spi-builder-workspace/swift/Sources/CopilotSDK/CopilotClient.swift (in target 'CopilotSDK' from project 'CopilotSDK')
cd /Users/admin/builder/spi-builder-workspace/.swiftpm/xcode
builtin-SwiftPerFileCompile CopilotClient.swift
SwiftCompile normal arm64_32 Compiling\ JsonRpcClient.swift /Users/admin/builder/spi-builder-workspace/swift/Sources/CopilotSDK/JsonRpcClient.swift (in target 'CopilotSDK' from project 'CopilotSDK')
SwiftCompile normal arm64_32 /Users/admin/builder/spi-builder-workspace/swift/Sources/CopilotSDK/JsonRpcClient.swift (in target 'CopilotSDK' from project 'CopilotSDK')
cd /Users/admin/builder/spi-builder-workspace/.swiftpm/xcode
builtin-SwiftPerFileCompile JsonRpcClient.swift
SwiftCompile normal arm64_32 Compiling\ CopilotSession.swift /Users/admin/builder/spi-builder-workspace/swift/Sources/CopilotSDK/CopilotSession.swift (in target 'CopilotSDK' from project 'CopilotSDK')
/Users/admin/builder/spi-builder-workspace/swift/Sources/CopilotSDK/CopilotSession.swift:124:28: warning: no 'async' operations occur within 'await' expression [#UnnecessaryEffectMarker]
122 | try await Task.sleep(nanoseconds: UInt64(timeout * 1_000_000_000))
123 | if state.tryResume() {
124 | Task { await self.removeEventHandler(handlerId) }
| `- warning: no 'async' operations occur within 'await' expression [#UnnecessaryEffectMarker]
125 | continuation.resume(
126 | throwing: CopilotError.timeout(
SwiftCompile normal arm64_32 /Users/admin/builder/spi-builder-workspace/swift/Sources/CopilotSDK/CopilotSession.swift (in target 'CopilotSDK' from project 'CopilotSDK')
cd /Users/admin/builder/spi-builder-workspace/.swiftpm/xcode
builtin-SwiftPerFileCompile CopilotSession.swift
SwiftCompile normal arm64_32 Compiling\ Types.swift /Users/admin/builder/spi-builder-workspace/swift/Sources/CopilotSDK/Types.swift (in target 'CopilotSDK' from project 'CopilotSDK')
SwiftCompile normal arm64_32 /Users/admin/builder/spi-builder-workspace/swift/Sources/CopilotSDK/Types.swift (in target 'CopilotSDK' from project 'CopilotSDK')
cd /Users/admin/builder/spi-builder-workspace/.swiftpm/xcode
builtin-SwiftPerFileCompile Types.swift
PruneExplicitPrecompiledModules /Users/admin/builder/spi-builder-workspace/.derivedData/Build/Intermediates.noindex/SwiftExplicitPrecompiledModules
PruneExplicitPrecompiledModules /Users/admin/builder/spi-builder-workspace/.derivedData/Build/Intermediates.noindex/ExplicitPrecompiledModules
PruneExplicitPrecompiledModules /Users/admin/builder/spi-builder-workspace/.derivedData/SDKExplicitPrecompiledModules
2026-09-27 05:24:04.371 xcodebuild[764:4751] [MT] IDERunDestination: Supported platforms for the buildables in the current scheme is empty.
** BUILD FAILED **
The following build commands failed:
SwiftEmitModule normal arm64 Emitting\ module\ for\ CopilotSDK (in target 'CopilotSDK' from project 'CopilotSDK')
SwiftCompile normal arm64 (in target 'CopilotSDK' from project 'CopilotSDK')
SwiftEmitModule normal arm64_32 Emitting\ module\ for\ CopilotSDK (in target 'CopilotSDK' from project 'CopilotSDK')
SwiftCompile normal arm64_32 (in target 'CopilotSDK' from project 'CopilotSDK')
Building workspace CopilotSDK with scheme CopilotSDK-Package
(5 failures)
BUILD FAILURE 6.4 watchOS