The Swift Package Index logo.Swift Package Index

Build Information

Failed to build GoogleSheetsSwift, reference v1.0.1 (557234), with Swift 6.4 for watchOS using Xcode 27.0 on 22 Sep 2026 21:43:07 UTC.

Build Command

env DEVELOPER_DIR=/Applications/Xcode-27.0.0-Release.Candidate.app xcrun xcodebuild -IDEClonedSourcePackagesDirPathOverride=$PWD/.dependencies -skipMacroValidation -skipPackagePluginValidation -derivedDataPath $PWD/.derivedData build -scheme GoogleSheetsSwift-Package -destination generic/platform=watchOS

Build Log

========================================
RunAll
========================================
Builder version: 5.1.0
Interrupt handler set up.
========================================
Checkout
========================================
Clone URL: https://github.com/ShenghaiWang/GoogleSheetsSwift.git
Reference: v1.0.1
Initialized empty Git repository in /Users/admin/builder/spi-builder-workspace/.git/
From https://github.com/ShenghaiWang/GoogleSheetsSwift
 * tag               v1.0.1     -> FETCH_HEAD
HEAD is now at 5572348 Google Sheets API
Cloned https://github.com/ShenghaiWang/GoogleSheetsSwift.git
Revision (git rev-parse @):
557234874a4a7a49919cf7f86ee221fc7a12c1bb
SUCCESS checkout https://github.com/ShenghaiWang/GoogleSheetsSwift.git at v1.0.1
========================================
Build
========================================
Selected platform:         watchOS
Swift version:             6.4
Building package at path:  $PWD
https://github.com/ShenghaiWang/GoogleSheetsSwift.git
Command line invocation:
    /Applications/Xcode-27.0.0-Release.Candidate.app/Contents/Developer/usr/bin/xcodebuild -IDEClonedSourcePackagesDirPathOverride=/Users/admin/builder/spi-builder-workspace/.dependencies -resolvePackageDependencies
Resolve Package Graph
Resolve Package Graph
Resolved source packages:
  GoogleSheetsSwift: /Users/admin/builder/spi-builder-workspace
resolved source packages: GoogleSheetsSwift
2026-09-22 17:42:13.925 xcodebuild[529:3031] [MT] IDERunDestination: Supported platforms for the buildables in the current scheme is empty.
{
  "dependencies" : [
  ],
  "manifest_display_name" : "GoogleSheetsSwift",
  "name" : "GoogleSheetsSwift",
  "path" : "/Users/admin/builder/spi-builder-workspace",
  "platforms" : [
    {
      "name" : "ios",
      "version" : "13.0"
    },
    {
      "name" : "macos",
      "version" : "10.15"
    },
    {
      "name" : "tvos",
      "version" : "13.0"
    },
    {
      "name" : "watchos",
      "version" : "6.0"
    }
  ],
  "products" : [
    {
      "name" : "GoogleSheetsSwift",
      "targets" : [
        "GoogleSheetsSwift"
      ],
      "type" : {
        "library" : [
          "automatic"
        ]
      }
    },
    {
      "name" : "Client",
      "targets" : [
        "Client"
      ],
      "type" : {
        "executable" : null
      }
    }
  ],
  "swift_languages_versions" : [
    "5"
  ],
  "targets" : [
    {
      "c99name" : "GoogleSheetsSwiftTests",
      "module_type" : "SwiftTarget",
      "name" : "GoogleSheetsSwiftTests",
      "path" : "Tests/GoogleSheetsSwiftTests",
      "resources" : [
        {
          "path" : "/Users/admin/builder/spi-builder-workspace/Tests/GoogleSheetsSwiftTests/Fixtures",
          "rule" : {
            "copy" : {
            }
          }
        },
        {
          "path" : "/Users/admin/builder/spi-builder-workspace/Tests/GoogleSheetsSwiftTests/Integration",
          "rule" : {
            "copy" : {
            }
          }
        }
      ],
      "sources" : [
        "GoogleSheetsClientLoggingTests.swift",
        "GoogleSheetsClientTests.swift",
        "GoogleSheetsErrorTests.swift",
        "GoogleSheetsLoggerTests.swift",
        "GoogleSheetsSwiftTests.swift",
        "HTTPClientTests.swift",
        "Helpers/TestHelpers.swift",
        "Mocks/MockHTTPClient.swift",
        "Mocks/MockOAuth2TokenManager.swift",
        "Models/AnyCodableTests.swift",
        "Models/EnumsTests.swift",
        "Models/SpreadsheetModelsTests.swift",
        "Models/ValueModelsTests.swift",
        "OAuth2TokenManagerTests.swift",
        "PackageConfigurationTests.swift",
        "Performance/PerformanceTests.swift",
        "RetryConfigurationTests.swift",
        "Services/SpreadsheetsServiceTests.swift",
        "Services/ValuesServiceTests.swift"
      ],
      "target_dependencies" : [
        "GoogleSheetsSwift"
      ],
      "type" : "test"
    },
    {
      "c99name" : "GoogleSheetsSwift",
      "module_type" : "SwiftTarget",
      "name" : "GoogleSheetsSwift",
      "path" : "Sources/GoogleSheetsSwift",
      "product_memberships" : [
        "GoogleSheetsSwift",
        "Client"
      ],
      "sources" : [
        "Cache/ResponseCache.swift",
        "GoogleSheetsClient.swift",
        "GoogleSheetsError.swift",
        "GoogleSheetsLogger.swift",
        "GoogleSheetsSwift.swift",
        "HTTPClient.swift",
        "Models/AnyCodable.swift",
        "Models/Enums.swift",
        "Models/SpreadsheetModels.swift",
        "Models/ValueModels.swift",
        "OAuth2TokenManager.swift",
        "Performance/BatchOptimizer.swift",
        "Performance/MemoryEfficientDataHandler.swift",
        "RetryConfiguration.swift",
        "Services/BaseService.swift",
        "Services/SpreadsheetsService.swift",
        "Services/SpreadsheetsServiceProtocol.swift",
        "Services/ValuesService.swift",
        "Services/ValuesServiceProtocol.swift"
      ],
      "type" : "library"
    },
    {
      "c99name" : "Client",
      "module_type" : "SwiftTarget",
      "name" : "Client",
      "path" : "Sources/Client",
      "product_memberships" : [
        "Client"
      ],
      "sources" : [
        "main.swift"
      ],
      "target_dependencies" : [
        "GoogleSheetsSwift"
      ],
      "type" : "executable"
    }
  ],
  "tools_version" : "5.7"
}
{
  "workspace" : {
    "name" : "GoogleSheetsSwift",
    "schemes" : [
      "Client",
      "GoogleSheetsSwift",
      "GoogleSheetsSwift-Package"
    ]
  }
}
2026-09-22 17:42:55.115 xcodebuild[647:4136] [MT] IDERunDestination: Supported platforms for the buildables in the current scheme is empty.
Running build ...
env DEVELOPER_DIR=/Applications/Xcode-27.0.0-Release.Candidate.app xcrun xcodebuild -IDEClonedSourcePackagesDirPathOverride=$PWD/.dependencies -skipMacroValidation -skipPackagePluginValidation -derivedDataPath $PWD/.derivedData build -scheme GoogleSheetsSwift-Package -destination generic/platform=watchOS
Command line invocation:
    /Applications/Xcode-27.0.0-Release.Candidate.app/Contents/Developer/usr/bin/xcodebuild -IDEClonedSourcePackagesDirPathOverride=/Users/admin/builder/spi-builder-workspace/.dependencies -skipMacroValidation -skipPackagePluginValidation -derivedDataPath /Users/admin/builder/spi-builder-workspace/.derivedData build -scheme GoogleSheetsSwift-Package -destination generic/platform=watchOS
Resolve Package Graph
Resolved source packages:
  GoogleSheetsSwift: /Users/admin/builder/spi-builder-workspace
ComputePackagePrebuildTargetDependencyGraph
Prepare packages
CreateBuildRequest
SendProjectDescription
CreateBuildOperation
ComputeTargetDependencyGraph
note: Building targets in dependency order
note: Target dependency graph (3 targets)
    Target 'Client-product' in project 'GoogleSheetsSwift'
        ➜ Explicit dependency on target 'GoogleSheetsSwift' in project 'GoogleSheetsSwift'
    Target 'GoogleSheetsSwift-product' in project 'GoogleSheetsSwift'
        ➜ Explicit dependency on target 'GoogleSheetsSwift' in project 'GoogleSheetsSwift'
    Target 'GoogleSheetsSwift' in project 'GoogleSheetsSwift' (no dependencies)
GatherProvisioningInputs
CreateBuildDescription
ExecuteExternalTool /Applications/Xcode-27.0.0-Release.Candidate.app/Contents/Developer/Toolchains/XcodeDefault.xctoolchain/usr/bin/clang -v -E -dM -isysroot /Applications/Xcode-27.0.0-Release.Candidate.app/Contents/Developer/Platforms/WatchOS.platform/Developer/SDKs/WatchOS27.0.sdk -x c -c /dev/null
ExecuteExternalTool /Applications/Xcode-27.0.0-Release.Candidate.app/Contents/Developer/Toolchains/XcodeDefault.xctoolchain/usr/bin/swiftc --version
ExecuteExternalTool /Applications/Xcode-27.0.0-Release.Candidate.app/Contents/Developer/Toolchains/XcodeDefault.xctoolchain/usr/bin/ld -version_details
Build description signature: 3b19cefa281f85f68f6a7ff8b65e4ada
Build description path: /Users/admin/builder/spi-builder-workspace/.derivedData/Build/Intermediates.noindex/XCBuildData/3b19cefa281f85f68f6a7ff8b65e4ada.xcbuilddata
CreateBuildDirectory /Users/admin/builder/spi-builder-workspace/.derivedData/ModuleCache.noindex
    cd /Users/admin/builder/spi-builder-workspace/.swiftpm/xcode
    builtin-create-build-directory /Users/admin/builder/spi-builder-workspace/.derivedData/ModuleCache.noindex
CreateBuildDirectory /Users/admin/builder/spi-builder-workspace/.derivedData/CompilationCache.noindex
    cd /Users/admin/builder/spi-builder-workspace/.swiftpm/xcode
    builtin-create-build-directory /Users/admin/builder/spi-builder-workspace/.derivedData/CompilationCache.noindex
CreateBuildDirectory /Users/admin/builder/spi-builder-workspace/.derivedData/SDKExplicitPrecompiledModules
    cd /Users/admin/builder/spi-builder-workspace/.swiftpm/xcode
    builtin-create-build-directory /Users/admin/builder/spi-builder-workspace/.derivedData/SDKExplicitPrecompiledModules
CreateBuildDirectory /Users/admin/builder/spi-builder-workspace/.derivedData/Build/Products
    cd /Users/admin/builder/spi-builder-workspace/.swiftpm/xcode
    builtin-create-build-directory /Users/admin/builder/spi-builder-workspace/.derivedData/Build/Products
ClangStatCache /Applications/Xcode-27.0.0-Release.Candidate.app/Contents/Developer/Toolchains/XcodeDefault.xctoolchain/usr/bin/clang-stat-cache /Applications/Xcode-27.0.0-Release.Candidate.app/Contents/Developer/Platforms/WatchOS.platform/Developer/SDKs/WatchOS27.0.sdk /Users/admin/builder/spi-builder-workspace/.derivedData/SDKStatCaches.noindex/watchos27.0-24R360-e829b21a6f8c9b70876ba0858053c04477534ef55a1706bf4c1112bbb242f0a2.sdkstatcache
    cd /Users/admin/builder/spi-builder-workspace/.swiftpm/xcode
    /Applications/Xcode-27.0.0-Release.Candidate.app/Contents/Developer/Toolchains/XcodeDefault.xctoolchain/usr/bin/clang-stat-cache /Applications/Xcode-27.0.0-Release.Candidate.app/Contents/Developer/Platforms/WatchOS.platform/Developer/SDKs/WatchOS27.0.sdk -o /Users/admin/builder/spi-builder-workspace/.derivedData/SDKStatCaches.noindex/watchos27.0-24R360-e829b21a6f8c9b70876ba0858053c04477534ef55a1706bf4c1112bbb242f0a2.sdkstatcache
CreateBuildDirectory /Users/admin/builder/spi-builder-workspace/.derivedData/Build/Intermediates.noindex
    cd /Users/admin/builder/spi-builder-workspace/.swiftpm/xcode
    builtin-create-build-directory /Users/admin/builder/spi-builder-workspace/.derivedData/Build/Intermediates.noindex
CreateBuildDirectory /Users/admin/builder/spi-builder-workspace/.derivedData/Build/Intermediates.noindex/ExplicitPrecompiledModules
    cd /Users/admin/builder/spi-builder-workspace/.swiftpm/xcode
    builtin-create-build-directory /Users/admin/builder/spi-builder-workspace/.derivedData/Build/Intermediates.noindex/ExplicitPrecompiledModules
CreateBuildDirectory /Users/admin/builder/spi-builder-workspace/.derivedData/Build/Intermediates.noindex/PrecompiledHeaders
    cd /Users/admin/builder/spi-builder-workspace/.swiftpm/xcode
    builtin-create-build-directory /Users/admin/builder/spi-builder-workspace/.derivedData/Build/Intermediates.noindex/PrecompiledHeaders
CreateBuildDirectory /Users/admin/builder/spi-builder-workspace/.derivedData/Build/Intermediates.noindex/SwiftExplicitPrecompiledModules
    cd /Users/admin/builder/spi-builder-workspace/.swiftpm/xcode
    builtin-create-build-directory /Users/admin/builder/spi-builder-workspace/.derivedData/Build/Intermediates.noindex/SwiftExplicitPrecompiledModules
CreateBuildDirectory /Users/admin/builder/spi-builder-workspace/.derivedData/Build/Intermediates.noindex/EagerLinkingTBDs/Debug-watchos
    cd /Users/admin/builder/spi-builder-workspace/.swiftpm/xcode
    builtin-create-build-directory /Users/admin/builder/spi-builder-workspace/.derivedData/Build/Intermediates.noindex/EagerLinkingTBDs/Debug-watchos
CreateBuildDirectory /Users/admin/builder/spi-builder-workspace/.derivedData/Build/Products/Debug-watchos
    cd /Users/admin/builder/spi-builder-workspace/.swiftpm/xcode
    builtin-create-build-directory /Users/admin/builder/spi-builder-workspace/.derivedData/Build/Products/Debug-watchos
CreateBuildDirectory /Users/admin/builder/spi-builder-workspace/.derivedData/Build/Products/Debug-watchos/PackageFrameworks
    cd /Users/admin/builder/spi-builder-workspace/.swiftpm/xcode
    builtin-create-build-directory /Users/admin/builder/spi-builder-workspace/.derivedData/Build/Products/Debug-watchos/PackageFrameworks
WriteAuxiliaryFile /Users/admin/builder/spi-builder-workspace/.derivedData/Build/Intermediates.noindex/GoogleSheetsSwift.build/Debug-watchos/GoogleSheetsSwift-t.build/GoogleSheetsSwift.modulemap (in target 'GoogleSheetsSwift' from project 'GoogleSheetsSwift')
    cd /Users/admin/builder/spi-builder-workspace
    write-file /Users/admin/builder/spi-builder-workspace/.derivedData/Build/Intermediates.noindex/GoogleSheetsSwift.build/Debug-watchos/GoogleSheetsSwift-t.build/GoogleSheetsSwift.modulemap
WriteAuxiliaryFile /Users/admin/builder/spi-builder-workspace/.derivedData/Build/Intermediates.noindex/GoogleSheetsSwift.build/Debug-watchos/GoogleSheetsSwift-t.build/Objects-normal/arm64_32/GoogleSheetsSwift_const_extract_protocols.json (in target 'GoogleSheetsSwift' from project 'GoogleSheetsSwift')
    cd /Users/admin/builder/spi-builder-workspace
    write-file /Users/admin/builder/spi-builder-workspace/.derivedData/Build/Intermediates.noindex/GoogleSheetsSwift.build/Debug-watchos/GoogleSheetsSwift-t.build/Objects-normal/arm64_32/GoogleSheetsSwift_const_extract_protocols.json
WriteAuxiliaryFile /Users/admin/builder/spi-builder-workspace/.derivedData/Build/Intermediates.noindex/GoogleSheetsSwift.build/Debug-watchos/GoogleSheetsSwift-t.build/Objects-normal/arm64/GoogleSheetsSwift.SwiftFileList (in target 'GoogleSheetsSwift' from project 'GoogleSheetsSwift')
    cd /Users/admin/builder/spi-builder-workspace
    write-file /Users/admin/builder/spi-builder-workspace/.derivedData/Build/Intermediates.noindex/GoogleSheetsSwift.build/Debug-watchos/GoogleSheetsSwift-t.build/Objects-normal/arm64/GoogleSheetsSwift.SwiftFileList
WriteAuxiliaryFile /Users/admin/builder/spi-builder-workspace/.derivedData/Build/Intermediates.noindex/GoogleSheetsSwift.build/Debug-watchos/GoogleSheetsSwift-t.build/Objects-normal/arm64_32/GoogleSheetsSwift-OutputFileMap.json (in target 'GoogleSheetsSwift' from project 'GoogleSheetsSwift')
    cd /Users/admin/builder/spi-builder-workspace
    write-file /Users/admin/builder/spi-builder-workspace/.derivedData/Build/Intermediates.noindex/GoogleSheetsSwift.build/Debug-watchos/GoogleSheetsSwift-t.build/Objects-normal/arm64_32/GoogleSheetsSwift-OutputFileMap.json
WriteAuxiliaryFile /Users/admin/builder/spi-builder-workspace/.derivedData/Build/Intermediates.noindex/GoogleSheetsSwift.build/Debug-watchos/GoogleSheetsSwift-t.build/Objects-normal/arm64_32/GoogleSheetsSwift.SwiftConstValuesFileList (in target 'GoogleSheetsSwift' from project 'GoogleSheetsSwift')
    cd /Users/admin/builder/spi-builder-workspace
    write-file /Users/admin/builder/spi-builder-workspace/.derivedData/Build/Intermediates.noindex/GoogleSheetsSwift.build/Debug-watchos/GoogleSheetsSwift-t.build/Objects-normal/arm64_32/GoogleSheetsSwift.SwiftConstValuesFileList
WriteAuxiliaryFile /Users/admin/builder/spi-builder-workspace/.derivedData/Build/Intermediates.noindex/GoogleSheetsSwift.build/Debug-watchos/GoogleSheetsSwift-t.build/Objects-normal/arm64_32/GoogleSheetsSwift.SwiftFileList (in target 'GoogleSheetsSwift' from project 'GoogleSheetsSwift')
    cd /Users/admin/builder/spi-builder-workspace
    write-file /Users/admin/builder/spi-builder-workspace/.derivedData/Build/Intermediates.noindex/GoogleSheetsSwift.build/Debug-watchos/GoogleSheetsSwift-t.build/Objects-normal/arm64_32/GoogleSheetsSwift.SwiftFileList
WriteAuxiliaryFile /Users/admin/builder/spi-builder-workspace/.derivedData/Build/Intermediates.noindex/GoogleSheetsSwift.build/Debug-watchos/GoogleSheetsSwift-t.build/Objects-normal/arm64_32/GoogleSheetsSwift.LinkFileList (in target 'GoogleSheetsSwift' from project 'GoogleSheetsSwift')
    cd /Users/admin/builder/spi-builder-workspace
    write-file /Users/admin/builder/spi-builder-workspace/.derivedData/Build/Intermediates.noindex/GoogleSheetsSwift.build/Debug-watchos/GoogleSheetsSwift-t.build/Objects-normal/arm64_32/GoogleSheetsSwift.LinkFileList
WriteAuxiliaryFile /Users/admin/builder/spi-builder-workspace/.derivedData/Build/Intermediates.noindex/GoogleSheetsSwift.build/Debug-watchos/GoogleSheetsSwift-t.build/Objects-normal/arm64/GoogleSheetsSwift_const_extract_protocols.json (in target 'GoogleSheetsSwift' from project 'GoogleSheetsSwift')
    cd /Users/admin/builder/spi-builder-workspace
    write-file /Users/admin/builder/spi-builder-workspace/.derivedData/Build/Intermediates.noindex/GoogleSheetsSwift.build/Debug-watchos/GoogleSheetsSwift-t.build/Objects-normal/arm64/GoogleSheetsSwift_const_extract_protocols.json
WriteAuxiliaryFile /Users/admin/builder/spi-builder-workspace/.derivedData/Build/Intermediates.noindex/GoogleSheetsSwift.build/Debug-watchos/GoogleSheetsSwift-t.build/Objects-normal/arm64/GoogleSheetsSwift.SwiftConstValuesFileList (in target 'GoogleSheetsSwift' from project 'GoogleSheetsSwift')
    cd /Users/admin/builder/spi-builder-workspace
    write-file /Users/admin/builder/spi-builder-workspace/.derivedData/Build/Intermediates.noindex/GoogleSheetsSwift.build/Debug-watchos/GoogleSheetsSwift-t.build/Objects-normal/arm64/GoogleSheetsSwift.SwiftConstValuesFileList
WriteAuxiliaryFile /Users/admin/builder/spi-builder-workspace/.derivedData/Build/Intermediates.noindex/GoogleSheetsSwift.build/Debug-watchos/GoogleSheetsSwift-t.build/Objects-normal/arm64/GoogleSheetsSwift.LinkFileList (in target 'GoogleSheetsSwift' from project 'GoogleSheetsSwift')
    cd /Users/admin/builder/spi-builder-workspace
    write-file /Users/admin/builder/spi-builder-workspace/.derivedData/Build/Intermediates.noindex/GoogleSheetsSwift.build/Debug-watchos/GoogleSheetsSwift-t.build/Objects-normal/arm64/GoogleSheetsSwift.LinkFileList
WriteAuxiliaryFile /Users/admin/builder/spi-builder-workspace/.derivedData/Build/Intermediates.noindex/GoogleSheetsSwift.build/Debug-watchos/GoogleSheetsSwift-t.build/Objects-normal/arm64/GoogleSheetsSwift-OutputFileMap.json (in target 'GoogleSheetsSwift' from project 'GoogleSheetsSwift')
    cd /Users/admin/builder/spi-builder-workspace
    write-file /Users/admin/builder/spi-builder-workspace/.derivedData/Build/Intermediates.noindex/GoogleSheetsSwift.build/Debug-watchos/GoogleSheetsSwift-t.build/Objects-normal/arm64/GoogleSheetsSwift-OutputFileMap.json
WriteAuxiliaryFile /Users/admin/builder/spi-builder-workspace/.derivedData/Build/Intermediates.noindex/GoogleSheetsSwift.build/Debug-watchos/GoogleSheetsSwift-t.build/GoogleSheetsSwift.DependencyStaticMetadataFileList (in target 'GoogleSheetsSwift' from project 'GoogleSheetsSwift')
    cd /Users/admin/builder/spi-builder-workspace
    write-file /Users/admin/builder/spi-builder-workspace/.derivedData/Build/Intermediates.noindex/GoogleSheetsSwift.build/Debug-watchos/GoogleSheetsSwift-t.build/GoogleSheetsSwift.DependencyStaticMetadataFileList
WriteAuxiliaryFile /Users/admin/builder/spi-builder-workspace/.derivedData/Build/Intermediates.noindex/GoogleSheetsSwift.build/Debug-watchos/GoogleSheetsSwift-t.build/GoogleSheetsSwift.DependencyMetadataFileList (in target 'GoogleSheetsSwift' from project 'GoogleSheetsSwift')
    cd /Users/admin/builder/spi-builder-workspace
    write-file /Users/admin/builder/spi-builder-workspace/.derivedData/Build/Intermediates.noindex/GoogleSheetsSwift.build/Debug-watchos/GoogleSheetsSwift-t.build/GoogleSheetsSwift.DependencyMetadataFileList
Copy /Users/admin/builder/spi-builder-workspace/.derivedData/Build/Intermediates.noindex/GeneratedModuleMaps-watchos/GoogleSheetsSwift.modulemap /Users/admin/builder/spi-builder-workspace/.derivedData/Build/Intermediates.noindex/GoogleSheetsSwift.build/Debug-watchos/GoogleSheetsSwift-t.build/GoogleSheetsSwift.modulemap (in target 'GoogleSheetsSwift' from project 'GoogleSheetsSwift')
    cd /Users/admin/builder/spi-builder-workspace
    builtin-copy -exclude .DS_Store -exclude CVS -exclude .svn -exclude .git -exclude .hg -resolve-src-symlinks /Users/admin/builder/spi-builder-workspace/.derivedData/Build/Intermediates.noindex/GoogleSheetsSwift.build/Debug-watchos/GoogleSheetsSwift-t.build/GoogleSheetsSwift.modulemap /Users/admin/builder/spi-builder-workspace/.derivedData/Build/Intermediates.noindex/GeneratedModuleMaps-watchos
WriteAuxiliaryFile /Users/admin/builder/spi-builder-workspace/.derivedData/Build/Intermediates.noindex/GoogleSheetsSwift.build/Debug-watchos/Client-p.build/Objects-normal/arm64_32/Client.SwiftFileList (in target 'Client-product' from project 'GoogleSheetsSwift')
    cd /Users/admin/builder/spi-builder-workspace
    write-file /Users/admin/builder/spi-builder-workspace/.derivedData/Build/Intermediates.noindex/GoogleSheetsSwift.build/Debug-watchos/Client-p.build/Objects-normal/arm64_32/Client.SwiftFileList
WriteAuxiliaryFile /Users/admin/builder/spi-builder-workspace/.derivedData/Build/Intermediates.noindex/GoogleSheetsSwift.build/Debug-watchos/Client-p.build/Objects-normal/arm64_32/Client-OutputFileMap.json (in target 'Client-product' from project 'GoogleSheetsSwift')
    cd /Users/admin/builder/spi-builder-workspace
    write-file /Users/admin/builder/spi-builder-workspace/.derivedData/Build/Intermediates.noindex/GoogleSheetsSwift.build/Debug-watchos/Client-p.build/Objects-normal/arm64_32/Client-OutputFileMap.json
WriteAuxiliaryFile /Users/admin/builder/spi-builder-workspace/.derivedData/Build/Intermediates.noindex/GoogleSheetsSwift.build/Debug-watchos/Client-p.build/Objects-normal/arm64_32/Client.LinkFileList (in target 'Client-product' from project 'GoogleSheetsSwift')
    cd /Users/admin/builder/spi-builder-workspace
    write-file /Users/admin/builder/spi-builder-workspace/.derivedData/Build/Intermediates.noindex/GoogleSheetsSwift.build/Debug-watchos/Client-p.build/Objects-normal/arm64_32/Client.LinkFileList
WriteAuxiliaryFile /Users/admin/builder/spi-builder-workspace/.derivedData/Build/Intermediates.noindex/GoogleSheetsSwift.build/Debug-watchos/Client-p.build/Objects-normal/arm64_32/Client_const_extract_protocols.json (in target 'Client-product' from project 'GoogleSheetsSwift')
    cd /Users/admin/builder/spi-builder-workspace
    write-file /Users/admin/builder/spi-builder-workspace/.derivedData/Build/Intermediates.noindex/GoogleSheetsSwift.build/Debug-watchos/Client-p.build/Objects-normal/arm64_32/Client_const_extract_protocols.json
WriteAuxiliaryFile /Users/admin/builder/spi-builder-workspace/.derivedData/Build/Intermediates.noindex/GoogleSheetsSwift.build/Debug-watchos/Client-p.build/Objects-normal/arm64/Client_const_extract_protocols.json (in target 'Client-product' from project 'GoogleSheetsSwift')
    cd /Users/admin/builder/spi-builder-workspace
    write-file /Users/admin/builder/spi-builder-workspace/.derivedData/Build/Intermediates.noindex/GoogleSheetsSwift.build/Debug-watchos/Client-p.build/Objects-normal/arm64/Client_const_extract_protocols.json
WriteAuxiliaryFile /Users/admin/builder/spi-builder-workspace/.derivedData/Build/Intermediates.noindex/GoogleSheetsSwift.build/Debug-watchos/Client-p.build/Objects-normal/arm64/Client.SwiftFileList (in target 'Client-product' from project 'GoogleSheetsSwift')
    cd /Users/admin/builder/spi-builder-workspace
    write-file /Users/admin/builder/spi-builder-workspace/.derivedData/Build/Intermediates.noindex/GoogleSheetsSwift.build/Debug-watchos/Client-p.build/Objects-normal/arm64/Client.SwiftFileList
WriteAuxiliaryFile /Users/admin/builder/spi-builder-workspace/.derivedData/Build/Intermediates.noindex/GoogleSheetsSwift.build/Debug-watchos/Client-p.build/Objects-normal/arm64/Client.LinkFileList (in target 'Client-product' from project 'GoogleSheetsSwift')
    cd /Users/admin/builder/spi-builder-workspace
    write-file /Users/admin/builder/spi-builder-workspace/.derivedData/Build/Intermediates.noindex/GoogleSheetsSwift.build/Debug-watchos/Client-p.build/Objects-normal/arm64/Client.LinkFileList
WriteAuxiliaryFile /Users/admin/builder/spi-builder-workspace/.derivedData/Build/Intermediates.noindex/GoogleSheetsSwift.build/Debug-watchos/Client-p.build/Objects-normal/arm64/Client-OutputFileMap.json (in target 'Client-product' from project 'GoogleSheetsSwift')
    cd /Users/admin/builder/spi-builder-workspace
    write-file /Users/admin/builder/spi-builder-workspace/.derivedData/Build/Intermediates.noindex/GoogleSheetsSwift.build/Debug-watchos/Client-p.build/Objects-normal/arm64/Client-OutputFileMap.json
WriteAuxiliaryFile /Users/admin/builder/spi-builder-workspace/.derivedData/Build/Intermediates.noindex/GoogleSheetsSwift.build/Debug-watchos/Client-p.build/Client.DependencyStaticMetadataFileList (in target 'Client-product' from project 'GoogleSheetsSwift')
    cd /Users/admin/builder/spi-builder-workspace
    write-file /Users/admin/builder/spi-builder-workspace/.derivedData/Build/Intermediates.noindex/GoogleSheetsSwift.build/Debug-watchos/Client-p.build/Client.DependencyStaticMetadataFileList
WriteAuxiliaryFile /Users/admin/builder/spi-builder-workspace/.derivedData/Build/Intermediates.noindex/GoogleSheetsSwift.build/Debug-watchos/Client-p.build/Client.DependencyMetadataFileList (in target 'Client-product' from project 'GoogleSheetsSwift')
    cd /Users/admin/builder/spi-builder-workspace
    write-file /Users/admin/builder/spi-builder-workspace/.derivedData/Build/Intermediates.noindex/GoogleSheetsSwift.build/Debug-watchos/Client-p.build/Client.DependencyMetadataFileList
SwiftDriver GoogleSheetsSwift normal arm64 com.apple.xcode.tools.swift.compiler (in target 'GoogleSheetsSwift' from project 'GoogleSheetsSwift')
    cd /Users/admin/builder/spi-builder-workspace/.swiftpm/xcode
    builtin-SwiftDriver -- /Applications/Xcode-27.0.0-Release.Candidate.app/Contents/Developer/Toolchains/XcodeDefault.xctoolchain/usr/bin/swiftc -parse-as-library -module-name GoogleSheetsSwift -Onone @/Users/admin/builder/spi-builder-workspace/.derivedData/Build/Intermediates.noindex/GoogleSheetsSwift.build/Debug-watchos/GoogleSheetsSwift-t.build/Objects-normal/arm64/GoogleSheetsSwift.SwiftFileList -DSWIFT_PACKAGE -DDEBUG -DSWIFT_MODULE_RESOURCE_BUNDLE_UNAVAILABLE -DXcode -plugin-path /Applications/Xcode-27.0.0-Release.Candidate.app/Contents/Developer/Toolchains/XcodeDefault.xctoolchain/usr/lib/swift/host/plugins/testing -enable-experimental-feature DebugDescriptionMacro -sdk /Applications/Xcode-27.0.0-Release.Candidate.app/Contents/Developer/Platforms/WatchOS.platform/Developer/SDKs/WatchOS27.0.sdk -target arm64-apple-watchos9.0 -g -module-cache-path /Users/admin/builder/spi-builder-workspace/.derivedData/ModuleCache.noindex -Xfrontend -serialize-debugging-options -profile-coverage-mapping -profile-generate -enable-testing -index-store-path /Users/admin/builder/spi-builder-workspace/.derivedData/Index.noindex/DataStore -Xcc -D_LIBCPP_HARDENING_MODE\=_LIBCPP_HARDENING_MODE_DEBUG -swift-version 5 -I /Users/admin/builder/spi-builder-workspace/.derivedData/Build/Products/Debug-watchos -Isystem /Applications/Xcode-27.0.0-Release.Candidate.app/Contents/Developer/Platforms/WatchOS.platform/Developer/usr/lib -F /Users/admin/builder/spi-builder-workspace/.derivedData/Build/Products/Debug-watchos -F /Applications/Xcode-27.0.0-Release.Candidate.app/Contents/Developer/Platforms/WatchOS.platform/Developer/Library/Frameworks -F /Applications/Xcode-27.0.0-Release.Candidate.app/Contents/Developer/Platforms/WatchOS.platform/Developer/SDKs/WatchOS27.0.sdk/Developer/Library/Frameworks -c -j10 -enable-batch-mode -incremental -Xcc -ivfsstatcache -Xcc /Users/admin/builder/spi-builder-workspace/.derivedData/SDKStatCaches.noindex/watchos27.0-24R360-e829b21a6f8c9b70876ba0858053c04477534ef55a1706bf4c1112bbb242f0a2.sdkstatcache -output-file-map /Users/admin/builder/spi-builder-workspace/.derivedData/Build/Intermediates.noindex/GoogleSheetsSwift.build/Debug-watchos/GoogleSheetsSwift-t.build/Objects-normal/arm64/GoogleSheetsSwift-OutputFileMap.json -save-temps -no-color-diagnostics -explicit-module-build -module-cache-path /Users/admin/builder/spi-builder-workspace/.derivedData/Build/Intermediates.noindex/SwiftExplicitPrecompiledModules -clang-scanner-module-cache-path /Users/admin/builder/spi-builder-workspace/.derivedData/ModuleCache.noindex -sdk-module-cache-path /Users/admin/builder/spi-builder-workspace/.derivedData/SDKExplicitPrecompiledModules -emit-dependencies -emit-module -emit-module-path /Users/admin/builder/spi-builder-workspace/.derivedData/Build/Intermediates.noindex/GoogleSheetsSwift.build/Debug-watchos/GoogleSheetsSwift-t.build/Objects-normal/arm64/GoogleSheetsSwift.swiftmodule -serialize-diagnostics -dependency-scan-serialize-diagnostics-path /Users/admin/builder/spi-builder-workspace/.derivedData/Build/Intermediates.noindex/GoogleSheetsSwift.build/Debug-watchos/GoogleSheetsSwift-t.build/Objects-normal/arm64/GoogleSheetsSwift-dependency-scan.dia -validate-clang-modules-once -clang-build-session-file /Users/admin/builder/spi-builder-workspace/.derivedData/ModuleCache.noindex/Session.modulevalidation -Xcc -fmodules-prune-interval\=86400 -Xcc -fmodules-prune-after\=345600 -emit-const-values -const-gather-protocols-list /Users/admin/builder/spi-builder-workspace/.derivedData/Build/Intermediates.noindex/GoogleSheetsSwift.build/Debug-watchos/GoogleSheetsSwift-t.build/Objects-normal/arm64/GoogleSheetsSwift_const_extract_protocols.json -Xcc -I/Users/admin/builder/spi-builder-workspace/.derivedData/Build/Products/Debug-watchos/include -Xcc -I/Users/admin/builder/spi-builder-workspace/.derivedData/Build/Intermediates.noindex/GoogleSheetsSwift.build/Debug-watchos/GoogleSheetsSwift-t.build/DerivedSources-normal/arm64 -Xcc -I/Users/admin/builder/spi-builder-workspace/.derivedData/Build/Intermediates.noindex/GoogleSheetsSwift.build/Debug-watchos/GoogleSheetsSwift-t.build/DerivedSources/arm64 -Xcc -I/Users/admin/builder/spi-builder-workspace/.derivedData/Build/Intermediates.noindex/GoogleSheetsSwift.build/Debug-watchos/GoogleSheetsSwift-t.build/DerivedSources -Xcc -DSWIFT_PACKAGE -Xcc -DDEBUG\=1 -emit-objc-header -emit-objc-header-path /Users/admin/builder/spi-builder-workspace/.derivedData/Build/Intermediates.noindex/GoogleSheetsSwift.build/Debug-watchos/GoogleSheetsSwift-t.build/Objects-normal/arm64/GoogleSheetsSwift-Swift.h -working-directory /Users/admin/builder/spi-builder-workspace/.swiftpm/xcode -experimental-emit-module-separately -disable-cmo
SwiftDriver GoogleSheetsSwift normal arm64_32 com.apple.xcode.tools.swift.compiler (in target 'GoogleSheetsSwift' from project 'GoogleSheetsSwift')
    cd /Users/admin/builder/spi-builder-workspace/.swiftpm/xcode
    builtin-SwiftDriver -- /Applications/Xcode-27.0.0-Release.Candidate.app/Contents/Developer/Toolchains/XcodeDefault.xctoolchain/usr/bin/swiftc -parse-as-library -module-name GoogleSheetsSwift -Onone @/Users/admin/builder/spi-builder-workspace/.derivedData/Build/Intermediates.noindex/GoogleSheetsSwift.build/Debug-watchos/GoogleSheetsSwift-t.build/Objects-normal/arm64_32/GoogleSheetsSwift.SwiftFileList -DSWIFT_PACKAGE -DDEBUG -DSWIFT_MODULE_RESOURCE_BUNDLE_UNAVAILABLE -DXcode -plugin-path /Applications/Xcode-27.0.0-Release.Candidate.app/Contents/Developer/Toolchains/XcodeDefault.xctoolchain/usr/lib/swift/host/plugins/testing -enable-experimental-feature DebugDescriptionMacro -sdk /Applications/Xcode-27.0.0-Release.Candidate.app/Contents/Developer/Platforms/WatchOS.platform/Developer/SDKs/WatchOS27.0.sdk -target arm64_32-apple-watchos9.0 -g -module-cache-path /Users/admin/builder/spi-builder-workspace/.derivedData/ModuleCache.noindex -Xfrontend -serialize-debugging-options -profile-coverage-mapping -profile-generate -enable-testing -index-store-path /Users/admin/builder/spi-builder-workspace/.derivedData/Index.noindex/DataStore -Xcc -D_LIBCPP_HARDENING_MODE\=_LIBCPP_HARDENING_MODE_DEBUG -swift-version 5 -I /Users/admin/builder/spi-builder-workspace/.derivedData/Build/Products/Debug-watchos -Isystem /Applications/Xcode-27.0.0-Release.Candidate.app/Contents/Developer/Platforms/WatchOS.platform/Developer/usr/lib -F /Users/admin/builder/spi-builder-workspace/.derivedData/Build/Products/Debug-watchos -F /Applications/Xcode-27.0.0-Release.Candidate.app/Contents/Developer/Platforms/WatchOS.platform/Developer/Library/Frameworks -F /Applications/Xcode-27.0.0-Release.Candidate.app/Contents/Developer/Platforms/WatchOS.platform/Developer/SDKs/WatchOS27.0.sdk/Developer/Library/Frameworks -c -j10 -enable-batch-mode -incremental -Xcc -ivfsstatcache -Xcc /Users/admin/builder/spi-builder-workspace/.derivedData/SDKStatCaches.noindex/watchos27.0-24R360-e829b21a6f8c9b70876ba0858053c04477534ef55a1706bf4c1112bbb242f0a2.sdkstatcache -output-file-map /Users/admin/builder/spi-builder-workspace/.derivedData/Build/Intermediates.noindex/GoogleSheetsSwift.build/Debug-watchos/GoogleSheetsSwift-t.build/Objects-normal/arm64_32/GoogleSheetsSwift-OutputFileMap.json -save-temps -no-color-diagnostics -explicit-module-build -module-cache-path /Users/admin/builder/spi-builder-workspace/.derivedData/Build/Intermediates.noindex/SwiftExplicitPrecompiledModules -clang-scanner-module-cache-path /Users/admin/builder/spi-builder-workspace/.derivedData/ModuleCache.noindex -sdk-module-cache-path /Users/admin/builder/spi-builder-workspace/.derivedData/SDKExplicitPrecompiledModules -emit-dependencies -emit-module -emit-module-path /Users/admin/builder/spi-builder-workspace/.derivedData/Build/Intermediates.noindex/GoogleSheetsSwift.build/Debug-watchos/GoogleSheetsSwift-t.build/Objects-normal/arm64_32/GoogleSheetsSwift.swiftmodule -serialize-diagnostics -dependency-scan-serialize-diagnostics-path /Users/admin/builder/spi-builder-workspace/.derivedData/Build/Intermediates.noindex/GoogleSheetsSwift.build/Debug-watchos/GoogleSheetsSwift-t.build/Objects-normal/arm64_32/GoogleSheetsSwift-dependency-scan.dia -validate-clang-modules-once -clang-build-session-file /Users/admin/builder/spi-builder-workspace/.derivedData/ModuleCache.noindex/Session.modulevalidation -Xcc -fmodules-prune-interval\=86400 -Xcc -fmodules-prune-after\=345600 -emit-const-values -const-gather-protocols-list /Users/admin/builder/spi-builder-workspace/.derivedData/Build/Intermediates.noindex/GoogleSheetsSwift.build/Debug-watchos/GoogleSheetsSwift-t.build/Objects-normal/arm64_32/GoogleSheetsSwift_const_extract_protocols.json -Xcc -I/Users/admin/builder/spi-builder-workspace/.derivedData/Build/Products/Debug-watchos/include -Xcc -I/Users/admin/builder/spi-builder-workspace/.derivedData/Build/Intermediates.noindex/GoogleSheetsSwift.build/Debug-watchos/GoogleSheetsSwift-t.build/DerivedSources-normal/arm64_32 -Xcc -I/Users/admin/builder/spi-builder-workspace/.derivedData/Build/Intermediates.noindex/GoogleSheetsSwift.build/Debug-watchos/GoogleSheetsSwift-t.build/DerivedSources/arm64_32 -Xcc -I/Users/admin/builder/spi-builder-workspace/.derivedData/Build/Intermediates.noindex/GoogleSheetsSwift.build/Debug-watchos/GoogleSheetsSwift-t.build/DerivedSources -Xcc -DSWIFT_PACKAGE -Xcc -DDEBUG\=1 -emit-objc-header -emit-objc-header-path /Users/admin/builder/spi-builder-workspace/.derivedData/Build/Intermediates.noindex/GoogleSheetsSwift.build/Debug-watchos/GoogleSheetsSwift-t.build/Objects-normal/arm64_32/GoogleSheetsSwift-Swift.h -working-directory /Users/admin/builder/spi-builder-workspace/.swiftpm/xcode -experimental-emit-module-separately -disable-cmo
SwiftExplicitDependencyGeneratePcm arm64_32 /Users/admin/builder/spi-builder-workspace/.derivedData/SDKExplicitPrecompiledModules/_Builtin_float-6KO8O3PEWRCA4WC6PPLOYO6WJ.pcm
SwiftExplicitDependencyGeneratePcm arm64_32 /Users/admin/builder/spi-builder-workspace/.derivedData/SDKExplicitPrecompiledModules/ptrauth-BFXF358ME5AK535N5A9Z766WU.pcm
SwiftExplicitDependencyGeneratePcm arm64_32 /Users/admin/builder/spi-builder-workspace/.derivedData/SDKExplicitPrecompiledModules/_Builtin_stdbool-A967K8W8YUYEC9SN52KJ7OO88.pcm
SwiftExplicitDependencyGeneratePcm arm64_32 /Users/admin/builder/spi-builder-workspace/.derivedData/SDKExplicitPrecompiledModules/_SwiftConcurrencyShims-6RTBPQ03V7BM9SPRK8SUE055H.pcm
SwiftExplicitDependencyGeneratePcm arm64_32 /Users/admin/builder/spi-builder-workspace/.derivedData/SDKExplicitPrecompiledModules/_Builtin_stddef-H44EFHQX6XSS5MZ7QP6YJZ76.pcm
SwiftExplicitDependencyGeneratePcm arm64_32 /Users/admin/builder/spi-builder-workspace/.derivedData/SDKExplicitPrecompiledModules/_Builtin_stdarg-D305JG44A2WPI6CJY37X3QJE8.pcm
SwiftExplicitDependencyGeneratePcm arm64_32 /Users/admin/builder/spi-builder-workspace/.derivedData/SDKExplicitPrecompiledModules/_AvailabilityInternal-244WAN3Z1QBT7PIA64EZEFY1R.pcm
SwiftExplicitDependencyGeneratePcm arm64_32 /Users/admin/builder/spi-builder-workspace/.derivedData/SDKExplicitPrecompiledModules/ptrcheck-7ELIH9BTIGVKX3UBITM9N72WD.pcm
SwiftExplicitDependencyGeneratePcm arm64_32 /Users/admin/builder/spi-builder-workspace/.derivedData/SDKExplicitPrecompiledModules/SwiftShims-9CQQGWTSNTN9EB5NSHDWUJICH.pcm
SwiftExplicitDependencyGeneratePcm arm64 /Users/admin/builder/spi-builder-workspace/.derivedData/SDKExplicitPrecompiledModules/_Builtin_stddef-1FU30Y8SWFB7OUUHMJQH5J6FM.pcm
SwiftExplicitDependencyGeneratePcm arm64 /Users/admin/builder/spi-builder-workspace/.derivedData/SDKExplicitPrecompiledModules/_Builtin_float-C0CW5Q4HGBQYKE77TC42IAFB5.pcm
SwiftExplicitDependencyGeneratePcm arm64 /Users/admin/builder/spi-builder-workspace/.derivedData/SDKExplicitPrecompiledModules/ptrcheck-AIF0NDOYZ8ORBNHQAQR5NNB8M.pcm
SwiftExplicitDependencyGeneratePcm arm64 /Users/admin/builder/spi-builder-workspace/.derivedData/SDKExplicitPrecompiledModules/SwiftShims-4MXFZPV6FEB0XBYXCGPWAMQGL.pcm
SwiftExplicitDependencyGeneratePcm arm64 /Users/admin/builder/spi-builder-workspace/.derivedData/SDKExplicitPrecompiledModules/ptrauth-3TZ9WJCGLYD25HQPWH4968ONX.pcm
SwiftExplicitDependencyGeneratePcm arm64 /Users/admin/builder/spi-builder-workspace/.derivedData/SDKExplicitPrecompiledModules/_Builtin_stdbool-83J96QSOFE9VX04AAS6310UAE.pcm
SwiftExplicitDependencyGeneratePcm arm64 /Users/admin/builder/spi-builder-workspace/.derivedData/SDKExplicitPrecompiledModules/_AvailabilityInternal-BUNV3UXM65NT37THI4W1AM0SF.pcm
SwiftExplicitDependencyGeneratePcm arm64 /Users/admin/builder/spi-builder-workspace/.derivedData/SDKExplicitPrecompiledModules/_Builtin_stdarg-A7UU8LE6MP85SM26YO7PBZNUQ.pcm
SwiftExplicitDependencyGeneratePcm arm64 /Users/admin/builder/spi-builder-workspace/.derivedData/SDKExplicitPrecompiledModules/_SwiftConcurrencyShims-659N52XSKR5F0QSB880BH2FJR.pcm
SwiftExplicitDependencyGeneratePcm arm64_32 /Users/admin/builder/spi-builder-workspace/.derivedData/SDKExplicitPrecompiledModules/_DarwinFoundation1-2GWF9RFMPLQW4PDHS3NARVI3G.pcm
SwiftExplicitDependencyGeneratePcm arm64 /Users/admin/builder/spi-builder-workspace/.derivedData/SDKExplicitPrecompiledModules/_DarwinFoundation1-7SPX3MD0HMP55E4OLNCPNDQ53.pcm
SwiftExplicitDependencyGeneratePcm arm64_32 /Users/admin/builder/spi-builder-workspace/.derivedData/SDKExplicitPrecompiledModules/_Builtin_limits-3VKBU2AFTD65PAJZ5CJ3LHFM2.pcm
SwiftExplicitDependencyGeneratePcm arm64_32 /Users/admin/builder/spi-builder-workspace/.derivedData/SDKExplicitPrecompiledModules/_DarwinFoundation2-9MY8GOSYRO0M9MKNXF6D3MBNK.pcm
SwiftExplicitDependencyGeneratePcm arm64 /Users/admin/builder/spi-builder-workspace/.derivedData/SDKExplicitPrecompiledModules/_Builtin_limits-9GWPA2B0H20DYUNYHYCWKABJG.pcm
SwiftExplicitDependencyGeneratePcm arm64 /Users/admin/builder/spi-builder-workspace/.derivedData/SDKExplicitPrecompiledModules/_DarwinFoundation2-D0XAPJU49S5E9XMKYOFGSTB1Q.pcm
SwiftExplicitDependencyGeneratePcm arm64_32 /Users/admin/builder/spi-builder-workspace/.derivedData/SDKExplicitPrecompiledModules/_Builtin_stdint-1HMXWI3V0V4TXHRWZOMZGZ80Y.pcm
SwiftExplicitDependencyGeneratePcm arm64_32 /Users/admin/builder/spi-builder-workspace/.derivedData/SDKExplicitPrecompiledModules/string_h-BFVLUQUSBZWYMLCU9QI7VZALW.pcm
SwiftExplicitDependencyGeneratePcm arm64_32 /Users/admin/builder/spi-builder-workspace/.derivedData/SDKExplicitPrecompiledModules/sys_types-8TLLMW08ZJWDGIIPKOYFGHHZW.pcm
SwiftExplicitDependencyGeneratePcm arm64_32 /Users/admin/builder/spi-builder-workspace/.derivedData/SDKExplicitPrecompiledModules/_DarwinFoundation3-3DUTYQDQSD9HUAAVY947NMWOI.pcm
SwiftExplicitDependencyGeneratePcm arm64 /Users/admin/builder/spi-builder-workspace/.derivedData/SDKExplicitPrecompiledModules/_Builtin_stdint-8XMILLJZEGRN2XG7XZUXZ5RLX.pcm
SwiftExplicitDependencyGeneratePcm arm64 /Users/admin/builder/spi-builder-workspace/.derivedData/SDKExplicitPrecompiledModules/sys_types-2KXQLI78OUCDP779AE68GZJ2.pcm
SwiftExplicitDependencyGeneratePcm arm64 /Users/admin/builder/spi-builder-workspace/.derivedData/SDKExplicitPrecompiledModules/string_h-E6PRXK75PHIPCZFWOFCQ3QBMK.pcm
SwiftExplicitDependencyGeneratePcm arm64 /Users/admin/builder/spi-builder-workspace/.derivedData/SDKExplicitPrecompiledModules/_DarwinFoundation3-B97LRG0E9GON2NUE65TVG81HU.pcm
SwiftExplicitDependencyGeneratePcm arm64_32 /Users/admin/builder/spi-builder-workspace/.derivedData/SDKExplicitPrecompiledModules/CommonCrypto-4SBKSONONPCN5A2NN0NHD4BRW.pcm
SwiftExplicitDependencyGeneratePcm arm64_32 /Users/admin/builder/spi-builder-workspace/.derivedData/SDKExplicitPrecompiledModules/_Builtin_inttypes-D2KPCR4PEX9AQA33NGLUT5SBR.pcm
SwiftExplicitDependencyGeneratePcm arm64 /Users/admin/builder/spi-builder-workspace/.derivedData/SDKExplicitPrecompiledModules/CommonCrypto-3731WVM9LGADOB9H6TY2155BN.pcm
SwiftExplicitDependencyGeneratePcm arm64_32 /Users/admin/builder/spi-builder-workspace/.derivedData/SDKExplicitPrecompiledModules/Darwin-3FVT1SKLN2ZQ5RVOABMTQBB34.pcm
SwiftExplicitDependencyGeneratePcm arm64 /Users/admin/builder/spi-builder-workspace/.derivedData/SDKExplicitPrecompiledModules/_Builtin_inttypes-3UQSCM7WNM9EK4HZML8TY5J3D.pcm
SwiftExplicitDependencyGeneratePcm arm64 /Users/admin/builder/spi-builder-workspace/.derivedData/SDKExplicitPrecompiledModules/Darwin-3984OXKFNSPE77NT743WK8SEX.pcm
SwiftExplicitDependencyGeneratePcm arm64_32 /Users/admin/builder/spi-builder-workspace/.derivedData/SDKExplicitPrecompiledModules/ObjectiveC-6IJNELR2E80E7LUKESVCP2KET.pcm
SwiftExplicitDependencyGeneratePcm arm64 /Users/admin/builder/spi-builder-workspace/.derivedData/SDKExplicitPrecompiledModules/ObjectiveC-72IVD3VS2RS8Q28D9PIMY0KQP.pcm
SwiftExplicitDependencyGeneratePcm arm64_32 /Users/admin/builder/spi-builder-workspace/.derivedData/SDKExplicitPrecompiledModules/os_object-5YWTC6L4756IWSTPGXS5NM0D0.pcm
SwiftExplicitDependencyGeneratePcm arm64 /Users/admin/builder/spi-builder-workspace/.derivedData/SDKExplicitPrecompiledModules/os_object-3SDKD7F87FTZ26OON37DRYT6O.pcm
SwiftExplicitDependencyGeneratePcm arm64_32 /Users/admin/builder/spi-builder-workspace/.derivedData/SDKExplicitPrecompiledModules/os_workgroup-5JHTPDMNBUNHLJI8LPHKQK1JK.pcm
SwiftExplicitDependencyGeneratePcm arm64 /Users/admin/builder/spi-builder-workspace/.derivedData/SDKExplicitPrecompiledModules/os_workgroup-89GG5G7YC2D0ZTK6AZXXQ20DH.pcm
SwiftExplicitDependencyGeneratePcm arm64_32 /Users/admin/builder/spi-builder-workspace/.derivedData/SDKExplicitPrecompiledModules/Dispatch-2P62F1T4XV63S4P99TUDTOK2Q.pcm
SwiftExplicitDependencyGeneratePcm arm64 /Users/admin/builder/spi-builder-workspace/.derivedData/SDKExplicitPrecompiledModules/Dispatch-1NLJOVAK60XP0DUB05XA59EIM.pcm
SwiftExplicitDependencyGeneratePcm arm64_32 /Users/admin/builder/spi-builder-workspace/.derivedData/SDKExplicitPrecompiledModules/CoreFoundation-8E6Y4BA3EXYKUGJ24GT9LGV3N.pcm
SwiftExplicitDependencyGeneratePcm arm64_32 /Users/admin/builder/spi-builder-workspace/.derivedData/SDKExplicitPrecompiledModules/XPC-81Y45QFY96XYYFCW2GT6FY8S4.pcm
SwiftExplicitDependencyGeneratePcm arm64 /Users/admin/builder/spi-builder-workspace/.derivedData/SDKExplicitPrecompiledModules/CoreFoundation-8T2L24YC5NU7WO6WQJWRY7W08.pcm
SwiftExplicitDependencyGeneratePcm arm64 /Users/admin/builder/spi-builder-workspace/.derivedData/SDKExplicitPrecompiledModules/XPC-40DR0X1DHKGCV4J1IOLFS8MOU.pcm
SwiftExplicitDependencyGeneratePcm arm64_32 /Users/admin/builder/spi-builder-workspace/.derivedData/SDKExplicitPrecompiledModules/Security-D7TOWF88VWF67TB9HAFP5UWB1.pcm
SwiftExplicitDependencyGeneratePcm arm64 /Users/admin/builder/spi-builder-workspace/.derivedData/SDKExplicitPrecompiledModules/Security-6RZ6YBRU8WCUHRFFRVUK5WKMM.pcm
SwiftExplicitDependencyGeneratePcm arm64_32 /Users/admin/builder/spi-builder-workspace/.derivedData/SDKExplicitPrecompiledModules/Foundation-BJ2VQGI3OGR34500MEQ1VKHPH.pcm
SwiftExplicitDependencyGeneratePcm arm64 /Users/admin/builder/spi-builder-workspace/.derivedData/SDKExplicitPrecompiledModules/Foundation-DLBKUSGXN8QHAT8W0OARR9S8A.pcm
SwiftCompile normal arm64_32 Compiling\ ValuesServiceProtocol.swift /Users/admin/builder/spi-builder-workspace/Sources/GoogleSheetsSwift/Services/ValuesServiceProtocol.swift (in target 'GoogleSheetsSwift' from project 'GoogleSheetsSwift')
SwiftCompile normal arm64_32 /Users/admin/builder/spi-builder-workspace/Sources/GoogleSheetsSwift/Services/ValuesServiceProtocol.swift (in target 'GoogleSheetsSwift' from project 'GoogleSheetsSwift')
    cd /Users/admin/builder/spi-builder-workspace/.swiftpm/xcode
    builtin-SwiftPerFileCompile ValuesServiceProtocol.swift
SwiftCompile normal arm64_32 Compiling\ OAuth2TokenManager.swift,\ BatchOptimizer.swift /Users/admin/builder/spi-builder-workspace/Sources/GoogleSheetsSwift/OAuth2TokenManager.swift /Users/admin/builder/spi-builder-workspace/Sources/GoogleSheetsSwift/Performance/BatchOptimizer.swift (in target 'GoogleSheetsSwift' from project 'GoogleSheetsSwift')
/Users/admin/builder/spi-builder-workspace/Sources/GoogleSheetsSwift/OAuth2TokenManager.swift:454:28: error: cannot find 'SecItemImportExportKeyParameters' in scope
452 |
453 |         // Try using SecItemImport which is more robust for PKCS#8 keys
454 |         var importParams = SecItemImportExportKeyParameters()
    |                            `- error: cannot find 'SecItemImportExportKeyParameters' in scope
455 |         importParams.version = UInt32(SEC_KEY_IMPORT_EXPORT_PARAMS_VERSION)
456 |         importParams.flags = SecKeyImportExportFlags(rawValue: 0)
/Users/admin/builder/spi-builder-workspace/Sources/GoogleSheetsSwift/OAuth2TokenManager.swift:455:39: error: cannot find 'SEC_KEY_IMPORT_EXPORT_PARAMS_VERSION' in scope
453 |         // Try using SecItemImport which is more robust for PKCS#8 keys
454 |         var importParams = SecItemImportExportKeyParameters()
455 |         importParams.version = UInt32(SEC_KEY_IMPORT_EXPORT_PARAMS_VERSION)
    |                                       `- error: cannot find 'SEC_KEY_IMPORT_EXPORT_PARAMS_VERSION' in scope
456 |         importParams.flags = SecKeyImportExportFlags(rawValue: 0)
457 |         importParams.passphrase = nil
/Users/admin/builder/spi-builder-workspace/Sources/GoogleSheetsSwift/OAuth2TokenManager.swift:456:30: error: cannot find 'SecKeyImportExportFlags' in scope
454 |         var importParams = SecItemImportExportKeyParameters()
455 |         importParams.version = UInt32(SEC_KEY_IMPORT_EXPORT_PARAMS_VERSION)
456 |         importParams.flags = SecKeyImportExportFlags(rawValue: 0)
    |                              `- error: cannot find 'SecKeyImportExportFlags' in scope
457 |         importParams.passphrase = nil
458 |         importParams.alertTitle = nil
/Users/admin/builder/spi-builder-workspace/Sources/GoogleSheetsSwift/OAuth2TokenManager.swift:465:28: error: cannot find 'SecItemImport' in scope
463 |
464 |         var outItems: CFArray?
465 |         let importStatus = SecItemImport(
    |                            `- error: cannot find 'SecItemImport' in scope
466 |             keyData as CFData,
467 |             nil, // filename
/Users/admin/builder/spi-builder-workspace/Sources/GoogleSheetsSwift/OAuth2TokenManager.swift:470:13: error: cannot find 'SecItemImportExportFlags' in scope
468 |             nil, // inputFormat (let system determine)
469 |             nil, // itemType (let system determine)
470 |             SecItemImportExportFlags(rawValue: 0),
    |             `- error: cannot find 'SecItemImportExportFlags' in scope
471 |             &importParams,
472 |             nil, // keychain (use default)
/Users/admin/builder/spi-builder-workspace/Sources/GoogleSheetsSwift/Performance/BatchOptimizer.swift:133:14: warning: immutable value 'majorDimension' was never used; consider replacing with '_' or removing it [#NoUsage]
131 |         var optimizedOperations: [BatchWriteOperation] = []
132 |
133 |         for (majorDimension, ops) in groupedOperations {
    |              `- warning: immutable value 'majorDimension' was never used; consider replacing with '_' or removing it [#NoUsage]
134 |             // Sort operations by range for better performance
135 |             let sortedOps = ops.sorted { op1, op2 in
[#NoUsage]: <https://docs.swift.org/compiler/documentation/diagnostics/no-usage>
Failed frontend command:
SwiftCompile normal arm64_32 /Users/admin/builder/spi-builder-workspace/Sources/GoogleSheetsSwift/OAuth2TokenManager.swift (in target 'GoogleSheetsSwift' from project 'GoogleSheetsSwift')
    cd /Users/admin/builder/spi-builder-workspace/.swiftpm/xcode
    builtin-SwiftPerFileCompile OAuth2TokenManager.swift
SwiftCompile normal arm64_32 /Users/admin/builder/spi-builder-workspace/Sources/GoogleSheetsSwift/Performance/BatchOptimizer.swift (in target 'GoogleSheetsSwift' from project 'GoogleSheetsSwift')
    cd /Users/admin/builder/spi-builder-workspace/.swiftpm/xcode
    builtin-SwiftPerFileCompile BatchOptimizer.swift
/Applications/Xcode-27.0.0-Release.Candidate.app/Contents/Developer/Toolchains/XcodeDefault.xctoolchain/usr/bin/swift-frontend -frontend -c /Users/admin/builder/spi-builder-workspace/Sources/GoogleSheetsSwift/Cache/ResponseCache.swift /Users/admin/builder/spi-builder-workspace/Sources/GoogleSheetsSwift/GoogleSheetsClient.swift /Users/admin/builder/spi-builder-workspace/Sources/GoogleSheetsSwift/GoogleSheetsError.swift /Users/admin/builder/spi-builder-workspace/Sources/GoogleSheetsSwift/GoogleSheetsLogger.swift /Users/admin/builder/spi-builder-workspace/Sources/GoogleSheetsSwift/GoogleSheetsSwift.swift /Users/admin/builder/spi-builder-workspace/Sources/GoogleSheetsSwift/HTTPClient.swift /Users/admin/builder/spi-builder-workspace/Sources/GoogleSheetsSwift/Models/AnyCodable.swift /Users/admin/builder/spi-builder-workspace/Sources/GoogleSheetsSwift/Models/Enums.swift /Users/admin/builder/spi-builder-workspace/Sources/GoogleSheetsSwift/Models/SpreadsheetModels.swift /Users/admin/builder/spi-builder-workspace/Sources/GoogleSheetsSwift/Models/ValueModels.swift -primary-file /Users/admin/builder/spi-builder-workspace/Sources/GoogleSheetsSwift/OAuth2TokenManager.swift -primary-file /Users/admin/builder/spi-builder-workspace/Sources/GoogleSheetsSwift/Performance/BatchOptimizer.swift /Users/admin/builder/spi-builder-workspace/Sources/GoogleSheetsSwift/Performance/MemoryEfficientDataHandler.swift /Users/admin/builder/spi-builder-workspace/Sources/GoogleSheetsSwift/RetryConfiguration.swift /Users/admin/builder/spi-builder-workspace/Sources/GoogleSheetsSwift/Services/BaseService.swift /Users/admin/builder/spi-builder-workspace/Sources/GoogleSheetsSwift/Services/SpreadsheetsService.swift /Users/admin/builder/spi-builder-workspace/Sources/GoogleSheetsSwift/Services/SpreadsheetsServiceProtocol.swift /Users/admin/builder/spi-builder-workspace/Sources/GoogleSheetsSwift/Services/ValuesService.swift /Users/admin/builder/spi-builder-workspace/Sources/GoogleSheetsSwift/Services/ValuesServiceProtocol.swift -emit-dependencies-path /Users/admin/builder/spi-builder-workspace/.derivedData/Build/Intermediates.noindex/GoogleSheetsSwift.build/Debug-watchos/GoogleSheetsSwift-t.build/Objects-normal/arm64_32/OAuth2TokenManager.d -emit-const-values-path /Users/admin/builder/spi-builder-workspace/.derivedData/Build/Intermediates.noindex/GoogleSheetsSwift.build/Debug-watchos/GoogleSheetsSwift-t.build/Objects-normal/arm64_32/OAuth2TokenManager.swiftconstvalues -emit-reference-dependencies-path /Users/admin/builder/spi-builder-workspace/.derivedData/Build/Intermediates.noindex/GoogleSheetsSwift.build/Debug-watchos/GoogleSheetsSwift-t.build/Objects-normal/arm64_32/OAuth2TokenManager.swiftdeps -serialize-diagnostics-path /Users/admin/builder/spi-builder-workspace/.derivedData/Build/Intermediates.noindex/GoogleSheetsSwift.build/Debug-watchos/GoogleSheetsSwift-t.build/Objects-normal/arm64_32/OAuth2TokenManager.dia -emit-dependencies-path /Users/admin/builder/spi-builder-workspace/.derivedData/Build/Intermediates.noindex/GoogleSheetsSwift.build/Debug-watchos/GoogleSheetsSwift-t.build/Objects-normal/arm64_32/BatchOptimizer.d -emit-const-values-path /Users/admin/builder/spi-builder-workspace/.derivedData/Build/Intermediates.noindex/GoogleSheetsSwift.build/Debug-watchos/GoogleSheetsSwift-t.build/Objects-normal/arm64_32/BatchOptimizer.swiftconstvalues -emit-reference-dependencies-path /Users/admin/builder/spi-builder-workspace/.derivedData/Build/Intermediates.noindex/GoogleSheetsSwift.build/Debug-watchos/GoogleSheetsSwift-t.build/Objects-normal/arm64_32/BatchOptimizer.swiftdeps -serialize-diagnostics-path /Users/admin/builder/spi-builder-workspace/.derivedData/Build/Intermediates.noindex/GoogleSheetsSwift.build/Debug-watchos/GoogleSheetsSwift-t.build/Objects-normal/arm64_32/BatchOptimizer.dia -target arm64_32-apple-watchos9.0 -disable-cross-import-overlay-search -load-resolved-plugin /Applications/Xcode-27.0.0-Release.Candidate.app/Contents/Developer/Platforms/WatchOS.platform/Developer/usr/lib/swift/host/plugins/libFoundationMacros.dylib\#/Applications/Xcode-27.0.0-Release.Candidate.app/Contents/Developer/Platforms/WatchOS.platform/Developer/usr/bin/swift-plugin-server\#FoundationMacros -load-resolved-plugin /Applications/Xcode-27.0.0-Release.Candidate.app/Contents/Developer/Platforms/WatchOS.platform/Developer/usr/lib/swift/host/plugins/libObservationMacros.dylib\#/Applications/Xcode-27.0.0-Release.Candidate.app/Contents/Developer/Platforms/WatchOS.platform/Developer/usr/bin/swift-plugin-server\#ObservationMacros -load-resolved-plugin /Applications/Xcode-27.0.0-Release.Candidate.app/Contents/Developer/Platforms/WatchOS.platform/Developer/usr/lib/swift/host/plugins/libSwiftMacros.dylib\#/Applications/Xcode-27.0.0-Release.Candidate.app/Contents/Developer/Platforms/WatchOS.platform/Developer/usr/bin/swift-plugin-server\#SwiftMacros -disable-implicit-swift-modules -Xcc -fno-implicit-modules -Xcc -fno-implicit-module-maps -explicit-swift-module-map-file /Users/admin/builder/spi-builder-workspace/.derivedData/Build/Intermediates.noindex/GoogleSheetsSwift.build/Debug-watchos/GoogleSheetsSwift-t.build/Objects-normal/arm64_32/GoogleSheetsSwift-dependencies-1.json -enable-objc-interop -sdk /Applications/Xcode-27.0.0-Release.Candidate.app/Contents/Developer/Platforms/WatchOS.platform/Developer/SDKs/WatchOS27.0.sdk -I /Users/admin/builder/spi-builder-workspace/.derivedData/Build/Products/Debug-watchos -Isystem /Applications/Xcode-27.0.0-Release.Candidate.app/Contents/Developer/Platforms/WatchOS.platform/Developer/usr/lib -F /Users/admin/builder/spi-builder-workspace/.derivedData/Build/Products/Debug-watchos -F /Applications/Xcode-27.0.0-Release.Candidate.app/Contents/Developer/Platforms/WatchOS.platform/Developer/Library/Frameworks -F /Applications/Xcode-27.0.0-Release.Candidate.app/Contents/Developer/Platforms/WatchOS.platform/Developer/SDKs/WatchOS27.0.sdk/Developer/Library/Frameworks -module-cache-path /Users/admin/builder/spi-builder-workspace/.derivedData/Build/Intermediates.noindex/SwiftExplicitPrecompiledModules -no-color-diagnostics -Xcc -fno-color-diagnostics -enable-testing -g -debug-info-format\=dwarf -dwarf-version\=4 -profile-generate -profile-coverage-mapping -swift-version 5 -Onone -D SWIFT_PACKAGE -D DEBUG -D SWIFT_MODULE_RESOURCE_BUNDLE_UNAVAILABLE -D Xcode -serialize-debugging-options -enable-experimental-feature DebugDescriptionMacro -empty-abi-descriptor -validate-clang-modules-once -clang-build-session-file /Users/admin/builder/spi-builder-workspace/.derivedData/ModuleCache.noindex/Session.modulevalidation -Xcc -working-directory -Xcc /Users/admin/builder/spi-builder-workspace/.swiftpm/xcode -enable-anonymous-context-mangled-names -file-compilation-dir /Users/admin/builder/spi-builder-workspace/.swiftpm/xcode -Xcc -D_LIBCPP_HARDENING_MODE\=_LIBCPP_HARDENING_MODE_DEBUG -Xcc -ivfsstatcache -Xcc /Users/admin/builder/spi-builder-workspace/.derivedData/SDKStatCaches.noindex/watchos27.0-24R360-e829b21a6f8c9b70876ba0858053c04477534ef55a1706bf4c1112bbb242f0a2.sdkstatcache -Xcc -fmodules-prune-interval\=86400 -Xcc -fmodules-prune-after\=345600 -Xcc -I/Users/admin/builder/spi-builder-workspace/.derivedData/Build/Products/Debug-watchos/include -Xcc -I/Users/admin/builder/spi-builder-workspace/.derivedData/Build/Intermediates.noindex/GoogleSheetsSwift.build/Debug-watchos/GoogleSheetsSwift-t.build/DerivedSources-normal/arm64_32 -Xcc -I/Users/admin/builder/spi-builder-workspace/.derivedData/Build/Intermediates.noindex/GoogleSheetsSwift.build/Debug-watchos/GoogleSheetsSwift-t.build/DerivedSources/arm64_32 -Xcc -I/Users/admin/builder/spi-builder-workspace/.derivedData/Build/Intermediates.noindex/GoogleSheetsSwift.build/Debug-watchos/GoogleSheetsSwift-t.build/DerivedSources -Xcc -DSWIFT_PACKAGE -Xcc -DDEBUG\=1 -no-auto-bridging-header-chaining -module-name GoogleSheetsSwift -const-gather-protocols-file /Users/admin/builder/spi-builder-workspace/.derivedData/Build/Intermediates.noindex/GoogleSheetsSwift.build/Debug-watchos/GoogleSheetsSwift-t.build/Objects-normal/arm64_32/GoogleSheetsSwift_const_extract_protocols.json -disable-clang-spi -clang-target arm64_32-apple-watchos27.0 -target-sdk-version 27.0 -target-sdk-name watchos27.0 -in-process-plugin-server-path /Applications/Xcode-27.0.0-Release.Candidate.app/Contents/Developer/Toolchains/XcodeDefault.xctoolchain/usr/lib/swift/host/libSwiftInProcPluginServer.dylib -parse-as-library -o /Users/admin/builder/spi-builder-workspace/.derivedData/Build/Intermediates.noindex/GoogleSheetsSwift.build/Debug-watchos/GoogleSheetsSwift-t.build/Objects-normal/arm64_32/OAuth2TokenManager.o -o /Users/admin/builder/spi-builder-workspace/.derivedData/Build/Intermediates.noindex/GoogleSheetsSwift.build/Debug-watchos/GoogleSheetsSwift-t.build/Objects-normal/arm64_32/BatchOptimizer.o -debug-module-path /Users/admin/builder/spi-builder-workspace/.derivedData/Build/Intermediates.noindex/GoogleSheetsSwift.build/Debug-watchos/GoogleSheetsSwift-t.build/Objects-normal/arm64_32/GoogleSheetsSwift.swiftmodule -index-unit-output-path /GoogleSheetsSwift.build/Debug-watchos/GoogleSheetsSwift-t.build/Objects-normal/arm64_32/OAuth2TokenManager.o -index-unit-output-path /GoogleSheetsSwift.build/Debug-watchos/GoogleSheetsSwift-t.build/Objects-normal/arm64_32/BatchOptimizer.o -index-store-path /Users/admin/builder/spi-builder-workspace/.derivedData/Index.noindex/DataStore -index-system-modules
SwiftCompile normal arm64_32 Compiling\ MemoryEfficientDataHandler.swift,\ RetryConfiguration.swift /Users/admin/builder/spi-builder-workspace/Sources/GoogleSheetsSwift/Performance/MemoryEfficientDataHandler.swift /Users/admin/builder/spi-builder-workspace/Sources/GoogleSheetsSwift/RetryConfiguration.swift (in target 'GoogleSheetsSwift' from project 'GoogleSheetsSwift')
/Users/admin/builder/spi-builder-workspace/Sources/GoogleSheetsSwift/RetryConfiguration.swift:314:54: warning: capture of 'self' with non-Sendable type 'RateLimiter' in a '@Sendable' closure [#SendableClosureCaptures]
292 |
293 | /// Rate limiting helper
294 | public class RateLimiter {
    |              `- note: class 'RateLimiter' does not conform to the 'Sendable' protocol
295 |     private let maxRequestsPerSecond: Double
296 |     private let timeWindow: TimeInterval
    :
312 |             queue.async(flags: .barrier) {
313 |                 let now = Date()
314 |                 let cutoff = now.addingTimeInterval(-self.timeWindow)
    |                                                      `- warning: capture of 'self' with non-Sendable type 'RateLimiter' in a '@Sendable' closure [#SendableClosureCaptures]
315 |
316 |                 // Remove old requests outside the time window
[#SendableClosureCaptures]: <https://docs.swift.org/compiler/documentation/diagnostics/sendable-closure-captures>
SwiftCompile normal arm64_32 /Users/admin/builder/spi-builder-workspace/Sources/GoogleSheetsSwift/Performance/MemoryEfficientDataHandler.swift (in target 'GoogleSheetsSwift' from project 'GoogleSheetsSwift')
    cd /Users/admin/builder/spi-builder-workspace/.swiftpm/xcode
    builtin-SwiftPerFileCompile MemoryEfficientDataHandler.swift
SwiftCompile normal arm64_32 /Users/admin/builder/spi-builder-workspace/Sources/GoogleSheetsSwift/RetryConfiguration.swift (in target 'GoogleSheetsSwift' from project 'GoogleSheetsSwift')
    cd /Users/admin/builder/spi-builder-workspace/.swiftpm/xcode
    builtin-SwiftPerFileCompile RetryConfiguration.swift
SwiftCompile normal arm64_32 Compiling\ GoogleSheetsError.swift,\ GoogleSheetsLogger.swift /Users/admin/builder/spi-builder-workspace/Sources/GoogleSheetsSwift/GoogleSheetsError.swift /Users/admin/builder/spi-builder-workspace/Sources/GoogleSheetsSwift/GoogleSheetsLogger.swift (in target 'GoogleSheetsSwift' from project 'GoogleSheetsSwift')
SwiftCompile normal arm64_32 /Users/admin/builder/spi-builder-workspace/Sources/GoogleSheetsSwift/GoogleSheetsError.swift (in target 'GoogleSheetsSwift' from project 'GoogleSheetsSwift')
    cd /Users/admin/builder/spi-builder-workspace/.swiftpm/xcode
    builtin-SwiftPerFileCompile GoogleSheetsError.swift
SwiftCompile normal arm64_32 /Users/admin/builder/spi-builder-workspace/Sources/GoogleSheetsSwift/GoogleSheetsLogger.swift (in target 'GoogleSheetsSwift' from project 'GoogleSheetsSwift')
    cd /Users/admin/builder/spi-builder-workspace/.swiftpm/xcode
    builtin-SwiftPerFileCompile GoogleSheetsLogger.swift
SwiftEmitModule normal arm64_32 Emitting\ module\ for\ GoogleSheetsSwift (in target 'GoogleSheetsSwift' from project 'GoogleSheetsSwift')
SwiftCompile normal arm64_32 (in target 'GoogleSheetsSwift' from project 'GoogleSheetsSwift')
    cd /Users/admin/builder/spi-builder-workspace/.swiftpm/xcode

SwiftCompile normal arm64_32 Compiling\ GoogleSheetsSwift.swift,\ HTTPClient.swift /Users/admin/builder/spi-builder-workspace/Sources/GoogleSheetsSwift/GoogleSheetsSwift.swift /Users/admin/builder/spi-builder-workspace/Sources/GoogleSheetsSwift/HTTPClient.swift (in target 'GoogleSheetsSwift' from project 'GoogleSheetsSwift')
SwiftCompile normal arm64_32 /Users/admin/builder/spi-builder-workspace/Sources/GoogleSheetsSwift/GoogleSheetsSwift.swift (in target 'GoogleSheetsSwift' from project 'GoogleSheetsSwift')
    cd /Users/admin/builder/spi-builder-workspace/.swiftpm/xcode
    builtin-SwiftPerFileCompile GoogleSheetsSwift.swift
SwiftCompile normal arm64_32 /Users/admin/builder/spi-builder-workspace/Sources/GoogleSheetsSwift/HTTPClient.swift (in target 'GoogleSheetsSwift' from project 'GoogleSheetsSwift')
    cd /Users/admin/builder/spi-builder-workspace/.swiftpm/xcode
    builtin-SwiftPerFileCompile HTTPClient.swift
SwiftCompile normal arm64_32 Compiling\ BaseService.swift,\ SpreadsheetsService.swift /Users/admin/builder/spi-builder-workspace/Sources/GoogleSheetsSwift/Services/BaseService.swift /Users/admin/builder/spi-builder-workspace/Sources/GoogleSheetsSwift/Services/SpreadsheetsService.swift (in target 'GoogleSheetsSwift' from project 'GoogleSheetsSwift')
/Users/admin/builder/spi-builder-workspace/Sources/GoogleSheetsSwift/Services/SpreadsheetsService.swift:194:13: warning: initialization of immutable value 'requestBuilder' was never used; consider replacing with assignment to '_' or removing it [#NoUsage]
192 |     ) async throws -> HTTPRequest {
193 |         let accessToken = try await tokenManager.getAccessToken()
194 |         let requestBuilder = RequestBuilder(accessToken: accessToken)
    |             `- warning: initialization of immutable value 'requestBuilder' was never used; consider replacing with assignment to '_' or removing it [#NoUsage]
195 |
196 |         let baseURL = "https://sheets.googleapis.com/v4"
[#NoUsage]: <https://docs.swift.org/compiler/documentation/diagnostics/no-usage>
SwiftCompile normal arm64_32 /Users/admin/builder/spi-builder-workspace/Sources/GoogleSheetsSwift/Services/BaseService.swift (in target 'GoogleSheetsSwift' from project 'GoogleSheetsSwift')
    cd /Users/admin/builder/spi-builder-workspace/.swiftpm/xcode
    builtin-SwiftPerFileCompile BaseService.swift
SwiftCompile normal arm64_32 /Users/admin/builder/spi-builder-workspace/Sources/GoogleSheetsSwift/Services/SpreadsheetsService.swift (in target 'GoogleSheetsSwift' from project 'GoogleSheetsSwift')
    cd /Users/admin/builder/spi-builder-workspace/.swiftpm/xcode
    builtin-SwiftPerFileCompile SpreadsheetsService.swift
SwiftCompile normal arm64_32 Compiling\ SpreadsheetModels.swift,\ ValueModels.swift /Users/admin/builder/spi-builder-workspace/Sources/GoogleSheetsSwift/Models/SpreadsheetModels.swift /Users/admin/builder/spi-builder-workspace/Sources/GoogleSheetsSwift/Models/ValueModels.swift (in target 'GoogleSheetsSwift' from project 'GoogleSheetsSwift')
SwiftCompile normal arm64_32 /Users/admin/builder/spi-builder-workspace/Sources/GoogleSheetsSwift/Models/SpreadsheetModels.swift (in target 'GoogleSheetsSwift' from project 'GoogleSheetsSwift')
    cd /Users/admin/builder/spi-builder-workspace/.swiftpm/xcode
    builtin-SwiftPerFileCompile SpreadsheetModels.swift
SwiftCompile normal arm64_32 /Users/admin/builder/spi-builder-workspace/Sources/GoogleSheetsSwift/Models/ValueModels.swift (in target 'GoogleSheetsSwift' from project 'GoogleSheetsSwift')
    cd /Users/admin/builder/spi-builder-workspace/.swiftpm/xcode
    builtin-SwiftPerFileCompile ValueModels.swift
SwiftCompile normal arm64_32 Compiling\ AnyCodable.swift,\ Enums.swift /Users/admin/builder/spi-builder-workspace/Sources/GoogleSheetsSwift/Models/AnyCodable.swift /Users/admin/builder/spi-builder-workspace/Sources/GoogleSheetsSwift/Models/Enums.swift (in target 'GoogleSheetsSwift' from project 'GoogleSheetsSwift')
SwiftCompile normal arm64_32 /Users/admin/builder/spi-builder-workspace/Sources/GoogleSheetsSwift/Models/AnyCodable.swift (in target 'GoogleSheetsSwift' from project 'GoogleSheetsSwift')
    cd /Users/admin/builder/spi-builder-workspace/.swiftpm/xcode
    builtin-SwiftPerFileCompile AnyCodable.swift
SwiftCompile normal arm64_32 /Users/admin/builder/spi-builder-workspace/Sources/GoogleSheetsSwift/Models/Enums.swift (in target 'GoogleSheetsSwift' from project 'GoogleSheetsSwift')
    cd /Users/admin/builder/spi-builder-workspace/.swiftpm/xcode
    builtin-SwiftPerFileCompile Enums.swift
SwiftCompile normal arm64_32 Compiling\ ResponseCache.swift,\ GoogleSheetsClient.swift /Users/admin/builder/spi-builder-workspace/Sources/GoogleSheetsSwift/Cache/ResponseCache.swift /Users/admin/builder/spi-builder-workspace/Sources/GoogleSheetsSwift/GoogleSheetsClient.swift (in target 'GoogleSheetsSwift' from project 'GoogleSheetsSwift')
SwiftCompile normal arm64_32 /Users/admin/builder/spi-builder-workspace/Sources/GoogleSheetsSwift/Cache/ResponseCache.swift (in target 'GoogleSheetsSwift' from project 'GoogleSheetsSwift')
    cd /Users/admin/builder/spi-builder-workspace/.swiftpm/xcode
    builtin-SwiftPerFileCompile ResponseCache.swift
SwiftCompile normal arm64_32 /Users/admin/builder/spi-builder-workspace/Sources/GoogleSheetsSwift/GoogleSheetsClient.swift (in target 'GoogleSheetsSwift' from project 'GoogleSheetsSwift')
    cd /Users/admin/builder/spi-builder-workspace/.swiftpm/xcode
    builtin-SwiftPerFileCompile GoogleSheetsClient.swift
SwiftEmitModule normal arm64 Emitting\ module\ for\ GoogleSheetsSwift (in target 'GoogleSheetsSwift' from project 'GoogleSheetsSwift')
SwiftCompile normal arm64 (in target 'GoogleSheetsSwift' from project 'GoogleSheetsSwift')
    cd /Users/admin/builder/spi-builder-workspace/.swiftpm/xcode

SwiftDriverJobDiscovery normal arm64_32 Emitting module for GoogleSheetsSwift (in target 'GoogleSheetsSwift' from project 'GoogleSheetsSwift')
SwiftDriver\ Compilation\ Requirements GoogleSheetsSwift normal arm64_32 com.apple.xcode.tools.swift.compiler (in target 'GoogleSheetsSwift' from project 'GoogleSheetsSwift')
    cd /Users/admin/builder/spi-builder-workspace/.swiftpm/xcode
    builtin-Swift-Compilation-Requirements -- /Applications/Xcode-27.0.0-Release.Candidate.app/Contents/Developer/Toolchains/XcodeDefault.xctoolchain/usr/bin/swiftc -parse-as-library -module-name GoogleSheetsSwift -Onone @/Users/admin/builder/spi-builder-workspace/.derivedData/Build/Intermediates.noindex/GoogleSheetsSwift.build/Debug-watchos/GoogleSheetsSwift-t.build/Objects-normal/arm64_32/GoogleSheetsSwift.SwiftFileList -DSWIFT_PACKAGE -DDEBUG -DSWIFT_MODULE_RESOURCE_BUNDLE_UNAVAILABLE -DXcode -plugin-path /Applications/Xcode-27.0.0-Release.Candidate.app/Contents/Developer/Toolchains/XcodeDefault.xctoolchain/usr/lib/swift/host/plugins/testing -enable-experimental-feature DebugDescriptionMacro -sdk /Applications/Xcode-27.0.0-Release.Candidate.app/Contents/Developer/Platforms/WatchOS.platform/Developer/SDKs/WatchOS27.0.sdk -target arm64_32-apple-watchos9.0 -g -module-cache-path /Users/admin/builder/spi-builder-workspace/.derivedData/ModuleCache.noindex -Xfrontend -serialize-debugging-options -profile-coverage-mapping -profile-generate -enable-testing -index-store-path /Users/admin/builder/spi-builder-workspace/.derivedData/Index.noindex/DataStore -Xcc -D_LIBCPP_HARDENING_MODE\=_LIBCPP_HARDENING_MODE_DEBUG -swift-version 5 -I /Users/admin/builder/spi-builder-workspace/.derivedData/Build/Products/Debug-watchos -Isystem /Applications/Xcode-27.0.0-Release.Candidate.app/Contents/Developer/Platforms/WatchOS.platform/Developer/usr/lib -F /Users/admin/builder/spi-builder-workspace/.derivedData/Build/Products/Debug-watchos -F /Applications/Xcode-27.0.0-Release.Candidate.app/Contents/Developer/Platforms/WatchOS.platform/Developer/Library/Frameworks -F /Applications/Xcode-27.0.0-Release.Candidate.app/Contents/Developer/Platforms/WatchOS.platform/Developer/SDKs/WatchOS27.0.sdk/Developer/Library/Frameworks -c -j10 -enable-batch-mode -incremental -Xcc -ivfsstatcache -Xcc /Users/admin/builder/spi-builder-workspace/.derivedData/SDKStatCaches.noindex/watchos27.0-24R360-e829b21a6f8c9b70876ba0858053c04477534ef55a1706bf4c1112bbb242f0a2.sdkstatcache -output-file-map /Users/admin/builder/spi-builder-workspace/.derivedData/Build/Intermediates.noindex/GoogleSheetsSwift.build/Debug-watchos/GoogleSheetsSwift-t.build/Objects-normal/arm64_32/GoogleSheetsSwift-OutputFileMap.json -save-temps -no-color-diagnostics -explicit-module-build -module-cache-path /Users/admin/builder/spi-builder-workspace/.derivedData/Build/Intermediates.noindex/SwiftExplicitPrecompiledModules -clang-scanner-module-cache-path /Users/admin/builder/spi-builder-workspace/.derivedData/ModuleCache.noindex -sdk-module-cache-path /Users/admin/builder/spi-builder-workspace/.derivedData/SDKExplicitPrecompiledModules -emit-dependencies -emit-module -emit-module-path /Users/admin/builder/spi-builder-workspace/.derivedData/Build/Intermediates.noindex/GoogleSheetsSwift.build/Debug-watchos/GoogleSheetsSwift-t.build/Objects-normal/arm64_32/GoogleSheetsSwift.swiftmodule -serialize-diagnostics -dependency-scan-serialize-diagnostics-path /Users/admin/builder/spi-builder-workspace/.derivedData/Build/Intermediates.noindex/GoogleSheetsSwift.build/Debug-watchos/GoogleSheetsSwift-t.build/Objects-normal/arm64_32/GoogleSheetsSwift-dependency-scan.dia -validate-clang-modules-once -clang-build-session-file /Users/admin/builder/spi-builder-workspace/.derivedData/ModuleCache.noindex/Session.modulevalidation -Xcc -fmodules-prune-interval\=86400 -Xcc -fmodules-prune-after\=345600 -emit-const-values -const-gather-protocols-list /Users/admin/builder/spi-builder-workspace/.derivedData/Build/Intermediates.noindex/GoogleSheetsSwift.build/Debug-watchos/GoogleSheetsSwift-t.build/Objects-normal/arm64_32/GoogleSheetsSwift_const_extract_protocols.json -Xcc -I/Users/admin/builder/spi-builder-workspace/.derivedData/Build/Products/Debug-watchos/include -Xcc -I/Users/admin/builder/spi-builder-workspace/.derivedData/Build/Intermediates.noindex/GoogleSheetsSwift.build/Debug-watchos/GoogleSheetsSwift-t.build/DerivedSources-normal/arm64_32 -Xcc -I/Users/admin/builder/spi-builder-workspace/.derivedData/Build/Intermediates.noindex/GoogleSheetsSwift.build/Debug-watchos/GoogleSheetsSwift-t.build/DerivedSources/arm64_32 -Xcc -I/Users/admin/builder/spi-builder-workspace/.derivedData/Build/Intermediates.noindex/GoogleSheetsSwift.build/Debug-watchos/GoogleSheetsSwift-t.build/DerivedSources -Xcc -DSWIFT_PACKAGE -Xcc -DDEBUG\=1 -emit-objc-header -emit-objc-header-path /Users/admin/builder/spi-builder-workspace/.derivedData/Build/Intermediates.noindex/GoogleSheetsSwift.build/Debug-watchos/GoogleSheetsSwift-t.build/Objects-normal/arm64_32/GoogleSheetsSwift-Swift.h -working-directory /Users/admin/builder/spi-builder-workspace/.swiftpm/xcode -experimental-emit-module-separately -disable-cmo
SwiftDriverJobDiscovery normal arm64 Emitting module for GoogleSheetsSwift (in target 'GoogleSheetsSwift' from project 'GoogleSheetsSwift')
SwiftDriver\ Compilation\ Requirements GoogleSheetsSwift normal arm64 com.apple.xcode.tools.swift.compiler (in target 'GoogleSheetsSwift' from project 'GoogleSheetsSwift')
    cd /Users/admin/builder/spi-builder-workspace/.swiftpm/xcode
    builtin-Swift-Compilation-Requirements -- /Applications/Xcode-27.0.0-Release.Candidate.app/Contents/Developer/Toolchains/XcodeDefault.xctoolchain/usr/bin/swiftc -parse-as-library -module-name GoogleSheetsSwift -Onone @/Users/admin/builder/spi-builder-workspace/.derivedData/Build/Intermediates.noindex/GoogleSheetsSwift.build/Debug-watchos/GoogleSheetsSwift-t.build/Objects-normal/arm64/GoogleSheetsSwift.SwiftFileList -DSWIFT_PACKAGE -DDEBUG -DSWIFT_MODULE_RESOURCE_BUNDLE_UNAVAILABLE -DXcode -plugin-path /Applications/Xcode-27.0.0-Release.Candidate.app/Contents/Developer/Toolchains/XcodeDefault.xctoolchain/usr/lib/swift/host/plugins/testing -enable-experimental-feature DebugDescriptionMacro -sdk /Applications/Xcode-27.0.0-Release.Candidate.app/Contents/Developer/Platforms/WatchOS.platform/Developer/SDKs/WatchOS27.0.sdk -target arm64-apple-watchos9.0 -g -module-cache-path /Users/admin/builder/spi-builder-workspace/.derivedData/ModuleCache.noindex -Xfrontend -serialize-debugging-options -profile-coverage-mapping -profile-generate -enable-testing -index-store-path /Users/admin/builder/spi-builder-workspace/.derivedData/Index.noindex/DataStore -Xcc -D_LIBCPP_HARDENING_MODE\=_LIBCPP_HARDENING_MODE_DEBUG -swift-version 5 -I /Users/admin/builder/spi-builder-workspace/.derivedData/Build/Products/Debug-watchos -Isystem /Applications/Xcode-27.0.0-Release.Candidate.app/Contents/Developer/Platforms/WatchOS.platform/Developer/usr/lib -F /Users/admin/builder/spi-builder-workspace/.derivedData/Build/Products/Debug-watchos -F /Applications/Xcode-27.0.0-Release.Candidate.app/Contents/Developer/Platforms/WatchOS.platform/Developer/Library/Frameworks -F /Applications/Xcode-27.0.0-Release.Candidate.app/Contents/Developer/Platforms/WatchOS.platform/Developer/SDKs/WatchOS27.0.sdk/Developer/Library/Frameworks -c -j10 -enable-batch-mode -incremental -Xcc -ivfsstatcache -Xcc /Users/admin/builder/spi-builder-workspace/.derivedData/SDKStatCaches.noindex/watchos27.0-24R360-e829b21a6f8c9b70876ba0858053c04477534ef55a1706bf4c1112bbb242f0a2.sdkstatcache -output-file-map /Users/admin/builder/spi-builder-workspace/.derivedData/Build/Intermediates.noindex/GoogleSheetsSwift.build/Debug-watchos/GoogleSheetsSwift-t.build/Objects-normal/arm64/GoogleSheetsSwift-OutputFileMap.json -save-temps -no-color-diagnostics -explicit-module-build -module-cache-path /Users/admin/builder/spi-builder-workspace/.derivedData/Build/Intermediates.noindex/SwiftExplicitPrecompiledModules -clang-scanner-module-cache-path /Users/admin/builder/spi-builder-workspace/.derivedData/ModuleCache.noindex -sdk-module-cache-path /Users/admin/builder/spi-builder-workspace/.derivedData/SDKExplicitPrecompiledModules -emit-dependencies -emit-module -emit-module-path /Users/admin/builder/spi-builder-workspace/.derivedData/Build/Intermediates.noindex/GoogleSheetsSwift.build/Debug-watchos/GoogleSheetsSwift-t.build/Objects-normal/arm64/GoogleSheetsSwift.swiftmodule -serialize-diagnostics -dependency-scan-serialize-diagnostics-path /Users/admin/builder/spi-builder-workspace/.derivedData/Build/Intermediates.noindex/GoogleSheetsSwift.build/Debug-watchos/GoogleSheetsSwift-t.build/Objects-normal/arm64/GoogleSheetsSwift-dependency-scan.dia -validate-clang-modules-once -clang-build-session-file /Users/admin/builder/spi-builder-workspace/.derivedData/ModuleCache.noindex/Session.modulevalidation -Xcc -fmodules-prune-interval\=86400 -Xcc -fmodules-prune-after\=345600 -emit-const-values -const-gather-protocols-list /Users/admin/builder/spi-builder-workspace/.derivedData/Build/Intermediates.noindex/GoogleSheetsSwift.build/Debug-watchos/GoogleSheetsSwift-t.build/Objects-normal/arm64/GoogleSheetsSwift_const_extract_protocols.json -Xcc -I/Users/admin/builder/spi-builder-workspace/.derivedData/Build/Products/Debug-watchos/include -Xcc -I/Users/admin/builder/spi-builder-workspace/.derivedData/Build/Intermediates.noindex/GoogleSheetsSwift.build/Debug-watchos/GoogleSheetsSwift-t.build/DerivedSources-normal/arm64 -Xcc -I/Users/admin/builder/spi-builder-workspace/.derivedData/Build/Intermediates.noindex/GoogleSheetsSwift.build/Debug-watchos/GoogleSheetsSwift-t.build/DerivedSources/arm64 -Xcc -I/Users/admin/builder/spi-builder-workspace/.derivedData/Build/Intermediates.noindex/GoogleSheetsSwift.build/Debug-watchos/GoogleSheetsSwift-t.build/DerivedSources -Xcc -DSWIFT_PACKAGE -Xcc -DDEBUG\=1 -emit-objc-header -emit-objc-header-path /Users/admin/builder/spi-builder-workspace/.derivedData/Build/Intermediates.noindex/GoogleSheetsSwift.build/Debug-watchos/GoogleSheetsSwift-t.build/Objects-normal/arm64/GoogleSheetsSwift-Swift.h -working-directory /Users/admin/builder/spi-builder-workspace/.swiftpm/xcode -experimental-emit-module-separately -disable-cmo
Copy /Users/admin/builder/spi-builder-workspace/.derivedData/Build/Products/Debug-watchos/GoogleSheetsSwift.swiftmodule/arm64_32-apple-watchos.swiftmodule /Users/admin/builder/spi-builder-workspace/.derivedData/Build/Intermediates.noindex/GoogleSheetsSwift.build/Debug-watchos/GoogleSheetsSwift-t.build/Objects-normal/arm64_32/GoogleSheetsSwift.swiftmodule (in target 'GoogleSheetsSwift' from project 'GoogleSheetsSwift')
    cd /Users/admin/builder/spi-builder-workspace
    builtin-copy -exclude .DS_Store -exclude CVS -exclude .svn -exclude .git -exclude .hg -resolve-src-symlinks -rename /Users/admin/builder/spi-builder-workspace/.derivedData/Build/Intermediates.noindex/GoogleSheetsSwift.build/Debug-watchos/GoogleSheetsSwift-t.build/Objects-normal/arm64_32/GoogleSheetsSwift.swiftmodule /Users/admin/builder/spi-builder-workspace/.derivedData/Build/Products/Debug-watchos/GoogleSheetsSwift.swiftmodule/arm64_32-apple-watchos.swiftmodule
SwiftMergeGeneratedHeaders /Users/admin/builder/spi-builder-workspace/.derivedData/Build/Intermediates.noindex/GeneratedModuleMaps-watchos/GoogleSheetsSwift-Swift.h /Users/admin/builder/spi-builder-workspace/.derivedData/Build/Intermediates.noindex/GoogleSheetsSwift.build/Debug-watchos/GoogleSheetsSwift-t.build/Objects-normal/arm64/GoogleSheetsSwift-Swift.h /Users/admin/builder/spi-builder-workspace/.derivedData/Build/Intermediates.noindex/GoogleSheetsSwift.build/Debug-watchos/GoogleSheetsSwift-t.build/Objects-normal/arm64_32/GoogleSheetsSwift-Swift.h (in target 'GoogleSheetsSwift' from project 'GoogleSheetsSwift')
    cd /Users/admin/builder/spi-builder-workspace
    builtin-swiftHeaderTool -arch arm64 /Users/admin/builder/spi-builder-workspace/.derivedData/Build/Intermediates.noindex/GoogleSheetsSwift.build/Debug-watchos/GoogleSheetsSwift-t.build/Objects-normal/arm64/GoogleSheetsSwift-Swift.h -arch arm64_32 /Users/admin/builder/spi-builder-workspace/.derivedData/Build/Intermediates.noindex/GoogleSheetsSwift.build/Debug-watchos/GoogleSheetsSwift-t.build/Objects-normal/arm64_32/GoogleSheetsSwift-Swift.h -o /Users/admin/builder/spi-builder-workspace/.derivedData/Build/Intermediates.noindex/GeneratedModuleMaps-watchos/GoogleSheetsSwift-Swift.h
Copy /Users/admin/builder/spi-builder-workspace/.derivedData/Build/Products/Debug-watchos/GoogleSheetsSwift.swiftmodule/arm64_32-apple-watchos.swiftdoc /Users/admin/builder/spi-builder-workspace/.derivedData/Build/Intermediates.noindex/GoogleSheetsSwift.build/Debug-watchos/GoogleSheetsSwift-t.build/Objects-normal/arm64_32/GoogleSheetsSwift.swiftdoc (in target 'GoogleSheetsSwift' from project 'GoogleSheetsSwift')
    cd /Users/admin/builder/spi-builder-workspace
    builtin-copy -exclude .DS_Store -exclude CVS -exclude .svn -exclude .git -exclude .hg -resolve-src-symlinks -rename /Users/admin/builder/spi-builder-workspace/.derivedData/Build/Intermediates.noindex/GoogleSheetsSwift.build/Debug-watchos/GoogleSheetsSwift-t.build/Objects-normal/arm64_32/GoogleSheetsSwift.swiftdoc /Users/admin/builder/spi-builder-workspace/.derivedData/Build/Products/Debug-watchos/GoogleSheetsSwift.swiftmodule/arm64_32-apple-watchos.swiftdoc
Copy /Users/admin/builder/spi-builder-workspace/.derivedData/Build/Products/Debug-watchos/GoogleSheetsSwift.swiftmodule/arm64_32-apple-watchos.abi.json /Users/admin/builder/spi-builder-workspace/.derivedData/Build/Intermediates.noindex/GoogleSheetsSwift.build/Debug-watchos/GoogleSheetsSwift-t.build/Objects-normal/arm64_32/GoogleSheetsSwift.abi.json (in target 'GoogleSheetsSwift' from project 'GoogleSheetsSwift')
    cd /Users/admin/builder/spi-builder-workspace
    builtin-copy -exclude .DS_Store -exclude CVS -exclude .svn -exclude .git -exclude .hg -resolve-src-symlinks -rename /Users/admin/builder/spi-builder-workspace/.derivedData/Build/Intermediates.noindex/GoogleSheetsSwift.build/Debug-watchos/GoogleSheetsSwift-t.build/Objects-normal/arm64_32/GoogleSheetsSwift.abi.json /Users/admin/builder/spi-builder-workspace/.derivedData/Build/Products/Debug-watchos/GoogleSheetsSwift.swiftmodule/arm64_32-apple-watchos.abi.json
Copy /Users/admin/builder/spi-builder-workspace/.derivedData/Build/Products/Debug-watchos/GoogleSheetsSwift.swiftmodule/arm64-apple-watchos.swiftmodule /Users/admin/builder/spi-builder-workspace/.derivedData/Build/Intermediates.noindex/GoogleSheetsSwift.build/Debug-watchos/GoogleSheetsSwift-t.build/Objects-normal/arm64/GoogleSheetsSwift.swiftmodule (in target 'GoogleSheetsSwift' from project 'GoogleSheetsSwift')
    cd /Users/admin/builder/spi-builder-workspace
    builtin-copy -exclude .DS_Store -exclude CVS -exclude .svn -exclude .git -exclude .hg -resolve-src-symlinks -rename /Users/admin/builder/spi-builder-workspace/.derivedData/Build/Intermediates.noindex/GoogleSheetsSwift.build/Debug-watchos/GoogleSheetsSwift-t.build/Objects-normal/arm64/GoogleSheetsSwift.swiftmodule /Users/admin/builder/spi-builder-workspace/.derivedData/Build/Products/Debug-watchos/GoogleSheetsSwift.swiftmodule/arm64-apple-watchos.swiftmodule
Copy /Users/admin/builder/spi-builder-workspace/.derivedData/Build/Products/Debug-watchos/GoogleSheetsSwift.swiftmodule/arm64-apple-watchos.swiftdoc /Users/admin/builder/spi-builder-workspace/.derivedData/Build/Intermediates.noindex/GoogleSheetsSwift.build/Debug-watchos/GoogleSheetsSwift-t.build/Objects-normal/arm64/GoogleSheetsSwift.swiftdoc (in target 'GoogleSheetsSwift' from project 'GoogleSheetsSwift')
    cd /Users/admin/builder/spi-builder-workspace
    builtin-copy -exclude .DS_Store -exclude CVS -exclude .svn -exclude .git -exclude .hg -resolve-src-symlinks -rename /Users/admin/builder/spi-builder-workspace/.derivedData/Build/Intermediates.noindex/GoogleSheetsSwift.build/Debug-watchos/GoogleSheetsSwift-t.build/Objects-normal/arm64/GoogleSheetsSwift.swiftdoc /Users/admin/builder/spi-builder-workspace/.derivedData/Build/Products/Debug-watchos/GoogleSheetsSwift.swiftmodule/arm64-apple-watchos.swiftdoc
Copy /Users/admin/builder/spi-builder-workspace/.derivedData/Build/Products/Debug-watchos/GoogleSheetsSwift.swiftmodule/arm64-apple-watchos.abi.json /Users/admin/builder/spi-builder-workspace/.derivedData/Build/Intermediates.noindex/GoogleSheetsSwift.build/Debug-watchos/GoogleSheetsSwift-t.build/Objects-normal/arm64/GoogleSheetsSwift.abi.json (in target 'GoogleSheetsSwift' from project 'GoogleSheetsSwift')
    cd /Users/admin/builder/spi-builder-workspace
    builtin-copy -exclude .DS_Store -exclude CVS -exclude .svn -exclude .git -exclude .hg -resolve-src-symlinks -rename /Users/admin/builder/spi-builder-workspace/.derivedData/Build/Intermediates.noindex/GoogleSheetsSwift.build/Debug-watchos/GoogleSheetsSwift-t.build/Objects-normal/arm64/GoogleSheetsSwift.abi.json /Users/admin/builder/spi-builder-workspace/.derivedData/Build/Products/Debug-watchos/GoogleSheetsSwift.swiftmodule/arm64-apple-watchos.abi.json
Copy /Users/admin/builder/spi-builder-workspace/.derivedData/Build/Products/Debug-watchos/GoogleSheetsSwift.swiftmodule/Project/arm64_32-apple-watchos.swiftsourceinfo /Users/admin/builder/spi-builder-workspace/.derivedData/Build/Intermediates.noindex/GoogleSheetsSwift.build/Debug-watchos/GoogleSheetsSwift-t.build/Objects-normal/arm64_32/GoogleSheetsSwift.swiftsourceinfo (in target 'GoogleSheetsSwift' from project 'GoogleSheetsSwift')
    cd /Users/admin/builder/spi-builder-workspace
    builtin-copy -exclude .DS_Store -exclude CVS -exclude .svn -exclude .git -exclude .hg -resolve-src-symlinks -rename /Users/admin/builder/spi-builder-workspace/.derivedData/Build/Intermediates.noindex/GoogleSheetsSwift.build/Debug-watchos/GoogleSheetsSwift-t.build/Objects-normal/arm64_32/GoogleSheetsSwift.swiftsourceinfo /Users/admin/builder/spi-builder-workspace/.derivedData/Build/Products/Debug-watchos/GoogleSheetsSwift.swiftmodule/Project/arm64_32-apple-watchos.swiftsourceinfo
Copy /Users/admin/builder/spi-builder-workspace/.derivedData/Build/Products/Debug-watchos/GoogleSheetsSwift.swiftmodule/Project/arm64-apple-watchos.swiftsourceinfo /Users/admin/builder/spi-builder-workspace/.derivedData/Build/Intermediates.noindex/GoogleSheetsSwift.build/Debug-watchos/GoogleSheetsSwift-t.build/Objects-normal/arm64/GoogleSheetsSwift.swiftsourceinfo (in target 'GoogleSheetsSwift' from project 'GoogleSheetsSwift')
    cd /Users/admin/builder/spi-builder-workspace
    builtin-copy -exclude .DS_Store -exclude CVS -exclude .svn -exclude .git -exclude .hg -resolve-src-symlinks -rename /Users/admin/builder/spi-builder-workspace/.derivedData/Build/Intermediates.noindex/GoogleSheetsSwift.build/Debug-watchos/GoogleSheetsSwift-t.build/Objects-normal/arm64/GoogleSheetsSwift.swiftsourceinfo /Users/admin/builder/spi-builder-workspace/.derivedData/Build/Products/Debug-watchos/GoogleSheetsSwift.swiftmodule/Project/arm64-apple-watchos.swiftsourceinfo
SwiftCompile normal arm64 Compiling\ ResponseCache.swift,\ GoogleSheetsClient.swift /Users/admin/builder/spi-builder-workspace/Sources/GoogleSheetsSwift/Cache/ResponseCache.swift /Users/admin/builder/spi-builder-workspace/Sources/GoogleSheetsSwift/GoogleSheetsClient.swift (in target 'GoogleSheetsSwift' from project 'GoogleSheetsSwift')
SwiftCompile normal arm64 /Users/admin/builder/spi-builder-workspace/Sources/GoogleSheetsSwift/Cache/ResponseCache.swift (in target 'GoogleSheetsSwift' from project 'GoogleSheetsSwift')
    cd /Users/admin/builder/spi-builder-workspace/.swiftpm/xcode
    builtin-SwiftPerFileCompile ResponseCache.swift
SwiftCompile normal arm64 /Users/admin/builder/spi-builder-workspace/Sources/GoogleSheetsSwift/GoogleSheetsClient.swift (in target 'GoogleSheetsSwift' from project 'GoogleSheetsSwift')
    cd /Users/admin/builder/spi-builder-workspace/.swiftpm/xcode
    builtin-SwiftPerFileCompile GoogleSheetsClient.swift
SwiftCompile normal arm64 Compiling\ ValuesServiceProtocol.swift /Users/admin/builder/spi-builder-workspace/Sources/GoogleSheetsSwift/Services/ValuesServiceProtocol.swift (in target 'GoogleSheetsSwift' from project 'GoogleSheetsSwift')
SwiftCompile normal arm64 /Users/admin/builder/spi-builder-workspace/Sources/GoogleSheetsSwift/Services/ValuesServiceProtocol.swift (in target 'GoogleSheetsSwift' from project 'GoogleSheetsSwift')
    cd /Users/admin/builder/spi-builder-workspace/.swiftpm/xcode
    builtin-SwiftPerFileCompile ValuesServiceProtocol.swift
SwiftDriverJobDiscovery normal arm64_32 Compiling ValuesServiceProtocol.swift (in target 'GoogleSheetsSwift' from project 'GoogleSheetsSwift')
SwiftCompile normal arm64 Compiling\ GoogleSheetsSwift.swift,\ HTTPClient.swift /Users/admin/builder/spi-builder-workspace/Sources/GoogleSheetsSwift/GoogleSheetsSwift.swift /Users/admin/builder/spi-builder-workspace/Sources/GoogleSheetsSwift/HTTPClient.swift (in target 'GoogleSheetsSwift' from project 'GoogleSheetsSwift')
SwiftCompile normal arm64 /Users/admin/builder/spi-builder-workspace/Sources/GoogleSheetsSwift/GoogleSheetsSwift.swift (in target 'GoogleSheetsSwift' from project 'GoogleSheetsSwift')
    cd /Users/admin/builder/spi-builder-workspace/.swiftpm/xcode
    builtin-SwiftPerFileCompile GoogleSheetsSwift.swift
SwiftCompile normal arm64 /Users/admin/builder/spi-builder-workspace/Sources/GoogleSheetsSwift/HTTPClient.swift (in target 'GoogleSheetsSwift' from project 'GoogleSheetsSwift')
    cd /Users/admin/builder/spi-builder-workspace/.swiftpm/xcode
    builtin-SwiftPerFileCompile HTTPClient.swift
SwiftDriverJobDiscovery normal arm64_32 Compiling AnyCodable.swift, Enums.swift (in target 'GoogleSheetsSwift' from project 'GoogleSheetsSwift')
SwiftCompile normal arm64 Compiling\ SpreadsheetModels.swift,\ ValueModels.swift /Users/admin/builder/spi-builder-workspace/Sources/GoogleSheetsSwift/Models/SpreadsheetModels.swift /Users/admin/builder/spi-builder-workspace/Sources/GoogleSheetsSwift/Models/ValueModels.swift (in target 'GoogleSheetsSwift' from project 'GoogleSheetsSwift')
SwiftCompile normal arm64 /Users/admin/builder/spi-builder-workspace/Sources/GoogleSheetsSwift/Models/SpreadsheetModels.swift (in target 'GoogleSheetsSwift' from project 'GoogleSheetsSwift')
    cd /Users/admin/builder/spi-builder-workspace/.swiftpm/xcode
    builtin-SwiftPerFileCompile SpreadsheetModels.swift
SwiftCompile normal arm64 /Users/admin/builder/spi-builder-workspace/Sources/GoogleSheetsSwift/Models/ValueModels.swift (in target 'GoogleSheetsSwift' from project 'GoogleSheetsSwift')
    cd /Users/admin/builder/spi-builder-workspace/.swiftpm/xcode
    builtin-SwiftPerFileCompile ValueModels.swift
SwiftDriverJobDiscovery normal arm64_32 Compiling BaseService.swift, SpreadsheetsService.swift (in target 'GoogleSheetsSwift' from project 'GoogleSheetsSwift')
SwiftCompile normal arm64 Compiling\ SpreadsheetsServiceProtocol.swift,\ ValuesService.swift /Users/admin/builder/spi-builder-workspace/Sources/GoogleSheetsSwift/Services/SpreadsheetsServiceProtocol.swift /Users/admin/builder/spi-builder-workspace/Sources/GoogleSheetsSwift/Services/ValuesService.swift (in target 'GoogleSheetsSwift' from project 'GoogleSheetsSwift')
SwiftCompile normal arm64 /Users/admin/builder/spi-builder-workspace/Sources/GoogleSheetsSwift/Services/SpreadsheetsServiceProtocol.swift (in target 'GoogleSheetsSwift' from project 'GoogleSheetsSwift')
    cd /Users/admin/builder/spi-builder-workspace/.swiftpm/xcode
    builtin-SwiftPerFileCompile SpreadsheetsServiceProtocol.swift
SwiftCompile normal arm64 /Users/admin/builder/spi-builder-workspace/Sources/GoogleSheetsSwift/Services/ValuesService.swift (in target 'GoogleSheetsSwift' from project 'GoogleSheetsSwift')
    cd /Users/admin/builder/spi-builder-workspace/.swiftpm/xcode
    builtin-SwiftPerFileCompile ValuesService.swift
SwiftCompile normal arm64 Compiling\ GoogleSheetsError.swift,\ GoogleSheetsLogger.swift /Users/admin/builder/spi-builder-workspace/Sources/GoogleSheetsSwift/GoogleSheetsError.swift /Users/admin/builder/spi-builder-workspace/Sources/GoogleSheetsSwift/GoogleSheetsLogger.swift (in target 'GoogleSheetsSwift' from project 'GoogleSheetsSwift')
SwiftCompile normal arm64 /Users/admin/builder/spi-builder-workspace/Sources/GoogleSheetsSwift/GoogleSheetsError.swift (in target 'GoogleSheetsSwift' from project 'GoogleSheetsSwift')
    cd /Users/admin/builder/spi-builder-workspace/.swiftpm/xcode
    builtin-SwiftPerFileCompile GoogleSheetsError.swift
SwiftCompile normal arm64 /Users/admin/builder/spi-builder-workspace/Sources/GoogleSheetsSwift/GoogleSheetsLogger.swift (in target 'GoogleSheetsSwift' from project 'GoogleSheetsSwift')
    cd /Users/admin/builder/spi-builder-workspace/.swiftpm/xcode
    builtin-SwiftPerFileCompile GoogleSheetsLogger.swift
SwiftCompile normal arm64 Compiling\ BaseService.swift,\ SpreadsheetsService.swift /Users/admin/builder/spi-builder-workspace/Sources/GoogleSheetsSwift/Services/BaseService.swift /Users/admin/builder/spi-builder-workspace/Sources/GoogleSheetsSwift/Services/SpreadsheetsService.swift (in target 'GoogleSheetsSwift' from project 'GoogleSheetsSwift')
SwiftCompile normal arm64 /Users/admin/builder/spi-builder-workspace/Sources/GoogleSheetsSwift/Services/BaseService.swift (in target 'GoogleSheetsSwift' from project 'GoogleSheetsSwift')
    cd /Users/admin/builder/spi-builder-workspace/.swiftpm/xcode
    builtin-SwiftPerFileCompile BaseService.swift
SwiftCompile normal arm64 /Users/admin/builder/spi-builder-workspace/Sources/GoogleSheetsSwift/Services/SpreadsheetsService.swift (in target 'GoogleSheetsSwift' from project 'GoogleSheetsSwift')
    cd /Users/admin/builder/spi-builder-workspace/.swiftpm/xcode
    builtin-SwiftPerFileCompile SpreadsheetsService.swift
SwiftDriverJobDiscovery normal arm64_32 Compiling GoogleSheetsError.swift, GoogleSheetsLogger.swift (in target 'GoogleSheetsSwift' from project 'GoogleSheetsSwift')
SwiftCompile normal arm64 Compiling\ AnyCodable.swift,\ Enums.swift /Users/admin/builder/spi-builder-workspace/Sources/GoogleSheetsSwift/Models/AnyCodable.swift /Users/admin/builder/spi-builder-workspace/Sources/GoogleSheetsSwift/Models/Enums.swift (in target 'GoogleSheetsSwift' from project 'GoogleSheetsSwift')
SwiftCompile normal arm64 /Users/admin/builder/spi-builder-workspace/Sources/GoogleSheetsSwift/Models/AnyCodable.swift (in target 'GoogleSheetsSwift' from project 'GoogleSheetsSwift')
    cd /Users/admin/builder/spi-builder-workspace/.swiftpm/xcode
    builtin-SwiftPerFileCompile AnyCodable.swift
SwiftCompile normal arm64 /Users/admin/builder/spi-builder-workspace/Sources/GoogleSheetsSwift/Models/Enums.swift (in target 'GoogleSheetsSwift' from project 'GoogleSheetsSwift')
    cd /Users/admin/builder/spi-builder-workspace/.swiftpm/xcode
    builtin-SwiftPerFileCompile Enums.swift
SwiftDriverJobDiscovery normal arm64_32 Compiling GoogleSheetsSwift.swift, HTTPClient.swift (in target 'GoogleSheetsSwift' from project 'GoogleSheetsSwift')
SwiftDriverJobDiscovery normal arm64_32 Compiling SpreadsheetModels.swift, ValueModels.swift (in target 'GoogleSheetsSwift' from project 'GoogleSheetsSwift')
SwiftCompile normal arm64 Compiling\ MemoryEfficientDataHandler.swift,\ RetryConfiguration.swift /Users/admin/builder/spi-builder-workspace/Sources/GoogleSheetsSwift/Performance/MemoryEfficientDataHandler.swift /Users/admin/builder/spi-builder-workspace/Sources/GoogleSheetsSwift/RetryConfiguration.swift (in target 'GoogleSheetsSwift' from project 'GoogleSheetsSwift')
SwiftCompile normal arm64 /Users/admin/builder/spi-builder-workspace/Sources/GoogleSheetsSwift/Performance/MemoryEfficientDataHandler.swift (in target 'GoogleSheetsSwift' from project 'GoogleSheetsSwift')
    cd /Users/admin/builder/spi-builder-workspace/.swiftpm/xcode
    builtin-SwiftPerFileCompile MemoryEfficientDataHandler.swift
SwiftCompile normal arm64 /Users/admin/builder/spi-builder-workspace/Sources/GoogleSheetsSwift/RetryConfiguration.swift (in target 'GoogleSheetsSwift' from project 'GoogleSheetsSwift')
    cd /Users/admin/builder/spi-builder-workspace/.swiftpm/xcode
    builtin-SwiftPerFileCompile RetryConfiguration.swift
SwiftCompile normal arm64 Compiling\ OAuth2TokenManager.swift,\ BatchOptimizer.swift /Users/admin/builder/spi-builder-workspace/Sources/GoogleSheetsSwift/OAuth2TokenManager.swift /Users/admin/builder/spi-builder-workspace/Sources/GoogleSheetsSwift/Performance/BatchOptimizer.swift (in target 'GoogleSheetsSwift' from project 'GoogleSheetsSwift')
SwiftCompile normal arm64 /Users/admin/builder/spi-builder-workspace/Sources/GoogleSheetsSwift/OAuth2TokenManager.swift (in target 'GoogleSheetsSwift' from project 'GoogleSheetsSwift')
    cd /Users/admin/builder/spi-builder-workspace/.swiftpm/xcode
    builtin-SwiftPerFileCompile OAuth2TokenManager.swift
SwiftCompile normal arm64 /Users/admin/builder/spi-builder-workspace/Sources/GoogleSheetsSwift/Performance/BatchOptimizer.swift (in target 'GoogleSheetsSwift' from project 'GoogleSheetsSwift')
    cd /Users/admin/builder/spi-builder-workspace/.swiftpm/xcode
    builtin-SwiftPerFileCompile BatchOptimizer.swift
PruneExplicitPrecompiledModules /Users/admin/builder/spi-builder-workspace/.derivedData/Build/Intermediates.noindex/ExplicitPrecompiledModules
PruneExplicitPrecompiledModules /Users/admin/builder/spi-builder-workspace/.derivedData/SDKExplicitPrecompiledModules
PruneExplicitPrecompiledModules /Users/admin/builder/spi-builder-workspace/.derivedData/Build/Intermediates.noindex/SwiftExplicitPrecompiledModules
2026-09-22 17:42:56.729 xcodebuild[648:4177] [MT] IDERunDestination: Supported platforms for the buildables in the current scheme is empty.
** BUILD FAILED **
The following build commands failed:
	SwiftCompile normal arm64_32 /Users/admin/builder/spi-builder-workspace/Sources/GoogleSheetsSwift/OAuth2TokenManager.swift (in target 'GoogleSheetsSwift' from project 'GoogleSheetsSwift')
	SwiftCompile normal arm64_32 Compiling\ OAuth2TokenManager.swift,\ BatchOptimizer.swift /Users/admin/builder/spi-builder-workspace/Sources/GoogleSheetsSwift/OAuth2TokenManager.swift /Users/admin/builder/spi-builder-workspace/Sources/GoogleSheetsSwift/Performance/BatchOptimizer.swift (in target 'GoogleSheetsSwift' from project 'GoogleSheetsSwift')
	Building workspace GoogleSheetsSwift with scheme GoogleSheetsSwift-Package
(3 failures)
Command line invocation:
    /Applications/Xcode-27.0.0-Release.Candidate.app/Contents/Developer/usr/bin/xcodebuild -IDEClonedSourcePackagesDirPathOverride=/Users/admin/builder/spi-builder-workspace/.dependencies -resolvePackageDependencies
Resolve Package Graph
Resolved source packages:
  GoogleSheetsSwift: /Users/admin/builder/spi-builder-workspace
resolved source packages: GoogleSheetsSwift
2026-09-22 17:43:03.229 xcodebuild[737:4567] [MT] IDERunDestination: Supported platforms for the buildables in the current scheme is empty.
{
  "dependencies" : [
  ],
  "manifest_display_name" : "GoogleSheetsSwift",
  "name" : "GoogleSheetsSwift",
  "path" : "/Users/admin/builder/spi-builder-workspace",
  "platforms" : [
    {
      "name" : "ios",
      "version" : "13.0"
    },
    {
      "name" : "macos",
      "version" : "10.15"
    },
    {
      "name" : "tvos",
      "version" : "13.0"
    },
    {
      "name" : "watchos",
      "version" : "6.0"
    }
  ],
  "products" : [
    {
      "name" : "GoogleSheetsSwift",
      "targets" : [
        "GoogleSheetsSwift"
      ],
      "type" : {
        "library" : [
          "automatic"
        ]
      }
    },
    {
      "name" : "Client",
      "targets" : [
        "Client"
      ],
      "type" : {
        "executable" : null
      }
    }
  ],
  "swift_languages_versions" : [
    "5"
  ],
  "targets" : [
    {
      "c99name" : "GoogleSheetsSwiftTests",
      "module_type" : "SwiftTarget",
      "name" : "GoogleSheetsSwiftTests",
      "path" : "Tests/GoogleSheetsSwiftTests",
      "resources" : [
        {
          "path" : "/Users/admin/builder/spi-builder-workspace/Tests/GoogleSheetsSwiftTests/Fixtures",
          "rule" : {
            "copy" : {
            }
          }
        },
        {
          "path" : "/Users/admin/builder/spi-builder-workspace/Tests/GoogleSheetsSwiftTests/Integration",
          "rule" : {
            "copy" : {
            }
          }
        }
      ],
      "sources" : [
        "GoogleSheetsClientLoggingTests.swift",
        "GoogleSheetsClientTests.swift",
        "GoogleSheetsErrorTests.swift",
        "GoogleSheetsLoggerTests.swift",
        "GoogleSheetsSwiftTests.swift",
        "HTTPClientTests.swift",
        "Helpers/TestHelpers.swift",
        "Mocks/MockHTTPClient.swift",
        "Mocks/MockOAuth2TokenManager.swift",
        "Models/AnyCodableTests.swift",
        "Models/EnumsTests.swift",
        "Models/SpreadsheetModelsTests.swift",
        "Models/ValueModelsTests.swift",
        "OAuth2TokenManagerTests.swift",
        "PackageConfigurationTests.swift",
        "Performance/PerformanceTests.swift",
        "RetryConfigurationTests.swift",
        "Services/SpreadsheetsServiceTests.swift",
        "Services/ValuesServiceTests.swift"
      ],
      "target_dependencies" : [
        "GoogleSheetsSwift"
      ],
      "type" : "test"
    },
    {
      "c99name" : "GoogleSheetsSwift",
      "module_type" : "SwiftTarget",
      "name" : "GoogleSheetsSwift",
      "path" : "Sources/GoogleSheetsSwift",
      "product_memberships" : [
        "GoogleSheetsSwift",
        "Client"
      ],
      "sources" : [
        "Cache/ResponseCache.swift",
        "GoogleSheetsClient.swift",
        "GoogleSheetsError.swift",
        "GoogleSheetsLogger.swift",
        "GoogleSheetsSwift.swift",
        "HTTPClient.swift",
        "Models/AnyCodable.swift",
        "Models/Enums.swift",
        "Models/SpreadsheetModels.swift",
        "Models/ValueModels.swift",
        "OAuth2TokenManager.swift",
        "Performance/BatchOptimizer.swift",
        "Performance/MemoryEfficientDataHandler.swift",
        "RetryConfiguration.swift",
        "Services/BaseService.swift",
        "Services/SpreadsheetsService.swift",
        "Services/SpreadsheetsServiceProtocol.swift",
        "Services/ValuesService.swift",
        "Services/ValuesServiceProtocol.swift"
      ],
      "type" : "library"
    },
    {
      "c99name" : "Client",
      "module_type" : "SwiftTarget",
      "name" : "Client",
      "path" : "Sources/Client",
      "product_memberships" : [
        "Client"
      ],
      "sources" : [
        "main.swift"
      ],
      "target_dependencies" : [
        "GoogleSheetsSwift"
      ],
      "type" : "executable"
    }
  ],
  "tools_version" : "5.7"
}
{
  "workspace" : {
    "name" : "GoogleSheetsSwift",
    "schemes" : [
      "Client",
      "GoogleSheetsSwift",
      "GoogleSheetsSwift-Package"
    ]
  }
}
2026-09-22 17:43:04.503 xcodebuild[745:4636] [MT] IDERunDestination: Supported platforms for the buildables in the current scheme is empty.
Running build ...
env DEVELOPER_DIR=/Applications/Xcode-27.0.0-Release.Candidate.app xcrun xcodebuild -IDEClonedSourcePackagesDirPathOverride=$PWD/.dependencies -skipMacroValidation -skipPackagePluginValidation -derivedDataPath $PWD/.derivedData build -scheme GoogleSheetsSwift-Package -destination generic/platform=watchOS
Command line invocation:
    /Applications/Xcode-27.0.0-Release.Candidate.app/Contents/Developer/usr/bin/xcodebuild -IDEClonedSourcePackagesDirPathOverride=/Users/admin/builder/spi-builder-workspace/.dependencies -skipMacroValidation -skipPackagePluginValidation -derivedDataPath /Users/admin/builder/spi-builder-workspace/.derivedData build -scheme GoogleSheetsSwift-Package -destination generic/platform=watchOS
Resolve Package Graph
Resolved source packages:
  GoogleSheetsSwift: /Users/admin/builder/spi-builder-workspace
ComputePackagePrebuildTargetDependencyGraph
Prepare packages
CreateBuildRequest
SendProjectDescription
CreateBuildOperation
ComputeTargetDependencyGraph
note: Building targets in dependency order
note: Target dependency graph (3 targets)
    Target 'Client-product' in project 'GoogleSheetsSwift'
        ➜ Explicit dependency on target 'GoogleSheetsSwift' in project 'GoogleSheetsSwift'
    Target 'GoogleSheetsSwift-product' in project 'GoogleSheetsSwift'
        ➜ Explicit dependency on target 'GoogleSheetsSwift' in project 'GoogleSheetsSwift'
    Target 'GoogleSheetsSwift' in project 'GoogleSheetsSwift' (no dependencies)
GatherProvisioningInputs
CreateBuildDescription
ClangStatCache /Applications/Xcode-27.0.0-Release.Candidate.app/Contents/Developer/Toolchains/XcodeDefault.xctoolchain/usr/bin/clang-stat-cache /Applications/Xcode-27.0.0-Release.Candidate.app/Contents/Developer/Platforms/WatchOS.platform/Developer/SDKs/WatchOS27.0.sdk /Users/admin/builder/spi-builder-workspace/.derivedData/SDKStatCaches.noindex/watchos27.0-24R360-e829b21a6f8c9b70876ba0858053c04477534ef55a1706bf4c1112bbb242f0a2.sdkstatcache
    cd /Users/admin/builder/spi-builder-workspace/.swiftpm/xcode
    /Applications/Xcode-27.0.0-Release.Candidate.app/Contents/Developer/Toolchains/XcodeDefault.xctoolchain/usr/bin/clang-stat-cache /Applications/Xcode-27.0.0-Release.Candidate.app/Contents/Developer/Platforms/WatchOS.platform/Developer/SDKs/WatchOS27.0.sdk -o /Users/admin/builder/spi-builder-workspace/.derivedData/SDKStatCaches.noindex/watchos27.0-24R360-e829b21a6f8c9b70876ba0858053c04477534ef55a1706bf4c1112bbb242f0a2.sdkstatcache
SwiftDriver GoogleSheetsSwift normal arm64 com.apple.xcode.tools.swift.compiler (in target 'GoogleSheetsSwift' from project 'GoogleSheetsSwift')
    cd /Users/admin/builder/spi-builder-workspace/.swiftpm/xcode
    builtin-SwiftDriver -- /Applications/Xcode-27.0.0-Release.Candidate.app/Contents/Developer/Toolchains/XcodeDefault.xctoolchain/usr/bin/swiftc -parse-as-library -module-name GoogleSheetsSwift -Onone @/Users/admin/builder/spi-builder-workspace/.derivedData/Build/Intermediates.noindex/GoogleSheetsSwift.build/Debug-watchos/GoogleSheetsSwift-t.build/Objects-normal/arm64/GoogleSheetsSwift.SwiftFileList -DSWIFT_PACKAGE -DDEBUG -DSWIFT_MODULE_RESOURCE_BUNDLE_UNAVAILABLE -DXcode -plugin-path /Applications/Xcode-27.0.0-Release.Candidate.app/Contents/Developer/Toolchains/XcodeDefault.xctoolchain/usr/lib/swift/host/plugins/testing -enable-experimental-feature DebugDescriptionMacro -sdk /Applications/Xcode-27.0.0-Release.Candidate.app/Contents/Developer/Platforms/WatchOS.platform/Developer/SDKs/WatchOS27.0.sdk -target arm64-apple-watchos9.0 -g -module-cache-path /Users/admin/builder/spi-builder-workspace/.derivedData/ModuleCache.noindex -Xfrontend -serialize-debugging-options -profile-coverage-mapping -profile-generate -enable-testing -index-store-path /Users/admin/builder/spi-builder-workspace/.derivedData/Index.noindex/DataStore -Xcc -D_LIBCPP_HARDENING_MODE\=_LIBCPP_HARDENING_MODE_DEBUG -swift-version 5 -I /Users/admin/builder/spi-builder-workspace/.derivedData/Build/Products/Debug-watchos -Isystem /Applications/Xcode-27.0.0-Release.Candidate.app/Contents/Developer/Platforms/WatchOS.platform/Developer/usr/lib -F /Users/admin/builder/spi-builder-workspace/.derivedData/Build/Products/Debug-watchos -F /Applications/Xcode-27.0.0-Release.Candidate.app/Contents/Developer/Platforms/WatchOS.platform/Developer/Library/Frameworks -F /Applications/Xcode-27.0.0-Release.Candidate.app/Contents/Developer/Platforms/WatchOS.platform/Developer/SDKs/WatchOS27.0.sdk/Developer/Library/Frameworks -c -j10 -enable-batch-mode -incremental -Xcc -ivfsstatcache -Xcc /Users/admin/builder/spi-builder-workspace/.derivedData/SDKStatCaches.noindex/watchos27.0-24R360-e829b21a6f8c9b70876ba0858053c04477534ef55a1706bf4c1112bbb242f0a2.sdkstatcache -output-file-map /Users/admin/builder/spi-builder-workspace/.derivedData/Build/Intermediates.noindex/GoogleSheetsSwift.build/Debug-watchos/GoogleSheetsSwift-t.build/Objects-normal/arm64/GoogleSheetsSwift-OutputFileMap.json -save-temps -no-color-diagnostics -explicit-module-build -module-cache-path /Users/admin/builder/spi-builder-workspace/.derivedData/Build/Intermediates.noindex/SwiftExplicitPrecompiledModules -clang-scanner-module-cache-path /Users/admin/builder/spi-builder-workspace/.derivedData/ModuleCache.noindex -sdk-module-cache-path /Users/admin/builder/spi-builder-workspace/.derivedData/SDKExplicitPrecompiledModules -emit-dependencies -emit-module -emit-module-path /Users/admin/builder/spi-builder-workspace/.derivedData/Build/Intermediates.noindex/GoogleSheetsSwift.build/Debug-watchos/GoogleSheetsSwift-t.build/Objects-normal/arm64/GoogleSheetsSwift.swiftmodule -serialize-diagnostics -dependency-scan-serialize-diagnostics-path /Users/admin/builder/spi-builder-workspace/.derivedData/Build/Intermediates.noindex/GoogleSheetsSwift.build/Debug-watchos/GoogleSheetsSwift-t.build/Objects-normal/arm64/GoogleSheetsSwift-dependency-scan.dia -validate-clang-modules-once -clang-build-session-file /Users/admin/builder/spi-builder-workspace/.derivedData/ModuleCache.noindex/Session.modulevalidation -Xcc -fmodules-prune-interval\=86400 -Xcc -fmodules-prune-after\=345600 -emit-const-values -const-gather-protocols-list /Users/admin/builder/spi-builder-workspace/.derivedData/Build/Intermediates.noindex/GoogleSheetsSwift.build/Debug-watchos/GoogleSheetsSwift-t.build/Objects-normal/arm64/GoogleSheetsSwift_const_extract_protocols.json -Xcc -I/Users/admin/builder/spi-builder-workspace/.derivedData/Build/Products/Debug-watchos/include -Xcc -I/Users/admin/builder/spi-builder-workspace/.derivedData/Build/Intermediates.noindex/GoogleSheetsSwift.build/Debug-watchos/GoogleSheetsSwift-t.build/DerivedSources-normal/arm64 -Xcc -I/Users/admin/builder/spi-builder-workspace/.derivedData/Build/Intermediates.noindex/GoogleSheetsSwift.build/Debug-watchos/GoogleSheetsSwift-t.build/DerivedSources/arm64 -Xcc -I/Users/admin/builder/spi-builder-workspace/.derivedData/Build/Intermediates.noindex/GoogleSheetsSwift.build/Debug-watchos/GoogleSheetsSwift-t.build/DerivedSources -Xcc -DSWIFT_PACKAGE -Xcc -DDEBUG\=1 -emit-objc-header -emit-objc-header-path /Users/admin/builder/spi-builder-workspace/.derivedData/Build/Intermediates.noindex/GoogleSheetsSwift.build/Debug-watchos/GoogleSheetsSwift-t.build/Objects-normal/arm64/GoogleSheetsSwift-Swift.h -working-directory /Users/admin/builder/spi-builder-workspace/.swiftpm/xcode -experimental-emit-module-separately -disable-cmo
SwiftDriver GoogleSheetsSwift normal arm64_32 com.apple.xcode.tools.swift.compiler (in target 'GoogleSheetsSwift' from project 'GoogleSheetsSwift')
    cd /Users/admin/builder/spi-builder-workspace/.swiftpm/xcode
    builtin-SwiftDriver -- /Applications/Xcode-27.0.0-Release.Candidate.app/Contents/Developer/Toolchains/XcodeDefault.xctoolchain/usr/bin/swiftc -parse-as-library -module-name GoogleSheetsSwift -Onone @/Users/admin/builder/spi-builder-workspace/.derivedData/Build/Intermediates.noindex/GoogleSheetsSwift.build/Debug-watchos/GoogleSheetsSwift-t.build/Objects-normal/arm64_32/GoogleSheetsSwift.SwiftFileList -DSWIFT_PACKAGE -DDEBUG -DSWIFT_MODULE_RESOURCE_BUNDLE_UNAVAILABLE -DXcode -plugin-path /Applications/Xcode-27.0.0-Release.Candidate.app/Contents/Developer/Toolchains/XcodeDefault.xctoolchain/usr/lib/swift/host/plugins/testing -enable-experimental-feature DebugDescriptionMacro -sdk /Applications/Xcode-27.0.0-Release.Candidate.app/Contents/Developer/Platforms/WatchOS.platform/Developer/SDKs/WatchOS27.0.sdk -target arm64_32-apple-watchos9.0 -g -module-cache-path /Users/admin/builder/spi-builder-workspace/.derivedData/ModuleCache.noindex -Xfrontend -serialize-debugging-options -profile-coverage-mapping -profile-generate -enable-testing -index-store-path /Users/admin/builder/spi-builder-workspace/.derivedData/Index.noindex/DataStore -Xcc -D_LIBCPP_HARDENING_MODE\=_LIBCPP_HARDENING_MODE_DEBUG -swift-version 5 -I /Users/admin/builder/spi-builder-workspace/.derivedData/Build/Products/Debug-watchos -Isystem /Applications/Xcode-27.0.0-Release.Candidate.app/Contents/Developer/Platforms/WatchOS.platform/Developer/usr/lib -F /Users/admin/builder/spi-builder-workspace/.derivedData/Build/Products/Debug-watchos -F /Applications/Xcode-27.0.0-Release.Candidate.app/Contents/Developer/Platforms/WatchOS.platform/Developer/Library/Frameworks -F /Applications/Xcode-27.0.0-Release.Candidate.app/Contents/Developer/Platforms/WatchOS.platform/Developer/SDKs/WatchOS27.0.sdk/Developer/Library/Frameworks -c -j10 -enable-batch-mode -incremental -Xcc -ivfsstatcache -Xcc /Users/admin/builder/spi-builder-workspace/.derivedData/SDKStatCaches.noindex/watchos27.0-24R360-e829b21a6f8c9b70876ba0858053c04477534ef55a1706bf4c1112bbb242f0a2.sdkstatcache -output-file-map /Users/admin/builder/spi-builder-workspace/.derivedData/Build/Intermediates.noindex/GoogleSheetsSwift.build/Debug-watchos/GoogleSheetsSwift-t.build/Objects-normal/arm64_32/GoogleSheetsSwift-OutputFileMap.json -save-temps -no-color-diagnostics -explicit-module-build -module-cache-path /Users/admin/builder/spi-builder-workspace/.derivedData/Build/Intermediates.noindex/SwiftExplicitPrecompiledModules -clang-scanner-module-cache-path /Users/admin/builder/spi-builder-workspace/.derivedData/ModuleCache.noindex -sdk-module-cache-path /Users/admin/builder/spi-builder-workspace/.derivedData/SDKExplicitPrecompiledModules -emit-dependencies -emit-module -emit-module-path /Users/admin/builder/spi-builder-workspace/.derivedData/Build/Intermediates.noindex/GoogleSheetsSwift.build/Debug-watchos/GoogleSheetsSwift-t.build/Objects-normal/arm64_32/GoogleSheetsSwift.swiftmodule -serialize-diagnostics -dependency-scan-serialize-diagnostics-path /Users/admin/builder/spi-builder-workspace/.derivedData/Build/Intermediates.noindex/GoogleSheetsSwift.build/Debug-watchos/GoogleSheetsSwift-t.build/Objects-normal/arm64_32/GoogleSheetsSwift-dependency-scan.dia -validate-clang-modules-once -clang-build-session-file /Users/admin/builder/spi-builder-workspace/.derivedData/ModuleCache.noindex/Session.modulevalidation -Xcc -fmodules-prune-interval\=86400 -Xcc -fmodules-prune-after\=345600 -emit-const-values -const-gather-protocols-list /Users/admin/builder/spi-builder-workspace/.derivedData/Build/Intermediates.noindex/GoogleSheetsSwift.build/Debug-watchos/GoogleSheetsSwift-t.build/Objects-normal/arm64_32/GoogleSheetsSwift_const_extract_protocols.json -Xcc -I/Users/admin/builder/spi-builder-workspace/.derivedData/Build/Products/Debug-watchos/include -Xcc -I/Users/admin/builder/spi-builder-workspace/.derivedData/Build/Intermediates.noindex/GoogleSheetsSwift.build/Debug-watchos/GoogleSheetsSwift-t.build/DerivedSources-normal/arm64_32 -Xcc -I/Users/admin/builder/spi-builder-workspace/.derivedData/Build/Intermediates.noindex/GoogleSheetsSwift.build/Debug-watchos/GoogleSheetsSwift-t.build/DerivedSources/arm64_32 -Xcc -I/Users/admin/builder/spi-builder-workspace/.derivedData/Build/Intermediates.noindex/GoogleSheetsSwift.build/Debug-watchos/GoogleSheetsSwift-t.build/DerivedSources -Xcc -DSWIFT_PACKAGE -Xcc -DDEBUG\=1 -emit-objc-header -emit-objc-header-path /Users/admin/builder/spi-builder-workspace/.derivedData/Build/Intermediates.noindex/GoogleSheetsSwift.build/Debug-watchos/GoogleSheetsSwift-t.build/Objects-normal/arm64_32/GoogleSheetsSwift-Swift.h -working-directory /Users/admin/builder/spi-builder-workspace/.swiftpm/xcode -experimental-emit-module-separately -disable-cmo
SwiftDriver Client normal arm64 com.apple.xcode.tools.swift.compiler (in target 'Client-product' from project 'GoogleSheetsSwift')
    cd /Users/admin/builder/spi-builder-workspace/.swiftpm/xcode
    builtin-SwiftDriver -- /Applications/Xcode-27.0.0-Release.Candidate.app/Contents/Developer/Toolchains/XcodeDefault.xctoolchain/usr/bin/swiftc -module-name Client -Onone @/Users/admin/builder/spi-builder-workspace/.derivedData/Build/Intermediates.noindex/GoogleSheetsSwift.build/Debug-watchos/Client-p.build/Objects-normal/arm64/Client.SwiftFileList -DSWIFT_PACKAGE -DDEBUG -DXcode -plugin-path /Applications/Xcode-27.0.0-Release.Candidate.app/Contents/Developer/Toolchains/XcodeDefault.xctoolchain/usr/lib/swift/host/plugins/testing -enable-experimental-feature DebugDescriptionMacro -sdk /Applications/Xcode-27.0.0-Release.Candidate.app/Contents/Developer/Platforms/WatchOS.platform/Developer/SDKs/WatchOS27.0.sdk -target arm64-apple-watchos9.0 -g -module-cache-path /Users/admin/builder/spi-builder-workspace/.derivedData/ModuleCache.noindex -Xfrontend -serialize-debugging-options -profile-coverage-mapping -profile-generate -enable-testing -index-store-path /Users/admin/builder/spi-builder-workspace/.derivedData/Index.noindex/DataStore -Xcc -D_LIBCPP_HARDENING_MODE\=_LIBCPP_HARDENING_MODE_DEBUG -swift-version 5 -I /Users/admin/builder/spi-builder-workspace/.derivedData/Build/Products/Debug-watchos -Isystem /Applications/Xcode-27.0.0-Release.Candidate.app/Contents/Developer/Platforms/WatchOS.platform/Developer/usr/lib -F /Users/admin/builder/spi-builder-workspace/.derivedData/Build/Products/Debug-watchos/PackageFrameworks -F /Users/admin/builder/spi-builder-workspace/.derivedData/Build/Products/Debug-watchos -F /Applications/Xcode-27.0.0-Release.Candidate.app/Contents/Developer/Platforms/WatchOS.platform/Developer/Library/Frameworks -F /Applications/Xcode-27.0.0-Release.Candidate.app/Contents/Developer/Platforms/WatchOS.platform/Developer/SDKs/WatchOS27.0.sdk/Developer/Library/Frameworks -c -j10 -enable-batch-mode -incremental -Xcc -ivfsstatcache -Xcc /Users/admin/builder/spi-builder-workspace/.derivedData/SDKStatCaches.noindex/watchos27.0-24R360-e829b21a6f8c9b70876ba0858053c04477534ef55a1706bf4c1112bbb242f0a2.sdkstatcache -output-file-map /Users/admin/builder/spi-builder-workspace/.derivedData/Build/Intermediates.noindex/GoogleSheetsSwift.build/Debug-watchos/Client-p.build/Objects-normal/arm64/Client-OutputFileMap.json -save-temps -no-color-diagnostics -explicit-module-build -module-cache-path /Users/admin/builder/spi-builder-workspace/.derivedData/Build/Intermediates.noindex/SwiftExplicitPrecompiledModules -clang-scanner-module-cache-path /Users/admin/builder/spi-builder-workspace/.derivedData/ModuleCache.noindex -sdk-module-cache-path /Users/admin/builder/spi-builder-workspace/.derivedData/SDKExplicitPrecompiledModules -emit-dependencies -emit-module -emit-module-path /Users/admin/builder/spi-builder-workspace/.derivedData/Build/Intermediates.noindex/GoogleSheetsSwift.build/Debug-watchos/Client-p.build/Objects-normal/arm64/Client.swiftmodule -serialize-diagnostics -dependency-scan-serialize-diagnostics-path /Users/admin/builder/spi-builder-workspace/.derivedData/Build/Intermediates.noindex/GoogleSheetsSwift.build/Debug-watchos/Client-p.build/Objects-normal/arm64/Client-dependency-scan.dia -validate-clang-modules-once -clang-build-session-file /Users/admin/builder/spi-builder-workspace/.derivedData/ModuleCache.noindex/Session.modulevalidation -Xcc -fmodules-prune-interval\=86400 -Xcc -fmodules-prune-after\=345600 -emit-const-values -const-gather-protocols-list /Users/admin/builder/spi-builder-workspace/.derivedData/Build/Intermediates.noindex/GoogleSheetsSwift.build/Debug-watchos/Client-p.build/Objects-normal/arm64/Client_const_extract_protocols.json -Xcc -I/Users/admin/builder/spi-builder-workspace/.derivedData/Build/Products/Debug-watchos/include -Xcc -I/Users/admin/builder/spi-builder-workspace/.derivedData/Build/Intermediates.noindex/GoogleSheetsSwift.build/Debug-watchos/Client-p.build/DerivedSources-normal/arm64 -Xcc -I/Users/admin/builder/spi-builder-workspace/.derivedData/Build/Intermediates.noindex/GoogleSheetsSwift.build/Debug-watchos/Client-p.build/DerivedSources/arm64 -Xcc -I/Users/admin/builder/spi-builder-workspace/.derivedData/Build/Intermediates.noindex/GoogleSheetsSwift.build/Debug-watchos/Client-p.build/DerivedSources -Xcc -DSWIFT_PACKAGE -Xcc -DDEBUG\=1 -working-directory /Users/admin/builder/spi-builder-workspace/.swiftpm/xcode -experimental-emit-module-separately -disable-cmo
SwiftDriver Client normal arm64_32 com.apple.xcode.tools.swift.compiler (in target 'Client-product' from project 'GoogleSheetsSwift')
    cd /Users/admin/builder/spi-builder-workspace/.swiftpm/xcode
    builtin-SwiftDriver -- /Applications/Xcode-27.0.0-Release.Candidate.app/Contents/Developer/Toolchains/XcodeDefault.xctoolchain/usr/bin/swiftc -module-name Client -Onone @/Users/admin/builder/spi-builder-workspace/.derivedData/Build/Intermediates.noindex/GoogleSheetsSwift.build/Debug-watchos/Client-p.build/Objects-normal/arm64_32/Client.SwiftFileList -DSWIFT_PACKAGE -DDEBUG -DXcode -plugin-path /Applications/Xcode-27.0.0-Release.Candidate.app/Contents/Developer/Toolchains/XcodeDefault.xctoolchain/usr/lib/swift/host/plugins/testing -enable-experimental-feature DebugDescriptionMacro -sdk /Applications/Xcode-27.0.0-Release.Candidate.app/Contents/Developer/Platforms/WatchOS.platform/Developer/SDKs/WatchOS27.0.sdk -target arm64_32-apple-watchos9.0 -g -module-cache-path /Users/admin/builder/spi-builder-workspace/.derivedData/ModuleCache.noindex -Xfrontend -serialize-debugging-options -profile-coverage-mapping -profile-generate -enable-testing -index-store-path /Users/admin/builder/spi-builder-workspace/.derivedData/Index.noindex/DataStore -Xcc -D_LIBCPP_HARDENING_MODE\=_LIBCPP_HARDENING_MODE_DEBUG -swift-version 5 -I /Users/admin/builder/spi-builder-workspace/.derivedData/Build/Products/Debug-watchos -Isystem /Applications/Xcode-27.0.0-Release.Candidate.app/Contents/Developer/Platforms/WatchOS.platform/Developer/usr/lib -F /Users/admin/builder/spi-builder-workspace/.derivedData/Build/Products/Debug-watchos/PackageFrameworks -F /Users/admin/builder/spi-builder-workspace/.derivedData/Build/Products/Debug-watchos -F /Applications/Xcode-27.0.0-Release.Candidate.app/Contents/Developer/Platforms/WatchOS.platform/Developer/Library/Frameworks -F /Applications/Xcode-27.0.0-Release.Candidate.app/Contents/Developer/Platforms/WatchOS.platform/Developer/SDKs/WatchOS27.0.sdk/Developer/Library/Frameworks -c -j10 -enable-batch-mode -incremental -Xcc -ivfsstatcache -Xcc /Users/admin/builder/spi-builder-workspace/.derivedData/SDKStatCaches.noindex/watchos27.0-24R360-e829b21a6f8c9b70876ba0858053c04477534ef55a1706bf4c1112bbb242f0a2.sdkstatcache -output-file-map /Users/admin/builder/spi-builder-workspace/.derivedData/Build/Intermediates.noindex/GoogleSheetsSwift.build/Debug-watchos/Client-p.build/Objects-normal/arm64_32/Client-OutputFileMap.json -save-temps -no-color-diagnostics -explicit-module-build -module-cache-path /Users/admin/builder/spi-builder-workspace/.derivedData/Build/Intermediates.noindex/SwiftExplicitPrecompiledModules -clang-scanner-module-cache-path /Users/admin/builder/spi-builder-workspace/.derivedData/ModuleCache.noindex -sdk-module-cache-path /Users/admin/builder/spi-builder-workspace/.derivedData/SDKExplicitPrecompiledModules -emit-dependencies -emit-module -emit-module-path /Users/admin/builder/spi-builder-workspace/.derivedData/Build/Intermediates.noindex/GoogleSheetsSwift.build/Debug-watchos/Client-p.build/Objects-normal/arm64_32/Client.swiftmodule -serialize-diagnostics -dependency-scan-serialize-diagnostics-path /Users/admin/builder/spi-builder-workspace/.derivedData/Build/Intermediates.noindex/GoogleSheetsSwift.build/Debug-watchos/Client-p.build/Objects-normal/arm64_32/Client-dependency-scan.dia -validate-clang-modules-once -clang-build-session-file /Users/admin/builder/spi-builder-workspace/.derivedData/ModuleCache.noindex/Session.modulevalidation -Xcc -fmodules-prune-interval\=86400 -Xcc -fmodules-prune-after\=345600 -emit-const-values -const-gather-protocols-list /Users/admin/builder/spi-builder-workspace/.derivedData/Build/Intermediates.noindex/GoogleSheetsSwift.build/Debug-watchos/Client-p.build/Objects-normal/arm64_32/Client_const_extract_protocols.json -Xcc -I/Users/admin/builder/spi-builder-workspace/.derivedData/Build/Products/Debug-watchos/include -Xcc -I/Users/admin/builder/spi-builder-workspace/.derivedData/Build/Intermediates.noindex/GoogleSheetsSwift.build/Debug-watchos/Client-p.build/DerivedSources-normal/arm64_32 -Xcc -I/Users/admin/builder/spi-builder-workspace/.derivedData/Build/Intermediates.noindex/GoogleSheetsSwift.build/Debug-watchos/Client-p.build/DerivedSources/arm64_32 -Xcc -I/Users/admin/builder/spi-builder-workspace/.derivedData/Build/Intermediates.noindex/GoogleSheetsSwift.build/Debug-watchos/Client-p.build/DerivedSources -Xcc -DSWIFT_PACKAGE -Xcc -DDEBUG\=1 -working-directory /Users/admin/builder/spi-builder-workspace/.swiftpm/xcode -experimental-emit-module-separately -disable-cmo
SwiftCompile normal arm64 Compiling\ ResponseCache.swift,\ GoogleSheetsClient.swift /Users/admin/builder/spi-builder-workspace/Sources/GoogleSheetsSwift/Cache/ResponseCache.swift /Users/admin/builder/spi-builder-workspace/Sources/GoogleSheetsSwift/GoogleSheetsClient.swift (in target 'GoogleSheetsSwift' from project 'GoogleSheetsSwift')
SwiftCompile normal arm64 /Users/admin/builder/spi-builder-workspace/Sources/GoogleSheetsSwift/Cache/ResponseCache.swift (in target 'GoogleSheetsSwift' from project 'GoogleSheetsSwift')
    cd /Users/admin/builder/spi-builder-workspace/.swiftpm/xcode
    builtin-SwiftPerFileCompile ResponseCache.swift
SwiftCompile normal arm64 /Users/admin/builder/spi-builder-workspace/Sources/GoogleSheetsSwift/GoogleSheetsClient.swift (in target 'GoogleSheetsSwift' from project 'GoogleSheetsSwift')
    cd /Users/admin/builder/spi-builder-workspace/.swiftpm/xcode
    builtin-SwiftPerFileCompile GoogleSheetsClient.swift
SwiftCompile normal arm64 Compiling\ GoogleSheetsSwift.swift,\ HTTPClient.swift /Users/admin/builder/spi-builder-workspace/Sources/GoogleSheetsSwift/GoogleSheetsSwift.swift /Users/admin/builder/spi-builder-workspace/Sources/GoogleSheetsSwift/HTTPClient.swift (in target 'GoogleSheetsSwift' from project 'GoogleSheetsSwift')
SwiftCompile normal arm64 /Users/admin/builder/spi-builder-workspace/Sources/GoogleSheetsSwift/GoogleSheetsSwift.swift (in target 'GoogleSheetsSwift' from project 'GoogleSheetsSwift')
    cd /Users/admin/builder/spi-builder-workspace/.swiftpm/xcode
    builtin-SwiftPerFileCompile GoogleSheetsSwift.swift
SwiftCompile normal arm64 /Users/admin/builder/spi-builder-workspace/Sources/GoogleSheetsSwift/HTTPClient.swift (in target 'GoogleSheetsSwift' from project 'GoogleSheetsSwift')
    cd /Users/admin/builder/spi-builder-workspace/.swiftpm/xcode
    builtin-SwiftPerFileCompile HTTPClient.swift
SwiftEmitModule normal arm64_32 Emitting\ module\ for\ GoogleSheetsSwift (in target 'GoogleSheetsSwift' from project 'GoogleSheetsSwift')
SwiftCompile normal arm64_32 (in target 'GoogleSheetsSwift' from project 'GoogleSheetsSwift')
    cd /Users/admin/builder/spi-builder-workspace/.swiftpm/xcode

SwiftEmitModule normal arm64 Emitting\ module\ for\ GoogleSheetsSwift (in target 'GoogleSheetsSwift' from project 'GoogleSheetsSwift')
SwiftCompile normal arm64 (in target 'GoogleSheetsSwift' from project 'GoogleSheetsSwift')
    cd /Users/admin/builder/spi-builder-workspace/.swiftpm/xcode

SwiftCompile normal arm64 Compiling\ ValuesServiceProtocol.swift /Users/admin/builder/spi-builder-workspace/Sources/GoogleSheetsSwift/Services/ValuesServiceProtocol.swift (in target 'GoogleSheetsSwift' from project 'GoogleSheetsSwift')
SwiftCompile normal arm64 /Users/admin/builder/spi-builder-workspace/Sources/GoogleSheetsSwift/Services/ValuesServiceProtocol.swift (in target 'GoogleSheetsSwift' from project 'GoogleSheetsSwift')
    cd /Users/admin/builder/spi-builder-workspace/.swiftpm/xcode
    builtin-SwiftPerFileCompile ValuesServiceProtocol.swift
SwiftCompile normal arm64_32 Compiling\ GoogleSheetsClient.swift /Users/admin/builder/spi-builder-workspace/Sources/GoogleSheetsSwift/GoogleSheetsClient.swift (in target 'GoogleSheetsSwift' from project 'GoogleSheetsSwift')
SwiftCompile normal arm64_32 /Users/admin/builder/spi-builder-workspace/Sources/GoogleSheetsSwift/GoogleSheetsClient.swift (in target 'GoogleSheetsSwift' from project 'GoogleSheetsSwift')
    cd /Users/admin/builder/spi-builder-workspace/.swiftpm/xcode
    builtin-SwiftPerFileCompile GoogleSheetsClient.swift
SwiftCompile normal arm64_32 Compiling\ MemoryEfficientDataHandler.swift /Users/admin/builder/spi-builder-workspace/Sources/GoogleSheetsSwift/Performance/MemoryEfficientDataHandler.swift (in target 'GoogleSheetsSwift' from project 'GoogleSheetsSwift')
SwiftCompile normal arm64_32 /Users/admin/builder/spi-builder-workspace/Sources/GoogleSheetsSwift/Performance/MemoryEfficientDataHandler.swift (in target 'GoogleSheetsSwift' from project 'GoogleSheetsSwift')
    cd /Users/admin/builder/spi-builder-workspace/.swiftpm/xcode
    builtin-SwiftPerFileCompile MemoryEfficientDataHandler.swift
SwiftCompile normal arm64_32 Compiling\ ResponseCache.swift /Users/admin/builder/spi-builder-workspace/Sources/GoogleSheetsSwift/Cache/ResponseCache.swift (in target 'GoogleSheetsSwift' from project 'GoogleSheetsSwift')
SwiftCompile normal arm64_32 /Users/admin/builder/spi-builder-workspace/Sources/GoogleSheetsSwift/Cache/ResponseCache.swift (in target 'GoogleSheetsSwift' from project 'GoogleSheetsSwift')
    cd /Users/admin/builder/spi-builder-workspace/.swiftpm/xcode
    builtin-SwiftPerFileCompile ResponseCache.swift
SwiftCompile normal arm64_32 Compiling\ OAuth2TokenManager.swift /Users/admin/builder/spi-builder-workspace/Sources/GoogleSheetsSwift/OAuth2TokenManager.swift (in target 'GoogleSheetsSwift' from project 'GoogleSheetsSwift')
/Users/admin/builder/spi-builder-workspace/Sources/GoogleSheetsSwift/OAuth2TokenManager.swift:454:28: error: cannot find 'SecItemImportExportKeyParameters' in scope
452 |
453 |         // Try using SecItemImport which is more robust for PKCS#8 keys
454 |         var importParams = SecItemImportExportKeyParameters()
    |                            `- error: cannot find 'SecItemImportExportKeyParameters' in scope
455 |         importParams.version = UInt32(SEC_KEY_IMPORT_EXPORT_PARAMS_VERSION)
456 |         importParams.flags = SecKeyImportExportFlags(rawValue: 0)
/Users/admin/builder/spi-builder-workspace/Sources/GoogleSheetsSwift/OAuth2TokenManager.swift:455:39: error: cannot find 'SEC_KEY_IMPORT_EXPORT_PARAMS_VERSION' in scope
453 |         // Try using SecItemImport which is more robust for PKCS#8 keys
454 |         var importParams = SecItemImportExportKeyParameters()
455 |         importParams.version = UInt32(SEC_KEY_IMPORT_EXPORT_PARAMS_VERSION)
    |                                       `- error: cannot find 'SEC_KEY_IMPORT_EXPORT_PARAMS_VERSION' in scope
456 |         importParams.flags = SecKeyImportExportFlags(rawValue: 0)
457 |         importParams.passphrase = nil
/Users/admin/builder/spi-builder-workspace/Sources/GoogleSheetsSwift/OAuth2TokenManager.swift:456:30: error: cannot find 'SecKeyImportExportFlags' in scope
454 |         var importParams = SecItemImportExportKeyParameters()
455 |         importParams.version = UInt32(SEC_KEY_IMPORT_EXPORT_PARAMS_VERSION)
456 |         importParams.flags = SecKeyImportExportFlags(rawValue: 0)
    |                              `- error: cannot find 'SecKeyImportExportFlags' in scope
457 |         importParams.passphrase = nil
458 |         importParams.alertTitle = nil
/Users/admin/builder/spi-builder-workspace/Sources/GoogleSheetsSwift/OAuth2TokenManager.swift:465:28: error: cannot find 'SecItemImport' in scope
463 |
464 |         var outItems: CFArray?
465 |         let importStatus = SecItemImport(
    |                            `- error: cannot find 'SecItemImport' in scope
466 |             keyData as CFData,
467 |             nil, // filename
/Users/admin/builder/spi-builder-workspace/Sources/GoogleSheetsSwift/OAuth2TokenManager.swift:470:13: error: cannot find 'SecItemImportExportFlags' in scope
468 |             nil, // inputFormat (let system determine)
469 |             nil, // itemType (let system determine)
470 |             SecItemImportExportFlags(rawValue: 0),
    |             `- error: cannot find 'SecItemImportExportFlags' in scope
471 |             &importParams,
472 |             nil, // keychain (use default)
Failed frontend command:
/Applications/Xcode-27.0.0-Release.Candidate.app/Contents/Developer/Toolchains/XcodeDefault.xctoolchain/usr/bin/swift-frontend -frontend -c /Users/admin/builder/spi-builder-workspace/Sources/GoogleSheetsSwift/Cache/ResponseCache.swift /Users/admin/builder/spi-builder-workspace/Sources/GoogleSheetsSwift/GoogleSheetsClient.swift /Users/admin/builder/spi-builder-workspace/Sources/GoogleSheetsSwift/GoogleSheetsError.swift /Users/admin/builder/spi-builder-workspace/Sources/GoogleSheetsSwift/GoogleSheetsLogger.swift /Users/admin/builder/spi-builder-workspace/Sources/GoogleSheetsSwift/GoogleSheetsSwift.swift /Users/admin/builder/spi-builder-workspace/Sources/GoogleSheetsSwift/HTTPClient.swift /Users/admin/builder/spi-builder-workspace/Sources/GoogleSheetsSwift/Models/AnyCodable.swift /Users/admin/builder/spi-builder-workspace/Sources/GoogleSheetsSwift/Models/Enums.swift /Users/admin/builder/spi-builder-workspace/Sources/GoogleSheetsSwift/Models/SpreadsheetModels.swift /Users/admin/builder/spi-builder-workspace/Sources/GoogleSheetsSwift/Models/ValueModels.swift -primary-file /Users/admin/builder/spi-builder-workspace/Sources/GoogleSheetsSwift/OAuth2TokenManager.swift /Users/admin/builder/spi-builder-workspace/Sources/GoogleSheetsSwift/Performance/BatchOptimizer.swift /Users/admin/builder/spi-builder-workspace/Sources/GoogleSheetsSwift/Performance/MemoryEfficientDataHandler.swift /Users/admin/builder/spi-builder-workspace/Sources/GoogleSheetsSwift/RetryConfiguration.swift /Users/admin/builder/spi-builder-workspace/Sources/GoogleSheetsSwift/Services/BaseService.swift /Users/admin/builder/spi-builder-workspace/Sources/GoogleSheetsSwift/Services/SpreadsheetsService.swift /Users/admin/builder/spi-builder-workspace/Sources/GoogleSheetsSwift/Services/SpreadsheetsServiceProtocol.swift /Users/admin/builder/spi-builder-workspace/Sources/GoogleSheetsSwift/Services/ValuesService.swift /Users/admin/builder/spi-builder-workspace/Sources/GoogleSheetsSwift/Services/ValuesServiceProtocol.swift -emit-dependencies-path /Users/admin/builder/spi-builder-workspace/.derivedData/Build/Intermediates.noindex/GoogleSheetsSwift.build/Debug-watchos/GoogleSheetsSwift-t.build/Objects-normal/arm64_32/OAuth2TokenManager.d -emit-const-values-path /Users/admin/builder/spi-builder-workspace/.derivedData/Build/Intermediates.noindex/GoogleSheetsSwift.build/Debug-watchos/GoogleSheetsSwift-t.build/Objects-normal/arm64_32/OAuth2TokenManager.swiftconstvalues -emit-reference-dependencies-path /Users/admin/builder/spi-builder-workspace/.derivedData/Build/Intermediates.noindex/GoogleSheetsSwift.build/Debug-watchos/GoogleSheetsSwift-t.build/Objects-normal/arm64_32/OAuth2TokenManager.swiftdeps -serialize-diagnostics-path /Users/admin/builder/spi-builder-workspace/.derivedData/Build/Intermediates.noindex/GoogleSheetsSwift.build/Debug-watchos/GoogleSheetsSwift-t.build/Objects-normal/arm64_32/OAuth2TokenManager.dia -target arm64_32-apple-watchos9.0 -disable-cross-import-overlay-search -load-resolved-plugin /Applications/Xcode-27.0.0-Release.Candidate.app/Contents/Developer/Platforms/WatchOS.platform/Developer/usr/lib/swift/host/plugins/libFoundationMacros.dylib\#/Applications/Xcode-27.0.0-Release.Candidate.app/Contents/Developer/Platforms/WatchOS.platform/Developer/usr/bin/swift-plugin-server\#FoundationMacros -load-resolved-plugin /Applications/Xcode-27.0.0-Release.Candidate.app/Contents/Developer/Platforms/WatchOS.platform/Developer/usr/lib/swift/host/plugins/libObservationMacros.dylib\#/Applications/Xcode-27.0.0-Release.Candidate.app/Contents/Developer/Platforms/WatchOS.platform/Developer/usr/bin/swift-plugin-server\#ObservationMacros -load-resolved-plugin /Applications/Xcode-27.0.0-Release.Candidate.app/Contents/Developer/Platforms/WatchOS.platform/Developer/usr/lib/swift/host/plugins/libSwiftMacros.dylib\#/Applications/Xcode-27.0.0-Release.Candidate.app/Contents/Developer/Platforms/WatchOS.platform/Developer/usr/bin/swift-plugin-server\#SwiftMacros -disable-implicit-swift-modules -Xcc -fno-implicit-modules -Xcc -fno-implicit-module-maps -explicit-swift-module-map-file /Users/admin/builder/spi-builder-workspace/.derivedData/Build/Intermediates.noindex/GoogleSheetsSwift.build/Debug-watchos/GoogleSheetsSwift-t.build/Objects-normal/arm64_32/GoogleSheetsSwift-dependencies-2.json -enable-objc-interop -sdk /Applications/Xcode-27.0.0-Release.Candidate.app/Contents/Developer/Platforms/WatchOS.platform/Developer/SDKs/WatchOS27.0.sdk -I /Users/admin/builder/spi-builder-workspace/.derivedData/Build/Products/Debug-watchos -Isystem /Applications/Xcode-27.0.0-Release.Candidate.app/Contents/Developer/Platforms/WatchOS.platform/Developer/usr/lib -F /Users/admin/builder/spi-builder-workspace/.derivedData/Build/Products/Debug-watchos -F /Applications/Xcode-27.0.0-Release.Candidate.app/Contents/Developer/Platforms/WatchOS.platform/Developer/Library/Frameworks -F /Applications/Xcode-27.0.0-Release.Candidate.app/Contents/Developer/Platforms/WatchOS.platform/Developer/SDKs/WatchOS27.0.sdk/Developer/Library/Frameworks -module-cache-path /Users/admin/builder/spi-builder-workspace/.derivedData/Build/Intermediates.noindex/SwiftExplicitPrecompiledModules -no-color-diagnostics -Xcc -fno-color-diagnostics -enable-testing -g -debug-info-format\=dwarf -dwarf-version\=4 -profile-generate -profile-coverage-mapping -swift-version 5 -Onone -D SWIFT_PACKAGE -D DEBUG -D SWIFT_MODULE_RESOURCE_BUNDLE_UNAVAILABLE -D Xcode -serialize-debugging-options -enable-experimental-feature DebugDescriptionMacro -empty-abi-descriptor -validate-clang-modules-once -clang-build-session-file /Users/admin/builder/spi-builder-workspace/.derivedData/ModuleCache.noindex/Session.modulevalidation -Xcc -working-directory -Xcc /Users/admin/builder/spi-builder-workspace/.swiftpm/xcode -enable-anonymous-context-mangled-names -file-compilation-dir /Users/admin/builder/spi-builder-workspace/.swiftpm/xcode -Xcc -D_LIBCPP_HARDENING_MODE\=_LIBCPP_HARDENING_MODE_DEBUG -Xcc -ivfsstatcache -Xcc /Users/admin/builder/spi-builder-workspace/.derivedData/SDKStatCaches.noindex/watchos27.0-24R360-e829b21a6f8c9b70876ba0858053c04477534ef55a1706bf4c1112bbb242f0a2.sdkstatcache -Xcc -fmodules-prune-interval\=86400 -Xcc -fmodules-prune-after\=345600 -Xcc -I/Users/admin/builder/spi-builder-workspace/.derivedData/Build/Products/Debug-watchos/include -Xcc -I/Users/admin/builder/spi-builder-workspace/.derivedData/Build/Intermediates.noindex/GoogleSheetsSwift.build/Debug-watchos/GoogleSheetsSwift-t.build/DerivedSources-normal/arm64_32 -Xcc -I/Users/admin/builder/spi-builder-workspace/.derivedData/Build/Intermediates.noindex/GoogleSheetsSwift.build/Debug-watchos/GoogleSheetsSwift-t.build/DerivedSources/arm64_32 -Xcc -I/Users/admin/builder/spi-builder-workspace/.derivedData/Build/Intermediates.noindex/GoogleSheetsSwift.build/Debug-watchos/GoogleSheetsSwift-t.build/DerivedSources -Xcc -DSWIFT_PACKAGE -Xcc -DDEBUG\=1 -no-auto-bridging-header-chaining -module-name GoogleSheetsSwift -const-gather-protocols-file /Users/admin/builder/spi-builder-workspace/.derivedData/Build/Intermediates.noindex/GoogleSheetsSwift.build/Debug-watchos/GoogleSheetsSwift-t.build/Objects-normal/arm64_32/GoogleSheetsSwift_const_extract_protocols.json -disable-clang-spi -clang-target arm64_32-apple-watchos27.0 -target-sdk-version 27.0 -target-sdk-name watchos27.0 -in-process-plugin-server-path /Applications/Xcode-27.0.0-Release.Candidate.app/Contents/Developer/Toolchains/XcodeDefault.xctoolchain/usr/lib/swift/host/libSwiftInProcPluginServer.dylib -parse-as-library -o /Users/admin/builder/spi-builder-workspace/.derivedData/Build/Intermediates.noindex/GoogleSheetsSwift.build/Debug-watchos/GoogleSheetsSwift-t.build/Objects-normal/arm64_32/OAuth2TokenManager.o -debug-module-path /Users/admin/builder/spi-builder-workspace/.derivedData/Build/Intermediates.noindex/GoogleSheetsSwift.build/Debug-watchos/GoogleSheetsSwift-t.build/Objects-normal/arm64_32/GoogleSheetsSwift.swiftmodule -index-unit-output-path /GoogleSheetsSwift.build/Debug-watchos/GoogleSheetsSwift-t.build/Objects-normal/arm64_32/OAuth2TokenManager.o -index-store-path /Users/admin/builder/spi-builder-workspace/.derivedData/Index.noindex/DataStore -index-system-modules
SwiftCompile normal arm64_32 /Users/admin/builder/spi-builder-workspace/Sources/GoogleSheetsSwift/OAuth2TokenManager.swift (in target 'GoogleSheetsSwift' from project 'GoogleSheetsSwift')
    cd /Users/admin/builder/spi-builder-workspace/.swiftpm/xcode
    builtin-SwiftPerFileCompile OAuth2TokenManager.swift
SwiftCompile normal arm64 Compiling\ SpreadsheetModels.swift,\ ValueModels.swift /Users/admin/builder/spi-builder-workspace/Sources/GoogleSheetsSwift/Models/SpreadsheetModels.swift /Users/admin/builder/spi-builder-workspace/Sources/GoogleSheetsSwift/Models/ValueModels.swift (in target 'GoogleSheetsSwift' from project 'GoogleSheetsSwift')
SwiftCompile normal arm64 /Users/admin/builder/spi-builder-workspace/Sources/GoogleSheetsSwift/Models/SpreadsheetModels.swift (in target 'GoogleSheetsSwift' from project 'GoogleSheetsSwift')
    cd /Users/admin/builder/spi-builder-workspace/.swiftpm/xcode
    builtin-SwiftPerFileCompile SpreadsheetModels.swift
SwiftCompile normal arm64 /Users/admin/builder/spi-builder-workspace/Sources/GoogleSheetsSwift/Models/ValueModels.swift (in target 'GoogleSheetsSwift' from project 'GoogleSheetsSwift')
    cd /Users/admin/builder/spi-builder-workspace/.swiftpm/xcode
    builtin-SwiftPerFileCompile ValueModels.swift
SwiftEmitModule normal arm64_32 Emitting\ module\ for\ Client (in target 'Client-product' from project 'GoogleSheetsSwift')
/Users/admin/builder/spi-builder-workspace/Sources/Client/main.swift:84:9: warning: initialization of immutable value 'newRecipe' was never used; consider replacing with assignment to '_' or removing it [#NoUsage]
 82 |     // Test 5: Add a new test recipe
 83 |     print("\n🔍 Test 5: Adding a new test recipe")
 84 |     let newRecipe = ValueRange(
    |         `- warning: initialization of immutable value 'newRecipe' was never used; consider replacing with assignment to '_' or removing it [#NoUsage]
 85 |         range: "A11:C11",
 86 |         majorDimension: .rows,
/Users/admin/builder/spi-builder-workspace/Sources/Client/main.swift:114:9: warning: initialization of immutable value 'appendRecipe' was never used; consider replacing with assignment to '_' or removing it [#NoUsage]
112 |     // Test 7: Append another recipe
113 |     print("\n🔍 Test 7: Appending another recipe")
114 |     let appendRecipe = ValueRange(
    |         `- warning: initialization of immutable value 'appendRecipe' was never used; consider replacing with assignment to '_' or removing it [#NoUsage]
115 |         majorDimension: .rows,
116 |         values: [
[#NoUsage]: <https://docs.swift.org/compiler/documentation/diagnostics/no-usage>
SwiftCompile normal arm64_32 (in target 'Client-product' from project 'GoogleSheetsSwift')
    cd /Users/admin/builder/spi-builder-workspace/.swiftpm/xcode

SwiftDriverJobDiscovery normal arm64_32 Compiling ResponseCache.swift (in target 'GoogleSheetsSwift' from project 'GoogleSheetsSwift')
SwiftEmitModule normal arm64 Emitting\ module\ for\ Client (in target 'Client-product' from project 'GoogleSheetsSwift')
SwiftCompile normal arm64 (in target 'Client-product' from project 'GoogleSheetsSwift')
    cd /Users/admin/builder/spi-builder-workspace/.swiftpm/xcode

SwiftDriverJobDiscovery normal arm64_32 Compiling GoogleSheetsClient.swift (in target 'GoogleSheetsSwift' from project 'GoogleSheetsSwift')
SwiftCompile normal arm64_32 Compiling\ ValuesService.swift /Users/admin/builder/spi-builder-workspace/Sources/GoogleSheetsSwift/Services/ValuesService.swift (in target 'GoogleSheetsSwift' from project 'GoogleSheetsSwift')
SwiftCompile normal arm64_32 /Users/admin/builder/spi-builder-workspace/Sources/GoogleSheetsSwift/Services/ValuesService.swift (in target 'GoogleSheetsSwift' from project 'GoogleSheetsSwift')
    cd /Users/admin/builder/spi-builder-workspace/.swiftpm/xcode
    builtin-SwiftPerFileCompile ValuesService.swift
SwiftDriverJobDiscovery normal arm64_32 Compiling MemoryEfficientDataHandler.swift (in target 'GoogleSheetsSwift' from project 'GoogleSheetsSwift')
SwiftCompile normal arm64_32 Compiling\ BatchOptimizer.swift /Users/admin/builder/spi-builder-workspace/Sources/GoogleSheetsSwift/Performance/BatchOptimizer.swift (in target 'GoogleSheetsSwift' from project 'GoogleSheetsSwift')
SwiftCompile normal arm64_32 /Users/admin/builder/spi-builder-workspace/Sources/GoogleSheetsSwift/Performance/BatchOptimizer.swift (in target 'GoogleSheetsSwift' from project 'GoogleSheetsSwift')
    cd /Users/admin/builder/spi-builder-workspace/.swiftpm/xcode
    builtin-SwiftPerFileCompile BatchOptimizer.swift
SwiftDriverJobDiscovery normal arm64_32 Emitting module for Client (in target 'Client-product' from project 'GoogleSheetsSwift')
SwiftDriver\ Compilation\ Requirements Client normal arm64_32 com.apple.xcode.tools.swift.compiler (in target 'Client-product' from project 'GoogleSheetsSwift')
    cd /Users/admin/builder/spi-builder-workspace/.swiftpm/xcode
    builtin-Swift-Compilation-Requirements -- /Applications/Xcode-27.0.0-Release.Candidate.app/Contents/Developer/Toolchains/XcodeDefault.xctoolchain/usr/bin/swiftc -module-name Client -Onone @/Users/admin/builder/spi-builder-workspace/.derivedData/Build/Intermediates.noindex/GoogleSheetsSwift.build/Debug-watchos/Client-p.build/Objects-normal/arm64_32/Client.SwiftFileList -DSWIFT_PACKAGE -DDEBUG -DXcode -plugin-path /Applications/Xcode-27.0.0-Release.Candidate.app/Contents/Developer/Toolchains/XcodeDefault.xctoolchain/usr/lib/swift/host/plugins/testing -enable-experimental-feature DebugDescriptionMacro -sdk /Applications/Xcode-27.0.0-Release.Candidate.app/Contents/Developer/Platforms/WatchOS.platform/Developer/SDKs/WatchOS27.0.sdk -target arm64_32-apple-watchos9.0 -g -module-cache-path /Users/admin/builder/spi-builder-workspace/.derivedData/ModuleCache.noindex -Xfrontend -serialize-debugging-options -profile-coverage-mapping -profile-generate -enable-testing -index-store-path /Users/admin/builder/spi-builder-workspace/.derivedData/Index.noindex/DataStore -Xcc -D_LIBCPP_HARDENING_MODE\=_LIBCPP_HARDENING_MODE_DEBUG -swift-version 5 -I /Users/admin/builder/spi-builder-workspace/.derivedData/Build/Products/Debug-watchos -Isystem /Applications/Xcode-27.0.0-Release.Candidate.app/Contents/Developer/Platforms/WatchOS.platform/Developer/usr/lib -F /Users/admin/builder/spi-builder-workspace/.derivedData/Build/Products/Debug-watchos/PackageFrameworks -F /Users/admin/builder/spi-builder-workspace/.derivedData/Build/Products/Debug-watchos -F /Applications/Xcode-27.0.0-Release.Candidate.app/Contents/Developer/Platforms/WatchOS.platform/Developer/Library/Frameworks -F /Applications/Xcode-27.0.0-Release.Candidate.app/Contents/Developer/Platforms/WatchOS.platform/Developer/SDKs/WatchOS27.0.sdk/Developer/Library/Frameworks -c -j10 -enable-batch-mode -incremental -Xcc -ivfsstatcache -Xcc /Users/admin/builder/spi-builder-workspace/.derivedData/SDKStatCaches.noindex/watchos27.0-24R360-e829b21a6f8c9b70876ba0858053c04477534ef55a1706bf4c1112bbb242f0a2.sdkstatcache -output-file-map /Users/admin/builder/spi-builder-workspace/.derivedData/Build/Intermediates.noindex/GoogleSheetsSwift.build/Debug-watchos/Client-p.build/Objects-normal/arm64_32/Client-OutputFileMap.json -save-temps -no-color-diagnostics -explicit-module-build -module-cache-path /Users/admin/builder/spi-builder-workspace/.derivedData/Build/Intermediates.noindex/SwiftExplicitPrecompiledModules -clang-scanner-module-cache-path /Users/admin/builder/spi-builder-workspace/.derivedData/ModuleCache.noindex -sdk-module-cache-path /Users/admin/builder/spi-builder-workspace/.derivedData/SDKExplicitPrecompiledModules -emit-dependencies -emit-module -emit-module-path /Users/admin/builder/spi-builder-workspace/.derivedData/Build/Intermediates.noindex/GoogleSheetsSwift.build/Debug-watchos/Client-p.build/Objects-normal/arm64_32/Client.swiftmodule -serialize-diagnostics -dependency-scan-serialize-diagnostics-path /Users/admin/builder/spi-builder-workspace/.derivedData/Build/Intermediates.noindex/GoogleSheetsSwift.build/Debug-watchos/Client-p.build/Objects-normal/arm64_32/Client-dependency-scan.dia -validate-clang-modules-once -clang-build-session-file /Users/admin/builder/spi-builder-workspace/.derivedData/ModuleCache.noindex/Session.modulevalidation -Xcc -fmodules-prune-interval\=86400 -Xcc -fmodules-prune-after\=345600 -emit-const-values -const-gather-protocols-list /Users/admin/builder/spi-builder-workspace/.derivedData/Build/Intermediates.noindex/GoogleSheetsSwift.build/Debug-watchos/Client-p.build/Objects-normal/arm64_32/Client_const_extract_protocols.json -Xcc -I/Users/admin/builder/spi-builder-workspace/.derivedData/Build/Products/Debug-watchos/include -Xcc -I/Users/admin/builder/spi-builder-workspace/.derivedData/Build/Intermediates.noindex/GoogleSheetsSwift.build/Debug-watchos/Client-p.build/DerivedSources-normal/arm64_32 -Xcc -I/Users/admin/builder/spi-builder-workspace/.derivedData/Build/Intermediates.noindex/GoogleSheetsSwift.build/Debug-watchos/Client-p.build/DerivedSources/arm64_32 -Xcc -I/Users/admin/builder/spi-builder-workspace/.derivedData/Build/Intermediates.noindex/GoogleSheetsSwift.build/Debug-watchos/Client-p.build/DerivedSources -Xcc -DSWIFT_PACKAGE -Xcc -DDEBUG\=1 -working-directory /Users/admin/builder/spi-builder-workspace/.swiftpm/xcode -experimental-emit-module-separately -disable-cmo
SwiftCompile normal arm64 Compiling\ GoogleSheetsError.swift,\ GoogleSheetsLogger.swift /Users/admin/builder/spi-builder-workspace/Sources/GoogleSheetsSwift/GoogleSheetsError.swift /Users/admin/builder/spi-builder-workspace/Sources/GoogleSheetsSwift/GoogleSheetsLogger.swift (in target 'GoogleSheetsSwift' from project 'GoogleSheetsSwift')
SwiftCompile normal arm64 /Users/admin/builder/spi-builder-workspace/Sources/GoogleSheetsSwift/GoogleSheetsError.swift (in target 'GoogleSheetsSwift' from project 'GoogleSheetsSwift')
    cd /Users/admin/builder/spi-builder-workspace/.swiftpm/xcode
    builtin-SwiftPerFileCompile GoogleSheetsError.swift
SwiftCompile normal arm64 /Users/admin/builder/spi-builder-workspace/Sources/GoogleSheetsSwift/GoogleSheetsLogger.swift (in target 'GoogleSheetsSwift' from project 'GoogleSheetsSwift')
    cd /Users/admin/builder/spi-builder-workspace/.swiftpm/xcode
    builtin-SwiftPerFileCompile GoogleSheetsLogger.swift
SwiftCompile normal arm64_32 Compiling\ SpreadsheetsServiceProtocol.swift /Users/admin/builder/spi-builder-workspace/Sources/GoogleSheetsSwift/Services/SpreadsheetsServiceProtocol.swift (in target 'GoogleSheetsSwift' from project 'GoogleSheetsSwift')
SwiftCompile normal arm64_32 /Users/admin/builder/spi-builder-workspace/Sources/GoogleSheetsSwift/Services/SpreadsheetsServiceProtocol.swift (in target 'GoogleSheetsSwift' from project 'GoogleSheetsSwift')
    cd /Users/admin/builder/spi-builder-workspace/.swiftpm/xcode
    builtin-SwiftPerFileCompile SpreadsheetsServiceProtocol.swift
SwiftCompile normal arm64 Compiling\ AnyCodable.swift,\ Enums.swift /Users/admin/builder/spi-builder-workspace/Sources/GoogleSheetsSwift/Models/AnyCodable.swift /Users/admin/builder/spi-builder-workspace/Sources/GoogleSheetsSwift/Models/Enums.swift (in target 'GoogleSheetsSwift' from project 'GoogleSheetsSwift')
SwiftCompile normal arm64 /Users/admin/builder/spi-builder-workspace/Sources/GoogleSheetsSwift/Models/AnyCodable.swift (in target 'GoogleSheetsSwift' from project 'GoogleSheetsSwift')
    cd /Users/admin/builder/spi-builder-workspace/.swiftpm/xcode
    builtin-SwiftPerFileCompile AnyCodable.swift
SwiftCompile normal arm64 /Users/admin/builder/spi-builder-workspace/Sources/GoogleSheetsSwift/Models/Enums.swift (in target 'GoogleSheetsSwift' from project 'GoogleSheetsSwift')
    cd /Users/admin/builder/spi-builder-workspace/.swiftpm/xcode
    builtin-SwiftPerFileCompile Enums.swift
PruneExplicitPrecompiledModules /Users/admin/builder/spi-builder-workspace/.derivedData/SDKExplicitPrecompiledModules
PruneExplicitPrecompiledModules /Users/admin/builder/spi-builder-workspace/.derivedData/Build/Intermediates.noindex/ExplicitPrecompiledModules
PruneExplicitPrecompiledModules /Users/admin/builder/spi-builder-workspace/.derivedData/Build/Intermediates.noindex/SwiftExplicitPrecompiledModules
2026-09-22 17:43:05.520 xcodebuild[746:4661] [MT] IDERunDestination: Supported platforms for the buildables in the current scheme is empty.
** BUILD FAILED **
The following build commands failed:
	SwiftCompile normal arm64_32 Compiling\ OAuth2TokenManager.swift /Users/admin/builder/spi-builder-workspace/Sources/GoogleSheetsSwift/OAuth2TokenManager.swift (in target 'GoogleSheetsSwift' from project 'GoogleSheetsSwift')
	SwiftCompile normal arm64_32 /Users/admin/builder/spi-builder-workspace/Sources/GoogleSheetsSwift/OAuth2TokenManager.swift (in target 'GoogleSheetsSwift' from project 'GoogleSheetsSwift')
	Building workspace GoogleSheetsSwift with scheme GoogleSheetsSwift-Package
(3 failures)
BUILD FAILURE 6.4 watchOS