The Swift Package Index logo.Swift Package Index

Build Information

Failed to build GoogleApiApiKeysV1, reference main (ba6cc9), with Swift 6.2 for Android on 11 Oct 2026 16:40:04 UTC.

Build Command

bash -c docker run --pull=always --rm -v "checkouts-54344843-0":/host -w "$PWD" -e JAVA_HOME="/root/.sdkman/candidates/java/current" -e SPI_BUILD="1" -e SPI_PROCESSING="1" registry.gitlab.com/saguaro1/spi-images:android-6.2-latest swift build --swift-sdk aarch64-unknown-linux-android28 2>&1

Build Log

========================================
RunAll
========================================
Builder version: 5.1.1
Interrupt handler set up.
========================================
Checkout
========================================
Clone URL: https://github.com/googleapis/swift-google-api-apikeys-v2.git
Reference: main
Initialized empty Git repository in /host/spi-builder-workspace/.git/
hint: Using 'master' as the name for the initial branch. This default branch name
hint: is subject to change. To configure the initial branch name to use in all
hint: of your new repositories, which will suppress this warning, call:
hint:
hint: 	git config --global init.defaultBranch <name>
hint:
hint: Names commonly chosen instead of 'master' are 'main', 'trunk' and
hint: 'development'. The just-created branch can be renamed via this command:
hint:
hint: 	git branch -m <name>
From https://github.com/googleapis/swift-google-api-apikeys-v2
 * branch            main       -> FETCH_HEAD
 * [new branch]      main       -> origin/main
HEAD is now at ba6cc96 chore: release circa 2026-10-07 (#1382)
Cloned https://github.com/googleapis/swift-google-api-apikeys-v2.git
Revision (git rev-parse @):
ba6cc96ffaec92de86b39865409f6858251a01ee
SPI manifest file found: $PWD/.spi.yml
SUCCESS checkout https://github.com/googleapis/swift-google-api-apikeys-v2.git at main
========================================
Build
========================================
Selected platform:         android
Swift version:             6.2
Building package at path:  $PWD
https://github.com/googleapis/swift-google-api-apikeys-v2.git
Running build ...
bash -c docker run --pull=always --rm -v "checkouts-54344843-0":/host -w "$PWD" -e JAVA_HOME="/root/.sdkman/candidates/java/current" -e SPI_BUILD="1" -e SPI_PROCESSING="1" registry.gitlab.com/saguaro1/spi-images:android-6.2-latest swift build --swift-sdk aarch64-unknown-linux-android28 2>&1
android-6.2-latest: Pulling from saguaro1/spi-images
Digest: sha256:a839c9ce201f1dacc8eb056626ec7ab0a1c6d53d7b77c83feda395f4507c51be
Status: Image is up to date for registry.gitlab.com/saguaro1/spi-images:android-6.2-latest
Fetching https://github.com/googleapis/swift-google-wkt
Fetching https://github.com/googleapis/swift-google-longrunning
Fetching https://github.com/googleapis/swift-google-rpc
Fetching https://github.com/googleapis/swift-google-gax
Fetching https://github.com/apple/swift-log
Fetching https://github.com/googleapis/swift-google-auth
[1/8257] Fetching swift-log
[2/8679] Fetching swift-log, swift-google-rpc
[265/9702] Fetching swift-log, swift-google-rpc, swift-google-wkt
[660/10321] Fetching swift-log, swift-google-rpc, swift-google-wkt, swift-google-longrunning
[3862/11344] Fetching swift-log, swift-google-rpc, swift-google-wkt, swift-google-longrunning, swift-google-auth
Fetched https://github.com/googleapis/swift-google-auth from cache (0.61s)
[1/1748] Fetching swift-google-gax
Fetched https://github.com/apple/swift-log from cache (0.84s)
Fetched https://github.com/googleapis/swift-google-longrunning from cache (0.84s)
Fetched https://github.com/googleapis/swift-google-rpc from cache (0.84s)
Fetched https://github.com/googleapis/swift-google-gax from cache (0.84s)
Fetched https://github.com/googleapis/swift-google-wkt from cache (0.84s)
Computing version for https://github.com/googleapis/swift-google-wkt
Computed https://github.com/googleapis/swift-google-wkt at 0.5.0 (1.00s)
Fetching https://github.com/swift-extras/swift-extras-base64
[1/954] Fetching swift-extras-base64
Fetched https://github.com/swift-extras/swift-extras-base64 from cache (0.40s)
Computing version for https://github.com/googleapis/swift-google-rpc
Computed https://github.com/googleapis/swift-google-rpc at 0.5.0 (0.57s)
Computing version for https://github.com/googleapis/swift-google-longrunning
Computed https://github.com/googleapis/swift-google-longrunning at 0.5.0 (0.17s)
Computing version for https://github.com/googleapis/swift-google-gax
Computed https://github.com/googleapis/swift-google-gax at 0.5.0 (0.17s)
Fetching https://github.com/apple/swift-nio
Fetching https://github.com/swift-server/async-http-client.git
[1/16464] Fetching async-http-client
[16465/102838] Fetching async-http-client, swift-nio
Fetched https://github.com/swift-server/async-http-client.git from cache (0.93s)
[864/86374] Fetching swift-nio
Fetched https://github.com/apple/swift-nio from cache (3.43s)
Computing version for https://github.com/googleapis/swift-google-auth
Computed https://github.com/googleapis/swift-google-auth at 0.5.0 (3.60s)
Fetching https://github.com/vapor/jwt-kit.git
Fetching https://github.com/apple/swift-system.git
[1/10254] Fetching jwt-kit
[2/17495] Fetching jwt-kit, swift-system
Fetched https://github.com/apple/swift-system.git from cache (0.69s)
[8921/10254] Fetching jwt-kit
Fetched https://github.com/vapor/jwt-kit.git from cache (0.86s)
Computing version for https://github.com/swift-extras/swift-extras-base64
Computed https://github.com/swift-extras/swift-extras-base64 at 1.2.0 (1.01s)
Computing version for https://github.com/swift-server/async-http-client.git
Computed https://github.com/swift-server/async-http-client.git at 1.36.2 (0.18s)
Fetching https://github.com/apple/swift-configuration.git
Fetching https://github.com/apple/swift-nio-extras.git
Fetching https://github.com/apple/swift-algorithms.git
Fetching https://github.com/apple/swift-nio-transport-services.git
Fetching https://github.com/apple/swift-service-context.git
Fetching https://github.com/apple/swift-distributed-tracing.git
[1/1501] Fetching swift-service-context
[1127/5429] Fetching swift-service-context, swift-configuration
[1738/11980] Fetching swift-service-context, swift-configuration, swift-distributed-tracing
[1804/18683] Fetching swift-service-context, swift-configuration, swift-distributed-tracing, swift-nio-extras
[1805/24847] Fetching swift-service-context, swift-configuration, swift-distributed-tracing, swift-nio-extras, swift-algorithms
[1946/27714] Fetching swift-service-context, swift-configuration, swift-distributed-tracing, swift-nio-extras, swift-algorithms, swift-nio-transport-services
Fetched https://github.com/apple/swift-nio-transport-services.git from cache (0.54s)
Fetching https://github.com/apple/swift-atomics.git
Fetched https://github.com/apple/swift-service-context.git from cache (0.60s)
Fetching https://github.com/apple/swift-nio-http2.git
Fetched https://github.com/apple/swift-distributed-tracing.git from cache (0.60s)
Fetching https://github.com/apple/swift-nio-ssl.git
Fetched https://github.com/apple/swift-algorithms.git from cache (0.61s)
Fetched https://github.com/apple/swift-configuration.git from cache (0.61s)
Fetched https://github.com/apple/swift-nio-extras.git from cache (0.61s)
[1/1889] Fetching swift-atomics
[1890/18760] Fetching swift-atomics, swift-nio-ssl
Fetched https://github.com/apple/swift-atomics.git from cache (0.48s)
[844/16871] Fetching swift-nio-ssl
[1351/29165] Fetching swift-nio-ssl, swift-nio-http2
Fetched https://github.com/apple/swift-nio-http2.git from cache (1.00s)
Fetched https://github.com/apple/swift-nio-ssl.git from cache (1.23s)
Computing version for https://github.com/apple/swift-service-context.git
Computed https://github.com/apple/swift-service-context.git at 1.3.0 (2.00s)
Computing version for https://github.com/apple/swift-algorithms.git
Computed https://github.com/apple/swift-algorithms.git at 1.2.1 (1.39s)
Fetching https://github.com/apple/swift-numerics.git
[1/6733] Fetching swift-numerics
Fetched https://github.com/apple/swift-numerics.git from cache (0.54s)
Computing version for https://github.com/apple/swift-log
Computed https://github.com/apple/swift-log at 1.16.1 (0.71s)
Computing version for https://github.com/apple/swift-distributed-tracing.git
Computed https://github.com/apple/swift-distributed-tracing.git at 1.5.0 (0.16s)
Computing version for https://github.com/apple/swift-atomics.git
Computed https://github.com/apple/swift-atomics.git at 1.3.1 (0.15s)
Computing version for https://github.com/apple/swift-numerics.git
Computed https://github.com/apple/swift-numerics.git at 1.1.1 (0.15s)
Computing version for https://github.com/apple/swift-nio
Computed https://github.com/apple/swift-nio at 2.104.0 (0.37s)
Fetching https://github.com/apple/swift-collections.git
[1/28703] Fetching swift-collections
Fetched https://github.com/apple/swift-collections.git from cache (1.41s)
Computing version for https://github.com/apple/swift-configuration.git
Computed https://github.com/apple/swift-configuration.git at 1.2.2 (2.24s)
Fetching https://github.com/swift-server/swift-service-lifecycle
[1/2867] Fetching swift-service-lifecycle
Fetched https://github.com/swift-server/swift-service-lifecycle from cache (0.45s)
Computing version for https://github.com/apple/swift-nio-transport-services.git
Computed https://github.com/apple/swift-nio-transport-services.git at 1.28.0 (0.62s)
Computing version for https://github.com/swift-server/swift-service-lifecycle
Computed https://github.com/swift-server/swift-service-lifecycle at 2.12.1 (0.16s)
Fetching https://github.com/apple/swift-async-algorithms.git
[1/6820] Fetching swift-async-algorithms
Fetched https://github.com/apple/swift-async-algorithms.git from cache (0.52s)
Computing version for https://github.com/apple/swift-async-algorithms.git
Computed https://github.com/apple/swift-async-algorithms.git at 1.1.7 (0.75s)
Computing version for https://github.com/apple/swift-collections.git
Computed https://github.com/apple/swift-collections.git at 1.7.2 (0.25s)
Computing version for https://github.com/apple/swift-nio-http2.git
Computed https://github.com/apple/swift-nio-http2.git at 1.46.0 (0.17s)
Computing version for https://github.com/vapor/jwt-kit.git
Computed https://github.com/vapor/jwt-kit.git at 5.7.1 (0.15s)
Fetching https://github.com/apple/swift-crypto.git
Fetching https://github.com/apple/swift-certificates.git
[1/18629] Fetching swift-crypto
[2/26242] Fetching swift-crypto, swift-certificates
Fetched https://github.com/apple/swift-certificates.git from cache (1.27s)
Fetched https://github.com/apple/swift-crypto.git from cache (1.28s)
Computing version for https://github.com/apple/swift-crypto.git
Computed https://github.com/apple/swift-crypto.git at 4.5.2 (1.91s)
Fetching https://github.com/apple/swift-asn1.git
[1/2009] Fetching swift-asn1
Fetched https://github.com/apple/swift-asn1.git from cache (0.51s)
Computing version for https://github.com/apple/swift-asn1.git
Computed https://github.com/apple/swift-asn1.git at 1.7.3 (0.70s)
Computing version for https://github.com/apple/swift-certificates.git
Computed https://github.com/apple/swift-certificates.git at 1.21.0 (0.22s)
Computing version for https://github.com/apple/swift-nio-ssl.git
Computed https://github.com/apple/swift-nio-ssl.git at 2.37.5 (0.20s)
Computing version for https://github.com/apple/swift-system.git
Computed https://github.com/apple/swift-system.git at 1.8.1 (0.19s)
Computing version for https://github.com/apple/swift-nio-extras.git
Computed https://github.com/apple/swift-nio-extras.git at 1.35.1 (0.28s)
Fetching https://github.com/apple/swift-http-types.git
Fetching https://github.com/apple/swift-http-structured-headers.git
[1/1253] Fetching swift-http-structured-headers
[89/3192] Fetching swift-http-structured-headers, swift-http-types
Fetched https://github.com/apple/swift-http-structured-headers.git from cache (0.42s)
Fetched https://github.com/apple/swift-http-types.git from cache (0.42s)
Computing version for https://github.com/apple/swift-http-structured-headers.git
Computed https://github.com/apple/swift-http-structured-headers.git at 1.7.0 (0.58s)
Computing version for https://github.com/apple/swift-http-types.git
Computed https://github.com/apple/swift-http-types.git at 1.8.0 (0.18s)
Creating working copy for https://github.com/apple/swift-configuration.git
Working copy of https://github.com/apple/swift-configuration.git resolved at 1.2.2
Creating working copy for https://github.com/googleapis/swift-google-rpc
Working copy of https://github.com/googleapis/swift-google-rpc resolved at 0.5.0
Creating working copy for https://github.com/apple/swift-async-algorithms.git
Working copy of https://github.com/apple/swift-async-algorithms.git resolved at 1.1.7
Creating working copy for https://github.com/apple/swift-algorithms.git
Working copy of https://github.com/apple/swift-algorithms.git resolved at 1.2.1
Creating working copy for https://github.com/vapor/jwt-kit.git
Working copy of https://github.com/vapor/jwt-kit.git resolved at 5.7.1
Creating working copy for https://github.com/apple/swift-system.git
Working copy of https://github.com/apple/swift-system.git resolved at 1.8.1
Creating working copy for https://github.com/apple/swift-crypto.git
Working copy of https://github.com/apple/swift-crypto.git resolved at 4.5.2
Creating working copy for https://github.com/apple/swift-nio-http2.git
Working copy of https://github.com/apple/swift-nio-http2.git resolved at 1.46.0
Creating working copy for https://github.com/apple/swift-asn1.git
Working copy of https://github.com/apple/swift-asn1.git resolved at 1.7.3
Creating working copy for https://github.com/apple/swift-numerics.git
Working copy of https://github.com/apple/swift-numerics.git resolved at 1.1.1
Creating working copy for https://github.com/apple/swift-nio
Working copy of https://github.com/apple/swift-nio resolved at 2.104.0
Creating working copy for https://github.com/apple/swift-atomics.git
Working copy of https://github.com/apple/swift-atomics.git resolved at 1.3.1
Creating working copy for https://github.com/swift-extras/swift-extras-base64
Working copy of https://github.com/swift-extras/swift-extras-base64 resolved at 1.2.0
Creating working copy for https://github.com/apple/swift-collections.git
Working copy of https://github.com/apple/swift-collections.git resolved at 1.7.2
Creating working copy for https://github.com/apple/swift-http-structured-headers.git
Working copy of https://github.com/apple/swift-http-structured-headers.git resolved at 1.7.0
Creating working copy for https://github.com/swift-server/async-http-client.git
Working copy of https://github.com/swift-server/async-http-client.git resolved at 1.36.2
Creating working copy for https://github.com/apple/swift-nio-extras.git
Working copy of https://github.com/apple/swift-nio-extras.git resolved at 1.35.1
Creating working copy for https://github.com/googleapis/swift-google-longrunning
Working copy of https://github.com/googleapis/swift-google-longrunning resolved at 0.5.0
Creating working copy for https://github.com/googleapis/swift-google-gax
Working copy of https://github.com/googleapis/swift-google-gax resolved at 0.5.0
Creating working copy for https://github.com/apple/swift-http-types.git
Working copy of https://github.com/apple/swift-http-types.git resolved at 1.8.0
Creating working copy for https://github.com/apple/swift-log
Working copy of https://github.com/apple/swift-log resolved at 1.16.1
Creating working copy for https://github.com/googleapis/swift-google-auth
Working copy of https://github.com/googleapis/swift-google-auth resolved at 0.5.0
Creating working copy for https://github.com/swift-server/swift-service-lifecycle
Working copy of https://github.com/swift-server/swift-service-lifecycle resolved at 2.12.1
Creating working copy for https://github.com/apple/swift-distributed-tracing.git
Working copy of https://github.com/apple/swift-distributed-tracing.git resolved at 1.5.0
Creating working copy for https://github.com/apple/swift-service-context.git
Working copy of https://github.com/apple/swift-service-context.git resolved at 1.3.0
Creating working copy for https://github.com/googleapis/swift-google-wkt
Working copy of https://github.com/googleapis/swift-google-wkt resolved at 0.5.0
Creating working copy for https://github.com/apple/swift-nio-ssl.git
Working copy of https://github.com/apple/swift-nio-ssl.git resolved at 2.37.5
Creating working copy for https://github.com/apple/swift-nio-transport-services.git
Working copy of https://github.com/apple/swift-nio-transport-services.git resolved at 1.28.0
Creating working copy for https://github.com/apple/swift-certificates.git
Working copy of https://github.com/apple/swift-certificates.git resolved at 1.21.0
Building for debugging...
[0/924] Compiling p256_beeu-x86_64-asm-apple.S
[1/924] Compiling aesv8-gcm-armv8-linux.S
[2/924] Write swift-version--11D90AFD9DD3AB2.txt
[3/924] Write sources
[6/924] Compiling _NumericsShims _NumericsShims.c
[7/930] Compiling a_i2d_fp.cc
[8/930] Write sources
[9/930] Compiling a_dup.cc
[9/930] Write sources
[47/930] Compiling _AtomicsShims.c
[48/930] Compiling CXKCPShims shims.c
[49/949] Compiling a_gentm.cc
[50/949] Compiling a_utctm.cc
[52/952] Emitting module _CertificateInternals
[52/959] Compiling a_type.cc
[53/963] Compiling unicode.cc
[55/1002] Emitting module ServiceContextModule
[56/1002] Emitting module RealModule
[57/1003] Compiling InternalCollectionsUtilities UnsafeMutablePointer+Extras.swift
[58/1003] Compiling InternalCollectionsUtilities UnsafeMutableRawBufferPointer+Extras.swift
[59/1003] Compiling InternalCollectionsUtilities UnsafePointer+Extras.swift
[60/1003] Compiling InternalCollectionsUtilities RandomAccessCollection+Offsets.swift
[61/1003] Compiling InternalCollectionsUtilities Span+Extras.swift
[62/1008] Compiling RealModule RealFunctions.swift
[63/1008] Compiling InternalCollectionsUtilities LifetimeOverride.swift
[64/1008] Compiling InternalCollectionsUtilities MutableRef.swift
[65/1008] Compiling InternalCollectionsUtilities Iterable+CopyContents.swift
[66/1008] Compiling InternalCollectionsUtilities Iterable+Equality.swift
[67/1008] Compiling InternalCollectionsUtilities BorrowingIteratorProtocol+Equality.swift
[68/1008] Compiling InternalCollectionsUtilities BorrowingIteratorProtocol+Extras.swift
[69/1008] Compiling InternalCollectionsUtilities Debugging.swift
[70/1008] Compiling InternalCollectionsUtilities Descriptions.swift
[71/1008] Compiling RealModule Float80+Real.swift
[72/1008] Compiling RealModule Real.swift
[73/1008] Compiling ServiceContextModule ServiceContextKey.swift
[74/1008] Compiling RealModule RelaxedArithmetic.swift
[76/1008] Compiling InternalCollectionsUtilities FixedWidthInteger+roundUpToPowerOfTwo.swift
[77/1008] Compiling RealModule Float16+Real.swift
[78/1008] Compiling ServiceContextModule ServiceContext.swift
[80/1009] Compiling InternalCollectionsUtilities Integer rank.swift
[91/1009] Compiling InternalCollectionsUtilities UInt+first and last set bit.swift
[92/1009] Compiling InternalCollectionsUtilities UInt+reversed.swift
[93/1009] Emitting module InternalCollectionsUtilities
[94/1010] Compiling Logging LoggingSystem.swift
[95/1010] Compiling Logging Logger.swift
[97/1011] Compiling _CertificateInternals _TinyArray.swift
[98/1012] Compiling InternalCollectionsUtilities Strideable+LimitHelpers.swift
[99/1012] Compiling InternalCollectionsUtilities String+Padding.swift
[100/1012] Compiling InternalCollectionsUtilities TemporaryAllocation.swift
[101/1012] Compiling InternalCollectionsUtilities _UnsafeBitSet+Index.swift
[102/1012] Compiling InternalCollectionsUtilities MutableSpan+Extras.swift
[103/1012] Compiling InternalCollectionsUtilities OutputSpan+Extras.swift
[107/1012] Compiling SwiftASN1 DER.swift
[108/1012] Compiling SwiftASN1 Errors.swift
[109/1012] Compiling InternalCollectionsUtilities UnsafeBufferPointer+Extras.swift
[110/1012] Compiling InternalCollectionsUtilities UnsafeMutableBufferPointer+Extras.swift
[112/1012] Compiling InternalCollectionsUtilities UnsafeRawBufferPointer+Extras.swift
[113/1012] Compiling InternalCollectionsUtilities _SortedCollection.swift
[114/1012] Compiling InternalCollectionsUtilities _UniqueCollection.swift
[115/1013] Compiling Logging Logger+With.swift
[116/1013] Compiling Logging Logger+Attributes.swift
[118/1018] Compiling _NIODataStructures Heap.swift
[119/1018] Emitting module _NIODataStructures
[120/1018] Compiling _NIODataStructures PriorityQueue.swift
[121/1018] Emitting module _NIOBase64
[122/1018] Compiling _NIOBase64 Base64.swift
[122/1018] Wrapping AST for _CertificateInternals for debugging
[124/1018] Compiling _NIODataStructures _TinyArray.swift
[124/1026] Wrapping AST for ServiceContextModule for debugging
[127/1030] Wrapping AST for RealModule for debugging
[129/1030] Emitting module Instrumentation
[130/1030] Emitting module SpanPreview
[130/1030] Wrapping AST for _NIODataStructures for debugging
[131/1030] Wrapping AST for _NIOBase64 for debugging
[132/1030] Compiling SimpleFIPS202.c
[134/1030] Compiling Instrumentation NoOpInstrument.swift
[134/1030] Wrapping AST for InternalCollectionsUtilities for debugging
[135/1030] Compiling KeccakSponge.c
[137/1030] Compiling SpanPreview InputSpan.swift
[138/1030] Compiling SpanPreview OutputSpan+InputSpanHelpers.swift
[139/1030] Compiling SpanPreview MutableSpan+InputSpanHelpers.swift
[139/1031] Compiling KeccakHash.c
[140/1031] Compiling CSystem shims.c
[142/1031] Compiling CNIOWindows shim.c
[144/1031] Compiling Instrumentation MultiplexInstrument.swift
[144/1031] Compiling CNIOWindows WSAStartup.c
[146/1031] Compiling ExtrasBase64 Base32+Span.swift
[146/1031] Compiling CNIOWASI CNIOWASI.c
[146/1031] Compiling CNIOPosix event_loop_id.c
[149/1031] Compiling Instrumentation Instrument.swift
[149/1031] Wrapping AST for SpanPreview for debugging
[150/1064] Compiling CNIOOpenBSD shim.c
[152/1106] Emitting module SwiftASN1
[153/1106] Compiling SystemPackage FilePath.swift
[154/1106] Compiling SystemPackage FilePathComponentView.swift
[155/1106] Compiling SystemPackage FilePathComponents.swift
[156/1106] Compiling SystemPackage Errno.swift
[157/1106] Compiling SystemPackage ErrnoWindows.swift
[158/1106] Compiling SystemPackage FileDescriptor.swift
[158/1110] Compiling KeccakP-1600-opt64.c
[159/1110] Compiling CNIOLinux liburing_shims.c
[160/1110] Compiling CNIOLinux shim.c
[161/1110] Compiling CNIOLLHTTP c_nio_http.c
[162/1110] Compiling CNIOLLHTTP c_nio_api.c
[163/1110] Compiling CNIOFreeBSD shim.c
[164/1110] Compiling CNIOExtrasZlib zutil.c
[166/1110] Compiling SystemPackage PlatformString.swift
[167/1110] Compiling SystemPackage Backcompat.swift
[168/1110] Compiling SystemPackage CInterop.swift
[169/1110] Compiling SystemPackage Constants.swift
[170/1110] Compiling SystemPackage Exports.swift
[171/1110] Compiling SystemPackage Mocking.swift
[171/1115] Compiling CNIOExtrasZlib trees.c
[173/1115] Compiling SystemPackage IORing+Util.swift
[173/1115] Compiling CNIOExtrasZlib inftrees.c
[175/1115] Compiling SystemPackage IORing.swift
[176/1115] Compiling SystemPackage RawIORequest.swift
[177/1115] Compiling SystemPackage FileFlags.swift
[178/1115] Compiling SystemPackage FileMode.swift
[179/1115] Compiling SystemPackage FileType.swift
[180/1115] Compiling DequeModule UniqueDeque+Initializers.swift
[181/1115] Compiling DequeModule UniqueDeque+Insertions.swift
[182/1115] Compiling DequeModule UniqueDeque+Iterable.swift
[183/1115] Compiling DequeModule UniqueDeque+Prepend.swift
[184/1115] Compiling DequeModule UniqueDeque+Removals.swift
[185/1115] Compiling SystemPackage IOCompletion.swift
[186/1115] Compiling SystemPackage IORequest.swift
[186/1115] Compiling CNIOLLHTTP c_nio_llhttp.c
[191/1115] Compiling SystemPackage FileHelpers.swift
[192/1115] Compiling SystemPackage FileOperations.swift
[193/1115] Compiling CNIOExtrasZlib inflate.c
[194/1115] Compiling CNIOExtrasZlib inffast.c
[195/1115] Compiling CNIOExtrasZlib crc32.c
[196/1115] Compiling CNIOExtrasZlib adler32.c
[197/1115] Compiling CNIODarwin shim.c
[198/1115] Compiling CNIOExtrasZlib deflate.c
[199/1115] Compiling fiat_p256_adx_sqr.S
[200/1115] Compiling fiat_p256_adx_mul.S
[201/1115] Compiling fiat_curve25519_adx_square.S
[202/1115] Compiling fiat_curve25519_adx_mul.S
[204/1115] Compiling SystemPackage Identifiers.swift
[205/1115] Compiling SystemPackage Stat.swift
[206/1115] Compiling SystemPackage RawBuffer.swift
[207/1115] Compiling SystemPackage Syscalls.swift
[208/1115] Compiling SystemPackage WindowsSyscallAdapters.swift
[209/1115] Compiling SystemPackage MachPort.swift
[209/1115] Compiling CNIOBoringSSLShims shims.c
[213/1115] Compiling Instrumentation InstrumentationSystem.swift
[214/1115] Compiling Instrumentation Locks.swift
[215/1116] Compiling Logging MetadataProvider.swift
[218/1116] Emitting module Logging
[219/1116] Compiling SystemPackage FilePathTempPosix.swift
[220/1116] Compiling SystemPackage FilePathTempWindows.swift
[221/1116] Compiling SystemPackage FilePathWindows.swift
[222/1116] Compiling SystemPackage FilePermissions.swift
[229/1116] Compiling SystemPackage FilePathParsing.swift
[230/1116] Compiling SystemPackage FilePathString.swift
[231/1116] Compiling SystemPackage FilePathSyntax.swift
[232/1116] Compiling SystemPackage FilePathTemp.swift
[257/1131] Wrapping AST for Logging for debugging
[258/1131] Wrapping AST for SwiftASN1 for debugging
[259/1131] Wrapping AST for Instrumentation for debugging
[266/1131] Compiling Tracing Tracer.swift
[267/1131] Compiling Tracing TracerProtocol.swift
[267/1132] Compiling tls_method.cc
[269/1132] Compiling Tracing InstrumentationSystem+Tracing.swift
[270/1132] Compiling Tracing WithTracer.swift
[282/1132] Emitting module SystemPackage
[283/1132] Compiling Tracing TracingTime.swift
[284/1132] Compiling Tracing TracerProtocol+Legacy.swift
[285/1132] Compiling Tracing NoOpTracer.swift
[286/1132] Emitting module Tracing
[287/1132] Compiling Tracing SpanProtocol.swift
[288/1133] Compiling tls_record.cc
[289/1133] Wrapping AST for Tracing for debugging
[290/1133] Compiling tls13_enc.cc
[292/1133] Compiling SystemPackage SystemString.swift
[293/1133] Compiling SystemPackage Util+StringArray.swift
[294/1133] Compiling SystemPackage Util.swift
[295/1133] Compiling SystemPackage UtilConsumers.swift
[296/1133] Compiling SystemPackage WinSDK+Overlay.swift
[297/1134] Compiling tls13_client.cc
[298/1134] Compiling tls13_server.cc
[299/1134] Wrapping AST for SystemPackage for debugging
[301/1134] Compiling DequeModule UniqueDeque+Replacements.swift
[302/1134] Compiling DequeModule UniqueDeque.swift
[303/1134] Compiling DequeModule _DequeSlot.swift
[304/1134] Compiling DequeModule _UnsafeDequeHandle.swift
[305/1134] Compiling DequeModule _UnsafeDequeSegments.swift
[305/1134] Compiling ssl_transcript.cc
[306/1134] Compiling ssl_x509.cc
[308/1134] Emitting module DequeModule
[309/1135] Compiling ssl_versions.cc
[310/1135] Compiling t1_enc.cc
[311/1149] Wrapping AST for DequeModule for debugging
[312/1178] Compiling tls13_both.cc
[313/1178] Compiling ssl_session.cc
[314/1178] Compiling ssl_stat.cc
[316/1178] Compiling Configuration JSONSnapshot.swift
[317/1178] Compiling Configuration PropertyListSnapshot.swift
[318/1178] Compiling Configuration ReloadingFileProvider.swift
[319/1178] Compiling Configuration ReloadingFileProviderMetrics.swift
[320/1178] Compiling Configuration YAMLSnapshot.swift
[321/1178] Compiling Configuration InMemoryProvider.swift
[321/1183] Compiling ssl_privkey.cc
[322/1183] Compiling ssl_file.cc
[323/1183] Compiling ssl_cipher.cc
[325/1183] Compiling ExtrasBase64 Base64.swift
[326/1183] Compiling ExtrasBase64 Base64+Span.swift
[327/1183] Compiling ExtrasBase64 Base32.swift
[327/1183] Compiling ssl_credential.cc
[328/1183] Compiling ssl_buffer.cc
[329/1183] Compiling ssl_key_share.cc
[330/1183] Compiling ssl_lib.cc
[332/1183] Compiling Configuration SeparatorKeyEncoder.swift
[333/1183] Compiling Configuration MultiProvider.swift
[334/1183] Compiling Configuration CLIArgumentParser.swift
[335/1183] Compiling Configuration CLISnapshot.swift
[336/1183] Compiling Configuration CommandLineArgumentsProvider.swift
[337/1183] Compiling Configuration EnvironmentFileParser.swift
[338/1183] Compiling Configuration Deprecations.swift
[339/1183] Compiling Configuration ExpressibleByConfigInt.swift
[340/1183] Compiling Configuration ExpressibleByConfigString.swift
[341/1183] Compiling Configuration CLIKeyEncoder.swift
[342/1183] Compiling Configuration ConfigKeyEncoder.swift
[343/1183] Compiling Configuration DotSeparatorKeyDecoder.swift
[343/1183] Compiling ssl_cert.cc
[345/1183] Compiling Configuration MutableInMemoryProvider.swift
[346/1183] Compiling Configuration ConfigProvider+Operators.swift
[347/1183] Compiling Configuration KeyMappingProvider.swift
[348/1183] Compiling Configuration SecretsSpecifier.swift
[349/1183] Compiling Configuration AsyncCombineLatestManySequence.swift
[350/1183] Compiling Configuration CombineLatestManyStateMachine.swift
[351/1183] Compiling Configuration EnvironmentKeyEncoder.swift
[352/1183] Compiling Configuration EnvironmentVariablesProvider.swift
[353/1183] Compiling Configuration CommonProviderFileSystem.swift
[354/1183] Compiling Configuration DirectoryFilesProvider.swift
[355/1183] Compiling Configuration FileProvider.swift
[356/1183] Compiling Configuration FileProviderSnapshot.swift
[357/1183] Compiling Configuration CombineLatestManyStorage.swift
[358/1183] Compiling Configuration AsyncSequences.swift
[359/1183] Compiling Configuration FoundationExtensions.swift
[360/1183] Compiling Configuration Span.swift
[361/1183] Compiling Configuration ConfigBytesFromStringDecoder.swift
[361/1183] Compiling ssl_asn1.cc
[363/1183] Emitting module ExtrasBase64
[363/1184] Compiling ssl_aead_ctx.cc
[364/1184] Compiling s3_pkt.cc
[366/1184] Compiling s3_lib.cc
[368/1215] Compiling GoogleWKT WKTStringValue.swift
[369/1215] Compiling GoogleWKT WKTTimestamp.swift
[370/1215] Compiling GoogleWKT WKTUInt32Value.swift
[371/1215] Compiling GoogleWKT WKTUInt64Value.swift
[372/1215] Compiling GoogleWKT WKTValue.swift
[373/1215] Compiling GoogleWKT WKTApi.swift
[374/1215] Compiling GoogleWKT WKTAny.swift
[375/1215] Compiling GoogleWKT WKTAnyError.swift
[376/1215] Compiling GoogleWKT WKTBoolValue.swift
[377/1215] Compiling GoogleWKT WKTBytesValue.swift
[378/1215] Compiling GoogleWKT WKTDoubleValue.swift
[379/1215] Compiling GoogleWKT WKTDuration.swift
[380/1215] Emitting module Configuration
[381/1216] Compiling handoff.cc
[382/1216] Wrapping AST for Configuration for debugging
[383/1216] Wrapping AST for ExtrasBase64 for debugging
[384/1216] Compiling s3_both.cc
[385/1216] Compiling handshake_server.cc
[386/1216] Compiling handshake.cc
[387/1216] Compiling handshake_client.cc
[388/1216] Compiling extensions.cc
[389/1216] Compiling dtls_method.cc
[391/1216] Compiling GoogleWKT WKTFloatValue.swift
[392/1216] Compiling GoogleWKT WKTInt32Value.swift
[393/1216] Compiling GoogleWKT WKTInt64Value.swift
[394/1216] Compiling GoogleWKT WKTRecursive.swift
[399/1220] Compiling GoogleWKT UnknownFields.swift
[406/1220] Compiling GoogleWKT WKTEmpty.swift
[407/1220] Compiling GoogleWKT WKTFieldMask.swift
[407/1220] Compiling encrypted_client_hello.cc
[408/1220] Compiling md5-x86_64-linux.S
[409/1220] Compiling md5-x86_64-apple.S
[410/1220] Compiling md5-586-linux.S
[412/1220] Compiling GoogleWKT WKTField.swift
[413/1220] Compiling GoogleWKT WKTMethod.swift
[414/1220] Compiling GoogleWKT WKTMixin.swift
[415/1220] Compiling GoogleWKT WKTOption.swift
[418/1220] Compiling GoogleWKT WKTEnum.swift
[419/1220] Compiling GoogleWKT WKTEnumValue.swift
[419/1220] Compiling md5-586-apple.S
[420/1220] Compiling d1_srtp.cc
[421/1220] Compiling chacha20_poly1305_x86_64-linux.S
[422/1220] Compiling bio_ssl.cc
[423/1220] Compiling d1_pkt.cc
[424/1220] Compiling d1_lib.cc
[425/1220] Compiling chacha20_poly1305_x86_64-apple.S
[426/1220] Compiling chacha20_poly1305_armv8-apple.S
[427/1220] Compiling chacha20_poly1305_armv8-win.S
[428/1220] Compiling dtls_record.cc
[429/1220] Compiling chacha-x86_64-linux.S
[430/1220] Compiling chacha20_poly1305_armv8-linux.S
[431/1220] Compiling chacha-x86_64-apple.S
[432/1220] Compiling chacha-x86-apple.S
[433/1220] Compiling chacha-x86-linux.S
[434/1220] Compiling chacha-armv8-win.S
[435/1220] Compiling chacha-armv8-apple.S
[436/1220] Compiling chacha-armv4-linux.S
[437/1220] Compiling chacha-armv8-linux.S
[438/1220] Compiling aes128gcmsiv-x86_64-linux.S
[439/1220] Compiling aes128gcmsiv-x86_64-apple.S
[440/1220] Compiling x86_64-mont-apple.S
[441/1220] Compiling x86_64-mont5-linux.S
[441/1220] Compiling x86_64-mont5-apple.S
[443/1220] Compiling x86_64-mont-linux.S
[444/1220] Compiling x86-mont-apple.S
[445/1220] Compiling x86-mont-linux.S
[447/1220] Compiling GoogleWKT WKTSourceContext.swift
[448/1220] Compiling GoogleWKT WKTSyntax.swift
[448/1220] Compiling vpaes-x86_64-linux.S
[450/1220] Compiling GoogleWKT WKTType.swift
[451/1220] Compiling GoogleWKT PackageVersion.swift
[451/1220] Compiling err_data.cc
[452/1220] Compiling vpaes-x86_64-apple.S
[453/1220] Compiling vpaes-x86-linux.S
[454/1220] Compiling vpaes-armv8-apple.S
[455/1220] Compiling vpaes-x86-apple.S
[456/1220] Compiling vpaes-armv8-win.S
[457/1220] Compiling vpaes-armv7-linux.S
[458/1220] Compiling vpaes-armv8-linux.S
[459/1220] Compiling sha512-x86_64-linux.S
[460/1220] Compiling sha512-x86_64-apple.S
[461/1220] Compiling sha512-armv4-linux.S
[462/1220] Compiling sha512-armv8-win.S
[463/1220] Compiling sha512-armv8-apple.S
[464/1220] Compiling sha512-586-apple.S
[465/1220] Compiling sha512-armv8-linux.S
[466/1220] Compiling sha512-586-linux.S
[467/1220] Compiling sha256-x86_64-apple.S
[468/1220] Compiling sha256-x86_64-linux.S
[469/1220] Compiling sha256-armv8-apple.S
[470/1220] Compiling sha256-armv8-win.S
[471/1220] Compiling sha256-586-linux.S
[472/1220] Compiling sha256-armv4-linux.S
[472/1220] Compiling sha256-armv8-linux.S
[474/1220] Compiling d1_both.cc
[475/1220] Compiling sha256-586-apple.S
[476/1220] Compiling sha1-x86_64-linux.S
[477/1220] Compiling sha1-armv8-win.S
[479/1220] Emitting module GoogleWKT
[479/1220] Compiling sha1-armv8-apple.S
[481/1220] Compiling GoogleWKT AnyPackable.swift
[482/1220] Compiling GoogleWKT DecodeToDefault.swift
[483/1220] Compiling GoogleWKT DiscoveryBase64.swift
[484/1220] Compiling GoogleWKT ProtoJSONDecoder.swift
[485/1220] Compiling GoogleWKT ProtoJSONEncoder.swift
[485/1220] Compiling sha1-armv8-linux.S
[486/1221] Compiling sha1-x86_64-apple.S
[487/1221] Compiling sha1-586-linux.S
[488/1221] Compiling rsaz-avx2-linux.S
[489/1221] Compiling sha1-armv4-large-linux.S
[490/1221] Compiling sha1-586-apple.S
[491/1221] Compiling p256_beeu-x86_64-asm-linux.S
[491/1221] Compiling rdrand-x86_64-linux.S
[494/1221] Compiling rsaz-avx2-apple.S
[495/1221] Compiling p256_beeu-x86_64-asm-apple.S
[496/1221] Compiling rdrand-x86_64-apple.S
[497/1221] Compiling p256_beeu-armv8-asm-win.S
[498/1221] Compiling p256_beeu-armv8-asm-apple.S
[499/1221] Compiling p256-x86_64-asm-linux.S
[500/1221] Compiling p256_beeu-armv8-asm-linux.S
[501/1221] Compiling p256-armv8-asm-apple.S
[502/1221] Compiling p256-armv8-asm-win.S
[503/1221] Compiling p256-x86_64-asm-apple.S
[504/1221] Compiling p256-armv8-asm-linux.S
[505/1221] Compiling ghashv8-armv8-apple.S
[506/1221] Compiling ghashv8-armv8-win.S
[507/1221] Compiling ghashv8-armv8-linux.S
[508/1221] Compiling ghashv8-armv7-linux.S
[509/1221] Compiling ghash-x86_64-apple.S
[510/1221] Compiling ghash-x86-linux.S
[511/1221] Compiling ghash-x86-apple.S
[512/1221] Compiling ghash-x86_64-linux.S
[513/1221] Wrapping AST for GoogleWKT for debugging
[514/1221] Compiling ghash-ssse3-x86_64-linux.S
[515/1221] Compiling ghash-neon-armv8-win.S
[516/1221] Compiling ghash-ssse3-x86_64-apple.S
[517/1228] Compiling ghash-ssse3-x86-linux.S
[518/1236] Compiling ghash-neon-armv8-linux.S
[519/1236] Compiling ghash-ssse3-x86-apple.S
[520/1236] Compiling ghash-armv4-linux.S
[521/1236] Compiling ghash-neon-armv8-apple.S
[522/1236] Compiling bsaes-armv7-linux.S
[523/1236] Compiling co-586-linux.S
[524/1236] Compiling co-586-apple.S
[525/1236] Compiling bn-armv8-apple.S
[526/1236] Compiling bn-586-linux.S
[526/1236] Compiling bn-armv8-win.S
[528/1236] Compiling bn-armv8-linux.S
[529/1236] Compiling armv4-mont-linux.S
[530/1236] Compiling armv8-mont-win.S
[530/1236] Compiling armv8-mont-linux.S
[532/1236] Compiling aesv8-gcm-armv8-win.S
[533/1236] Compiling bn-586-apple.S
[534/1236] Compiling armv8-mont-apple.S
[535/1236] Compiling aesv8-gcm-armv8-apple.S
[536/1236] Compiling aesv8-gcm-armv8-linux.S
[537/1236] Compiling aesv8-armv8-linux.S
[538/1236] Compiling aesv8-armv8-win.S
[539/1236] Compiling aesv8-armv8-apple.S
[540/1236] Compiling aesni-x86_64-apple.S
[541/1236] Compiling aesv8-armv7-linux.S
[542/1236] Compiling aesni-x86_64-linux.S
[543/1236] Compiling aesni-x86-linux.S
[544/1236] Compiling aes-gcm-avx2-x86_64-linux.S
[545/1236] Compiling aesni-gcm-x86_64-linux.S
[546/1236] Compiling aesni-x86-apple.S
[547/1236] Compiling aesni-gcm-x86_64-apple.S
[547/1236] Compiling aes-gcm-avx10-x86_64-linux.S
[549/1236] Compiling aes-gcm-avx10-x86_64-apple.S
[550/1236] Compiling aes-gcm-avx2-x86_64-apple.S
[552/1236] Compiling GoogleRpc LocalizedMessage.swift
[553/1236] Compiling GoogleRpc PackageVersion.swift
[554/1238] Compiling GoogleRpc RequestInfo.swift
[555/1238] Compiling GoogleRpc ResourceInfo.swift
[556/1238] Emitting module GoogleRpc
[557/1238] Compiling GoogleRpc BadRequest.swift
[558/1238] Compiling GoogleRpc Code.swift
[558/1238] Compiling x_req.cc
[559/1238] Compiling x_spki.cc
[560/1238] Compiling x_val.cc
[562/1238] Compiling GoogleRpc HttpRequest.swift
[563/1238] Compiling GoogleRpc HttpResponse.swift
[564/1238] Compiling GoogleRpc Help.swift
[565/1238] Compiling GoogleRpc HttpHeader.swift
[566/1238] Compiling GoogleRpc DebugInfo.swift
[567/1238] Compiling GoogleRpc ErrorInfo.swift
[568/1238] Compiling GoogleRpc PreconditionFailure.swift
[569/1238] Compiling GoogleRpc QuotaFailure.swift
[569/1238] Compiling x_x509.cc
[571/1238] Compiling GoogleRpc RetryInfo.swift
[572/1238] Compiling GoogleRpc Status.swift
[573/1239] Compiling x_x509a.cc
[574/1239] Wrapping AST for GoogleRpc for debugging
[575/1239] Compiling x_name.cc
[576/1239] Compiling x_exten.cc
[577/1239] Compiling x_sig.cc
[578/1239] Compiling x_pubkey.cc
[579/1239] Compiling x509spki.cc
[580/1239] Compiling x509rset.cc
[581/1239] Compiling x_algor.cc
[582/1239] Compiling x_attrib.cc
[583/1239] Compiling x_crl.cc
[584/1239] Compiling x_all.cc
[585/1239] Compiling x509_vpm.cc
[586/1239] Compiling x509_vfy.cc
[587/1239] Compiling x509cset.cc
[588/1239] Compiling x509name.cc
[589/1239] Compiling x509_set.cc
[590/1239] Compiling x509_v3.cc
[591/1239] Compiling x509_obj.cc
[592/1239] Compiling x509_req.cc
[593/1239] Compiling x509_trs.cc
[594/1239] Compiling x509_txt.cc
[595/1239] Compiling x509_lu.cc
[596/1239] Compiling x509_cmp.cc
[597/1239] Compiling x509_att.cc
[598/1239] Compiling x509_ext.cc
[599/1239] Compiling x509_def.cc
[600/1239] Compiling x509.cc
[601/1239] Compiling v3_utl.cc
[602/1239] Compiling v3_prn.cc
[603/1239] Compiling v3_purp.cc
[604/1239] Compiling x509_d2.cc
[605/1239] Compiling v3_ocsp.cc
[606/1239] Compiling v3_skey.cc
[607/1239] Compiling v3_pcons.cc
[608/1239] Compiling v3_int.cc
[609/1239] Compiling v3_lib.cc
[610/1239] Compiling v3_pmaps.cc
[611/1239] Compiling v3_ncons.cc
[612/1239] Compiling v3_enum.cc
[613/1239] Compiling v3_crld.cc
[614/1239] Compiling v3_info.cc
[615/1239] Compiling v3_ia5.cc
[616/1239] Compiling v3_genn.cc
[617/1239] Compiling v3_extku.cc
[618/1239] Compiling v3_cpols.cc
[619/1239] Compiling v3_bitst.cc
[620/1239] Compiling v3_bcons.cc
[621/1239] Compiling v3_conf.cc
[622/1239] Compiling v3_alt.cc
[623/1239] Compiling v3_akeya.cc
[624/1239] Compiling v3_akey.cc
[625/1239] Compiling t_req.cc
[626/1239] Compiling t_crl.cc
[627/1239] Compiling t_x509a.cc
[628/1239] Compiling t_x509.cc
[629/1239] Compiling i2d_pr.cc
[630/1239] Compiling rsa_pss.cc
[631/1239] Compiling by_dir.cc
[632/1239] Compiling policy.cc
[633/1239] Compiling name_print.cc
[634/1239] Compiling by_file.cc
[635/1239] Compiling asn1_gen.cc
[636/1239] Compiling algorithm.cc
[637/1239] Compiling a_digest.cc
[638/1239] Compiling thread_win.cc
[639/1239] Compiling a_sign.cc
[640/1239] Compiling thread_none.cc
[641/1239] Compiling a_verify.cc
[642/1239] Compiling thread_pthread.cc
[643/1239] Compiling thread.cc
[644/1239] Compiling trust_token.cc
[645/1239] Compiling voprf.cc
[646/1239] Compiling stack.cc
[647/1239] Compiling sha512.cc
[648/1239] Compiling pmbtoken.cc
[649/1239] Compiling spake2plus.cc
[650/1239] Compiling siphash.cc
[651/1239] Compiling sha1.cc
[651/1239] Compiling rsa_extra.cc
[653/1239] Compiling rsa_print.cc
[654/1239] Compiling slhdsa.cc
[655/1239] Compiling sha256.cc
[656/1239] Compiling rsa_asn1.cc
[657/1239] Compiling refcount.cc
[658/1239] Compiling rsa_crypt.cc
[659/1239] Compiling urandom.cc
[660/1239] Compiling passive.cc
[661/1239] Compiling windows.cc
[662/1239] Compiling rc4.cc
[663/1239] Compiling ios.cc
[664/1239] Compiling rand.cc
[665/1239] Compiling poly1305_arm_asm.S
[666/1239] Compiling trusty.cc
[667/1239] Compiling getentropy.cc
[668/1239] Compiling fork_detect.cc
[669/1239] Compiling poly1305_arm.cc
[669/1239] Compiling forkunsafe.cc
[671/1239] Compiling deterministic.cc
[672/1239] Compiling poly1305_vec.cc
[673/1239] Compiling poly1305.cc
[674/1239] Compiling pkcs8_x509.cc
[675/1239] Compiling pkcs8.cc
[676/1239] Compiling pool.cc
[677/1239] Compiling pem_pkey.cc
[678/1239] Compiling pkcs7.cc
[679/1239] Compiling pem_pk8.cc
[680/1239] Compiling pem_xaux.cc
[681/1239] Compiling pkcs7_x509.cc
[682/1239] Compiling pem_x509.cc
[683/1239] Compiling p5_pbev2.cc
[684/1239] Compiling pem_all.cc
[685/1239] Compiling mldsa.cc
[686/1239] Compiling obj.cc
[687/1239] Compiling mlkem.cc
[688/1239] Compiling pem_oth.cc
[689/1239] Compiling pem_lib.cc
[690/1239] Compiling pem_info.cc
[691/1239] Compiling poly_rq_mul.S
[692/1239] Compiling obj_xref.cc
[693/1239] Compiling fips_shared_support.cc
[694/1239] Compiling md4.cc
[695/1239] Compiling mem.cc
[696/1239] Compiling md5.cc
[697/1239] Compiling lhash.cc
[698/1239] Compiling ex_data.cc
[699/1239] Compiling sign.cc
[700/1239] Compiling kyber.cc
[701/1239] Compiling pbkdf.cc
[702/1239] Compiling hpke.cc
[703/1239] Compiling hrss.cc
[704/1239] Compiling scrypt.cc
[705/1239] Compiling p_x25519_asn1.cc
[706/1239] Compiling print.cc
[707/1239] Compiling p_x25519.cc
[708/1239] Compiling p_rsa_asn1.cc
[709/1239] Compiling p_ed25519.cc
[710/1239] Compiling p_rsa.cc
[711/1239] Compiling p_ec.cc
[712/1239] Compiling p_dh_asn1.cc
[712/1239] Compiling p_ed25519_asn1.cc
[714/1239] Compiling p_dsa_asn1.cc
[715/1239] Compiling p_ec_asn1.cc
[716/1239] Compiling p_hkdf.cc
[717/1239] Compiling err.cc
[718/1239] Compiling p_dh.cc
[719/1239] Compiling engine.cc
[720/1239] Compiling evp_ctx.cc
[721/1239] Compiling ecdh.cc
[722/1239] Compiling evp.cc
[723/1239] Compiling ecdsa_asn1.cc
[724/1239] Compiling ec_derive.cc
[725/1239] Compiling hash_to_curve.cc
[726/1239] Compiling evp_asn1.cc
[727/1239] Compiling dsa_asn1.cc
[728/1239] Compiling dsa.cc
[729/1239] Compiling digest_extra.cc
[730/1239] Compiling ec_asn1.cc
[731/1239] Compiling x25519-asm-arm.S
[732/1239] Compiling params.cc
[733/1239] Compiling bcm.cc
[734/1239] Compiling spake25519.cc
[735/1239] Compiling dh_asn1.cc
[736/1239] Compiling curve25519_64_adx.cc
[737/1239] Compiling cpu_intel.cc
[738/1239] Compiling des.cc
[739/1239] Compiling cpu_arm_freebsd.cc
[740/1239] Compiling crypto.cc
[741/1239] Compiling curve25519.cc
[742/1239] Compiling cpu_arm_linux.cc
[743/1239] Compiling cpu_aarch64_openbsd.cc
[744/1239] Compiling cpu_aarch64_win.cc
[745/1239] Compiling cpu_aarch64_sysreg.cc
[746/1239] Compiling cpu_aarch64_linux.cc
[747/1239] Compiling cpu_aarch64_fuchsia.cc
[748/1239] Compiling conf.cc
[749/1239] Compiling cpu_aarch64_apple.cc
[750/1239] Compiling e_null.cc
[751/1239] Compiling e_tls.cc
[752/1239] Compiling e_rc4.cc
[753/1239] Compiling get_cipher.cc
[754/1239] Compiling tls_cbc.cc
[755/1239] Compiling e_rc2.cc
[756/1239] Compiling e_chacha20poly1305.cc
[757/1239] Compiling e_aesgcmsiv.cc
[758/1239] Compiling e_des.cc
[759/1239] Compiling e_aesctrhmac.cc
[760/1239] Compiling derive_key.cc
[761/1239] Compiling ber.cc
[762/1239] Compiling chacha.cc
[763/1239] Compiling asn1_compat.cc
[764/1239] Compiling cbs.cc
[765/1239] Compiling blake2.cc
[766/1239] Compiling buf.cc
[767/1239] Compiling socket.cc
[768/1239] Compiling cbb.cc
[769/1239] Compiling socket_helper.cc
[770/1239] Compiling convert.cc
[771/1239] Compiling file.cc
[772/1239] Compiling pair.cc
[773/1239] Compiling printf.cc
[774/1239] Compiling bn_asn1.cc
[775/1239] Compiling hexdump.cc
[776/1239] Compiling connect.cc
[777/1239] Compiling bio_mem.cc
[778/1239] Compiling bio.cc
[779/1239] Compiling fd.cc
[780/1239] Compiling errno.cc
[781/1239] Compiling tasn_typ.cc
[782/1239] Compiling base64.cc
[783/1239] Compiling tasn_enc.cc
[784/1239] Compiling tasn_fre.cc
[785/1239] Compiling tasn_new.cc
[786/1239] Compiling f_string.cc
[787/1239] Compiling tasn_utl.cc
[788/1239] Compiling posix_time.cc
[789/1239] Compiling tasn_dec.cc
[790/1239] Compiling f_int.cc
[791/1239] Compiling asn_pack.cc
[792/1239] Compiling asn1_par.cc
[793/1239] Compiling asn1_lib.cc
[794/1239] Compiling a_type.cc
[795/1239] Compiling a_strnid.cc
[796/1239] Compiling a_utctm.cc
[797/1239] Compiling a_octet.cc
[798/1239] Compiling a_i2d_fp.cc
[799/1239] Compiling a_strex.cc
[800/1239] Compiling a_time.cc
[801/1239] Compiling a_object.cc
[802/1239] Compiling a_int.cc
[803/1239] Compiling a_mbstr.cc
[804/1239] Compiling a_d2i_fp.cc
[805/1239] Compiling CGoogleGaxCRC32C CGoogleGaxCRC32C.c
[806/1239] Compiling fiat_p256_adx_sqr.S
[807/1239] Compiling a_gentm.cc
[808/1239] Compiling fiat_p256_adx_mul.S
[809/1239] Compiling CCryptoBoringSSLShims shims.c
[810/1239] Compiling fiat_curve25519_adx_square.S
[811/1239] Compiling fiat_curve25519_adx_mul.S
[812/1239] Compiling md5-x86_64-linux.S
[813/1239] Compiling a_dup.cc
[814/1239] Compiling a_bitstr.cc
[815/1239] Compiling md5-586-linux.S
[816/1239] Compiling md5-x86_64-apple.S
[817/1239] Compiling a_bool.cc
[818/1239] Compiling chacha20_poly1305_x86_64-linux.S
[819/1239] Compiling md5-586-apple.S
[820/1239] Compiling chacha20_poly1305_armv8-win.S
[821/1239] Compiling chacha20_poly1305_x86_64-apple.S
[822/1239] Compiling chacha-x86_64-linux.S
[823/1239] Compiling chacha20_poly1305_armv8-apple.S
[824/1239] Compiling chacha-x86-linux.S
[825/1239] Compiling chacha-x86_64-apple.S
[826/1239] Compiling chacha20_poly1305_armv8-linux.S
[827/1239] Compiling chacha-armv8-win.S
[828/1239] Compiling chacha-x86-apple.S
[829/1239] Compiling aes128gcmsiv-x86_64-linux.S
[830/1239] Compiling chacha-armv8-apple.S
[831/1239] Compiling chacha-armv4-linux.S
[832/1239] Compiling aes128gcmsiv-x86_64-apple.S
[832/1239] Compiling chacha-armv8-linux.S
[832/1239] Compiling x86_64-mont5-linux.S
[835/1239] Compiling x86_64-mont5-apple.S
[836/1239] Compiling x86_64-mont-linux.S
[837/1239] Compiling x86-mont-linux.S
[838/1239] Compiling x86_64-mont-apple.S
[839/1239] Compiling vpaes-x86_64-linux.S
[840/1239] Compiling x86-mont-apple.S
[841/1239] Compiling vpaes-x86-linux.S
[842/1239] Compiling vpaes-x86_64-apple.S
[843/1239] Compiling vpaes-armv8-win.S
[844/1239] Compiling vpaes-x86-apple.S
[845/1239] Compiling vpaes-armv8-linux.S
[846/1239] Compiling vpaes-armv8-apple.S
[847/1239] Compiling err_data.cc
[848/1239] Compiling vpaes-armv7-linux.S
[849/1239] Compiling sha512-armv8-win.S
[850/1239] Compiling sha512-x86_64-linux.S
[851/1239] Compiling sha512-x86_64-apple.S
[852/1239] Compiling sha512-armv8-linux.S
[853/1239] Compiling sha512-armv8-apple.S
[854/1239] Compiling sha512-armv4-linux.S
[855/1239] Compiling sha512-586-apple.S
[856/1239] Compiling sha256-x86_64-linux.S
[857/1239] Compiling sha512-586-linux.S
[858/1239] Compiling sha256-armv8-win.S
[859/1239] Compiling sha256-x86_64-apple.S
[860/1239] Compiling sha256-armv8-apple.S
[861/1239] Compiling sha256-586-linux.S
[861/1239] Compiling sha256-armv8-linux.S
[863/1239] Compiling sha256-armv4-linux.S
[864/1239] Compiling sha256-586-apple.S
[865/1239] Compiling sha1-x86_64-apple.S
[866/1239] Compiling sha1-x86_64-linux.S
[867/1239] Compiling sha1-armv8-apple.S
[868/1239] Compiling sha1-armv8-win.S
[869/1239] Compiling sha1-armv4-large-linux.S
[870/1239] Compiling sha1-586-linux.S
[871/1239] Compiling sha1-586-apple.S
[872/1239] Compiling sha1-armv8-linux.S
[873/1239] Compiling rsaz-avx2-linux.S
[874/1239] Compiling rsaz-avx2-apple.S
[875/1239] Compiling rdrand-x86_64-linux.S
[876/1239] Compiling rdrand-x86_64-apple.S
[877/1239] Compiling p256_beeu-x86_64-asm-linux.S
[878/1239] Compiling p256_beeu-armv8-asm-win.S
[879/1239] Compiling p256_beeu-armv8-asm-linux.S
[880/1239] Compiling p256-x86_64-asm-linux.S
[881/1239] Compiling p256-armv8-asm-win.S
[882/1239] Compiling p256_beeu-armv8-asm-apple.S
[883/1239] Compiling p256-x86_64-asm-apple.S
[884/1239] Compiling p256-armv8-asm-apple.S
[884/1239] Compiling ghashv8-armv8-win.S
[884/1239] Compiling p256-armv8-asm-linux.S
[887/1239] Compiling ghashv8-armv8-linux.S
[888/1239] Compiling ghashv8-armv8-apple.S
[889/1239] Compiling ghashv8-armv7-linux.S
[890/1239] Compiling ghash-x86_64-linux.S
[891/1239] Compiling ghash-x86-apple.S
[892/1239] Compiling ghash-x86-linux.S
[893/1239] Compiling ghash-x86_64-apple.S
[894/1239] Compiling ghash-ssse3-x86-linux.S
[895/1239] Compiling ghash-ssse3-x86_64-apple.S
[896/1239] Compiling ghash-neon-armv8-win.S
[897/1239] Compiling ghash-ssse3-x86_64-linux.S
[898/1239] Compiling ghash-neon-armv8-linux.S
[899/1239] Compiling ghash-ssse3-x86-apple.S
[900/1239] Compiling co-586-apple.S
[901/1239] Compiling ghash-armv4-linux.S
[902/1239] Compiling ghash-neon-armv8-apple.S
[903/1239] Compiling co-586-linux.S
[904/1239] Compiling bsaes-armv7-linux.S
[905/1239] Compiling bn-armv8-win.S
[906/1239] Compiling bn-armv8-apple.S
[907/1239] Compiling bn-armv8-linux.S
[908/1239] Compiling armv8-mont-win.S
[909/1239] Compiling bn-586-linux.S
[910/1239] Compiling bn-586-apple.S
[911/1239] Compiling armv8-mont-linux.S
[912/1239] Compiling armv4-mont-linux.S
[913/1239] Compiling aesv8-gcm-armv8-win.S
[914/1239] Compiling armv8-mont-apple.S
[915/1239] Compiling aesv8-gcm-armv8-apple.S
[916/1239] Compiling aesv8-armv8-win.S
[917/1239] Compiling aesv8-armv8-linux.S
[918/1239] Compiling aesv8-armv7-linux.S
[919/1239] Compiling aesv8-armv8-apple.S
[920/1239] Compiling aesni-x86-linux.S
[921/1239] Compiling aesni-gcm-x86_64-linux.S
[922/1239] Compiling aesni-x86_64-apple.S
[923/1239] Compiling aesni-x86-apple.S
[924/1239] Compiling aesni-x86_64-linux.S
[925/1239] Compiling aesni-gcm-x86_64-apple.S
[926/1239] Compiling aes-gcm-avx2-x86_64-linux.S
[927/1239] Compiling aes-gcm-avx512-x86_64-apple.S
[928/1239] Compiling aes-gcm-avx512-x86_64-linux.S
[929/1239] Compiling aes-gcm-avx2-x86_64-apple.S
[930/1239] Compiling xwing.cc
[931/1239] Compiling x_sig.cc
[932/1239] Compiling c-nioatomics.c
[933/1239] Compiling x_spki.cc
[934/1239] Compiling x_x509a.cc
[935/1239] Compiling c-atomics.c
[936/1239] Compiling x_name.cc
[937/1239] Compiling x_req.cc
[938/1246] Compiling x_x509.cc
[939/1246] Compiling x_all.cc
[941/1246] Emitting module NIOConcurrencyHelpers
[941/1246] Compiling x_pubkey.cc
[942/1246] Compiling x_exten.cc
[944/1246] Compiling NIOConcurrencyHelpers atomics.swift
[945/1246] Compiling NIOConcurrencyHelpers NIOLockedValueBox.swift
[946/1246] Compiling NIOConcurrencyHelpers NIOThreadPoolWorkAvailable.swift
[947/1246] Compiling NIOConcurrencyHelpers lock.swift
[947/1246] Compiling x_attrib.cc
[949/1246] Compiling NIOConcurrencyHelpers NIOAtomic.swift
[950/1246] Compiling NIOConcurrencyHelpers NIOLock.swift
[950/1247] Compiling x509spki.cc
[952/1247] Compiling x_crl.cc
[953/1247] Compiling x509rset.cc
[954/1247] Wrapping AST for NIOConcurrencyHelpers for debugging
[955/1247] Compiling x_algor.cc
[956/1247] Compiling x509name.cc
[957/1247] Compiling x509_vfy.cc
[958/1247] Compiling x509_txt.cc
[959/1247] Compiling x509cset.cc
[960/1247] Compiling x509_trs.cc
[961/1247] Compiling x509_v3.cc
[962/1247] Compiling x509_vpm.cc
[963/1247] Compiling x509_set.cc
[964/1247] Compiling x509_obj.cc
[965/1247] Compiling x509_lu.cc
[966/1247] Compiling x509_req.cc
[967/1247] Compiling x509_def.cc
[968/1247] Compiling x509_d2.cc
[969/1247] Compiling x509_ext.cc
[970/1247] Compiling x509_att.cc
[971/1247] Compiling v3_utl.cc
[972/1247] Compiling x509_cmp.cc
[973/1247] Compiling x509.cc
[974/1247] Compiling v3_pcons.cc
[974/1247] Compiling v3_ocsp.cc
[976/1247] Compiling v3_skey.cc
[977/1247] Compiling v3_purp.cc
[978/1247] Compiling v3_prn.cc
[979/1247] Compiling v3_ncons.cc
[980/1247] Compiling v3_pmaps.cc
[981/1247] Compiling v3_int.cc
[982/1247] Compiling v3_info.cc
[983/1247] Compiling v3_lib.cc
[984/1247] Compiling v3_ia5.cc
[985/1247] Compiling v3_enum.cc
[986/1247] Compiling v3_genn.cc
[987/1247] Compiling v3_cpols.cc
[988/1247] Compiling v3_extku.cc
[989/1247] Compiling v3_conf.cc
[990/1247] Compiling v3_crld.cc
[991/1247] Compiling v3_akey.cc
[992/1247] Compiling v3_bitst.cc
[993/1247] Compiling t_x509.cc
[994/1247] Compiling v3_bcons.cc
[995/1247] Compiling v3_alt.cc
[996/1247] Compiling v3_akeya.cc
[997/1247] Compiling t_crl.cc
[998/1247] Compiling t_x509a.cc
[999/1247] Compiling t_req.cc
[1000/1247] Compiling policy.cc
[1001/1247] Compiling i2d_pr.cc
[1002/1247] Compiling name_print.cc
[1003/1247] Compiling by_dir.cc
[1004/1247] Compiling rsa_pss.cc
[1005/1247] Compiling by_file.cc
[1006/1247] Compiling a_verify.cc
[1007/1247] Compiling asn1_gen.cc
[1008/1247] Compiling algorithm.cc
[1009/1247] Compiling thread_win.cc
[1010/1247] Compiling voprf.cc
[1011/1247] Compiling a_digest.cc
[1012/1247] Compiling thread_pthread.cc
[1013/1247] Compiling thread.cc
[1014/1247] Compiling stack.cc
[1015/1247] Compiling a_sign.cc
[1016/1247] Compiling thread_none.cc
[1017/1247] Compiling trust_token.cc
[1018/1247] Compiling siphash.cc
[1019/1247] Compiling sha512.cc
[1020/1247] Compiling pmbtoken.cc
[1021/1247] Compiling rsa_extra.cc
[1022/1247] Compiling sha1.cc
[1023/1247] Compiling sha256.cc
[1024/1247] Compiling spake2plus.cc
[1025/1247] Compiling rsa_crypt.cc
[1026/1247] Compiling slhdsa.cc
[1027/1247] Compiling rsa_print.cc
[1028/1247] Compiling refcount.cc
[1029/1247] Compiling trusty.cc
[1030/1247] Compiling rc4.cc
[1031/1247] Compiling ios.cc
[1032/1247] Compiling windows.cc
[1033/1247] Compiling getentropy.cc
[1034/1247] Compiling urandom.cc
[1035/1247] Compiling rand.cc
[1036/1247] Compiling passive.cc
[1037/1247] Compiling poly1305_arm_asm.S
[1038/1247] Compiling rsa_asn1.cc
[1039/1247] Compiling fork_detect.cc
[1040/1247] Compiling forkunsafe.cc
[1041/1247] Compiling deterministic.cc
[1042/1247] Compiling pool.cc
[1043/1247] Compiling poly1305_vec.cc
[1044/1247] Compiling poly1305_arm.cc
[1045/1247] Compiling poly1305.cc
[1046/1247] Compiling pkcs8.cc
[1047/1247] Compiling pkcs7.cc
[1048/1247] Compiling pkcs8_x509.cc
[1049/1247] Compiling p5_pbev2.cc
[1050/1247] Compiling pem_pk8.cc
[1051/1247] Compiling pkcs7_x509.cc
[1052/1247] Compiling pem_pkey.cc
[1053/1247] Compiling pem_oth.cc
[1054/1247] Compiling pem_x509.cc
[1055/1247] Compiling pem_xaux.cc
[1056/1247] Compiling mlkem.cc
[1057/1247] Compiling pem_all.cc
[1058/1247] Compiling pem_lib.cc
[1059/1247] Compiling mldsa.cc
[1060/1247] Compiling obj_xref.cc
[1061/1247] Compiling md5.cc
[1062/1247] Compiling poly_rq_mul.S
[1063/1247] Compiling obj.cc
[1064/1247] Compiling pem_info.cc
[1065/1247] Compiling mem.cc
[1066/1247] Compiling md4.cc
[1067/1247] Compiling fips_shared_support.cc
[1068/1247] Compiling lhash.cc
[1069/1247] Compiling ex_data.cc
[1070/1247] Compiling hpke.cc
[1071/1247] Compiling fuzzer_mode.cc
[1072/1247] Compiling kyber.cc
[1073/1247] Compiling hrss.cc
[1074/1247] Compiling scrypt.cc
[1075/1247] Compiling print.cc
[1076/1247] Compiling pbkdf.cc
[1077/1247] Compiling sign.cc
[1078/1247] Compiling p_hkdf.cc
[1079/1247] Compiling p_ed25519_asn1.cc
[1080/1247] Compiling p_x25519.cc
[1081/1247] Compiling p_x25519_asn1.cc
[1082/1247] Compiling p_rsa_asn1.cc
[1083/1247] Compiling p_rsa.cc
[1084/1247] Compiling p_ec_asn1.cc
[1085/1247] Compiling p_ed25519.cc
[1086/1247] Compiling p_ec.cc
[1087/1247] Compiling p_dh.cc
[1088/1247] Compiling p_dh_asn1.cc
[1089/1247] Compiling err.cc
[1090/1247] Compiling p_dsa_asn1.cc
[1091/1247] Compiling evp_ctx.cc
[1092/1247] Compiling evp.cc
[1092/1247] Compiling engine.cc
[1094/1247] Compiling evp_asn1.cc
[1095/1247] Compiling ecdsa_p1363.cc
[1096/1247] Compiling ecdsa_asn1.cc
[1097/1247] Compiling ecdh.cc
[1098/1247] Compiling ec_derive.cc
[1099/1247] Compiling dsa.cc
[1100/1247] Compiling params.cc
[1101/1247] Compiling dsa_asn1.cc
[1102/1247] Compiling dh_asn1.cc
[1103/1247] Compiling hash_to_curve.cc
[1104/1247] Compiling ec_asn1.cc
[1105/1247] Compiling x25519-asm-arm.S
[1106/1247] Compiling digest_extra.cc
[1107/1247] Compiling spake25519.cc
[1108/1247] Compiling crypto.cc
[1109/1247] Compiling curve25519_64_adx.cc
[1110/1247] Compiling curve25519.cc
[1111/1247] Compiling des.cc
[1112/1247] Compiling cpu_intel.cc
[1113/1247] Compiling cpu_arm_freebsd.cc
[1114/1247] Compiling cpu_arm_linux.cc
[1115/1247] Compiling cpu_aarch64_openbsd.cc
[1116/1247] Compiling cpu_aarch64_sysreg.cc
[1117/1247] Compiling cpu_aarch64_win.cc
[1118/1247] Compiling cpu_aarch64_apple.cc
[1119/1247] Compiling cpu_aarch64_fuchsia.cc
[1120/1247] Compiling cpu_aarch64_linux.cc
[1121/1247] Compiling e_tls.cc
[1122/1247] Compiling conf.cc
[1123/1247] Compiling cms.cc
[1124/1247] Compiling tls_cbc.cc
[1125/1247] Compiling e_rc4.cc
[1126/1247] Compiling get_cipher.cc
[1127/1247] Compiling e_rc2.cc
[1128/1247] Compiling e_chacha20poly1305.cc
[1129/1247] Compiling e_null.cc
[1130/1247] Compiling e_aesgcmsiv.cc
[1131/1247] Compiling e_des.cc
[1132/1247] Compiling chacha.cc
[1133/1247] Compiling e_aeseax.cc
[1134/1247] Compiling e_aesctrhmac.cc
[1135/1247] Compiling derive_key.cc
[1136/1247] Compiling unicode.cc
[1137/1247] Compiling ber.cc
[1138/1247] Compiling asn1_compat.cc
[1139/1247] Compiling buf.cc
[1140/1247] Compiling cbb.cc
[1141/1247] Compiling cbs.cc
[1142/1247] Compiling sqrt.cc
[1143/1247] Compiling div.cc
[1144/1247] Compiling exponentiation.cc
[1145/1247] Compiling convert.cc
[1146/1247] Compiling hexdump.cc
[1147/1247] Compiling bn_asn1.cc
[1148/1247] Compiling blake2.cc
[1149/1247] Compiling pair.cc
[1150/1247] Compiling printf.cc
[1151/1247] Compiling fd.cc
[1152/1247] Compiling errno.cc
[1153/1247] Compiling file.cc
[1154/1247] Compiling bio_mem.cc
[1155/1247] Compiling base64.cc
[1156/1247] Compiling tasn_typ.cc
[1157/1247] Compiling tasn_new.cc
[1158/1247] Compiling tasn_fre.cc
[1159/1247] Compiling bio.cc
[1160/1247] Compiling posix_time.cc
[1161/1247] Compiling tasn_utl.cc
[1162/1247] Compiling tasn_enc.cc
[1163/1247] Compiling f_string.cc
[1164/1247] Compiling asn1_par.cc
[1165/1247] Compiling f_int.cc
[1166/1247] Compiling asn_pack.cc
[1167/1247] Compiling tasn_dec.cc
[1168/1247] Compiling a_time.cc
[1169/1247] Compiling a_strnid.cc
[1170/1247] Compiling a_strex.cc
[1171/1247] Compiling asn1_lib.cc
[1172/1247] Compiling a_d2i_fp.cc
[1173/1247] Compiling a_octet.cc
[1174/1247] Compiling CAsyncHTTPClient CAsyncHTTPClient.c
[1175/1247] Write sources
[1187/1247] Compiling a_mbstr.cc
[1188/1280] Compiling a_bool.cc
[1189/1290] Compiling aes.cc
[1190/1290] Compiling a_object.cc
[1191/1290] Compiling a_int.cc
[1193/1290] Compiling Algorithms Chunked.swift
[1194/1290] Compiling Algorithms Combinations.swift
[1195/1292] Compiling Algorithms AdjacentPairs.swift
[1196/1292] Compiling Algorithms Chain.swift
[1196/1292] Compiling a_bitstr.cc
[1198/1292] Compiling Algorithms EitherSequence.swift
[1199/1292] Compiling Algorithms FirstNonNil.swift
[1200/1292] Compiling Algorithms Joined.swift
[1201/1292] Compiling Algorithms Compacted.swift
[1202/1292] Compiling Algorithms Cycle.swift
[1203/1292] Compiling Algorithms Keyed.swift
[1204/1292] Compiling Algorithms MinMax.swift
[1205/1292] Compiling Algorithms FlattenCollection.swift
[1206/1292] Compiling Atomics IntegerOperations.swift
[1207/1292] Compiling Atomics Unmanaged extensions.swift
[1208/1292] Compiling Algorithms RandomSample.swift
[1209/1292] Compiling Algorithms Reductions.swift
[1210/1292] Compiling Algorithms Rotate.swift
[1211/1292] Compiling Algorithms Split.swift
[1212/1292] Compiling Algorithms Stride.swift
[1213/1295] Compiling bcm.cc
[1218/1303] Compiling Algorithms Trim.swift
[1219/1303] Compiling Algorithms Unique.swift
[1220/1303] Compiling Algorithms Windows.swift
[1222/1303] Compiling Algorithms Permutations.swift
[1223/1303] Compiling Algorithms Product.swift
[1225/1303] Compiling Algorithms Grouped.swift
[1226/1303] Compiling Algorithms Indexed.swift
[1227/1303] Compiling Algorithms Intersperse.swift
[1241/1303] Compiling CryptoBoringWrapper RandomBytes.swift
[1242/1303] Compiling CryptoBoringWrapper FiniteFieldArithmeticContext.swift
[1243/1303] Emitting module CryptoBoringWrapper
[1244/1303] Compiling CryptoBoringWrapper EllipticCurve.swift
[1245/1303] Compiling CryptoBoringWrapper CryptoKitErrors_boring.swift
[1246/1303] Compiling CryptoBoringWrapper BoringSSLAEAD.swift
[1247/1303] Emitting module Atomics
[1248/1304] Wrapping AST for Atomics for debugging
[1250/1368] Emitting module Algorithms
[1251/1369] Wrapping AST for Algorithms for debugging
[1253/1369] Compiling CryptoBoringWrapper EllipticCurvePoint.swift
[1254/1369] Compiling CryptoBoringWrapper ArbitraryPrecisionInteger.swift
[1255/1370] Wrapping AST for CryptoBoringWrapper for debugging
[1257/1454] Compiling Crypto HPKE-LabeledExtract.swift
[1258/1454] Compiling Crypto HPKE-Utils.swift
[1259/1454] Compiling Crypto DHKEM.swift
[1260/1454] Compiling Crypto HPKE-KEM-Curve25519.swift
[1261/1454] Compiling Crypto HPKE-NIST-EC-KEMs.swift
[1262/1454] Compiling Crypto HPKE-KEM.swift
[1263/1454] Compiling Crypto HPKE-Errors.swift
[1264/1454] Compiling Crypto HPKE.swift
[1265/1454] Compiling Crypto HPKE-Context.swift
[1266/1454] Compiling Crypto HPKE-KeySchedule.swift
[1267/1454] Compiling Crypto HPKE-Modes.swift
[1268/1454] Compiling Crypto Insecure.swift
[1275/1465] Compiling Crypto AES-GCM.swift
[1276/1465] Compiling Crypto AES-GCM_boring.swift
[1277/1465] Compiling Crypto ChaChaPoly_boring.swift
[1278/1473] Emitting module Crypto
[1279/1473] Compiling Crypto CryptoKitErrors.swift
[1280/1473] Compiling Crypto Digest_boring.swift
[1281/1473] Compiling Crypto Digest.swift
[1282/1473] Compiling Crypto Digests.swift
[1283/1473] Compiling Crypto HashFunctions.swift
[1284/1473] Compiling Crypto HashFunctions_SHA2.swift
[1285/1473] Compiling Crypto HashFunctions_SHA3.swift
[1286/1473] Compiling Crypto Digest_xkcp.swift
[1287/1473] Compiling Crypto HPKE-AEAD.swift
[1288/1473] Compiling Crypto HPKE-Ciphersuite.swift
[1289/1473] Compiling Crypto HPKE-KDF.swift
[1290/1473] Compiling Crypto HPKE-KexKeyDerivation.swift
[1291/1473] Compiling Crypto ASN1Null.swift
[1292/1473] Compiling Crypto ASN1OctetString.swift
[1293/1473] Compiling Crypto ASN1Strings.swift
[1294/1473] Compiling Crypto ArraySliceBigint.swift
[1295/1473] Compiling Crypto GeneralizedTime.swift
[1296/1473] Compiling Crypto ObjectIdentifier.swift
[1297/1473] Compiling Crypto ECDSASignature.swift
[1298/1473] Compiling Crypto PEMDocument.swift
[1299/1473] Compiling Crypto PKCS8PrivateKey.swift
[1300/1473] Compiling Crypto SEC1PrivateKey.swift
[1301/1473] Compiling Crypto SubjectPublicKeyInfo.swift
[1302/1473] Compiling Crypto CryptoError_boring.swift
[1306/1473] Compiling Crypto ChaChaPoly.swift
[1307/1473] Compiling Crypto Cipher.swift
[1308/1473] Compiling Crypto Nonces.swift
[1309/1473] Compiling Crypto ASN1.swift
[1310/1473] Compiling Crypto ASN1Any.swift
[1311/1473] Compiling Crypto ASN1BitString.swift
[1312/1473] Compiling Crypto ASN1Boolean.swift
[1313/1473] Compiling Crypto ASN1Identifier.swift
[1314/1473] Compiling Crypto ASN1Integer.swift
[1315/1473] Compiling Crypto Signature.swift
[1316/1473] Compiling Crypto CryptoKitErrors_boring.swift
[1317/1473] Compiling Crypto Optional+withUnsafeBytes_boring.swift
[1318/1473] Compiling Crypto RNG_boring.swift
[1319/1473] Compiling Crypto SafeCompare_boring.swift
[1320/1473] Compiling Crypto Zeroization_boring.swift
[1321/1473] Compiling Crypto _CryptoModuleAnchor.swift
[1322/1473] Compiling Crypto PrettyBytes.swift
[1323/1473] Compiling Crypto SafeCompare.swift
[1324/1473] Compiling Crypto SecureBytes.swift
[1325/1473] Compiling Crypto Zeroization.swift
[1344/1473] Compiling Crypto HKDF.swift
[1345/1473] Compiling Crypto AESWrap.swift
[1346/1473] Compiling Crypto AESWrap_boring.swift
[1347/1473] Compiling NIOCore SingleStepByteToMessageDecoder.swift
[1348/1473] Compiling NIOCore SocketAddresses.swift
[1349/1473] Compiling NIOCore SocketOptionProvider.swift
[1350/1473] Compiling NIOCore SystemCallHelpers.swift
[1351/1473] Compiling NIOCore TimeAmount+Duration.swift
[1352/1473] Compiling NIOCore TypeAssistedChannelHandler.swift
[1353/1473] Compiling NIOCore UniversalBootstrapSupport.swift
[1354/1473] Compiling NIOCore Utilities.swift
[1355/1473] Compiling Crypto HMAC.swift
[1356/1473] Compiling Crypto MACFunctions.swift
[1357/1473] Compiling Crypto MessageAuthenticationCode.swift
[1358/1473] Compiling Crypto AES.swift
[1359/1473] Compiling Crypto ECDSASignature_boring.swift
[1360/1473] Compiling Crypto ECDSA_boring.swift
[1361/1473] Compiling Crypto EdDSA_boring.swift
[1362/1473] Compiling Crypto MLDSA_boring.swift
[1363/1473] Compiling Crypto MLDSA_wrapper.swift
[1364/1473] Compiling Crypto ECDSA.swift
[1365/1473] Compiling Crypto Ed25519.swift
[1366/1473] Compiling Crypto MLDSA.swift
[1367/1473] Compiling Crypto Insecure_HashFunctions.swift
[1368/1473] Compiling Crypto MLKEM_boring.swift
[1369/1473] Compiling Crypto MLKEM_wrapper.swift
[1370/1473] Compiling Crypto XWing_boring.swift
[1371/1473] Compiling Crypto KEM-Errors.swift
[1372/1473] Compiling Crypto KEM.swift
[1373/1473] Compiling Crypto MLKEM.swift
[1374/1473] Compiling Crypto XWing.swift
[1375/1473] Compiling Crypto ECDH_boring.swift
[1376/1473] Compiling Crypto DH.swift
[1377/1473] Compiling Crypto ECDH.swift
[1378/1473] Compiling Crypto ANSIx963.swift
[1387/1474] Wrapping AST for Crypto for debugging
[1389/1536] Emitting module CryptoExtras
[1390/1544] Compiling CryptoExtras PBKDF2.swift
[1391/1544] Compiling CryptoExtras Scrypt_boring.swift
[1392/1544] Compiling CryptoExtras Scrypt.swift
[1393/1544] Compiling CryptoExtras OPRF.swift
[1394/1544] Compiling CryptoExtras OPRFClient.swift
[1395/1544] Compiling CryptoExtras OPRFServer.swift
[1396/1544] Compiling CryptoExtras VOPRF+API.swift
[1397/1544] Compiling CryptoExtras VOPRFClient.swift
[1398/1544] Compiling CryptoExtras VOPRFServer.swift
[1399/1544] Compiling CryptoExtras PKCS8DERRepresentation.swift
[1400/1544] Compiling CryptoExtras PKCS8PrivateKey.swift
[1401/1544] Compiling CryptoExtras RFC8410AlgorithmIdentifier.swift
[1402/1544] Compiling CryptoExtras ECToolbox_boring.swift
[1403/1544] Compiling CryptoExtras ECToolbox.swift
[1404/1544] Compiling CryptoExtras HashToField.swift
[1405/1544] Compiling CryptoExtras KDF.swift
[1406/1544] Compiling CryptoExtras PBKDF2_boring.swift
[1407/1544] Compiling CryptoExtras PBKDF2_commoncrypto.swift
[1408/1544] Compiling CryptoExtras CMAC.swift
[1409/1544] Compiling CryptoExtras ARC+API.swift
[1410/1544] Compiling CryptoExtras ARC.swift
[1411/1544] Compiling CryptoExtras ARCCredential.swift
[1412/1544] Compiling CryptoExtras ARCEncoding.swift
[1413/1544] Compiling CryptoExtras ARCPrecredential.swift
[1414/1544] Compiling CryptoExtras ARCPresentation.swift
[1415/1544] Compiling CryptoExtras ARCRequest.swift
[1416/1544] Compiling CryptoExtras ARCResponse.swift
[1417/1544] Compiling CryptoExtras Data+Extensions.swift
[1418/1544] Compiling CryptoExtras DigestType.swift
[1419/1544] Compiling CryptoExtras Error.swift
[1420/1544] Compiling CryptoExtras I2OSP.swift
[1421/1544] Compiling CryptoExtras IntegerEncoding.swift
[1422/1544] Compiling CryptoExtras PEMDocument.swift
[1423/1544] Compiling CryptoExtras PrettyBytes.swift
[1424/1544] Compiling CryptoExtras SubjectPublicKeyInfo.swift
[1425/1544] Compiling CryptoExtras AES_CBC.swift
[1426/1544] Compiling CryptoExtras AES_CFB.swift
[1427/1544] Compiling CryptoExtras AES_CTR.swift
[1428/1544] Compiling CryptoExtras AES_GCM_SIV.swift
[1429/1544] Compiling CryptoExtras Block Function.swift
[1430/1544] Compiling CryptoExtras AES_CBC_boring.swift
[1431/1544] Compiling CryptoExtras AES_CFB_boring.swift
[1432/1544] Compiling CryptoExtras AES_CTR_boring.swift
[1433/1544] Compiling CryptoExtras AES_GCM_SIV_boring.swift
[1434/1544] Compiling CryptoExtras BoringSSLPassphraseCallbackManager.swift
[1435/1544] Compiling CryptoExtras RSA+BlindSigning.swift
[1436/1544] Compiling CryptoExtras RSA.swift
[1437/1544] Compiling CryptoExtras RSA_boring.swift
[1438/1544] Compiling CryptoExtras Reexport.swift
[1439/1544] Compiling CryptoExtras Zeroization_boring.swift
[1440/1544] Compiling CryptoExtras BoringSSLHelpers.swift
[1441/1544] Compiling CryptoExtras CryptoKitErrors_boring.swift
[1442/1544] Compiling CryptoExtras ARCServer.swift
[1443/1544] Compiling CryptoExtras ChaCha20CTR_boring.swift
[1444/1544] Compiling CryptoExtras ChaCha20CTR.swift
[1445/1544] Compiling CryptoExtras BoringSSLSHA512256Context.swift
[1446/1544] Compiling CryptoExtras BoringSSLSHA512256HashFunction.swift
[1447/1544] Compiling CryptoExtras SHA512256.swift
[1448/1544] Compiling CryptoExtras SHA512256Digest.swift
[1449/1544] Compiling CryptoExtras Curve25519+PEM.swift
[1450/1544] Compiling CryptoExtras ObjectIdentifier.swift
[1451/1544] Compiling CryptoExtras ThreadOps.swift
[1452/1544] Compiling CryptoExtras ThreadPosix.swift
[1453/1544] Compiling CryptoExtras ThreadSpecific.swift
[1454/1544] Compiling CryptoExtras ThreadWindows.swift
[1455/1544] Compiling CryptoExtras DLEQ.swift
[1456/1544] Compiling CryptoExtras Prover.swift
[1457/1544] Compiling CryptoExtras Verifier.swift
[1458/1544] Compiling CryptoExtras ZKPToolbox.swift
[1459/1545] Wrapping AST for CryptoExtras for debugging
[1497/1547] Emitting module _CryptoExtras
[1498/1547] Compiling _CryptoExtras Exports.swift
[1499/1548] Wrapping AST for _CryptoExtras for debugging
[1501/1643] Emitting module NIOCore
[1502/1647] Wrapping AST for NIOCore for debugging
[1504/1701] Compiling NIOFoundationEssentialsCompat Codable+ByteBuffer.swift
[1505/1701] Emitting module NIOEmbedded
[1506/1701] Compiling NIOEmbedded AsyncTestingChannel.swift
[1507/1701] Compiling NIOEmbedded AsyncTestingEventLoop.swift
[1508/1701] Compiling NIOFoundationEssentialsCompat ByteBuffer-foundation.swift
[1509/1701] Emitting module NIOFoundationEssentialsCompat
[1510/1702] Wrapping AST for NIOFoundationEssentialsCompat for debugging
[1512/1702] Compiling NIOEmbedded Embedded.swift
[1513/1703] Wrapping AST for NIOEmbedded for debugging
[1515/1703] Compiling NIOPosix SelectorUring.swift
[1516/1703] Compiling NIOPosix SelectorWSAPoll.swift
[1517/1703] Compiling NIOPosix ServerSocket.swift
[1518/1703] Compiling NIOPosix Socket.swift
[1519/1703] Compiling NIOPosix SocketChannel.swift
[1520/1703] Compiling NIOPosix SocketProtocols.swift
[1521/1703] Compiling NIOPosix StructuredConcurrencyHelpers.swift
[1522/1703] Compiling NIOPosix System.swift
[1523/1703] Compiling X509 AuthorityInformationAccess.swift
[1524/1703] Compiling X509 AuthorityKeyIdentifier.swift
[1525/1703] Compiling X509 BasicConstraints.swift
[1526/1703] Compiling X509 ExtendedKeyUsage.swift
[1527/1703] Compiling X509 ExtensionIdentifiers.swift
[1528/1703] Compiling X509 KeyUsage.swift
[1529/1716] Compiling NIOPosix BaseStreamSocketChannel.swift
[1530/1716] Compiling NIOPosix Bootstrap.swift
[1531/1716] Compiling NIOPosix ControlMessage.swift
[1532/1716] Compiling NIOPosix DatagramVectorReadManager.swift
[1533/1716] Compiling NIOPosix Errors+Any.swift
[1534/1716] Compiling NIOPosix FileDescriptor.swift
[1535/1716] Compiling NIOPosix GetaddrinfoResolver.swift
[1536/1716] Compiling NIOPosix MultiThreadedEventLoopGroup.swift
[1537/1716] Compiling NIOPosix NIOPosixSendableMetatype.swift
[1538/1716] Compiling NIOPosix NIORandomizedDNSResolver.swift
[1539/1716] Compiling NIOPosix NIOThreadPool.swift
[1540/1716] Compiling NIOPosix NonBlockingFileIO.swift
[1541/1716] Compiling NIOPosix PendingDatagramWritesManager.swift
[1542/1716] Emitting module NIOPosix
[1543/1723] Compiling X509 OCSPExtensionID.swift
[1544/1723] Compiling X509 OCSPNonce.swift
[1545/1723] Compiling X509 OCSPPolicy.swift
[1546/1723] Compiling X509 OCSPRequest.swift
[1547/1723] Compiling X509 OCSPResponse.swift
[1548/1723] Compiling X509 OCSPResponseBytes.swift
[1549/1723] Compiling X509 OCSPResponseData.swift
[1550/1723] Compiling X509 OCSPResponseStatus.swift
[1551/1723] Compiling X509 OCSPSignature.swift
[1552/1723] Compiling X509 OCSPSingleRequest.swift
[1553/1723] Compiling X509 OCSPSingleResponse.swift
[1554/1723] Compiling X509 OCSPTBSRequest.swift
[1555/1723] Compiling X509 OCSPVersion.swift
[1556/1723] Compiling X509 PKCS8PrivateKey.swift
[1557/1723] Compiling X509 PromiseAndFuture.swift
[1558/1723] Compiling X509 RDNAttribute.swift
[1559/1723] Compiling X509 RandomNumberGenerator+bytes.swift
[1560/1723] Compiling X509 RelativeDistinguishedName.swift
[1561/1723] Compiling X509 SEC1PrivateKey.swift
[1562/1723] Compiling X509 SecKeyWrapper.swift
[1563/1723] Compiling X509 Signature.swift
[1564/1723] Compiling X509 SignatureAlgorithm.swift
[1565/1723] Compiling X509 AllOfPolicies.swift
[1566/1723] Compiling X509 AnyPolicy.swift
[1567/1723] Compiling X509 CertificateStore.swift
[1568/1723] Compiling X509 CustomCertificateStore.swift
[1576/1723] Compiling NIOPosix PipeChannel.swift
[1577/1723] Compiling NIOPosix PipePair.swift
[1578/1723] Compiling NIOPosix Pool.swift
[1579/1723] Compiling NIOPosix PosixSingletons+ConcurrencyTakeOver.swift
[1580/1723] Compiling NIOPosix PosixSingletons.swift
[1581/1723] Compiling NIOPosix RawSocketBootstrap.swift
[1582/1723] Compiling NIOPosix Resolver.swift
[1583/1723] Compiling NIOPosix Selectable.swift
[1584/1723] Compiling NIOPosix SelectableChannel.swift
[1585/1723] Compiling NIOPosix SelectableEventLoop.swift
[1586/1723] Compiling NIOPosix SelectorEpoll.swift
[1587/1723] Compiling NIOPosix SelectorGeneric.swift
[1588/1723] Compiling NIOPosix SelectorKqueue.swift
[1590/1723] Compiling NIOPosix Thread.swift
[1591/1723] Compiling NIOPosix ThreadPosix.swift
[1592/1723] Compiling NIOPosix ThreadWindows.swift
[1593/1723] Compiling NIOPosix Utilities.swift
[1594/1723] Compiling NIOPosix VsockAddress.swift
[1595/1723] Compiling NIOPosix VsockChannelEvents.swift
[1596/1723] Compiling NIOPosix Windows.swift
[1597/1723] Compiling NIOPosix LinuxUring.swift
[1612/1723] Compiling X509 SubjectAlternativeName.swift
[1613/1723] Compiling X509 SubjectKeyIdentifier.swift
[1614/1723] Compiling X509 Extension.swift
[1615/1723] Compiling X509 Extensions.swift
[1616/1723] Compiling X509 ExtensionsBuilder.swift
[1617/1723] Compiling X509 GeneralName.swift
[1618/1723] Compiling X509 Lock.swift
[1619/1723] Compiling X509 LockedValueBox.swift
[1620/1723] Compiling X509 BasicOCSPResponse.swift
[1621/1723] Compiling X509 DirectoryString.swift
[1622/1723] Compiling X509 OCSPCertID.swift
[1623/1723] Compiling X509 OCSPCertStatus.swift
[1630/1723] Compiling NIOPosix PendingWritesManager.swift
[1631/1723] Compiling NIOPosix BSDSocketAPICommon.swift
[1632/1723] Compiling NIOPosix BSDSocketAPIPosix.swift
[1633/1723] Compiling NIOPosix BSDSocketAPIWindows.swift
[1634/1723] Compiling NIOPosix BaseSocket.swift
[1635/1723] Compiling NIOPosix BaseSocketChannel+AccessibleTransport.swift
[1636/1723] Compiling NIOPosix BaseSocketChannel+SocketOptionProvider.swift
[1637/1723] Compiling NIOPosix BaseSocketChannel.swift
[1638/1723] Compiling NIOPosix HappyEyeballs.swift
[1639/1723] Compiling NIOPosix IO.swift
[1640/1723] Compiling NIOPosix IntegerBitPacking.swift
[1641/1723] Compiling NIOPosix IntegerTypes.swift
[1642/1723] Compiling NIOPosix Linux.swift
[1643/1723] Compiling NIOPosix LinuxCPUSet.swift
[1652/1724] Wrapping AST for NIOPosix for debugging
[1654/1726] Emitting module NIO
[1655/1726] Compiling NIO Exports.swift
[1656/1727] Wrapping AST for NIO for debugging
[1658/1766] Emitting module X509
[1659/1766] Compiling NIOHTTP1 NIOHTTPObjectAggregator.swift
[1660/1766] Compiling NIOHTTP1 HTTPServerRequestMethodQueue.swift
[1661/1766] Compiling NIOHTTP1 HTTPServerUpgradeHandler.swift
[1673/1766] Compiling X509 ValidatedCertificateChain.swift
[1674/1766] Compiling X509 VerificationDiagnostic.swift
[1675/1766] Compiling X509 Verifier.swift
[1676/1766] Compiling X509 VerifierPolicy.swift
[1677/1766] Compiling X509 AlgorithmIdentifier.swift
[1678/1766] Compiling X509 ECDSASignature.swift
[1679/1766] Compiling X509 RSAPKCS1PublicKey.swift
[1680/1766] Compiling X509 SubjectPublicKeyInfo.swift
[1681/1766] Compiling X509 TBSCertificate.swift
[1682/1766] Compiling X509 Time.swift
[1683/1766] Compiling X509 TimeCalculations.swift
[1684/1766] Compiling X509 Validity.swift
[1685/1766] Compiling X509 X509SendableMetatype.swift
[1686/1766] Compiling NIOFoundationCompat JSONSerialization+ByteBuffer.swift
[1687/1766] Compiling NIOTLS TLSEvents.swift
[1688/1767] Emitting module NIOFoundationCompat
[1689/1767] Compiling NIOFoundationCompat Exports.swift
[1690/1767] Compiling NIOFoundationCompat WaitSpinningRunLoop.swift
[1691/1768] Compiling NIOTLS NIOTypedApplicationProtocolNegotiationHandler.swift
[1694/1768] Compiling NIOSOCKS ClientStateMachine.swift
[1695/1768] Emitting module NIOSOCKS
[1696/1768] Compiling NIOSOCKS SelectedAuthenticationMethod.swift
[1697/1768] Compiling NIOSOCKS SOCKSResponse.swift
[1697/1769] Wrapping AST for NIOFoundationCompat for debugging
[1699/1769] Compiling NIOSOCKS SOCKSClientHandler.swift
[1700/1769] Compiling NIOSOCKS SOCKSServerHandshakeHandler.swift
[1701/1769] Compiling NIOSOCKS AuthenticationMethod.swift
[1702/1769] Compiling NIOSOCKS ClientGreeting.swift
[1703/1769] Emitting module NIOTLS
[1704/1769] Compiling NIOTLS ApplicationProtocolNegotiationHandler.swift
[1704/1769] Wrapping AST for X509 for debugging
[1706/1836] Compiling NIOTLS ProtocolNegotiationHandlerStateMachine.swift
[1707/1836] Compiling NIOTLS SNIHandler.swift
[1708/1837] Compiling JWTKit ECDSA.swift
[1709/1837] Compiling JWTKit ECDSACurve.swift
[1710/1837] Compiling JWTKit ECDSACurveType.swift
[1711/1837] Compiling JWTKit ECDSAError.swift
[1713/1837] Compiling NIOSOCKS ServerStateMachine.swift
[1714/1838] Wrapping AST for NIOTLS for debugging
[1715/1850] Wrapping AST for NIOSOCKS for debugging
[1717/1868] Compiling NIOSSL LinuxCABundle.swift
[1718/1868] Compiling NIOSSL NIOSSLClientHandler.swift
[1719/1870] Compiling NIOSSL AndroidCABundle.swift
[1720/1870] Compiling NIOSSL ByteBufferBIO.swift
[1721/1870] Compiling NIOSSL CustomPrivateKey.swift
[1722/1870] Compiling NIOSSL SSLCallbacks.swift
[1723/1870] Compiling NIOSSL SSLCertificate.swift
[1724/1870] Compiling NIOSSL SSLCertificateExtensions.swift
[1725/1870] Compiling NIOSSL SSLCertificateName.swift
[1726/1870] Compiling NIOSSL ObjectIdentifier.swift
[1727/1870] Compiling NIOSSL PosixPort.swift
[1728/1870] Compiling NIOSSL FreeBSDCABundle.swift
[1729/1870] Compiling NIOSSL IdentityVerification.swift
[1730/1870] Compiling JWTKit MLDSAType.swift
[1731/1870] Compiling JWTKit JWTKeyCollection+UnsecuredNone.swift
[1732/1870] Compiling JWTKit UnsecuredNoneSigner.swift
[1733/1870] Compiling JWTKit JWTKeyCollection+RSA.swift
[1734/1870] Compiling JWTKit RSA.swift
[1735/1870] Compiling JWTKit RSAError.swift
[1736/1870] Compiling JWTKit RSASigner.swift
[1737/1870] Compiling JWTKit Base64URL.swift
[1738/1870] Compiling JWTKit CryptoSigner.swift
[1739/1870] Compiling JWTKit JWTSerializer.swift
[1740/1870] Compiling JWTKit JWTSigner.swift
[1741/1870] Compiling JWTKit JWTKeyCollection+MLDSA.swift
[1742/1870] Compiling JWTKit MLDSA.swift
[1743/1870] Compiling JWTKit MLDSA65+MLDSAKey.swift
[1744/1870] Compiling JWTKit MLDSA87+MLDSAKey.swift
[1745/1870] Compiling JWTKit MLDSAError.swift
[1746/1870] Compiling JWTKit MLDSAKey.swift
[1747/1870] Compiling JWTKit MLDSASigner.swift
[1748/1870] Emitting module JWTKit
[1756/1870] Compiling NIOSSL NIOSSLHandler+Configuration.swift
[1757/1870] Compiling NIOSSL NIOSSLHandler.swift
[1758/1870] Compiling NIOSSL NIOSSLServerHandler.swift
[1759/1879] Compiling NIOSSL SSLPKCS12Bundle.swift
[1760/1879] Compiling NIOSSL SubjectAlternativeName.swift
[1761/1879] Compiling NIOSSL NIOSSLSecureBytes.swift
[1762/1879] Compiling NIOSSL RNG.swift
[1763/1879] Compiling NIOSSL SafeCompare.swift
[1764/1879] Compiling NIOSSL SSLPrivateKey.swift
[1765/1879] Compiling NIOSSL SSLPublicKey.swift
[1766/1879] Compiling NIOSSL SecurityFrameworkCertificateVerification.swift
[1767/1879] Compiling NIOSSL String+unsafeUninitializedCapacity.swift
[1768/1879] Compiling JWTKit JWTKeyCollection+EdDSA.swift
[1769/1879] Compiling JWTKit JWTAlgorithm.swift
[1770/1879] Compiling JWTKit JWTError.swift
[1771/1879] Compiling JWTKit JWTHeader+CommonFields.swift
[1772/1879] Compiling JWTKit JWTHeader.swift
[1773/1879] Compiling JWTKit JWTHeaderField.swift
[1774/1879] Compiling JWTKit JWTKeyCollection.swift
[1775/1879] Compiling JWTKit JWTParser+MandatoryVerificationFields.swift
[1776/1879] Compiling JWTKit JWTParser.swift
[1777/1879] Compiling JWTKit JWTPayload.swift
[1778/1879] Compiling JWTKit HMAC.swift
[1779/1879] Compiling JWTKit HMACError.swift
[1780/1879] Compiling JWTKit HMACSigner.swift
[1781/1879] Compiling JWTKit JWTKeyCollection+HMAC.swift
[1782/1879] Compiling JWTKit Insecure.swift
[1783/1879] Compiling JWTKit JWK.swift
[1784/1879] Compiling JWTKit JWKIdentifier.swift
[1785/1879] Compiling JWTKit JWKS.swift
[1786/1879] Compiling JWTKit JWKSigner.swift
[1793/1879] Compiling NIOHTTP1 NIOTypedHTTPServerUpgradeHandler.swift
[1794/1879] Compiling NIOHTTP1 NIOTypedHTTPServerUpgraderStateMachine.swift
[1795/1879] Compiling NIOSSL SSLErrors.swift
[1796/1879] Compiling NIOSSL SSLInit.swift
[1799/1879] Emitting module NIOSSL
[1800/1883] Emitting module NIOHTTP1
[1825/1888] Wrapping AST for NIOHTTP1 for debugging
[1827/1899] Compiling JWTKit CustomizedJSONCoders.swift
[1828/1899] Compiling JWTKit Utilities.swift
[1829/1899] Compiling JWTKit AppleIdentityToken.swift
[1830/1899] Compiling JWTKit FirebaseAuthIdentityToken.swift
[1831/1899] Compiling JWTKit GoogleIdentityToken.swift
[1832/1899] Compiling JWTKit MicrosoftIdentityToken.swift
[1833/1899] Compiling JWTKit EmptyPolicy.swift
[1834/1899] Compiling JWTKit ValidationTimePayload.swift
[1835/1899] Compiling JWTKit X5CVerifier.swift
[1836/1902] Wrapping AST for JWTKit for debugging
[1846/1902] Compiling NIOHTTPCompression HTTPResponseCompressor.swift
[1847/1902] Compiling NIOHTTPCompression HTTPRequestCompressor.swift
[1848/1902] Compiling NIOHTTPCompression HTTPDecompressor.swift
[1849/1902] Compiling NIOHPACK IntegerCoding.swift
[1850/1902] Compiling NIOHPACK IndexedHeaderTable.swift
[1851/1903] Compiling NIOHTTPCompression HTTPCompression.swift
[1852/1903] Emitting module NIOHTTPCompression
[1853/1903] Compiling NIOHTTPCompression HTTPDecompression.swift
[1854/1904] Compiling NIOHPACK HuffmanTables.swift
[1855/1904] Compiling NIOHPACK HuffmanCoding.swift
[1856/1904] Compiling NIOHPACK DynamicHeaderTable.swift
[1857/1904] Compiling NIOHPACK HPACKDecoder.swift
[1859/1904] Compiling NIOSSL Zeroization.swift
[1860/1904] Compiling NIOSSL TLSConfiguration.swift
[1861/1904] Compiling NIOSSL UniversalBootstrapSupport.swift
[1862/1904] Compiling NIOSSL UnsafeKeyAndChainTarget.swift
[1863/1905] Wrapping AST for NIOHTTPCompression for debugging
[1865/1905] Compiling NIOHPACK StaticHeaderTable.swift
[1865/1905] Wrapping AST for NIOSSL for debugging
[1867/1905] Emitting module NIOHPACK
[1868/1905] Compiling NIOHPACK HPACKHeader.swift
[1869/1905] Compiling NIOHPACK HeaderTables.swift
[1870/1905] Compiling NIOHPACK HPACKEncoder.swift
[1871/1905] Compiling NIOHPACK HPACKErrors.swift
[1872/1906] Wrapping AST for NIOHPACK for debugging
[1874/1969] Compiling NIOHTTP2 MaySendFrames.swift
[1875/1969] Compiling NIOHTTP2 SendingDataState.swift
[1876/1969] Compiling NIOHTTP2 SendingGoawayState.swift
[1877/1969] Compiling NIOHTTP2 SendingHeadersState.swift
[1878/1969] Compiling NIOHTTP2 SendingPushPromiseState.swift
[1879/1969] Compiling NIOHTTP2 SendingRstStreamState.swift
[1880/1969] Compiling NIOHTTP2 SendingWindowUpdateState.swift
[1881/1969] Compiling NIOHTTP2 HTTP2SettingsState.swift
[1882/1969] Compiling NIOHTTP2 HasExtendedConnectSettings.swift
[1883/1977] Compiling NIOHTTP2 HTTP2StreamMultiplexer.swift
[1884/1977] Compiling NIOHTTP2 HTTP2ToHTTP1Codec.swift
[1885/1977] Compiling NIOHTTP2 HTTP2UserEvents.swift
[1886/1977] Compiling NIOHTTP2 InboundEventBuffer.swift
[1887/1977] Compiling NIOHTTP2 InboundWindowManager.swift
[1888/1977] Compiling NIOHTTP2 MultiplexerAbstractChannel.swift
[1889/1977] Compiling NIOHTTP2 NIOHTTP2FrameDelegate.swift
[1890/1977] Compiling NIOHTTP2 NIOHTTP2ServerConnectionManagementHandler+StateMachine.swift
[1891/1977] Compiling NIOHTTP2 ConnectionStateMachine.swift
[1892/1977] Compiling NIOHTTP2 ConnectionStreamsState.swift
[1893/1977] Compiling NIOHTTP2 MayReceiveFrames.swift
[1894/1977] Compiling NIOHTTP2 ReceivingDataState.swift
[1895/1977] Compiling NIOHTTP2 ReceivingGoAwayState.swift
[1896/1977] Compiling NIOHTTP2 ReceivingHeadersState.swift
[1897/1977] Compiling NIOHTTP2 ReceivingPushPromiseState.swift
[1898/1977] Compiling NIOHTTP2 ReceivingRstStreamState.swift
[1899/1977] Compiling NIOHTTP2 ReceivingWindowUpdateState.swift
[1900/1977] Emitting module NIOHTTP2
[1901/1977] Compiling NIOHTTP2 NIOHTTP2ServerConnectionManagementHandler.swift
[1902/1977] Compiling NIOHTTP2 StreamChannelFlowController.swift
[1903/1977] Compiling NIOHTTP2 StreamChannelList.swift
[1904/1977] Compiling NIOHTTP2 StreamMap.swift
[1905/1977] Compiling NIOHTTP2 StreamStateMachine.swift
[1906/1977] Compiling NIOHTTP2 Timer.swift
[1907/1977] Compiling NIOHTTP2 UnsafeTransfer.swift
[1908/1977] Compiling NIOHTTP2 WatermarkedFlowController.swift
[1909/1977] Compiling NIOHTTP2 HTTP2FrameParser.swift
[1910/1977] Compiling NIOHTTP2 HTTP2PingData.swift
[1911/1977] Compiling NIOHTTP2 HTTP2PipelineHelpers.swift
[1912/1977] Compiling NIOHTTP2 HTTP2Settings.swift
[1913/1977] Compiling NIOHTTP2 HTTP2Stream.swift
[1914/1977] Compiling NIOHTTP2 HTTP2StreamChannel+OutboundStreamMultiplexer.swift
[1915/1977] Compiling NIOHTTP2 HTTP2StreamChannel.swift
[1916/1977] Compiling NIOHTTP2 HTTP2StreamDelegate.swift
[1917/1977] Compiling NIOHTTP2 HTTP2StreamID.swift
[1918/1977] Compiling NIOHTTP2 HasFlowControlWindows.swift
[1919/1977] Compiling NIOHTTP2 HasLocalSettings.swift
[1920/1977] Compiling NIOHTTP2 HasRemoteSettings.swift
[1921/1977] Compiling NIOHTTP2 LocallyQuiescingState.swift
[1922/1977] Compiling NIOHTTP2 QuiescingState.swift
[1923/1977] Compiling NIOHTTP2 RemotelyQuiescingState.swift
[1924/1977] Compiling NIOHTTP2 SendAndReceiveGoawayState.swift
[1925/1977] Compiling NIOHTTP2 StateMachineResult.swift
[1926/1977] Compiling NIOHTTP2 ContentLengthVerifier.swift
[1927/1977] Compiling NIOHTTP2 HTTP2ChannelHandler+InlineStreamMultiplexer.swift
[1928/1977] Compiling NIOHTTP2 HTTP2ChannelHandler.swift
[1929/1977] Compiling NIOHTTP2 HTTP2CommonInboundStreamMultiplexer.swift
[1930/1977] Compiling NIOHTTP2 HTTP2ConnectionStateChange.swift
[1931/1977] Compiling NIOHTTP2 HTTP2Error.swift
[1932/1977] Compiling NIOHTTP2 HTTP2ErrorCode.swift
[1933/1977] Compiling NIOHTTP2 HTTP2FlowControlWindow.swift
[1934/1977] Compiling NIOHTTP2 HTTP2Frame.swift
[1935/1977] Compiling NIOHTTP2 HTTP2FrameEncoder.swift
[1936/1977] Compiling NIOHTTP2 DOSHeuristics.swift
[1937/1977] Compiling NIOHTTP2 Error+Any.swift
[1938/1977] Compiling NIOHTTP2 ConcurrentStreamBuffer.swift
[1939/1977] Compiling NIOHTTP2 ControlFrameBuffer.swift
[1940/1977] Compiling NIOHTTP2 OutboundFlowControlBuffer.swift
[1941/1977] Compiling NIOHTTP2 OutboundFrameBuffer.swift
[1942/1977] Compiling NIOHTTP2 GlitchesMonitor.swift
[1943/1977] Compiling NIOHTTP2 HPACKHeaders+Validation.swift
[1944/1977] Compiling NIOHTTP2 HTTP2ChannelHandler+InboundStreamMultiplexer.swift
[1945/1978] Wrapping AST for NIOHTTP2 for debugging
[1947/2042] Emitting module AsyncHTTPClient
[1948/2050] Compiling AsyncHTTPClient HTTPClientResponse.swift
[1949/2050] Compiling AsyncHTTPClient SingleIteratorPrecondition.swift
[1950/2050] Compiling AsyncHTTPClient Transaction+StateMachine.swift
[1951/2050] Compiling AsyncHTTPClient Transaction.swift
[1952/2050] Compiling AsyncHTTPClient Base64.swift
[1953/2050] Compiling AsyncHTTPClient BasicAuth.swift
[1954/2050] Compiling AsyncHTTPClient BestEffortHashableTLSConfiguration.swift
[1955/2050] Compiling AsyncHTTPClient Configuration+BrowserLike.swift
[1956/2050] Compiling AsyncHTTPClient ConnectionPool.swift
[1957/2050] Compiling AsyncHTTPClient RequestValidation.swift
[1958/2050] Compiling AsyncHTTPClient SSLContextCache.swift
[1959/2050] Compiling AsyncHTTPClient Scheme.swift
[1960/2050] Compiling AsyncHTTPClient Singleton.swift
[1961/2050] Compiling AsyncHTTPClient StringConvertibleInstances.swift
[1962/2050] Compiling AsyncHTTPClient StructuredConcurrencyHelpers.swift
[1963/2050] Compiling AsyncHTTPClient TracingSupport.swift
[1964/2050] Compiling AsyncHTTPClient Utils.swift
[1965/2050] Compiling AsyncHTTPClient HTTPConnectionEvent.swift
[1966/2050] Compiling AsyncHTTPClient HTTPConnectionPool+Factory.swift
[1967/2050] Compiling AsyncHTTPClient HTTPConnectionPool+Manager.swift
[1968/2050] Compiling AsyncHTTPClient HTTPConnectionPool.swift
[1969/2050] Compiling AsyncHTTPClient HTTPExecutableRequest.swift
[1970/2050] Compiling AsyncHTTPClient HTTPRequestStateMachine+Demand.swift
[1971/2050] Compiling AsyncHTTPClient HTTPRequestStateMachine.swift
[1972/2050] Compiling AsyncHTTPClient RequestBodyLength.swift
[1973/2050] Compiling AsyncHTTPClient RequestFramingMetadata.swift
[1974/2050] Compiling AsyncHTTPClient DeconstructedURL.swift
[1975/2050] Compiling AsyncHTTPClient FileDownloadDelegate.swift
[1976/2050] Compiling AsyncHTTPClient FoundationExtensions.swift
[1977/2050] Compiling AsyncHTTPClient HTTPClient+HTTPCookie.swift
[1978/2050] Compiling AsyncHTTPClient HTTPClient+Proxy.swift
[1979/2050] Compiling AsyncHTTPClient HTTPClient+StructuredConcurrency.swift
[1980/2050] Compiling AsyncHTTPClient HTTPClient.swift
[1981/2050] Compiling AsyncHTTPClient HTTPClientConfiguration+SwiftConfiguration.swift
[1982/2050] Compiling AsyncHTTPClient HTTPHandler.swift
[1983/2050] Compiling AsyncHTTPClient RequestOptions.swift
[1984/2050] Compiling AsyncHTTPClient HTTPConnectionPool+Backoff.swift
[1985/2050] Compiling AsyncHTTPClient HTTPConnectionPool+HTTP1Connections.swift
[1986/2050] Compiling AsyncHTTPClient HTTPConnectionPool+HTTP1StateMachine.swift
[1987/2050] Compiling AsyncHTTPClient HTTPConnectionPool+HTTP2Connections.swift
[1988/2050] Compiling AsyncHTTPClient HTTPConnectionPool+HTTP2StateMachine.swift
[1989/2050] Compiling AsyncHTTPClient HTTPConnectionPool+RequestQueue.swift
[1990/2050] Compiling AsyncHTTPClient HTTPConnectionPool+StateMachine.swift
[1991/2050] Compiling AsyncHTTPClient ConnectionTarget.swift
[1992/2050] Compiling AsyncHTTPClient LRUCache.swift
[1993/2050] Compiling AsyncHTTPClient NIOLoopBound+Execute.swift
[1994/2050] Compiling AsyncHTTPClient NWErrorHandler.swift
[1995/2050] Compiling AsyncHTTPClient NWWaitingHandler.swift
[1996/2050] Compiling AsyncHTTPClient TLSConfiguration.swift
[1997/2050] Compiling AsyncHTTPClient RedirectState.swift
[1998/2050] Compiling AsyncHTTPClient RequestBag+StateMachine.swift
[1999/2050] Compiling AsyncHTTPClient RequestBag+Tracing.swift
[2000/2050] Compiling AsyncHTTPClient RequestBag.swift
[2001/2050] Compiling AsyncHTTPClient HTTP1ProxyConnectHandler.swift
[2002/2050] Compiling AsyncHTTPClient SOCKSEventsHandler.swift
[2003/2050] Compiling AsyncHTTPClient TLSEventsHandler.swift
[2004/2050] Compiling AsyncHTTPClient HTTP1ClientChannelHandler.swift
[2005/2050] Compiling AsyncHTTPClient HTTP1Connection.swift
[2006/2050] Compiling AsyncHTTPClient HTTP1ConnectionStateMachine.swift
[2007/2050] Compiling AsyncHTTPClient HTTP2ClientRequestHandler.swift
[2008/2050] Compiling AsyncHTTPClient HTTP2Connection.swift
[2009/2050] Compiling AsyncHTTPClient HTTP2IdleHandler.swift
[2010/2050] Compiling AsyncHTTPClient AnyAsyncSequence.swift
[2011/2050] Compiling AsyncHTTPClient AnyAsyncSequenceProucerDelete.swift
[2012/2050] Compiling AsyncHTTPClient AsyncLazySequence.swift
[2013/2050] Compiling AsyncHTTPClient HTTPClient+execute.swift
[2014/2050] Compiling AsyncHTTPClient HTTPClient+shutdown.swift
[2015/2050] Compiling AsyncHTTPClient HTTPClient+tracing.swift
[2016/2050] Compiling AsyncHTTPClient HTTPClientRequest+Prepared.swift
[2017/2050] Compiling AsyncHTTPClient HTTPClientRequest+auth.swift
[2018/2050] Compiling AsyncHTTPClient HTTPClientRequest.swift
[2019/2051] Wrapping AST for AsyncHTTPClient for debugging
[2021/2074] Compiling GoogleAuth ADC.swift
[2022/2074] Compiling GoogleAuth ADCPath.swift
[2023/2074] Compiling GoogleAuth ADCResolver.swift
[2024/2074] Compiling GoogleAuth AuthHeaders.swift
[2025/2077] Compiling GoogleAuth SubjectTokenProvider.swift
[2026/2077] Compiling GoogleAuth MDSAccessTokenProvider.swift
[2027/2077] Compiling GoogleAuth MDSCredentials.swift
[2028/2077] Compiling GoogleAuth AnonymousCredentials.swift
[2029/2077] Compiling GoogleAuth ApiKeyCredentials.swift
[2030/2077] Compiling GoogleAuth ExternalAccountCredentials.swift
[2031/2077] Compiling GoogleAuth AuthHTTPClient.swift
[2032/2077] Compiling GoogleAuth AuthHTTPError.swift
[2033/2077] Compiling GoogleAuth RetryEngine.swift
[2034/2077] Emitting module GoogleAuth
[2035/2077] Compiling GoogleAuth ServiceAccountCredentials.swift
[2036/2077] Compiling GoogleAuth ServiceAccountData.swift
[2037/2077] Compiling GoogleAuth ServiceAccountTokenProvider.swift
[2038/2077] Compiling GoogleAuth CredentialParserRegistry.swift
[2039/2077] Compiling GoogleAuth Credentials.swift
[2040/2077] Compiling GoogleAuth CredentialsError.swift
[2041/2077] Compiling GoogleAuth UserAccountData.swift
[2042/2077] Compiling GoogleAuth UserAccountTokenProvider.swift
[2043/2077] Compiling GoogleAuth UserCredentials.swift
[2044/2077] Compiling GoogleAuth STSHandler.swift
[2045/2077] Compiling GoogleAuth TokenCache.swift
[2046/2077] Compiling GoogleAuth PackageVersion.swift
[2047/2078] Wrapping AST for GoogleAuth for debugging
[2049/2136] Compiling GoogleGax AIP194+PollingErrorPolicy.swift
[2050/2136] Compiling GoogleGax AIP194+RetryPolicy.swift
[2051/2136] Compiling GoogleGax AIP194.swift
[2052/2136] Compiling GoogleGax AdaptiveThrottler.swift
[2053/2136] Compiling GoogleGax AlwaysPoll.swift
[2054/2136] Compiling GoogleGax AlwaysRetry.swift
[2055/2136] Compiling GoogleGax ApiClientHeader.swift
[2056/2136] Compiling GoogleGax BackoffPolicy.swift
[2057/2136] Compiling GoogleGax BasePollingErrorPolicy.swift
[2058/2144] Compiling GoogleGax ContinueOnIO.swift
[2059/2144] Compiling GoogleGax CredentialsProtocol.swift
[2060/2144] Compiling GoogleGax ErrorWrapper.swift
[2061/2144] Compiling GoogleGax ExponentialBackoff+BackoffPolicy.swift
[2062/2144] Compiling GoogleGax ExponentialBackoff+PollingBackoffPolicy.swift
[2063/2144] Compiling GoogleGax ExponentialBackoff.swift
[2064/2144] Compiling GoogleGax HTTPClient.swift
[2065/2144] Compiling GoogleGax HTTPClientHolder.swift
[2066/2144] Compiling GoogleGax LimitedAttemptCount+PollingErrorPolicy.swift
[2067/2144] Compiling GoogleGax LimitedAttemptCount+RetryPolicy.swift
[2068/2144] Compiling GoogleGax LimitedAttemptCount.swift
[2069/2144] Compiling GoogleGax LimitedElapsedTime+PollingErrorPolicy.swift
[2070/2144] Compiling GoogleGax LimitedElapsedTime+RetryPolicy.swift
[2071/2144] Compiling GoogleGax LimitedElapsedTime.swift
[2072/2144] Compiling GoogleGax LongRunningOperations.swift
[2073/2144] Compiling GoogleGax NeverRetry.swift
[2074/2144] Compiling GoogleGax RequestOptions.swift
[2075/2144] Compiling GoogleGax RetryLoop.swift
[2076/2144] Compiling GoogleGax RetryPolicy.swift
[2077/2144] Compiling GoogleGax RetryResult.swift
[2078/2144] Compiling GoogleGax RetryState.swift
[2079/2144] Compiling GoogleGax RetryThrottler.swift
[2080/2144] Compiling GoogleGax RetryThrottlerError.swift
[2081/2144] Compiling GoogleGax RoutingMatcher.swift
[2082/2144] Compiling GoogleGax Pagination.swift
/host/spi-builder-workspace/.build/checkouts/swift-google-gax/Sources/GoogleGax/Pagination.swift:44:22: error: cannot convert '@Sendable (String) async throws -> (response: ResponseType, items: [Item], nextToken: String)' to 'nonisolated(nonsending) @Sendable (String) async throws -> (response: ResponseType, items: [Item], nextToken: String)' because crossing of an isolation boundary requires parameter and result types to conform to 'Sendable' protocol
 42 |   ) where ResponseType: _PaginatedResponse<Item> {
 43 |     self.initialPageToken = initialPageToken ?? ""
 44 |     self.fetchPage = { token in
    |                      |- error: cannot convert '@Sendable (String) async throws -> (response: ResponseType, items: [Item], nextToken: String)' to 'nonisolated(nonsending) @Sendable (String) async throws -> (response: ResponseType, items: [Item], nextToken: String)' because crossing of an isolation boundary requires parameter and result types to conform to 'Sendable' protocol
    |                      `- note: type 'Item' does not conform to 'Sendable' protocol
 45 |       let response = try await listRpc(token)
 46 |       return (response, response._getPaginatedItems(), response._nextPageToken())
[2083/2144] Compiling GoogleGax PollingBackoffPolicy.swift
/host/spi-builder-workspace/.build/checkouts/swift-google-gax/Sources/GoogleGax/Pagination.swift:44:22: error: cannot convert '@Sendable (String) async throws -> (response: ResponseType, items: [Item], nextToken: String)' to 'nonisolated(nonsending) @Sendable (String) async throws -> (response: ResponseType, items: [Item], nextToken: String)' because crossing of an isolation boundary requires parameter and result types to conform to 'Sendable' protocol
 42 |   ) where ResponseType: _PaginatedResponse<Item> {
 43 |     self.initialPageToken = initialPageToken ?? ""
 44 |     self.fetchPage = { token in
    |                      |- error: cannot convert '@Sendable (String) async throws -> (response: ResponseType, items: [Item], nextToken: String)' to 'nonisolated(nonsending) @Sendable (String) async throws -> (response: ResponseType, items: [Item], nextToken: String)' because crossing of an isolation boundary requires parameter and result types to conform to 'Sendable' protocol
    |                      `- note: type 'Item' does not conform to 'Sendable' protocol
 45 |       let response = try await listRpc(token)
 46 |       return (response, response._getPaginatedItems(), response._nextPageToken())
[2084/2144] Compiling GoogleGax PollingErrorPolicy.swift
/host/spi-builder-workspace/.build/checkouts/swift-google-gax/Sources/GoogleGax/Pagination.swift:44:22: error: cannot convert '@Sendable (String) async throws -> (response: ResponseType, items: [Item], nextToken: String)' to 'nonisolated(nonsending) @Sendable (String) async throws -> (response: ResponseType, items: [Item], nextToken: String)' because crossing of an isolation boundary requires parameter and result types to conform to 'Sendable' protocol
 42 |   ) where ResponseType: _PaginatedResponse<Item> {
 43 |     self.initialPageToken = initialPageToken ?? ""
 44 |     self.fetchPage = { token in
    |                      |- error: cannot convert '@Sendable (String) async throws -> (response: ResponseType, items: [Item], nextToken: String)' to 'nonisolated(nonsending) @Sendable (String) async throws -> (response: ResponseType, items: [Item], nextToken: String)' because crossing of an isolation boundary requires parameter and result types to conform to 'Sendable' protocol
    |                      `- note: type 'Item' does not conform to 'Sendable' protocol
 45 |       let response = try await listRpc(token)
 46 |       return (response, response._getPaginatedItems(), response._nextPageToken())
[2085/2144] Compiling GoogleGax PollingResult.swift
/host/spi-builder-workspace/.build/checkouts/swift-google-gax/Sources/GoogleGax/Pagination.swift:44:22: error: cannot convert '@Sendable (String) async throws -> (response: ResponseType, items: [Item], nextToken: String)' to 'nonisolated(nonsending) @Sendable (String) async throws -> (response: ResponseType, items: [Item], nextToken: String)' because crossing of an isolation boundary requires parameter and result types to conform to 'Sendable' protocol
 42 |   ) where ResponseType: _PaginatedResponse<Item> {
 43 |     self.initialPageToken = initialPageToken ?? ""
 44 |     self.fetchPage = { token in
    |                      |- error: cannot convert '@Sendable (String) async throws -> (response: ResponseType, items: [Item], nextToken: String)' to 'nonisolated(nonsending) @Sendable (String) async throws -> (response: ResponseType, items: [Item], nextToken: String)' because crossing of an isolation boundary requires parameter and result types to conform to 'Sendable' protocol
    |                      `- note: type 'Item' does not conform to 'Sendable' protocol
 45 |       let response = try await listRpc(token)
 46 |       return (response, response._getPaginatedItems(), response._nextPageToken())
[2086/2144] Compiling GoogleGax PollingState.swift
/host/spi-builder-workspace/.build/checkouts/swift-google-gax/Sources/GoogleGax/Pagination.swift:44:22: error: cannot convert '@Sendable (String) async throws -> (response: ResponseType, items: [Item], nextToken: String)' to 'nonisolated(nonsending) @Sendable (String) async throws -> (response: ResponseType, items: [Item], nextToken: String)' because crossing of an isolation boundary requires parameter and result types to conform to 'Sendable' protocol
 42 |   ) where ResponseType: _PaginatedResponse<Item> {
 43 |     self.initialPageToken = initialPageToken ?? ""
 44 |     self.fetchPage = { token in
    |                      |- error: cannot convert '@Sendable (String) async throws -> (response: ResponseType, items: [Item], nextToken: String)' to 'nonisolated(nonsending) @Sendable (String) async throws -> (response: ResponseType, items: [Item], nextToken: String)' because crossing of an isolation boundary requires parameter and result types to conform to 'Sendable' protocol
    |                      `- note: type 'Item' does not conform to 'Sendable' protocol
 45 |       let response = try await listRpc(token)
 46 |       return (response, response._getPaginatedItems(), response._nextPageToken())
[2087/2144] Compiling GoogleGax ProtobufConversionError.swift
/host/spi-builder-workspace/.build/checkouts/swift-google-gax/Sources/GoogleGax/Pagination.swift:44:22: error: cannot convert '@Sendable (String) async throws -> (response: ResponseType, items: [Item], nextToken: String)' to 'nonisolated(nonsending) @Sendable (String) async throws -> (response: ResponseType, items: [Item], nextToken: String)' because crossing of an isolation boundary requires parameter and result types to conform to 'Sendable' protocol
 42 |   ) where ResponseType: _PaginatedResponse<Item> {
 43 |     self.initialPageToken = initialPageToken ?? ""
 44 |     self.fetchPage = { token in
    |                      |- error: cannot convert '@Sendable (String) async throws -> (response: ResponseType, items: [Item], nextToken: String)' to 'nonisolated(nonsending) @Sendable (String) async throws -> (response: ResponseType, items: [Item], nextToken: String)' because crossing of an isolation boundary requires parameter and result types to conform to 'Sendable' protocol
    |                      `- note: type 'Item' does not conform to 'Sendable' protocol
 45 |       let response = try await listRpc(token)
 46 |       return (response, response._getPaginatedItems(), response._nextPageToken())
[2088/2144] Compiling GoogleGax QueryParameter.swift
/host/spi-builder-workspace/.build/checkouts/swift-google-gax/Sources/GoogleGax/Pagination.swift:44:22: error: cannot convert '@Sendable (String) async throws -> (response: ResponseType, items: [Item], nextToken: String)' to 'nonisolated(nonsending) @Sendable (String) async throws -> (response: ResponseType, items: [Item], nextToken: String)' because crossing of an isolation boundary requires parameter and result types to conform to 'Sendable' protocol
 42 |   ) where ResponseType: _PaginatedResponse<Item> {
 43 |     self.initialPageToken = initialPageToken ?? ""
 44 |     self.fetchPage = { token in
    |                      |- error: cannot convert '@Sendable (String) async throws -> (response: ResponseType, items: [Item], nextToken: String)' to 'nonisolated(nonsending) @Sendable (String) async throws -> (response: ResponseType, items: [Item], nextToken: String)' because crossing of an isolation boundary requires parameter and result types to conform to 'Sendable' protocol
    |                      `- note: type 'Item' does not conform to 'Sendable' protocol
 45 |       let response = try await listRpc(token)
 46 |       return (response, response._getPaginatedItems(), response._nextPageToken())
[2089/2144] Compiling GoogleGax RequestError.swift
/host/spi-builder-workspace/.build/checkouts/swift-google-gax/Sources/GoogleGax/Pagination.swift:44:22: error: cannot convert '@Sendable (String) async throws -> (response: ResponseType, items: [Item], nextToken: String)' to 'nonisolated(nonsending) @Sendable (String) async throws -> (response: ResponseType, items: [Item], nextToken: String)' because crossing of an isolation boundary requires parameter and result types to conform to 'Sendable' protocol
 42 |   ) where ResponseType: _PaginatedResponse<Item> {
 43 |     self.initialPageToken = initialPageToken ?? ""
 44 |     self.fetchPage = { token in
    |                      |- error: cannot convert '@Sendable (String) async throws -> (response: ResponseType, items: [Item], nextToken: String)' to 'nonisolated(nonsending) @Sendable (String) async throws -> (response: ResponseType, items: [Item], nextToken: String)' because crossing of an isolation boundary requires parameter and result types to conform to 'Sendable' protocol
    |                      `- note: type 'Item' does not conform to 'Sendable' protocol
 45 |       let response = try await listRpc(token)
 46 |       return (response, response._getPaginatedItems(), response._nextPageToken())
[2090/2144] Emitting module GoogleGax
[2091/2144] Compiling GoogleGax BaseRetryPolicy.swift
[2092/2144] Compiling GoogleGax BindingError.swift
[2093/2144] Compiling GoogleGax CRC32C.swift
[2094/2144] Compiling GoogleGax CircuitBreaker.swift
[2095/2144] Compiling GoogleGax ClientError.swift
[2096/2144] Compiling GoogleGax ClientOptions.swift
[2097/2144] Compiling GoogleGax ContinueOnIO+PollingErrorPolicy.swift
[2098/2144] Compiling GoogleGax ContinueOnIO+RetryPolicy.swift
[2099/2144] Compiling GoogleGax HTTPClientProtocol.swift
[2100/2144] Compiling GoogleGax HTTPClientRequest.swift
[2101/2144] Compiling GoogleGax HTTPClientResponse.swift
[2102/2144] Compiling GoogleGax HTTPHeaders.swift
[2103/2144] Compiling GoogleGax HTTPResponseBody.swift
[2104/2144] Compiling GoogleGax HeaderNames.swift
[2105/2144] Compiling GoogleGax Host.swift
[2106/2144] Compiling GoogleGax InProgressResult.swift
[2107/2144] Compiling GoogleGax ServiceError.swift
[2108/2144] Compiling GoogleGax StatusDetail.swift
[2109/2144] Compiling GoogleGax StrictIdempotency.swift
[2110/2144] Compiling GoogleGax ThrottleResult.swift
[2111/2144] Compiling GoogleGax TooManyRequests+PollingErrorPolicy.swift
[2112/2144] Compiling GoogleGax TooManyRequests+RetryPolicy.swift
[2113/2144] Compiling GoogleGax TooManyRequests.swift
[2114/2144] Compiling GoogleGax PackageVersion.swift
BUILD FAILURE 6.2 android