Build Information
Failed to build WICompress, reference main (90f058), with Swift 6.2 for Wasm on 12 Aug 2026 11:55:32 UTC.
Build Command
bash -c docker run --pull=always --rm -v "checkouts-54344843-1":/host -w "$PWD" -e JAVA_HOME="/root/.sdkman/candidates/java/current" -e SPI_BUILD="1" -e SPI_PROCESSING="1" registry.gitlab.com/saguaro1/spi-images:wasm-6.2-latest swift build --swift-sdk swift-6.2-RELEASE_wasm 2>&1Build Log
========================================
RunAll
========================================
Builder version: 729ceb5fcd9493dc13ee340bc4f0908bd201f85d
Interrupt handler set up.
========================================
Checkout
========================================
Clone URL: https://github.com/Weixi779/WICompress.git
Reference: main
Initialized empty Git repository in /host/spi-builder-workspace/.git/
hint: Using 'master' as the name for the initial branch. This default branch name
hint: is subject to change. To configure the initial branch name to use in all
hint: of your new repositories, which will suppress this warning, call:
hint:
hint: git config --global init.defaultBranch <name>
hint:
hint: Names commonly chosen instead of 'master' are 'main', 'trunk' and
hint: 'development'. The just-created branch can be renamed via this command:
hint:
hint: git branch -m <name>
From https://github.com/Weixi779/WICompress
* branch main -> FETCH_HEAD
* [new branch] main -> origin/main
HEAD is now at 90f0583 docs: refresh Luban 2 README previews
Cloned https://github.com/Weixi779/WICompress.git
Revision (git rev-parse @):
90f05839bb4e58b59bea8cac2819dbd2bcea8be5
SPI manifest file found: $PWD/.spi.yml
SUCCESS checkout https://github.com/Weixi779/WICompress.git at main
========================================
Build
========================================
Selected platform: wasm
Swift version: 6.2
Building package at path: $PWD
https://github.com/Weixi779/WICompress.git
Running build ...
bash -c docker run --pull=always --rm -v "checkouts-54344843-1":/host -w "$PWD" -e JAVA_HOME="/root/.sdkman/candidates/java/current" -e SPI_BUILD="1" -e SPI_PROCESSING="1" registry.gitlab.com/saguaro1/spi-images:wasm-6.2-latest swift build --swift-sdk swift-6.2-RELEASE_wasm 2>&1
wasm-6.2-latest: Pulling from saguaro1/spi-images
Digest: sha256:70428a4f4110aef5b17a27427e965f31cf3855e8cf1dfdc416ed61c780337965
Status: Image is up to date for registry.gitlab.com/saguaro1/spi-images:wasm-6.2-latest
Building for debugging...
[0/21] Write sources
[8/21] Write swift-version-24593BA9C3E375BF.txt
error: emit-module command failed with exit code 1 (use -v to see invocation)
[10/28] Emitting module WIImageDomain
/host/spi-builder-workspace/Sources/image/domain/public/ImageFormat.swift:9:8: error: no such module 'UniformTypeIdentifiers'
7 | //
8 |
9 | import UniformTypeIdentifiers
| `- error: no such module 'UniformTypeIdentifiers'
10 |
11 | /// Recognized image container families.
[11/28] Compiling WIImageDomain Rect.swift
/host/spi-builder-workspace/Sources/image/domain/public/ImageFormat.swift:9:8: error: no such module 'UniformTypeIdentifiers'
7 | //
8 |
9 | import UniformTypeIdentifiers
| `- error: no such module 'UniformTypeIdentifiers'
10 |
11 | /// Recognized image container families.
[12/28] Compiling WIImageDomain ImageMetadataOptions.swift
/host/spi-builder-workspace/Sources/image/domain/public/ImageFormat.swift:9:8: error: no such module 'UniformTypeIdentifiers'
7 | //
8 |
9 | import UniformTypeIdentifiers
| `- error: no such module 'UniformTypeIdentifiers'
10 |
11 | /// Recognized image container families.
[13/28] Compiling WIImageDomain ImageFormat.swift
/host/spi-builder-workspace/Sources/image/domain/public/ImageFormat.swift:9:8: error: no such module 'UniformTypeIdentifiers'
7 | //
8 |
9 | import UniformTypeIdentifiers
| `- error: no such module 'UniformTypeIdentifiers'
10 |
11 | /// Recognized image container families.
[14/28] Compiling WIImageDomain WIPixelSize.swift
/host/spi-builder-workspace/Sources/image/domain/public/ImageFormat.swift:9:8: error: no such module 'UniformTypeIdentifiers'
7 | //
8 |
9 | import UniformTypeIdentifiers
| `- error: no such module 'UniformTypeIdentifiers'
10 |
11 | /// Recognized image container families.
[15/28] Compiling WIImageDomain WIImageOrientation.swift
/host/spi-builder-workspace/Sources/image/domain/public/ImageFormat.swift:9:8: error: no such module 'UniformTypeIdentifiers'
7 | //
8 |
9 | import UniformTypeIdentifiers
| `- error: no such module 'UniformTypeIdentifiers'
10 |
11 | /// Recognized image container families.
[16/28] Compiling WIImageDomain WIColor.swift
/host/spi-builder-workspace/Sources/image/domain/public/ImageFormat.swift:9:8: error: no such module 'UniformTypeIdentifiers'
7 | //
8 |
9 | import UniformTypeIdentifiers
| `- error: no such module 'UniformTypeIdentifiers'
10 |
11 | /// Recognized image container families.
BUILD FAILURE 6.2 wasm