Build Information
Failed to build SwiftDebt, reference main (9d688a), with Swift 6.2 for Wasm on 30 Sep 2026 01:58:22 UTC.
Build Command
bash -c docker run --pull=always --rm -v "checkouts-54344843-2":/host -w "$PWD" -e JAVA_HOME="/root/.sdkman/candidates/java/current" -e SPI_BUILD="1" -e SPI_PROCESSING="1" registry.gitlab.com/saguaro1/spi-images:wasm-6.2-latest swift build --swift-sdk swift-6.2-RELEASE_wasm 2>&1Build Log
========================================
RunAll
========================================
Builder version: 5.1.0
Interrupt handler set up.
========================================
Checkout
========================================
Clone URL: https://github.com/brunogama/SwiftDebt.git
Reference: main
Initialized empty Git repository in /host/spi-builder-workspace/.git/
hint: Using 'master' as the name for the initial branch. This default branch name
hint: is subject to change. To configure the initial branch name to use in all
hint: of your new repositories, which will suppress this warning, call:
hint:
hint: git config --global init.defaultBranch <name>
hint:
hint: Names commonly chosen instead of 'master' are 'main', 'trunk' and
hint: 'development'. The just-created branch can be renamed via this command:
hint:
hint: git branch -m <name>
From https://github.com/brunogama/SwiftDebt
* branch main -> FETCH_HEAD
* [new branch] main -> origin/main
HEAD is now at 9d688a3 feat(lifecycle): measure real-source R3 outcomes (#107)
Cloned https://github.com/brunogama/SwiftDebt.git
Revision (git rev-parse @):
9d688a32d38c3840a527c03b2bc1fca6068369a3
SPI manifest file found: $PWD/.spi.yml
SUCCESS checkout https://github.com/brunogama/SwiftDebt.git at main
========================================
Build
========================================
Selected platform: wasm
Swift version: 6.2
Building package at path: $PWD
https://github.com/brunogama/SwiftDebt.git
Running build ...
bash -c docker run --pull=always --rm -v "checkouts-54344843-2":/host -w "$PWD" -e JAVA_HOME="/root/.sdkman/candidates/java/current" -e SPI_BUILD="1" -e SPI_PROCESSING="1" registry.gitlab.com/saguaro1/spi-images:wasm-6.2-latest swift build --swift-sdk swift-6.2-RELEASE_wasm 2>&1
wasm-6.2-latest: Pulling from saguaro1/spi-images
Digest: sha256:ff44196b45f83e5a0a99a627b185f548850d9bc1242e3dee2178fb1570812fe8
Status: Image is up to date for registry.gitlab.com/saguaro1/spi-images:wasm-6.2-latest
Fetching https://github.com/swiftlang/swift-syntax.git
Fetching https://github.com/swiftlang/swift-docc-plugin.git
[1/2345] Fetching swift-docc-plugin
Fetched https://github.com/swiftlang/swift-docc-plugin.git from cache (0.53s)
[1/80087] Fetching swift-syntax
Fetched https://github.com/swiftlang/swift-syntax.git from cache (4.37s)
Computing version for https://github.com/swiftlang/swift-docc-plugin.git
Computed https://github.com/swiftlang/swift-docc-plugin.git at 1.5.0 (5.53s)
Fetching https://github.com/swiftlang/swift-docc-symbolkit
[1/3832] Fetching swift-docc-symbolkit
Fetched https://github.com/swiftlang/swift-docc-symbolkit from cache (0.71s)
Computing version for https://github.com/swiftlang/swift-syntax.git
Computed https://github.com/swiftlang/swift-syntax.git at 602.0.0 (0.99s)
Computing version for https://github.com/swiftlang/swift-docc-symbolkit
Computed https://github.com/swiftlang/swift-docc-symbolkit at 1.0.0 (0.22s)
Creating working copy for https://github.com/swiftlang/swift-syntax.git
Working copy of https://github.com/swiftlang/swift-syntax.git resolved at 602.0.0
Creating working copy for https://github.com/swiftlang/swift-docc-plugin.git
Working copy of https://github.com/swiftlang/swift-docc-plugin.git resolved at 1.5.0
Creating working copy for https://github.com/swiftlang/swift-docc-symbolkit
Working copy of https://github.com/swiftlang/swift-docc-symbolkit resolved at 1.0.0
Downloading package prebuilt https://download.swift.org/prebuilts/swift-syntax/602.0.0/swift-6.2-RELEASE-MacroSupport-ubuntu_jammy_x86_64.tar.gz
Downloaded https://download.swift.org/prebuilts/swift-syntax/602.0.0/swift-6.2-RELEASE-MacroSupport-ubuntu_jammy_x86_64.tar.gz (0.21s)
[1/1] Compiling plugin SwiftDebtBuildPlugin
[2/2] Compiling plugin SwiftDebtCommandPlugin
[3/3] Compiling plugin Swift-DocC Preview
[4/4] Compiling plugin Swift-DocC
Building for debugging...
[4/81] Write sources
[31/81] Copying SwiftDebtKit.docc
[32/81] Write sources
[38/81] Copying SwiftDebtKit.docc
[38/81] Write sources
[40/81] Write swift-version-24593BA9C3E375BF.txt
[41/81] Compiling _SwiftSyntaxCShims PlatformMutex.c
[44/95] Emitting module SwiftSyntax602
[46/97] Emitting module SwiftSyntax510
[47/97] Compiling SwiftSyntax510 Empty.swift
[49/98] Compiling SwiftSyntax600 Empty.swift
[50/98] Emitting module SwiftSyntax600
[52/101] Emitting module SwiftSyntax509
[53/103] Compiling SwiftSyntax602 Empty.swift
[54/103] Compiling SwiftSyntax601 Empty.swift
[55/103] Emitting module SwiftSyntax601
[56/105] Compiling SwiftSyntax509 Empty.swift
[57/105] Emitting module SwiftSyntax509
[61/106] Compiling SwiftSyntax509 Empty.swift
[62/107] Compiling SwiftSyntax600 Empty.swift
[63/107] Emitting module SwiftSyntax600
[64/108] Compiling SwiftSyntax601 Empty.swift
[65/108] Emitting module SwiftSyntax601
[66/109] Wrapping AST for SwiftSyntax602 for debugging
[70/195] Compiling SwiftSyntax602 Empty.swift
[70/196] Wrapping AST for SwiftSyntax600 for debugging
[70/196] Wrapping AST for SwiftSyntax601 for debugging
[72/196] Wrapping AST for SwiftSyntax509 for debugging
[74/196] Wrapping AST for SwiftSyntax601 for debugging
[75/211] Wrapping AST for SwiftSyntax600 for debugging
[76/228] Wrapping AST for SwiftSyntax510 for debugging
[78/259] Compiling SwiftSyntax510 Empty.swift
[79/259] Emitting module SwiftSyntax510
[79/259] Wrapping AST for SwiftSyntax509 for debugging
[80/260] Wrapping AST for SwiftSyntax602 for debugging
[82/273] Wrapping AST for SwiftSyntax510 for debugging
[84/323] Compiling SwiftSyntax SwiftSyntaxCompatibility.swift
[85/323] Compiling SwiftSyntax Syntax.swift
[86/323] Compiling SwiftSyntax SyntaxChildren.swift
[87/323] Compiling SwiftSyntax SyntaxCollection.swift
[88/323] Compiling SwiftSyntax SyntaxHashable.swift
[89/323] Compiling SwiftSyntax SyntaxIdentifier.swift
[90/329] Emitting module SwiftDebtCore
[91/335] Compiling SwiftSyntax AbsolutePosition.swift
[92/335] Compiling SwiftSyntax AbsoluteSyntaxInfo.swift
[93/335] Compiling SwiftSyntax ArenaAllocatedBuffer.swift
[94/335] Compiling SwiftSyntax Assert.swift
[95/335] Compiling SwiftSyntax BumpPtrAllocator.swift
[96/335] Compiling SwiftSyntax CommonAncestor.swift
[97/335] Compiling SwiftSyntax Convenience.swift
[98/335] Compiling SwiftSyntax CustomTraits.swift
[99/335] Compiling SwiftSyntax EditorPlaceholder.swift
[100/343] Compiling SwiftSyntax SourceLength.swift
[101/343] Compiling SwiftSyntax SourceLocation.swift
[102/343] Compiling SwiftSyntax SourcePresence.swift
[109/351] Compiling SwiftDebtCore RuleIdentity.swift
[110/351] Compiling SwiftDebtCore SemanticCompatibility.swift
[111/351] Compiling SwiftDebtCore SourcePath.swift
[112/351] Compiling SwiftDebtCore StructuralDebt.swift
[113/351] Compiling SwiftDebtCore StructuralDebtAggregateItems.swift
[114/351] Compiling SwiftDebtCore StructuralDebtCallableItems.swift
[121/351] Emitting module SwiftDebtCore
[131/351] Compiling SwiftSyntax TokenSyntax.swift
[132/351] Compiling SwiftSyntax Trivia.swift
[133/351] Compiling SwiftSyntax Utils.swift
[137/351] Compiling SwiftSyntax Identifier.swift
[138/351] Compiling SwiftSyntax MemoryLayout.swift
[139/351] Compiling SwiftSyntax MissingNodeInitializers.swift
[140/351] Compiling SwiftSyntax RawSyntax.swift
[141/351] Compiling SwiftSyntax RawSyntaxArena.swift
[142/351] Compiling SwiftSyntax RawSyntaxLayoutView.swift
[143/351] Compiling SwiftSyntax RawSyntaxNodeProtocol.swift
[144/351] Compiling SwiftSyntax RawSyntaxTokenView.swift
[145/351] Compiling SwiftSyntax SourceEdit.swift
[146/351] Compiling SwiftSyntax SyntaxNodeStructure.swift
[147/351] Compiling SwiftSyntax SyntaxProtocol.swift
[148/351] Compiling SwiftSyntax SyntaxText.swift
[149/351] Compiling SwiftSyntax SyntaxTreeViewMode.swift
[150/351] Compiling SwiftSyntax TokenDiagnostic.swift
[151/351] Compiling SwiftSyntax TokenSequence.swift
[176/351] Compiling SwiftSyntax SyntaxRewriter.swift
[177/351] Compiling SwiftSyntax SyntaxTraits.swift
[178/351] Compiling SwiftSyntax SyntaxVisitor.swift
[179/351] Compiling SwiftSyntax TokenKind.swift
[180/351] Compiling SwiftSyntax Tokens.swift
[181/351] Compiling SwiftSyntax TriviaPieces.swift
[227/352] Wrapping AST for SwiftDebtCore for debugging
[229/430] Compiling SwiftDebtLifecycle Finding+EventGraph.swift
[230/430] Compiling SwiftDebtLifecycle Finding.swift
[231/430] Compiling SwiftDebtLifecycle FindingProjection.swift
[232/430] Compiling SwiftDebtLifecycle IntroductionArtifactValidation.swift
[233/430] Compiling SwiftDebtLifecycle IntroductionConclusionEvaluator+Assessment.swift
[234/430] Compiling SwiftDebtLifecycle IntroductionConclusionEvaluator+Trace.swift
[235/430] Compiling SwiftDebtLifecycle IntroductionConclusionEvaluator+Validation.swift
[236/430] Compiling SwiftDebtLifecycle IntroductionConclusionEvaluator.swift
[237/430] Compiling SwiftDebtLifecycle IntroductionEvidence.swift
[238/430] Compiling SwiftDebtLifecycle LegacyContinuityReconciler+Groups.swift
[239/430] Compiling SwiftDebtLifecycle LegacyContinuityReconciler+Relations.swift
[240/430] Compiling SwiftDebtLifecycle LegacyContinuityReconciler.swift
[241/430] Compiling SwiftDebtLifecycle LifecycleArtifact.swift
[242/430] Compiling SwiftDebtLifecycle LifecycleArtifactStore.swift
[243/430] Compiling SwiftDebtLifecycle LifecycleArtifactValidation.swift
[244/430] Compiling SwiftDebtLifecycle LifecycleAuditExport.swift
[245/430] Compiling SwiftDebtLifecycle LifecycleContract.swift
[246/430] Compiling SwiftDebtLifecycle LifecycleDerivedStateValidation.swift
[247/433] Wrapping AST for SwiftDebtCore for debugging
[249/509] Compiling SwiftDebtReporting DebtDashboardReportScript.swift
[250/509] Compiling SwiftDebtReporting DebtReportGraphProjection.swift
error: emit-module command failed with exit code 1 (use -v to see invocation)
[251/510] Emitting module SwiftDebtLifecycle
/host/spi-builder-workspace/Sources/SwiftDebtLifecycle/LifecycleReducer+Processing.swift:1:8: error: no such module 'Dispatch'
1 | import Dispatch
| `- error: no such module 'Dispatch'
2 |
3 | extension LifecycleReducer {
[252/518] Compiling SwiftDebtLifecycle ObservationRecords.swift
/host/spi-builder-workspace/Sources/SwiftDebtLifecycle/LifecycleReducer+Processing.swift:1:8: error: no such module 'Dispatch'
1 | import Dispatch
| `- error: no such module 'Dispatch'
2 |
3 | extension LifecycleReducer {
[253/518] Compiling SwiftDebtLifecycle ObservationReferences.swift
/host/spi-builder-workspace/Sources/SwiftDebtLifecycle/LifecycleReducer+Processing.swift:1:8: error: no such module 'Dispatch'
1 | import Dispatch
| `- error: no such module 'Dispatch'
2 |
3 | extension LifecycleReducer {
[254/518] Compiling SwiftDebtLifecycle ObservationScope.swift
/host/spi-builder-workspace/Sources/SwiftDebtLifecycle/LifecycleReducer+Processing.swift:1:8: error: no such module 'Dispatch'
1 | import Dispatch
| `- error: no such module 'Dispatch'
2 |
3 | extension LifecycleReducer {
[255/518] Compiling SwiftDebtLifecycle ObservationSnapshot+Analysis.swift
/host/spi-builder-workspace/Sources/SwiftDebtLifecycle/LifecycleReducer+Processing.swift:1:8: error: no such module 'Dispatch'
1 | import Dispatch
| `- error: no such module 'Dispatch'
2 |
3 | extension LifecycleReducer {
[256/518] Compiling SwiftDebtLifecycle ObservationSnapshot+Codable.swift
/host/spi-builder-workspace/Sources/SwiftDebtLifecycle/LifecycleReducer+Processing.swift:1:8: error: no such module 'Dispatch'
1 | import Dispatch
| `- error: no such module 'Dispatch'
2 |
3 | extension LifecycleReducer {
[257/518] Compiling SwiftDebtLifecycle ObservationSnapshot.swift
/host/spi-builder-workspace/Sources/SwiftDebtLifecycle/LifecycleReducer+Processing.swift:1:8: error: no such module 'Dispatch'
1 | import Dispatch
| `- error: no such module 'Dispatch'
2 |
3 | extension LifecycleReducer {
[258/518] Compiling SwiftDebtLifecycle ResolutionCoverageEvaluator+Relocation.swift
/host/spi-builder-workspace/Sources/SwiftDebtLifecycle/LifecycleReducer+Processing.swift:1:8: error: no such module 'Dispatch'
1 | import Dispatch
| `- error: no such module 'Dispatch'
2 |
3 | extension LifecycleReducer {
[259/518] Compiling SwiftDebtLifecycle ResolutionCoverageEvaluator.swift
/host/spi-builder-workspace/Sources/SwiftDebtLifecycle/LifecycleReducer+Processing.swift:1:8: error: no such module 'Dispatch'
1 | import Dispatch
| `- error: no such module 'Dispatch'
2 |
3 | extension LifecycleReducer {
[260/518] Compiling SwiftDebtLifecycle ConfigurationComparisonEvaluator.swift
/host/spi-builder-workspace/Sources/SwiftDebtLifecycle/LifecycleReducer+Processing.swift:1:8: error: no such module 'Dispatch'
1 | import Dispatch
| `- error: no such module 'Dispatch'
2 |
3 | extension LifecycleReducer {
[261/518] Compiling SwiftDebtLifecycle ContinuityCandidateIndex.swift
/host/spi-builder-workspace/Sources/SwiftDebtLifecycle/LifecycleReducer+Processing.swift:1:8: error: no such module 'Dispatch'
1 | import Dispatch
| `- error: no such module 'Dispatch'
2 |
3 | extension LifecycleReducer {
[262/518] Compiling SwiftDebtLifecycle ContinuityReconciler+Divergence.swift
/host/spi-builder-workspace/Sources/SwiftDebtLifecycle/LifecycleReducer+Processing.swift:1:8: error: no such module 'Dispatch'
1 | import Dispatch
| `- error: no such module 'Dispatch'
2 |
3 | extension LifecycleReducer {
[263/518] Compiling SwiftDebtLifecycle ContinuityReconciler+Groups.swift
/host/spi-builder-workspace/Sources/SwiftDebtLifecycle/LifecycleReducer+Processing.swift:1:8: error: no such module 'Dispatch'
1 | import Dispatch
| `- error: no such module 'Dispatch'
2 |
3 | extension LifecycleReducer {
[264/518] Compiling SwiftDebtLifecycle ContinuityReconciler+Relations.swift
/host/spi-builder-workspace/Sources/SwiftDebtLifecycle/LifecycleReducer+Processing.swift:1:8: error: no such module 'Dispatch'
1 | import Dispatch
| `- error: no such module 'Dispatch'
2 |
3 | extension LifecycleReducer {
[265/518] Compiling SwiftDebtLifecycle ContinuityReconciler.swift
/host/spi-builder-workspace/Sources/SwiftDebtLifecycle/LifecycleReducer+Processing.swift:1:8: error: no such module 'Dispatch'
1 | import Dispatch
| `- error: no such module 'Dispatch'
2 |
3 | extension LifecycleReducer {
[266/518] Compiling SwiftDebtLifecycle Finding+EventGraph.swift
/host/spi-builder-workspace/Sources/SwiftDebtLifecycle/LifecycleReducer+Processing.swift:1:8: error: no such module 'Dispatch'
1 | import Dispatch
| `- error: no such module 'Dispatch'
2 |
3 | extension LifecycleReducer {
[267/518] Compiling SwiftDebtLifecycle Finding.swift
/host/spi-builder-workspace/Sources/SwiftDebtLifecycle/LifecycleReducer+Processing.swift:1:8: error: no such module 'Dispatch'
1 | import Dispatch
| `- error: no such module 'Dispatch'
2 |
3 | extension LifecycleReducer {
[268/518] Compiling SwiftDebtLifecycle FindingProjection.swift
/host/spi-builder-workspace/Sources/SwiftDebtLifecycle/LifecycleReducer+Processing.swift:1:8: error: no such module 'Dispatch'
1 | import Dispatch
| `- error: no such module 'Dispatch'
2 |
3 | extension LifecycleReducer {
[269/518] Compiling SwiftDebtInteractive TerminalEditorLaunch.swift
/host/spi-builder-workspace/Sources/SwiftDebtInteractive/TerminalEditorLaunch.swift:34:23: error: cannot find 'Process' in scope
32 |
33 | func run() throws {
34 | let process = Process()
| `- error: cannot find 'Process' in scope
35 | process.executableURL = executableURL
36 | process.arguments = arguments
/host/spi-builder-workspace/Sources/SwiftDebtInteractive/TerminalEditorLaunch.swift:72:23: error: cannot find 'Process' in scope
70 | static func copy(_ text: String) throws {
71 | let command = try clipboardCommand()
72 | let process = Process()
| `- error: cannot find 'Process' in scope
73 | let input = Pipe()
74 | process.executableURL = command.executableURL
[270/518] Compiling SwiftDebtLifecycle LegacyIntroductionConclusionEvaluator+Assessment.swift
/host/spi-builder-workspace/Sources/SwiftDebtLifecycle/LifecycleReducer+Processing.swift:1:8: error: no such module 'Dispatch'
1 | import Dispatch
| `- error: no such module 'Dispatch'
2 |
3 | extension LifecycleReducer {
[271/518] Compiling SwiftDebtLifecycle LegacyIntroductionConclusionEvaluator+Trace.swift
/host/spi-builder-workspace/Sources/SwiftDebtLifecycle/LifecycleReducer+Processing.swift:1:8: error: no such module 'Dispatch'
1 | import Dispatch
| `- error: no such module 'Dispatch'
2 |
3 | extension LifecycleReducer {
[272/518] Compiling SwiftDebtLifecycle LegacyIntroductionConclusionEvaluator+Validation.swift
/host/spi-builder-workspace/Sources/SwiftDebtLifecycle/LifecycleReducer+Processing.swift:1:8: error: no such module 'Dispatch'
1 | import Dispatch
| `- error: no such module 'Dispatch'
2 |
3 | extension LifecycleReducer {
[273/518] Compiling SwiftDebtLifecycle LegacyIntroductionConclusionEvaluator.swift
/host/spi-builder-workspace/Sources/SwiftDebtLifecycle/LifecycleReducer+Processing.swift:1:8: error: no such module 'Dispatch'
1 | import Dispatch
| `- error: no such module 'Dispatch'
2 |
3 | extension LifecycleReducer {
[274/518] Compiling SwiftDebtLifecycle LegacyLifecycleReconciliationValidation.swift
/host/spi-builder-workspace/Sources/SwiftDebtLifecycle/LifecycleReducer+Processing.swift:1:8: error: no such module 'Dispatch'
1 | import Dispatch
| `- error: no such module 'Dispatch'
2 |
3 | extension LifecycleReducer {
[275/518] Compiling SwiftDebtLifecycle LegacyResolutionCoverageEvaluator+Relocation.swift
/host/spi-builder-workspace/Sources/SwiftDebtLifecycle/LifecycleReducer+Processing.swift:1:8: error: no such module 'Dispatch'
1 | import Dispatch
| `- error: no such module 'Dispatch'
2 |
3 | extension LifecycleReducer {
[276/518] Compiling SwiftDebtLifecycle LegacyResolutionCoverageEvaluator.swift
/host/spi-builder-workspace/Sources/SwiftDebtLifecycle/LifecycleReducer+Processing.swift:1:8: error: no such module 'Dispatch'
1 | import Dispatch
| `- error: no such module 'Dispatch'
2 |
3 | extension LifecycleReducer {
[277/518] Compiling SwiftDebtLifecycle LifecycleArtifact+SchemaOne.swift
/host/spi-builder-workspace/Sources/SwiftDebtLifecycle/LifecycleReducer+Processing.swift:1:8: error: no such module 'Dispatch'
1 | import Dispatch
| `- error: no such module 'Dispatch'
2 |
3 | extension LifecycleReducer {
[278/518] Compiling SwiftDebtLifecycle LifecycleArtifact+SchemaTwo.swift
/host/spi-builder-workspace/Sources/SwiftDebtLifecycle/LifecycleReducer+Processing.swift:1:8: error: no such module 'Dispatch'
1 | import Dispatch
| `- error: no such module 'Dispatch'
2 |
3 | extension LifecycleReducer {
[279/518] Compiling SwiftDebtLifecycle IntroductionArtifactValidation.swift
/host/spi-builder-workspace/Sources/SwiftDebtLifecycle/LifecycleReducer+Processing.swift:1:8: error: no such module 'Dispatch'
1 | import Dispatch
| `- error: no such module 'Dispatch'
2 |
3 | extension LifecycleReducer {
[280/518] Compiling SwiftDebtLifecycle IntroductionConclusionEvaluator+Assessment.swift
/host/spi-builder-workspace/Sources/SwiftDebtLifecycle/LifecycleReducer+Processing.swift:1:8: error: no such module 'Dispatch'
1 | import Dispatch
| `- error: no such module 'Dispatch'
2 |
3 | extension LifecycleReducer {
[281/518] Compiling SwiftDebtLifecycle IntroductionConclusionEvaluator+Trace.swift
/host/spi-builder-workspace/Sources/SwiftDebtLifecycle/LifecycleReducer+Processing.swift:1:8: error: no such module 'Dispatch'
1 | import Dispatch
| `- error: no such module 'Dispatch'
2 |
3 | extension LifecycleReducer {
[282/518] Compiling SwiftDebtLifecycle IntroductionConclusionEvaluator+Validation.swift
/host/spi-builder-workspace/Sources/SwiftDebtLifecycle/LifecycleReducer+Processing.swift:1:8: error: no such module 'Dispatch'
1 | import Dispatch
| `- error: no such module 'Dispatch'
2 |
3 | extension LifecycleReducer {
[283/518] Compiling SwiftDebtLifecycle IntroductionConclusionEvaluator.swift
/host/spi-builder-workspace/Sources/SwiftDebtLifecycle/LifecycleReducer+Processing.swift:1:8: error: no such module 'Dispatch'
1 | import Dispatch
| `- error: no such module 'Dispatch'
2 |
3 | extension LifecycleReducer {
[284/518] Compiling SwiftDebtLifecycle IntroductionEvidence.swift
/host/spi-builder-workspace/Sources/SwiftDebtLifecycle/LifecycleReducer+Processing.swift:1:8: error: no such module 'Dispatch'
1 | import Dispatch
| `- error: no such module 'Dispatch'
2 |
3 | extension LifecycleReducer {
[285/518] Compiling SwiftDebtLifecycle LegacyContinuityReconciler+Groups.swift
/host/spi-builder-workspace/Sources/SwiftDebtLifecycle/LifecycleReducer+Processing.swift:1:8: error: no such module 'Dispatch'
1 | import Dispatch
| `- error: no such module 'Dispatch'
2 |
3 | extension LifecycleReducer {
[286/518] Compiling SwiftDebtLifecycle LegacyContinuityReconciler+Relations.swift
/host/spi-builder-workspace/Sources/SwiftDebtLifecycle/LifecycleReducer+Processing.swift:1:8: error: no such module 'Dispatch'
1 | import Dispatch
| `- error: no such module 'Dispatch'
2 |
3 | extension LifecycleReducer {
[287/518] Compiling SwiftDebtLifecycle LegacyContinuityReconciler.swift
/host/spi-builder-workspace/Sources/SwiftDebtLifecycle/LifecycleReducer+Processing.swift:1:8: error: no such module 'Dispatch'
1 | import Dispatch
| `- error: no such module 'Dispatch'
2 |
3 | extension LifecycleReducer {
[288/518] Compiling SwiftDebtLifecycle LifecycleArtifact.swift
/host/spi-builder-workspace/Sources/SwiftDebtLifecycle/LifecycleReducer+Processing.swift:1:8: error: no such module 'Dispatch'
1 | import Dispatch
| `- error: no such module 'Dispatch'
2 |
3 | extension LifecycleReducer {
[289/518] Compiling SwiftDebtLifecycle LifecycleArtifactStore.swift
/host/spi-builder-workspace/Sources/SwiftDebtLifecycle/LifecycleReducer+Processing.swift:1:8: error: no such module 'Dispatch'
1 | import Dispatch
| `- error: no such module 'Dispatch'
2 |
3 | extension LifecycleReducer {
[290/518] Compiling SwiftDebtLifecycle LifecycleArtifactValidation.swift
/host/spi-builder-workspace/Sources/SwiftDebtLifecycle/LifecycleReducer+Processing.swift:1:8: error: no such module 'Dispatch'
1 | import Dispatch
| `- error: no such module 'Dispatch'
2 |
3 | extension LifecycleReducer {
[291/518] Compiling SwiftDebtLifecycle LifecycleAuditExport.swift
/host/spi-builder-workspace/Sources/SwiftDebtLifecycle/LifecycleReducer+Processing.swift:1:8: error: no such module 'Dispatch'
1 | import Dispatch
| `- error: no such module 'Dispatch'
2 |
3 | extension LifecycleReducer {
[292/518] Compiling SwiftDebtLifecycle LifecycleContract.swift
/host/spi-builder-workspace/Sources/SwiftDebtLifecycle/LifecycleReducer+Processing.swift:1:8: error: no such module 'Dispatch'
1 | import Dispatch
| `- error: no such module 'Dispatch'
2 |
3 | extension LifecycleReducer {
[293/518] Compiling SwiftDebtLifecycle LifecycleDerivedStateValidation.swift
/host/spi-builder-workspace/Sources/SwiftDebtLifecycle/LifecycleReducer+Processing.swift:1:8: error: no such module 'Dispatch'
1 | import Dispatch
| `- error: no such module 'Dispatch'
2 |
3 | extension LifecycleReducer {
[294/518] Compiling SwiftDebtLifecycle LifecycleEffectiveConfiguration.swift
/host/spi-builder-workspace/Sources/SwiftDebtLifecycle/LifecycleReducer+Processing.swift:1:8: error: no such module 'Dispatch'
1 | import Dispatch
| `- error: no such module 'Dispatch'
2 |
3 | extension LifecycleReducer {
[295/518] Compiling SwiftDebtLifecycle LifecycleEvents.swift
/host/spi-builder-workspace/Sources/SwiftDebtLifecycle/LifecycleReducer+Processing.swift:1:8: error: no such module 'Dispatch'
1 | import Dispatch
| `- error: no such module 'Dispatch'
2 |
3 | extension LifecycleReducer {
[300/518] Emitting module SwiftDebtReporting
[302/519] Compiling SwiftDebtLifecycle SemanticComparisonBasis.swift
/host/spi-builder-workspace/Sources/SwiftDebtLifecycle/LifecycleReducer+Processing.swift:1:8: error: no such module 'Dispatch'
1 | import Dispatch
| `- error: no such module 'Dispatch'
2 |
3 | extension LifecycleReducer {
[303/519] Compiling SwiftDebtLifecycle SemanticComparisonEvaluator.swift
/host/spi-builder-workspace/Sources/SwiftDebtLifecycle/LifecycleReducer+Processing.swift:1:8: error: no such module 'Dispatch'
1 | import Dispatch
| `- error: no such module 'Dispatch'
2 |
3 | extension LifecycleReducer {
[304/519] Compiling SwiftDebtLifecycle SnapshotGraph.swift
/host/spi-builder-workspace/Sources/SwiftDebtLifecycle/LifecycleReducer+Processing.swift:1:8: error: no such module 'Dispatch'
1 | import Dispatch
| `- error: no such module 'Dispatch'
2 |
3 | extension LifecycleReducer {
[305/519] Compiling SwiftDebtLifecycle SnapshotProvenance+Validation.swift
/host/spi-builder-workspace/Sources/SwiftDebtLifecycle/LifecycleReducer+Processing.swift:1:8: error: no such module 'Dispatch'
1 | import Dispatch
| `- error: no such module 'Dispatch'
2 |
3 | extension LifecycleReducer {
[306/519] Compiling SwiftDebtLifecycle SnapshotSourceIdentity.swift
/host/spi-builder-workspace/Sources/SwiftDebtLifecycle/LifecycleReducer+Processing.swift:1:8: error: no such module 'Dispatch'
1 | import Dispatch
| `- error: no such module 'Dispatch'
2 |
3 | extension LifecycleReducer {
[307/519] Compiling SwiftDebtLifecycle SourceDeletionEvidence.swift
/host/spi-builder-workspace/Sources/SwiftDebtLifecycle/LifecycleReducer+Processing.swift:1:8: error: no such module 'Dispatch'
1 | import Dispatch
| `- error: no such module 'Dispatch'
2 |
3 | extension LifecycleReducer {
[308/519] Compiling SwiftDebtLifecycle SourceRenameEvidence.swift
/host/spi-builder-workspace/Sources/SwiftDebtLifecycle/LifecycleReducer+Processing.swift:1:8: error: no such module 'Dispatch'
1 | import Dispatch
| `- error: no such module 'Dispatch'
2 |
3 | extension LifecycleReducer {
[309/519] Compiling SwiftDebtLifecycle SourceSelectionEvidence.swift
/host/spi-builder-workspace/Sources/SwiftDebtLifecycle/LifecycleReducer+Processing.swift:1:8: error: no such module 'Dispatch'
1 | import Dispatch
| `- error: no such module 'Dispatch'
2 |
3 | extension LifecycleReducer {
[310/519] Compiling SwiftDebtInteractive POSIXTerminalIO.swift
/host/spi-builder-workspace/Sources/SwiftDebtInteractive/POSIXTerminalIO.swift:10:34: error: cannot find type 'termios' in scope
8 |
9 | final class RawTerminalMode {
10 | private var savedAttributes: termios?
| `- error: cannot find type 'termios' in scope
11 |
12 | func enter() throws {
/host/spi-builder-workspace/Sources/SwiftDebtInteractive/POSIXTerminalIO.swift:17:24: error: cannot find 'termios' in scope
15 | }
16 |
17 | var original = termios()
| `- error: cannot find 'termios' in scope
18 | guard tcgetattr(STDIN_FILENO, &original) == 0 else {
19 | throw TerminalInteractionError.posix(operation: "read terminal attributes", code: errno)
/host/spi-builder-workspace/Sources/SwiftDebtInteractive/POSIXTerminalIO.swift:18:15: error: cannot find 'tcgetattr' in scope
16 |
17 | var original = termios()
18 | guard tcgetattr(STDIN_FILENO, &original) == 0 else {
| `- error: cannot find 'tcgetattr' in scope
19 | throw TerminalInteractionError.posix(operation: "read terminal attributes", code: errno)
20 | }
/host/spi-builder-workspace/Sources/SwiftDebtInteractive/POSIXTerminalIO.swift:23:9: error: cannot find 'cfmakeraw' in scope
21 |
22 | var raw = original
23 | cfmakeraw(&raw)
| `- error: cannot find 'cfmakeraw' in scope
24 | guard tcsetattr(STDIN_FILENO, TCSANOW, &raw) == 0 else {
25 | throw TerminalInteractionError.posix(operation: "enable raw terminal mode", code: errno)
/host/spi-builder-workspace/Sources/SwiftDebtInteractive/POSIXTerminalIO.swift:24:15: error: cannot find 'tcsetattr' in scope
22 | var raw = original
23 | cfmakeraw(&raw)
24 | guard tcsetattr(STDIN_FILENO, TCSANOW, &raw) == 0 else {
| `- error: cannot find 'tcsetattr' in scope
25 | throw TerminalInteractionError.posix(operation: "enable raw terminal mode", code: errno)
26 | }
/host/spi-builder-workspace/Sources/SwiftDebtInteractive/POSIXTerminalIO.swift:24:39: error: cannot find 'TCSANOW' in scope
22 | var raw = original
23 | cfmakeraw(&raw)
24 | guard tcsetattr(STDIN_FILENO, TCSANOW, &raw) == 0 else {
| `- error: cannot find 'TCSANOW' in scope
25 | throw TerminalInteractionError.posix(operation: "enable raw terminal mode", code: errno)
26 | }
/host/spi-builder-workspace/Sources/SwiftDebtInteractive/POSIXTerminalIO.swift:32:15: error: cannot find 'tcsetattr' in scope
30 | func restore() throws {
31 | guard var original = savedAttributes else { return }
32 | guard tcsetattr(STDIN_FILENO, TCSANOW, &original) == 0 else {
| `- error: cannot find 'tcsetattr' in scope
33 | throw TerminalInteractionError.posix(operation: "restore terminal attributes", code: errno)
34 | }
/host/spi-builder-workspace/Sources/SwiftDebtInteractive/POSIXTerminalIO.swift:32:39: error: cannot find 'TCSANOW' in scope
30 | func restore() throws {
31 | guard var original = savedAttributes else { return }
32 | guard tcsetattr(STDIN_FILENO, TCSANOW, &original) == 0 else {
| `- error: cannot find 'TCSANOW' in scope
33 | throw TerminalInteractionError.posix(operation: "restore terminal attributes", code: errno)
34 | }
/host/spi-builder-workspace/Sources/SwiftDebtInteractive/POSIXTerminalIO.swift:40:13: error: cannot find 'tcsetattr' in scope
38 | deinit {
39 | guard var original = savedAttributes else { return }
40 | _ = tcsetattr(STDIN_FILENO, TCSANOW, &original)
| `- error: cannot find 'tcsetattr' in scope
41 | }
42 | }
/host/spi-builder-workspace/Sources/SwiftDebtInteractive/POSIXTerminalIO.swift:40:37: error: cannot find 'TCSANOW' in scope
38 | deinit {
39 | guard var original = savedAttributes else { return }
40 | _ = tcsetattr(STDIN_FILENO, TCSANOW, &original)
| `- error: cannot find 'TCSANOW' in scope
41 | }
42 | }
[311/519] Compiling SwiftDebtInteractive TerminalDebtExplorer.swift
[312/519] Compiling SwiftDebtInteractive TerminalDebtExplorerDriver.swift
[313/519] Compiling SwiftDebtInteractive TerminalDebtExplorerDependencies.swift
/host/spi-builder-workspace/Sources/SwiftDebtInteractive/POSIXTerminalIO.swift:10:34: error: cannot find type 'termios' in scope
8 |
9 | final class RawTerminalMode {
10 | private var savedAttributes: termios?
| `- error: cannot find type 'termios' in scope
11 |
12 | func enter() throws {
[314/519] Compiling SwiftDebtLifecycle LifecycleEvidenceValidation.swift
/host/spi-builder-workspace/Sources/SwiftDebtLifecycle/LifecycleReducer+Processing.swift:1:8: error: no such module 'Dispatch'
1 | import Dispatch
| `- error: no such module 'Dispatch'
2 |
3 | extension LifecycleReducer {
[315/519] Compiling SwiftDebtLifecycle LifecycleIdentifiers.swift
/host/spi-builder-workspace/Sources/SwiftDebtLifecycle/LifecycleReducer+Processing.swift:1:8: error: no such module 'Dispatch'
1 | import Dispatch
| `- error: no such module 'Dispatch'
2 |
3 | extension LifecycleReducer {
[316/519] Compiling SwiftDebtLifecycle LifecycleMatchedContinuityValidation.swift
/host/spi-builder-workspace/Sources/SwiftDebtLifecycle/LifecycleReducer+Processing.swift:1:8: error: no such module 'Dispatch'
1 | import Dispatch
| `- error: no such module 'Dispatch'
2 |
3 | extension LifecycleReducer {
[317/519] Compiling SwiftDebtLifecycle LifecycleOpeningValidation.swift
/host/spi-builder-workspace/Sources/SwiftDebtLifecycle/LifecycleReducer+Processing.swift:1:8: error: no such module 'Dispatch'
1 | import Dispatch
| `- error: no such module 'Dispatch'
2 |
3 | extension LifecycleReducer {
[318/519] Compiling SwiftDebtLifecycle LifecycleQueries.swift
/host/spi-builder-workspace/Sources/SwiftDebtLifecycle/LifecycleReducer+Processing.swift:1:8: error: no such module 'Dispatch'
1 | import Dispatch
| `- error: no such module 'Dispatch'
2 |
3 | extension LifecycleReducer {
[319/519] Compiling SwiftDebtLifecycle LifecycleQueryRendering.swift
/host/spi-builder-workspace/Sources/SwiftDebtLifecycle/LifecycleReducer+Processing.swift:1:8: error: no such module 'Dispatch'
1 | import Dispatch
| `- error: no such module 'Dispatch'
2 |
3 | extension LifecycleReducer {
[320/519] Compiling SwiftDebtLifecycle LifecycleQueryRenderingEvent.swift
/host/spi-builder-workspace/Sources/SwiftDebtLifecycle/LifecycleReducer+Processing.swift:1:8: error: no such module 'Dispatch'
1 | import Dispatch
| `- error: no such module 'Dispatch'
2 |
3 | extension LifecycleReducer {
[321/519] Compiling SwiftDebtLifecycle LifecycleQueryRenderingObservation.swift
/host/spi-builder-workspace/Sources/SwiftDebtLifecycle/LifecycleReducer+Processing.swift:1:8: error: no such module 'Dispatch'
1 | import Dispatch
| `- error: no such module 'Dispatch'
2 |
3 | extension LifecycleReducer {
[322/519] Compiling SwiftDebtInteractive DebtExplorerReducer.swift
[323/519] Emitting module SwiftDebtInteractive
[324/519] Compiling SwiftDebtReporting RuleAnalysisRenderer.swift
[325/519] Compiling SwiftDebtReporting DebtDashboardReportScript.swift
[326/519] Compiling SwiftDebtInteractive DebtExplorerDetail.swift
error: emit-module command failed with exit code 1 (use -v to see invocation)
[327/519] Emitting module SwiftDebtInteractive
/host/spi-builder-workspace/Sources/SwiftDebtInteractive/POSIXTerminalIO.swift:10:34: error: cannot find type 'termios' in scope
8 |
9 | final class RawTerminalMode {
10 | private var savedAttributes: termios?
| `- error: cannot find type 'termios' in scope
11 |
12 | func enter() throws {
[328/519] Compiling SwiftDebtReporting DebtReportProjectionBuilder.swift
BUILD FAILURE 6.2 wasm