Build Information
Failed to build DeclarativeLayoutKit, reference 3.0.3 (dc0d25), with Swift 6.4 for visionOS using Xcode 27.0 on 17 Sep 2026 18:50:28 UTC.
Build Command
env DEVELOPER_DIR=/Applications/Xcode-27.0.0-Release.Candidate.app xcrun xcodebuild -IDEClonedSourcePackagesDirPathOverride=$PWD/.dependencies -skipMacroValidation -skipPackagePluginValidation -derivedDataPath $PWD/.derivedData build -scheme DeclarativeLayoutKit-Package -destination generic/platform=xrOSBuild Log
========================================
RunAll
========================================
Builder version: 5.1.0
Interrupt handler set up.
========================================
Checkout
========================================
Clone URL: https://github.com/Ernest0-Production/DeclarativeLayoutKit.git
Reference: 3.0.3
Initialized empty Git repository in /Users/admin/builder/spi-builder-workspace/.git/
From https://github.com/Ernest0-Production/DeclarativeLayoutKit
* tag 3.0.3 -> FETCH_HEAD
HEAD is now at dc0d258 leading|trailingAnchors
Cloned https://github.com/Ernest0-Production/DeclarativeLayoutKit.git
Revision (git rev-parse @):
dc0d2586d734c5d00ad8f42da625fccf758caa5c
SUCCESS checkout https://github.com/Ernest0-Production/DeclarativeLayoutKit.git at 3.0.3
========================================
Build
========================================
Selected platform: visionOS
Swift version: 6.4
Building package at path: $PWD
https://github.com/Ernest0-Production/DeclarativeLayoutKit.git
Command line invocation:
/Applications/Xcode-27.0.0-Release.Candidate.app/Contents/Developer/usr/bin/xcodebuild -IDEClonedSourcePackagesDirPathOverride=/Users/admin/builder/spi-builder-workspace/.dependencies -resolvePackageDependencies
Resolve Package Graph
Resolve Package Graph
Resolved source packages:
DeclarativeLayoutKit: /Users/admin/builder/spi-builder-workspace
resolved source packages: DeclarativeLayoutKit
2026-09-17 14:49:32.230 xcodebuild[525:3009] [MT] IDERunDestination: Supported platforms for the buildables in the current scheme is empty.
2026-09-17 14:49:32.377 xcodebuild[525:3009] [MT] IDERunDestination: Supported platforms for the buildables in the current scheme is empty.
2026-09-17 14:49:33.982 xcodebuild[525:3009] [MT] IDERunDestination: Supported platforms for the buildables in the current scheme is empty.
{
"dependencies" : [
],
"manifest_display_name" : "DeclarativeLayoutKit",
"name" : "DeclarativeLayoutKit",
"path" : "/Users/admin/builder/spi-builder-workspace",
"platforms" : [
{
"name" : "ios",
"version" : "11.0"
}
],
"products" : [
{
"name" : "DeclarativeLayoutKit",
"targets" : [
"DeclarativeLayoutKit"
],
"type" : {
"library" : [
"automatic"
]
}
}
],
"swift_languages_versions" : [
"5"
],
"targets" : [
{
"c99name" : "DeclarativeLayoutKitTests",
"module_type" : "SwiftTarget",
"name" : "DeclarativeLayoutKitTests",
"path" : "Tests/DeclarativeLayoutKitTests",
"sources" : [
"Tests.swift"
],
"target_dependencies" : [
"DeclarativeLayoutKit"
],
"type" : "test"
},
{
"c99name" : "DeclarativeLayoutKit",
"module_type" : "SwiftTarget",
"name" : "DeclarativeLayoutKit",
"path" : "Sources/DeclarativeLayoutKit",
"product_memberships" : [
"DeclarativeLayoutKit"
],
"sources" : [
"AutoLayout/Anchor/AutoLayoutGuide.swift",
"AutoLayout/Anchor/BidirectionRelativeAutoLayoutAnchor.swift",
"AutoLayout/Anchor/BidirectionalDimensionAutoLayoutAnchor.swift",
"AutoLayout/Anchor/DimensionAutoLayoutAnchor.swift",
"AutoLayout/Anchor/RelationType.swift",
"AutoLayout/Anchor/RelativeAutoLayoutAnchor.swift",
"AutoLayout/Anchor/RelativeAutoLayoutConstant.swift",
"AutoLayout/AnchorsFactory.swift",
"AutoLayout/AutoLayoutItem.swift",
"AutoLayout/AutoLayoutItemsBuilder.swift",
"AutoLayout/DSL/AutoLayoutConstant.swift",
"AutoLayout/DSL/FromToRelation.swift",
"AutoLayout/DSL/NSLayoutAnchor+Convertible.swift",
"AutoLayout/DSL/Priority.swift",
"Chaining/Actions/ClosureAction.swift",
"Chaining/Actions/UIControl+Event.swift",
"Chaining/Actions/UIView+Gesture.swift",
"Chaining/Chainable.swift",
"Chaining/ExtraChains.swift",
"Chaining/Generated/UIButton+Chain.swift",
"Chaining/Generated/UICollectionView+Chain.swift",
"Chaining/Generated/UIControl+Chain.swift",
"Chaining/Generated/UIDatePicker+Chain.swift",
"Chaining/Generated/UIImageView+Chain.swift",
"Chaining/Generated/UILabel+Chain.swift",
"Chaining/Generated/UIPageControl+Chain.swift",
"Chaining/Generated/UIPickerView+Chain.swift",
"Chaining/Generated/UIScrollView+Chain.swift",
"Chaining/Generated/UISlider+Chain.swift",
"Chaining/Generated/UIStackView+Chain.swift",
"Chaining/Generated/UIStepper+Chain.swift",
"Chaining/Generated/UISwitch+Chain.swift",
"Chaining/Generated/UITabBar+Chain.swift",
"Chaining/Generated/UITableView+Chain.swift",
"Chaining/Generated/UITextField+Chain.swift",
"Chaining/Generated/UITextView+Chain.swift",
"Chaining/Generated/UIToolbar+Chain.swift",
"Chaining/Generated/UIView+Chain.swift",
"Helpers/ArrayBuilder.swift",
"Helpers/KVO.swift",
"Helpers/UILayoutPriority.swift",
"StackView/UIStackViewBuilder.swift",
"StackView/UIStackViewConfiguration.swift",
"StackView/UIStackViewHelpers.swift",
"StackView/UIStackViewSpace.swift"
],
"type" : "library"
}
],
"tools_version" : "5.3"
}
{
"workspace" : {
"name" : "DeclarativeLayoutKit",
"schemes" : [
"DeclarativeLayoutKit",
"DeclarativeLayoutKit-Package",
"LayoutingTests"
]
}
}
2026-09-17 14:50:13.947 xcodebuild[622:3899] [MT] IDERunDestination: Supported platforms for the buildables in the current scheme is empty.
2026-09-17 14:50:14.087 xcodebuild[622:3899] [MT] IDERunDestination: Supported platforms for the buildables in the current scheme is empty.
{
"workspace" : {
"name" : "DeclarativeLayoutKit",
"schemes" : [
"DeclarativeLayoutKit",
"DeclarativeLayoutKit-Package",
"LayoutingTests"
]
}
}
2026-09-17 14:50:14.972 xcodebuild[624:3952] [MT] IDERunDestination: Supported platforms for the buildables in the current scheme is empty.
2026-09-17 14:50:15.073 xcodebuild[624:3952] [MT] IDERunDestination: Supported platforms for the buildables in the current scheme is empty.
Running build ...
env DEVELOPER_DIR=/Applications/Xcode-27.0.0-Release.Candidate.app xcrun xcodebuild -IDEClonedSourcePackagesDirPathOverride=$PWD/.dependencies -skipMacroValidation -skipPackagePluginValidation -derivedDataPath $PWD/.derivedData build -scheme DeclarativeLayoutKit-Package -destination generic/platform=xrOS
Command line invocation:
/Applications/Xcode-27.0.0-Release.Candidate.app/Contents/Developer/usr/bin/xcodebuild -IDEClonedSourcePackagesDirPathOverride=/Users/admin/builder/spi-builder-workspace/.dependencies -skipMacroValidation -skipPackagePluginValidation -derivedDataPath /Users/admin/builder/spi-builder-workspace/.derivedData build -scheme DeclarativeLayoutKit-Package -destination generic/platform=xrOS
Resolve Package Graph
Resolved source packages:
DeclarativeLayoutKit: /Users/admin/builder/spi-builder-workspace
ComputePackagePrebuildTargetDependencyGraph
Prepare packages
CreateBuildRequest
SendProjectDescription
CreateBuildOperation
ComputeTargetDependencyGraph
note: Building targets in dependency order
note: Target dependency graph (2 targets)
Target 'DeclarativeLayoutKit-product' in project 'DeclarativeLayoutKit'
➜ Explicit dependency on target 'DeclarativeLayoutKit' in project 'DeclarativeLayoutKit'
Target 'DeclarativeLayoutKit' in project 'DeclarativeLayoutKit' (no dependencies)
GatherProvisioningInputs
CreateBuildDescription
ExecuteExternalTool /Applications/Xcode-27.0.0-Release.Candidate.app/Contents/Developer/Toolchains/XcodeDefault.xctoolchain/usr/bin/clang -v -E -dM -isysroot /Applications/Xcode-27.0.0-Release.Candidate.app/Contents/Developer/Platforms/XROS.platform/Developer/SDKs/XROS27.0.sdk -x c -c /dev/null
ExecuteExternalTool /Applications/Xcode-27.0.0-Release.Candidate.app/Contents/Developer/Toolchains/XcodeDefault.xctoolchain/usr/bin/swiftc --version
ExecuteExternalTool /Applications/Xcode-27.0.0-Release.Candidate.app/Contents/Developer/Toolchains/XcodeDefault.xctoolchain/usr/bin/ld -version_details
Build description signature: 61380532cc825f5ff3d97c21e7b498bf
Build description path: /Users/admin/builder/spi-builder-workspace/.derivedData/Build/Intermediates.noindex/XCBuildData/61380532cc825f5ff3d97c21e7b498bf.xcbuilddata
CreateBuildDirectory /Users/admin/builder/spi-builder-workspace/.derivedData/SDKExplicitPrecompiledModules
cd /Users/admin/builder/spi-builder-workspace/.swiftpm/xcode
builtin-create-build-directory /Users/admin/builder/spi-builder-workspace/.derivedData/SDKExplicitPrecompiledModules
CreateBuildDirectory /Users/admin/builder/spi-builder-workspace/.derivedData/ModuleCache.noindex
cd /Users/admin/builder/spi-builder-workspace/.swiftpm/xcode
builtin-create-build-directory /Users/admin/builder/spi-builder-workspace/.derivedData/ModuleCache.noindex
CreateBuildDirectory /Users/admin/builder/spi-builder-workspace/.derivedData/CompilationCache.noindex
cd /Users/admin/builder/spi-builder-workspace/.swiftpm/xcode
builtin-create-build-directory /Users/admin/builder/spi-builder-workspace/.derivedData/CompilationCache.noindex
ClangStatCache /Applications/Xcode-27.0.0-Release.Candidate.app/Contents/Developer/Toolchains/XcodeDefault.xctoolchain/usr/bin/clang-stat-cache /Applications/Xcode-27.0.0-Release.Candidate.app/Contents/Developer/Platforms/XROS.platform/Developer/SDKs/XROS27.0.sdk /Users/admin/builder/spi-builder-workspace/.derivedData/SDKStatCaches.noindex/xros27.0-24M361-e829b21a6f8c9b70876ba0858053c044735bd543db762f57723cac368afd1ce4.sdkstatcache
cd /Users/admin/builder/spi-builder-workspace/.swiftpm/xcode
/Applications/Xcode-27.0.0-Release.Candidate.app/Contents/Developer/Toolchains/XcodeDefault.xctoolchain/usr/bin/clang-stat-cache /Applications/Xcode-27.0.0-Release.Candidate.app/Contents/Developer/Platforms/XROS.platform/Developer/SDKs/XROS27.0.sdk -o /Users/admin/builder/spi-builder-workspace/.derivedData/SDKStatCaches.noindex/xros27.0-24M361-e829b21a6f8c9b70876ba0858053c044735bd543db762f57723cac368afd1ce4.sdkstatcache
CreateBuildDirectory /Users/admin/builder/spi-builder-workspace/.derivedData/Build/Intermediates.noindex
cd /Users/admin/builder/spi-builder-workspace/.swiftpm/xcode
builtin-create-build-directory /Users/admin/builder/spi-builder-workspace/.derivedData/Build/Intermediates.noindex
CreateBuildDirectory /Users/admin/builder/spi-builder-workspace/.derivedData/Build/Products
cd /Users/admin/builder/spi-builder-workspace/.swiftpm/xcode
builtin-create-build-directory /Users/admin/builder/spi-builder-workspace/.derivedData/Build/Products
CreateBuildDirectory /Users/admin/builder/spi-builder-workspace/.derivedData/Build/Intermediates.noindex/SwiftExplicitPrecompiledModules
cd /Users/admin/builder/spi-builder-workspace/.swiftpm/xcode
builtin-create-build-directory /Users/admin/builder/spi-builder-workspace/.derivedData/Build/Intermediates.noindex/SwiftExplicitPrecompiledModules
CreateBuildDirectory /Users/admin/builder/spi-builder-workspace/.derivedData/Build/Intermediates.noindex/PrecompiledHeaders
cd /Users/admin/builder/spi-builder-workspace/.swiftpm/xcode
builtin-create-build-directory /Users/admin/builder/spi-builder-workspace/.derivedData/Build/Intermediates.noindex/PrecompiledHeaders
CreateBuildDirectory /Users/admin/builder/spi-builder-workspace/.derivedData/Build/Intermediates.noindex/ExplicitPrecompiledModules
cd /Users/admin/builder/spi-builder-workspace/.swiftpm/xcode
builtin-create-build-directory /Users/admin/builder/spi-builder-workspace/.derivedData/Build/Intermediates.noindex/ExplicitPrecompiledModules
CreateBuildDirectory /Users/admin/builder/spi-builder-workspace/.derivedData/Build/Intermediates.noindex/EagerLinkingTBDs/Debug-xros
cd /Users/admin/builder/spi-builder-workspace/.swiftpm/xcode
builtin-create-build-directory /Users/admin/builder/spi-builder-workspace/.derivedData/Build/Intermediates.noindex/EagerLinkingTBDs/Debug-xros
CreateBuildDirectory /Users/admin/builder/spi-builder-workspace/.derivedData/Build/Products/Debug-xros
cd /Users/admin/builder/spi-builder-workspace/.swiftpm/xcode
builtin-create-build-directory /Users/admin/builder/spi-builder-workspace/.derivedData/Build/Products/Debug-xros
CreateBuildDirectory /Users/admin/builder/spi-builder-workspace/.derivedData/Build/Products/Debug-xros/PackageFrameworks
cd /Users/admin/builder/spi-builder-workspace/.swiftpm/xcode
builtin-create-build-directory /Users/admin/builder/spi-builder-workspace/.derivedData/Build/Products/Debug-xros/PackageFrameworks
WriteAuxiliaryFile /Users/admin/builder/spi-builder-workspace/.derivedData/Build/Intermediates.noindex/DeclarativeLayoutKit.build/Debug-xros/DeclarativeLayoutKit-t.build/DeclarativeLayoutKit.DependencyStaticMetadataFileList (in target 'DeclarativeLayoutKit' from project 'DeclarativeLayoutKit')
cd /Users/admin/builder/spi-builder-workspace
write-file /Users/admin/builder/spi-builder-workspace/.derivedData/Build/Intermediates.noindex/DeclarativeLayoutKit.build/Debug-xros/DeclarativeLayoutKit-t.build/DeclarativeLayoutKit.DependencyStaticMetadataFileList
WriteAuxiliaryFile /Users/admin/builder/spi-builder-workspace/.derivedData/Build/Intermediates.noindex/DeclarativeLayoutKit.build/Debug-xros/DeclarativeLayoutKit-t.build/DeclarativeLayoutKit.modulemap (in target 'DeclarativeLayoutKit' from project 'DeclarativeLayoutKit')
cd /Users/admin/builder/spi-builder-workspace
write-file /Users/admin/builder/spi-builder-workspace/.derivedData/Build/Intermediates.noindex/DeclarativeLayoutKit.build/Debug-xros/DeclarativeLayoutKit-t.build/DeclarativeLayoutKit.modulemap
WriteAuxiliaryFile /Users/admin/builder/spi-builder-workspace/.derivedData/Build/Intermediates.noindex/DeclarativeLayoutKit.build/Debug-xros/DeclarativeLayoutKit-t.build/DeclarativeLayoutKit.DependencyMetadataFileList (in target 'DeclarativeLayoutKit' from project 'DeclarativeLayoutKit')
cd /Users/admin/builder/spi-builder-workspace
write-file /Users/admin/builder/spi-builder-workspace/.derivedData/Build/Intermediates.noindex/DeclarativeLayoutKit.build/Debug-xros/DeclarativeLayoutKit-t.build/DeclarativeLayoutKit.DependencyMetadataFileList
WriteAuxiliaryFile /Users/admin/builder/spi-builder-workspace/.derivedData/Build/Intermediates.noindex/DeclarativeLayoutKit.build/Debug-xros/DeclarativeLayoutKit-t.build/Objects-normal/arm64/DeclarativeLayoutKit.SwiftFileList (in target 'DeclarativeLayoutKit' from project 'DeclarativeLayoutKit')
cd /Users/admin/builder/spi-builder-workspace
write-file /Users/admin/builder/spi-builder-workspace/.derivedData/Build/Intermediates.noindex/DeclarativeLayoutKit.build/Debug-xros/DeclarativeLayoutKit-t.build/Objects-normal/arm64/DeclarativeLayoutKit.SwiftFileList
WriteAuxiliaryFile /Users/admin/builder/spi-builder-workspace/.derivedData/Build/Intermediates.noindex/DeclarativeLayoutKit.build/Debug-xros/DeclarativeLayoutKit-t.build/Objects-normal/arm64/DeclarativeLayoutKit.LinkFileList (in target 'DeclarativeLayoutKit' from project 'DeclarativeLayoutKit')
cd /Users/admin/builder/spi-builder-workspace
write-file /Users/admin/builder/spi-builder-workspace/.derivedData/Build/Intermediates.noindex/DeclarativeLayoutKit.build/Debug-xros/DeclarativeLayoutKit-t.build/Objects-normal/arm64/DeclarativeLayoutKit.LinkFileList
WriteAuxiliaryFile /Users/admin/builder/spi-builder-workspace/.derivedData/Build/Intermediates.noindex/DeclarativeLayoutKit.build/Debug-xros/DeclarativeLayoutKit-t.build/Objects-normal/arm64/DeclarativeLayoutKit.SwiftConstValuesFileList (in target 'DeclarativeLayoutKit' from project 'DeclarativeLayoutKit')
cd /Users/admin/builder/spi-builder-workspace
write-file /Users/admin/builder/spi-builder-workspace/.derivedData/Build/Intermediates.noindex/DeclarativeLayoutKit.build/Debug-xros/DeclarativeLayoutKit-t.build/Objects-normal/arm64/DeclarativeLayoutKit.SwiftConstValuesFileList
WriteAuxiliaryFile /Users/admin/builder/spi-builder-workspace/.derivedData/Build/Intermediates.noindex/DeclarativeLayoutKit.build/Debug-xros/DeclarativeLayoutKit-t.build/Objects-normal/arm64/DeclarativeLayoutKit_const_extract_protocols.json (in target 'DeclarativeLayoutKit' from project 'DeclarativeLayoutKit')
cd /Users/admin/builder/spi-builder-workspace
write-file /Users/admin/builder/spi-builder-workspace/.derivedData/Build/Intermediates.noindex/DeclarativeLayoutKit.build/Debug-xros/DeclarativeLayoutKit-t.build/Objects-normal/arm64/DeclarativeLayoutKit_const_extract_protocols.json
WriteAuxiliaryFile /Users/admin/builder/spi-builder-workspace/.derivedData/Build/Intermediates.noindex/DeclarativeLayoutKit.build/Debug-xros/DeclarativeLayoutKit-t.build/Objects-normal/arm64/DeclarativeLayoutKit-OutputFileMap.json (in target 'DeclarativeLayoutKit' from project 'DeclarativeLayoutKit')
cd /Users/admin/builder/spi-builder-workspace
write-file /Users/admin/builder/spi-builder-workspace/.derivedData/Build/Intermediates.noindex/DeclarativeLayoutKit.build/Debug-xros/DeclarativeLayoutKit-t.build/Objects-normal/arm64/DeclarativeLayoutKit-OutputFileMap.json
Copy /Users/admin/builder/spi-builder-workspace/.derivedData/Build/Intermediates.noindex/GeneratedModuleMaps-xros/DeclarativeLayoutKit.modulemap /Users/admin/builder/spi-builder-workspace/.derivedData/Build/Intermediates.noindex/DeclarativeLayoutKit.build/Debug-xros/DeclarativeLayoutKit-t.build/DeclarativeLayoutKit.modulemap (in target 'DeclarativeLayoutKit' from project 'DeclarativeLayoutKit')
cd /Users/admin/builder/spi-builder-workspace
builtin-copy -exclude .DS_Store -exclude CVS -exclude .svn -exclude .git -exclude .hg -resolve-src-symlinks /Users/admin/builder/spi-builder-workspace/.derivedData/Build/Intermediates.noindex/DeclarativeLayoutKit.build/Debug-xros/DeclarativeLayoutKit-t.build/DeclarativeLayoutKit.modulemap /Users/admin/builder/spi-builder-workspace/.derivedData/Build/Intermediates.noindex/GeneratedModuleMaps-xros
SwiftDriver DeclarativeLayoutKit normal arm64 com.apple.xcode.tools.swift.compiler (in target 'DeclarativeLayoutKit' from project 'DeclarativeLayoutKit')
cd /Users/admin/builder/spi-builder-workspace/.swiftpm/xcode
builtin-SwiftDriver -- /Applications/Xcode-27.0.0-Release.Candidate.app/Contents/Developer/Toolchains/XcodeDefault.xctoolchain/usr/bin/swiftc -parse-as-library -module-name DeclarativeLayoutKit -Onone @/Users/admin/builder/spi-builder-workspace/.derivedData/Build/Intermediates.noindex/DeclarativeLayoutKit.build/Debug-xros/DeclarativeLayoutKit-t.build/Objects-normal/arm64/DeclarativeLayoutKit.SwiftFileList -DSWIFT_PACKAGE -DDEBUG -DSWIFT_MODULE_RESOURCE_BUNDLE_UNAVAILABLE -DXcode -plugin-path /Applications/Xcode-27.0.0-Release.Candidate.app/Contents/Developer/Toolchains/XcodeDefault.xctoolchain/usr/lib/swift/host/plugins/testing -enable-experimental-feature DebugDescriptionMacro -sdk /Applications/Xcode-27.0.0-Release.Candidate.app/Contents/Developer/Platforms/XROS.platform/Developer/SDKs/XROS27.0.sdk -target arm64-apple-xros1.0 -g -module-cache-path /Users/admin/builder/spi-builder-workspace/.derivedData/ModuleCache.noindex -Xfrontend -serialize-debugging-options -enable-testing -index-store-path /Users/admin/builder/spi-builder-workspace/.derivedData/Index.noindex/DataStore -Xcc -D_LIBCPP_HARDENING_MODE\=_LIBCPP_HARDENING_MODE_DEBUG -swift-version 5 -I /Users/admin/builder/spi-builder-workspace/.derivedData/Build/Products/Debug-xros -Isystem /Applications/Xcode-27.0.0-Release.Candidate.app/Contents/Developer/Platforms/XROS.platform/Developer/usr/lib -F /Users/admin/builder/spi-builder-workspace/.derivedData/Build/Products/Debug-xros -F /Applications/Xcode-27.0.0-Release.Candidate.app/Contents/Developer/Platforms/XROS.platform/Developer/Library/Frameworks -F /Applications/Xcode-27.0.0-Release.Candidate.app/Contents/Developer/Platforms/XROS.platform/Developer/SDKs/XROS27.0.sdk/Developer/Library/Frameworks -c -j10 -enable-batch-mode -incremental -Xcc -ivfsstatcache -Xcc /Users/admin/builder/spi-builder-workspace/.derivedData/SDKStatCaches.noindex/xros27.0-24M361-e829b21a6f8c9b70876ba0858053c044735bd543db762f57723cac368afd1ce4.sdkstatcache -output-file-map /Users/admin/builder/spi-builder-workspace/.derivedData/Build/Intermediates.noindex/DeclarativeLayoutKit.build/Debug-xros/DeclarativeLayoutKit-t.build/Objects-normal/arm64/DeclarativeLayoutKit-OutputFileMap.json -save-temps -no-color-diagnostics -explicit-module-build -module-cache-path /Users/admin/builder/spi-builder-workspace/.derivedData/Build/Intermediates.noindex/SwiftExplicitPrecompiledModules -clang-scanner-module-cache-path /Users/admin/builder/spi-builder-workspace/.derivedData/ModuleCache.noindex -sdk-module-cache-path /Users/admin/builder/spi-builder-workspace/.derivedData/SDKExplicitPrecompiledModules -emit-dependencies -emit-module -emit-module-path /Users/admin/builder/spi-builder-workspace/.derivedData/Build/Intermediates.noindex/DeclarativeLayoutKit.build/Debug-xros/DeclarativeLayoutKit-t.build/Objects-normal/arm64/DeclarativeLayoutKit.swiftmodule -serialize-diagnostics -dependency-scan-serialize-diagnostics-path /Users/admin/builder/spi-builder-workspace/.derivedData/Build/Intermediates.noindex/DeclarativeLayoutKit.build/Debug-xros/DeclarativeLayoutKit-t.build/Objects-normal/arm64/DeclarativeLayoutKit-dependency-scan.dia -validate-clang-modules-once -clang-build-session-file /Users/admin/builder/spi-builder-workspace/.derivedData/ModuleCache.noindex/Session.modulevalidation -Xcc -fmodules-prune-interval\=86400 -Xcc -fmodules-prune-after\=345600 -emit-const-values -const-gather-protocols-list /Users/admin/builder/spi-builder-workspace/.derivedData/Build/Intermediates.noindex/DeclarativeLayoutKit.build/Debug-xros/DeclarativeLayoutKit-t.build/Objects-normal/arm64/DeclarativeLayoutKit_const_extract_protocols.json -Xcc -I/Users/admin/builder/spi-builder-workspace/.derivedData/Build/Products/Debug-xros/include -Xcc -I/Users/admin/builder/spi-builder-workspace/.derivedData/Build/Intermediates.noindex/DeclarativeLayoutKit.build/Debug-xros/DeclarativeLayoutKit-t.build/DerivedSources-normal/arm64 -Xcc -I/Users/admin/builder/spi-builder-workspace/.derivedData/Build/Intermediates.noindex/DeclarativeLayoutKit.build/Debug-xros/DeclarativeLayoutKit-t.build/DerivedSources/arm64 -Xcc -I/Users/admin/builder/spi-builder-workspace/.derivedData/Build/Intermediates.noindex/DeclarativeLayoutKit.build/Debug-xros/DeclarativeLayoutKit-t.build/DerivedSources -Xcc -DSWIFT_PACKAGE -Xcc -DDEBUG\=1 -emit-objc-header -emit-objc-header-path /Users/admin/builder/spi-builder-workspace/.derivedData/Build/Intermediates.noindex/DeclarativeLayoutKit.build/Debug-xros/DeclarativeLayoutKit-t.build/Objects-normal/arm64/DeclarativeLayoutKit-Swift.h -working-directory /Users/admin/builder/spi-builder-workspace/.swiftpm/xcode -experimental-emit-module-separately -disable-cmo
SwiftExplicitDependencyGeneratePcm arm64 /Users/admin/builder/spi-builder-workspace/.derivedData/SDKExplicitPrecompiledModules/_Builtin_float-6WKHNW5S40U2QGHXXGETUDIRA.pcm
SwiftExplicitDependencyGeneratePcm arm64 /Users/admin/builder/spi-builder-workspace/.derivedData/SDKExplicitPrecompiledModules/ptrauth-1WBA714DZSVUL5JQDJ08CLKZ.pcm
SwiftExplicitDependencyGeneratePcm arm64 /Users/admin/builder/spi-builder-workspace/.derivedData/SDKExplicitPrecompiledModules/DeveloperToolsSupport-46GOQP8J1QTHLYQSJW81T8UZ3.pcm
SwiftExplicitDependencyGeneratePcm arm64 /Users/admin/builder/spi-builder-workspace/.derivedData/SDKExplicitPrecompiledModules/ptrcheck-BXA97MNLI4BB0HF5I8MJE403D.pcm
SwiftExplicitDependencyGeneratePcm arm64 /Users/admin/builder/spi-builder-workspace/.derivedData/SDKExplicitPrecompiledModules/SwiftShims-CI4H5RO9IYFFWQ2COB512Q2S9.pcm
SwiftExplicitDependencyGeneratePcm arm64 /Users/admin/builder/spi-builder-workspace/.derivedData/SDKExplicitPrecompiledModules/_Builtin_stddef-5NQ9Z1GV07GBSRQGAQCGXGVRI.pcm
SwiftExplicitDependencyGeneratePcm arm64 /Users/admin/builder/spi-builder-workspace/.derivedData/SDKExplicitPrecompiledModules/_Builtin_stdbool-5BU2ADS7JXQMYENKQHW9X8XOU.pcm
SwiftExplicitDependencyGeneratePcm arm64 /Users/admin/builder/spi-builder-workspace/.derivedData/SDKExplicitPrecompiledModules/_AvailabilityInternal-1Q8IQP6M38UWSGZ95UCEY2M44.pcm
SwiftExplicitDependencyGeneratePcm arm64 /Users/admin/builder/spi-builder-workspace/.derivedData/SDKExplicitPrecompiledModules/_SwiftConcurrencyShims-C8XHKSHX96D5YYALNM4W70Z0O.pcm
SwiftExplicitDependencyGeneratePcm arm64 /Users/admin/builder/spi-builder-workspace/.derivedData/SDKExplicitPrecompiledModules/_Builtin_stdarg-CDA349K2K4US766844K8E0PVA.pcm
SwiftExplicitDependencyGeneratePcm arm64 /Users/admin/builder/spi-builder-workspace/.derivedData/SDKExplicitPrecompiledModules/_DarwinFoundation1-5RGRVV2TZ6WC4WZW5IXF8NQ04.pcm
SwiftExplicitDependencyGeneratePcm arm64 /Users/admin/builder/spi-builder-workspace/.derivedData/SDKExplicitPrecompiledModules/_Builtin_limits-425JDMN5HPM3D0UEI8LEHP6NM.pcm
SwiftExplicitDependencyGeneratePcm arm64 /Users/admin/builder/spi-builder-workspace/.derivedData/SDKExplicitPrecompiledModules/_DarwinFoundation2-ENTECK156YEWITZRRBTOCE4KR.pcm
SwiftExplicitDependencyGeneratePcm arm64 /Users/admin/builder/spi-builder-workspace/.derivedData/SDKExplicitPrecompiledModules/string_h-2GT67HHHHK5CF1V1S31LH0PU2.pcm
SwiftExplicitDependencyGeneratePcm arm64 /Users/admin/builder/spi-builder-workspace/.derivedData/SDKExplicitPrecompiledModules/sys_types-AYM0BHR77VKMWZCO2T0XGV2HF.pcm
SwiftExplicitDependencyGeneratePcm arm64 /Users/admin/builder/spi-builder-workspace/.derivedData/SDKExplicitPrecompiledModules/_Builtin_stdint-8OR6T47OOYJA90ZBO3N1USDE.pcm
SwiftExplicitDependencyGeneratePcm arm64 /Users/admin/builder/spi-builder-workspace/.derivedData/SDKExplicitPrecompiledModules/_Builtin_tgmath-BPYSMHWI520EQRL2HW519ZY7Z.pcm
SwiftExplicitDependencyGeneratePcm arm64 /Users/admin/builder/spi-builder-workspace/.derivedData/SDKExplicitPrecompiledModules/_DarwinFoundation3-9ZHN6JKBS40BBA81RQMV8H0IC.pcm
SwiftExplicitDependencyGeneratePcm arm64 /Users/admin/builder/spi-builder-workspace/.derivedData/SDKExplicitPrecompiledModules/_Builtin_stdatomic-1VUZPM79PNCAHXVBERD53WRSF.pcm
SwiftExplicitDependencyGeneratePcm arm64 /Users/admin/builder/spi-builder-workspace/.derivedData/SDKExplicitPrecompiledModules/_Builtin_intrinsics-BC5IJI3YI34RQ61ZNVDRDZ6RN.pcm
SwiftExplicitDependencyGeneratePcm arm64 /Users/admin/builder/spi-builder-workspace/.derivedData/SDKExplicitPrecompiledModules/_Builtin_inttypes-11B64KJD36B3YOHBR1BBXBJY8.pcm
SwiftExplicitDependencyGeneratePcm arm64 /Users/admin/builder/spi-builder-workspace/.derivedData/SDKExplicitPrecompiledModules/Darwin-60P5LVNQO3ESRRM5DCJ05PFNK.pcm
SwiftExplicitDependencyGeneratePcm arm64 /Users/admin/builder/spi-builder-workspace/.derivedData/SDKExplicitPrecompiledModules/simd-9XXAB17Y6E4BBPQADD61NZ23.pcm
SwiftExplicitDependencyGeneratePcm arm64 /Users/admin/builder/spi-builder-workspace/.derivedData/SDKExplicitPrecompiledModules/MachO-3XTHY7HWV6RF3KXKYQVHUBUXK.pcm
SwiftExplicitDependencyGeneratePcm arm64 /Users/admin/builder/spi-builder-workspace/.derivedData/SDKExplicitPrecompiledModules/ObjectiveC-26TIBFYCEJZVP216ZZAU1X8KN.pcm
SwiftExplicitDependencyGeneratePcm arm64 /Users/admin/builder/spi-builder-workspace/.derivedData/SDKExplicitPrecompiledModules/os_object-692CJ8BG6RE5H04487EJJOVXW.pcm
SwiftExplicitDependencyGeneratePcm arm64 /Users/admin/builder/spi-builder-workspace/.derivedData/SDKExplicitPrecompiledModules/os_workgroup-4U1VXMWIZD80E7PRUQF2G7P9X.pcm
SwiftExplicitDependencyGeneratePcm arm64 /Users/admin/builder/spi-builder-workspace/.derivedData/SDKExplicitPrecompiledModules/Dispatch-CLT3466HKC22GCKAWSCNG0H7T.pcm
SwiftExplicitDependencyGeneratePcm arm64 /Users/admin/builder/spi-builder-workspace/.derivedData/SDKExplicitPrecompiledModules/Spatial-5E0I2846LO3ZE24CSVR2O57TI.pcm
SwiftExplicitDependencyGeneratePcm arm64 /Users/admin/builder/spi-builder-workspace/.derivedData/SDKExplicitPrecompiledModules/XPC-EP5EU7FNGP4VOA3EDM18P1KHO.pcm
SwiftExplicitDependencyGeneratePcm arm64 /Users/admin/builder/spi-builder-workspace/.derivedData/SDKExplicitPrecompiledModules/CoreFoundation-AVLTZVCXBU2TO75JCN4AGU8XJ.pcm
SwiftExplicitDependencyGeneratePcm arm64 /Users/admin/builder/spi-builder-workspace/.derivedData/SDKExplicitPrecompiledModules/os-1004XEJ3IXOOAU0KL58SM3D0K.pcm
SwiftExplicitDependencyGeneratePcm arm64 /Users/admin/builder/spi-builder-workspace/.derivedData/SDKExplicitPrecompiledModules/Security-8TH2M8WJIQMET4SADWX0N8372.pcm
SwiftExplicitDependencyGeneratePcm arm64 /Users/admin/builder/spi-builder-workspace/.derivedData/SDKExplicitPrecompiledModules/CoreGraphics-BFUJ177R223UT2ZI327ZTZY91.pcm
SwiftExplicitDependencyGeneratePcm arm64 /Users/admin/builder/spi-builder-workspace/.derivedData/SDKExplicitPrecompiledModules/CFNetwork-5MI70N1VLDQSWTX4COWLMSIRO.pcm
SwiftExplicitDependencyGeneratePcm arm64 /Users/admin/builder/spi-builder-workspace/.derivedData/SDKExplicitPrecompiledModules/Foundation-8GON1KVEKRN3NOQI8RETBRWJP.pcm
SwiftExplicitDependencyGeneratePcm arm64 /Users/admin/builder/spi-builder-workspace/.derivedData/SDKExplicitPrecompiledModules/CoreText-6F9TY5TEPCCZ1K2KYM4GMEGHD.pcm
SwiftExplicitDependencyGeneratePcm arm64 /Users/admin/builder/spi-builder-workspace/.derivedData/SDKExplicitPrecompiledModules/ImageIO-5CC6COR9KJYI1UBL7CSHLU2OG.pcm
SwiftExplicitDependencyGeneratePcm arm64 /Users/admin/builder/spi-builder-workspace/.derivedData/SDKExplicitPrecompiledModules/Symbols-8G2XC01RPQ5HYIZE6JNUT864I.pcm
SwiftExplicitDependencyGeneratePcm arm64 /Users/admin/builder/spi-builder-workspace/.derivedData/SDKExplicitPrecompiledModules/OSLog-BNGT87TS0GMBFF7TY70HHB69.pcm
SwiftExplicitDependencyGeneratePcm arm64 /Users/admin/builder/spi-builder-workspace/.derivedData/SDKExplicitPrecompiledModules/Accessibility-1DR4J4YDVDGAYQTZ0FKZ1PU09.pcm
SwiftExplicitDependencyGeneratePcm arm64 /Users/admin/builder/spi-builder-workspace/.derivedData/SDKExplicitPrecompiledModules/UniformTypeIdentifiers-E5KMWDZEKS4QW9RO1KBRDEXV6.pcm
SwiftExplicitDependencyGeneratePcm arm64 /Users/admin/builder/spi-builder-workspace/.derivedData/SDKExplicitPrecompiledModules/IOSurface-5FE9U89GVFF9A7X7AGO2R8ENI.pcm
SwiftExplicitDependencyGeneratePcm arm64 /Users/admin/builder/spi-builder-workspace/.derivedData/SDKExplicitPrecompiledModules/_LocationEssentials-8GQGFVARUE99D8VJX3TINY0VP.pcm
SwiftExplicitDependencyGeneratePcm arm64 /Users/admin/builder/spi-builder-workspace/.derivedData/SDKExplicitPrecompiledModules/FileProvider-C9I28SI56F2SEVH1BCWTKGODO.pcm
SwiftExplicitDependencyGeneratePcm arm64 /Users/admin/builder/spi-builder-workspace/.derivedData/SDKExplicitPrecompiledModules/UserNotifications-8IIV1V1FPNAPA4LY1Y23LOM2N.pcm
SwiftExplicitDependencyGeneratePcm arm64 /Users/admin/builder/spi-builder-workspace/.derivedData/SDKExplicitPrecompiledModules/UIUtilities-AOVGLUWEAN6CG2UZFNESGSP6C.pcm
SwiftExplicitDependencyGeneratePcm arm64 /Users/admin/builder/spi-builder-workspace/.derivedData/SDKExplicitPrecompiledModules/CoreTransferable-8TBYAKHCX6UC8QQSS7BD8GQK5.pcm
SwiftExplicitDependencyGeneratePcm arm64 /Users/admin/builder/spi-builder-workspace/.derivedData/SDKExplicitPrecompiledModules/DataDetection-BANTQ3WXXGKZJYC0LLB3MD9K0.pcm
SwiftExplicitDependencyGeneratePcm arm64 /Users/admin/builder/spi-builder-workspace/.derivedData/SDKExplicitPrecompiledModules/CoreLocation-1SN37095DAPVJ068LLP9TBDQX.pcm
SwiftExplicitDependencyGeneratePcm arm64 /Users/admin/builder/spi-builder-workspace/.derivedData/SDKExplicitPrecompiledModules/OpenGLES-56BKSYXNVAP91BYZRWAKQZKGI.pcm
SwiftExplicitDependencyGeneratePcm arm64 /Users/admin/builder/spi-builder-workspace/.derivedData/SDKExplicitPrecompiledModules/Metal-EKNUM9P3PRIBHZK1ZBD6BA2T7.pcm
SwiftExplicitDependencyGeneratePcm arm64 /Users/admin/builder/spi-builder-workspace/.derivedData/SDKExplicitPrecompiledModules/CoreMotion-10LV922UPGE28QX2SOIO7ALIZ.pcm
SwiftExplicitDependencyGeneratePcm arm64 /Users/admin/builder/spi-builder-workspace/.derivedData/SDKExplicitPrecompiledModules/CoreVideo-E12HJSJSLO0YKWYBES11UKJ02.pcm
SwiftExplicitDependencyGeneratePcm arm64 /Users/admin/builder/spi-builder-workspace/.derivedData/SDKExplicitPrecompiledModules/QuartzCore-12T8WVKUNCL1N7VXH87MM4YOB.pcm
SwiftExplicitDependencyGeneratePcm arm64 /Users/admin/builder/spi-builder-workspace/.derivedData/SDKExplicitPrecompiledModules/CoreImage-8WF1P230U10QM666EQMNV7OF1.pcm
SwiftExplicitDependencyGeneratePcm arm64 /Users/admin/builder/spi-builder-workspace/.derivedData/SDKExplicitPrecompiledModules/SwiftUICore-6OBBMA39VFD4CB6SG2PE41FAP.pcm
SwiftExplicitDependencyGeneratePcm arm64 /Users/admin/builder/spi-builder-workspace/.derivedData/SDKExplicitPrecompiledModules/UIKit-2D2PMAAE45TMO6S28UCGCO5BR.pcm
SwiftEmitModule normal arm64 Emitting\ module\ for\ DeclarativeLayoutKit (in target 'DeclarativeLayoutKit' from project 'DeclarativeLayoutKit')
/Users/admin/builder/spi-builder-workspace/Sources/DeclarativeLayoutKit/Chaining/Generated/UIScrollView+Chain.swift:178:55: error: 'KeyboardDismissMode' is unavailable in visionOS
176 | @available(iOS 7.0, *)
177 | @discardableResult
178 | func keyboardDismissMode(_ newValue: UIScrollView.KeyboardDismissMode) -> Self {
| `- error: 'KeyboardDismissMode' is unavailable in visionOS
179 | keyboardDismissMode = newValue
180 | return self
/Applications/Xcode-27.0.0-Release.Candidate.app/Contents/Developer/Platforms/XROS.platform/Developer/SDKs/XROS27.0.sdk/System/Library/Frameworks/UIKit.framework/Headers/UIScrollView.h:24:28: note: 'KeyboardDismissMode' has been explicitly marked unavailable here
22 | } API_UNAVAILABLE(watchos);
23 |
24 | typedef NS_ENUM(NSInteger, UIScrollViewKeyboardDismissMode) {
| `- note: 'KeyboardDismissMode' has been explicitly marked unavailable here
25 | UIScrollViewKeyboardDismissModeNone,
26 | UIScrollViewKeyboardDismissModeOnDrag, // dismisses the keyboard when a drag begins
Failed frontend command:
SwiftCompile normal arm64 (in target 'DeclarativeLayoutKit' from project 'DeclarativeLayoutKit')
cd /Users/admin/builder/spi-builder-workspace/.swiftpm/xcode
/Applications/Xcode-27.0.0-Release.Candidate.app/Contents/Developer/Toolchains/XcodeDefault.xctoolchain/usr/bin/swift-frontend -frontend -emit-module -experimental-skip-non-inlinable-function-bodies-without-types /Users/admin/builder/spi-builder-workspace/Sources/DeclarativeLayoutKit/AutoLayout/Anchor/AutoLayoutGuide.swift /Users/admin/builder/spi-builder-workspace/Sources/DeclarativeLayoutKit/AutoLayout/Anchor/BidirectionRelativeAutoLayoutAnchor.swift /Users/admin/builder/spi-builder-workspace/Sources/DeclarativeLayoutKit/AutoLayout/Anchor/BidirectionalDimensionAutoLayoutAnchor.swift /Users/admin/builder/spi-builder-workspace/Sources/DeclarativeLayoutKit/AutoLayout/Anchor/DimensionAutoLayoutAnchor.swift /Users/admin/builder/spi-builder-workspace/Sources/DeclarativeLayoutKit/AutoLayout/Anchor/RelationType.swift /Users/admin/builder/spi-builder-workspace/Sources/DeclarativeLayoutKit/AutoLayout/Anchor/RelativeAutoLayoutAnchor.swift /Users/admin/builder/spi-builder-workspace/Sources/DeclarativeLayoutKit/AutoLayout/Anchor/RelativeAutoLayoutConstant.swift /Users/admin/builder/spi-builder-workspace/Sources/DeclarativeLayoutKit/AutoLayout/AnchorsFactory.swift /Users/admin/builder/spi-builder-workspace/Sources/DeclarativeLayoutKit/AutoLayout/AutoLayoutItem.swift /Users/admin/builder/spi-builder-workspace/Sources/DeclarativeLayoutKit/AutoLayout/AutoLayoutItemsBuilder.swift /Users/admin/builder/spi-builder-workspace/Sources/DeclarativeLayoutKit/AutoLayout/DSL/AutoLayoutConstant.swift /Users/admin/builder/spi-builder-workspace/Sources/DeclarativeLayoutKit/AutoLayout/DSL/FromToRelation.swift /Users/admin/builder/spi-builder-workspace/Sources/DeclarativeLayoutKit/AutoLayout/DSL/NSLayoutAnchor+Convertible.swift /Users/admin/builder/spi-builder-workspace/Sources/DeclarativeLayoutKit/AutoLayout/DSL/Priority.swift /Users/admin/builder/spi-builder-workspace/Sources/DeclarativeLayoutKit/Chaining/Actions/ClosureAction.swift /Users/admin/builder/spi-builder-workspace/Sources/DeclarativeLayoutKit/Chaining/Actions/UIControl+Event.swift /Users/admin/builder/spi-builder-workspace/Sources/DeclarativeLayoutKit/Chaining/Actions/UIView+Gesture.swift /Users/admin/builder/spi-builder-workspace/Sources/DeclarativeLayoutKit/Chaining/Chainable.swift /Users/admin/builder/spi-builder-workspace/Sources/DeclarativeLayoutKit/Chaining/ExtraChains.swift /Users/admin/builder/spi-builder-workspace/Sources/DeclarativeLayoutKit/Chaining/Generated/UIButton+Chain.swift /Users/admin/builder/spi-builder-workspace/Sources/DeclarativeLayoutKit/Chaining/Generated/UICollectionView+Chain.swift /Users/admin/builder/spi-builder-workspace/Sources/DeclarativeLayoutKit/Chaining/Generated/UIControl+Chain.swift /Users/admin/builder/spi-builder-workspace/Sources/DeclarativeLayoutKit/Chaining/Generated/UIDatePicker+Chain.swift /Users/admin/builder/spi-builder-workspace/Sources/DeclarativeLayoutKit/Chaining/Generated/UIImageView+Chain.swift /Users/admin/builder/spi-builder-workspace/Sources/DeclarativeLayoutKit/Chaining/Generated/UILabel+Chain.swift /Users/admin/builder/spi-builder-workspace/Sources/DeclarativeLayoutKit/Chaining/Generated/UIPageControl+Chain.swift /Users/admin/builder/spi-builder-workspace/Sources/DeclarativeLayoutKit/Chaining/Generated/UIPickerView+Chain.swift /Users/admin/builder/spi-builder-workspace/Sources/DeclarativeLayoutKit/Chaining/Generated/UIScrollView+Chain.swift /Users/admin/builder/spi-builder-workspace/Sources/DeclarativeLayoutKit/Chaining/Generated/UISlider+Chain.swift /Users/admin/builder/spi-builder-workspace/Sources/DeclarativeLayoutKit/Chaining/Generated/UIStackView+Chain.swift /Users/admin/builder/spi-builder-workspace/Sources/DeclarativeLayoutKit/Chaining/Generated/UIStepper+Chain.swift /Users/admin/builder/spi-builder-workspace/Sources/DeclarativeLayoutKit/Chaining/Generated/UISwitch+Chain.swift /Users/admin/builder/spi-builder-workspace/Sources/DeclarativeLayoutKit/Chaining/Generated/UITabBar+Chain.swift /Users/admin/builder/spi-builder-workspace/Sources/DeclarativeLayoutKit/Chaining/Generated/UITableView+Chain.swift /Users/admin/builder/spi-builder-workspace/Sources/DeclarativeLayoutKit/Chaining/Generated/UITextField+Chain.swift /Users/admin/builder/spi-builder-workspace/Sources/DeclarativeLayoutKit/Chaining/Generated/UITextView+Chain.swift /Users/admin/builder/spi-builder-workspace/Sources/DeclarativeLayoutKit/Chaining/Generated/UIToolbar+Chain.swift /Users/admin/builder/spi-builder-workspace/Sources/DeclarativeLayoutKit/Chaining/Generated/UIView+Chain.swift /Users/admin/builder/spi-builder-workspace/Sources/DeclarativeLayoutKit/Helpers/ArrayBuilder.swift /Users/admin/builder/spi-builder-workspace/Sources/DeclarativeLayoutKit/Helpers/KVO.swift /Users/admin/builder/spi-builder-workspace/Sources/DeclarativeLayoutKit/Helpers/UILayoutPriority.swift /Users/admin/builder/spi-builder-workspace/Sources/DeclarativeLayoutKit/StackView/UIStackViewBuilder.swift /Users/admin/builder/spi-builder-workspace/Sources/DeclarativeLayoutKit/StackView/UIStackViewConfiguration.swift /Users/admin/builder/spi-builder-workspace/Sources/DeclarativeLayoutKit/StackView/UIStackViewHelpers.swift /Users/admin/builder/spi-builder-workspace/Sources/DeclarativeLayoutKit/StackView/UIStackViewSpace.swift -target arm64-apple-xros1.0 -disable-cross-import-overlay-search -load-resolved-plugin /Applications/Xcode-27.0.0-Release.Candidate.app/Contents/Developer/Platforms/XROS.platform/Developer/usr/lib/swift/host/plugins/libFoundationMacros.dylib\#/Applications/Xcode-27.0.0-Release.Candidate.app/Contents/Developer/Platforms/XROS.platform/Developer/usr/bin/swift-plugin-server\#FoundationMacros -load-resolved-plugin /Applications/Xcode-27.0.0-Release.Candidate.app/Contents/Developer/Platforms/XROS.platform/Developer/usr/lib/swift/host/plugins/libObservationMacros.dylib\#/Applications/Xcode-27.0.0-Release.Candidate.app/Contents/Developer/Platforms/XROS.platform/Developer/usr/bin/swift-plugin-server\#ObservationMacros -load-resolved-plugin /Applications/Xcode-27.0.0-Release.Candidate.app/Contents/Developer/Platforms/XROS.platform/Developer/usr/lib/swift/host/plugins/libPreviewsMacros.dylib\#/Applications/Xcode-27.0.0-Release.Candidate.app/Contents/Developer/Platforms/XROS.platform/Developer/usr/bin/swift-plugin-server\#PreviewsMacros -load-resolved-plugin /Applications/Xcode-27.0.0-Release.Candidate.app/Contents/Developer/Platforms/XROS.platform/Developer/usr/lib/swift/host/plugins/libSwiftMacros.dylib\#/Applications/Xcode-27.0.0-Release.Candidate.app/Contents/Developer/Platforms/XROS.platform/Developer/usr/bin/swift-plugin-server\#SwiftMacros -load-resolved-plugin /Applications/Xcode-27.0.0-Release.Candidate.app/Contents/Developer/Platforms/XROS.platform/Developer/usr/lib/swift/host/plugins/libSwiftUIMacros.dylib\#/Applications/Xcode-27.0.0-Release.Candidate.app/Contents/Developer/Platforms/XROS.platform/Developer/usr/bin/swift-plugin-server\#SwiftUIMacros -disable-implicit-swift-modules -Xcc -fno-implicit-modules -Xcc -fno-implicit-module-maps -explicit-swift-module-map-file /Users/admin/builder/spi-builder-workspace/.derivedData/Build/Intermediates.noindex/DeclarativeLayoutKit.build/Debug-xros/DeclarativeLayoutKit-t.build/Objects-normal/arm64/DeclarativeLayoutKit-dependencies-1.json -Xllvm -aarch64-use-tbi -enable-objc-interop -stack-check -sdk /Applications/Xcode-27.0.0-Release.Candidate.app/Contents/Developer/Platforms/XROS.platform/Developer/SDKs/XROS27.0.sdk -I /Users/admin/builder/spi-builder-workspace/.derivedData/Build/Products/Debug-xros -Isystem /Applications/Xcode-27.0.0-Release.Candidate.app/Contents/Developer/Platforms/XROS.platform/Developer/usr/lib -F /Users/admin/builder/spi-builder-workspace/.derivedData/Build/Products/Debug-xros -F /Applications/Xcode-27.0.0-Release.Candidate.app/Contents/Developer/Platforms/XROS.platform/Developer/Library/Frameworks -F /Applications/Xcode-27.0.0-Release.Candidate.app/Contents/Developer/Platforms/XROS.platform/Developer/SDKs/XROS27.0.sdk/Developer/Library/Frameworks -module-cache-path /Users/admin/builder/spi-builder-workspace/.derivedData/Build/Intermediates.noindex/SwiftExplicitPrecompiledModules -no-color-diagnostics -Xcc -fno-color-diagnostics -enable-testing -g -debug-info-format\=dwarf -dwarf-version\=4 -swift-version 5 -Onone -D SWIFT_PACKAGE -D DEBUG -D SWIFT_MODULE_RESOURCE_BUNDLE_UNAVAILABLE -D Xcode -serialize-debugging-options -enable-experimental-feature DebugDescriptionMacro -empty-abi-descriptor -validate-clang-modules-once -clang-build-session-file /Users/admin/builder/spi-builder-workspace/.derivedData/ModuleCache.noindex/Session.modulevalidation -Xcc -working-directory -Xcc /Users/admin/builder/spi-builder-workspace/.swiftpm/xcode -enable-anonymous-context-mangled-names -file-compilation-dir /Users/admin/builder/spi-builder-workspace/.swiftpm/xcode -Xcc -D_LIBCPP_HARDENING_MODE\=_LIBCPP_HARDENING_MODE_DEBUG -Xcc -ivfsstatcache -Xcc /Users/admin/builder/spi-builder-workspace/.derivedData/SDKStatCaches.noindex/xros27.0-24M361-e829b21a6f8c9b70876ba0858053c044735bd543db762f57723cac368afd1ce4.sdkstatcache -Xcc -fmodules-prune-interval\=86400 -Xcc -fmodules-prune-after\=345600 -Xcc -I/Users/admin/builder/spi-builder-workspace/.derivedData/Build/Products/Debug-xros/include -Xcc -I/Users/admin/builder/spi-builder-workspace/.derivedData/Build/Intermediates.noindex/DeclarativeLayoutKit.build/Debug-xros/DeclarativeLayoutKit-t.build/DerivedSources-normal/arm64 -Xcc -I/Users/admin/builder/spi-builder-workspace/.derivedData/Build/Intermediates.noindex/DeclarativeLayoutKit.build/Debug-xros/DeclarativeLayoutKit-t.build/DerivedSources/arm64 -Xcc -I/Users/admin/builder/spi-builder-workspace/.derivedData/Build/Intermediates.noindex/DeclarativeLayoutKit.build/Debug-xros/DeclarativeLayoutKit-t.build/DerivedSources -Xcc -DSWIFT_PACKAGE -Xcc -DDEBUG\=1 -no-auto-bridging-header-chaining -module-name DeclarativeLayoutKit -const-gather-protocols-file /Users/admin/builder/spi-builder-workspace/.derivedData/Build/Intermediates.noindex/DeclarativeLayoutKit.build/Debug-xros/DeclarativeLayoutKit-t.build/Objects-normal/arm64/DeclarativeLayoutKit_const_extract_protocols.json -disable-clang-spi -clang-target arm64-apple-xros27.0 -target-sdk-version 27.0 -target-sdk-name xros27.0 -in-process-plugin-server-path /Applications/Xcode-27.0.0-Release.Candidate.app/Contents/Developer/Toolchains/XcodeDefault.xctoolchain/usr/lib/swift/host/libSwiftInProcPluginServer.dylib -emit-module-doc-path /Users/admin/builder/spi-builder-workspace/.derivedData/Build/Intermediates.noindex/DeclarativeLayoutKit.build/Debug-xros/DeclarativeLayoutKit-t.build/Objects-normal/arm64/DeclarativeLayoutKit.swiftdoc -emit-module-source-info-path /Users/admin/builder/spi-builder-workspace/.derivedData/Build/Intermediates.noindex/DeclarativeLayoutKit.build/Debug-xros/DeclarativeLayoutKit-t.build/Objects-normal/arm64/DeclarativeLayoutKit.swiftsourceinfo -emit-objc-header-path /Users/admin/builder/spi-builder-workspace/.derivedData/Build/Intermediates.noindex/DeclarativeLayoutKit.build/Debug-xros/DeclarativeLayoutKit-t.build/Objects-normal/arm64/DeclarativeLayoutKit-Swift.h -serialize-diagnostics-path /Users/admin/builder/spi-builder-workspace/.derivedData/Build/Intermediates.noindex/DeclarativeLayoutKit.build/Debug-xros/DeclarativeLayoutKit-t.build/Objects-normal/arm64/DeclarativeLayoutKit-primary-emit-module.dia -emit-dependencies-path /Users/admin/builder/spi-builder-workspace/.derivedData/Build/Intermediates.noindex/DeclarativeLayoutKit.build/Debug-xros/DeclarativeLayoutKit-t.build/Objects-normal/arm64/DeclarativeLayoutKit-primary-emit-module.d -parse-as-library -o /Users/admin/builder/spi-builder-workspace/.derivedData/Build/Intermediates.noindex/DeclarativeLayoutKit.build/Debug-xros/DeclarativeLayoutKit-t.build/Objects-normal/arm64/DeclarativeLayoutKit.swiftmodule -emit-abi-descriptor-path /Users/admin/builder/spi-builder-workspace/.derivedData/Build/Intermediates.noindex/DeclarativeLayoutKit.build/Debug-xros/DeclarativeLayoutKit-t.build/Objects-normal/arm64/DeclarativeLayoutKit.abi.json
SwiftCompile normal arm64 Compiling\ UIStackView+Chain.swift,\ UIStepper+Chain.swift,\ UISwitch+Chain.swift,\ UITabBar+Chain.swift /Users/admin/builder/spi-builder-workspace/Sources/DeclarativeLayoutKit/Chaining/Generated/UIStackView+Chain.swift /Users/admin/builder/spi-builder-workspace/Sources/DeclarativeLayoutKit/Chaining/Generated/UIStepper+Chain.swift /Users/admin/builder/spi-builder-workspace/Sources/DeclarativeLayoutKit/Chaining/Generated/UISwitch+Chain.swift /Users/admin/builder/spi-builder-workspace/Sources/DeclarativeLayoutKit/Chaining/Generated/UITabBar+Chain.swift (in target 'DeclarativeLayoutKit' from project 'DeclarativeLayoutKit')
SwiftCompile normal arm64 /Users/admin/builder/spi-builder-workspace/Sources/DeclarativeLayoutKit/Chaining/Generated/UIStackView+Chain.swift (in target 'DeclarativeLayoutKit' from project 'DeclarativeLayoutKit')
cd /Users/admin/builder/spi-builder-workspace/.swiftpm/xcode
builtin-SwiftPerFileCompile UIStackView+Chain.swift
SwiftCompile normal arm64 /Users/admin/builder/spi-builder-workspace/Sources/DeclarativeLayoutKit/Chaining/Generated/UIStepper+Chain.swift (in target 'DeclarativeLayoutKit' from project 'DeclarativeLayoutKit')
cd /Users/admin/builder/spi-builder-workspace/.swiftpm/xcode
builtin-SwiftPerFileCompile UIStepper+Chain.swift
SwiftCompile normal arm64 /Users/admin/builder/spi-builder-workspace/Sources/DeclarativeLayoutKit/Chaining/Generated/UISwitch+Chain.swift (in target 'DeclarativeLayoutKit' from project 'DeclarativeLayoutKit')
cd /Users/admin/builder/spi-builder-workspace/.swiftpm/xcode
builtin-SwiftPerFileCompile UISwitch+Chain.swift
SwiftCompile normal arm64 /Users/admin/builder/spi-builder-workspace/Sources/DeclarativeLayoutKit/Chaining/Generated/UITabBar+Chain.swift (in target 'DeclarativeLayoutKit' from project 'DeclarativeLayoutKit')
cd /Users/admin/builder/spi-builder-workspace/.swiftpm/xcode
builtin-SwiftPerFileCompile UITabBar+Chain.swift
/Users/admin/builder/spi-builder-workspace/Sources/DeclarativeLayoutKit/Chaining/Generated/UITabBar+Chain.swift:43:9: error: 'selectedImageTintColor' is unavailable in visionOS
41 | @discardableResult
42 | func selectedImageTintColor(_ newValue: UIColor?) -> Self {
43 | selectedImageTintColor = newValue
| `- error: 'selectedImageTintColor' is unavailable in visionOS
44 | return self
45 | }
/Applications/Xcode-27.0.0-Release.Candidate.app/Contents/Developer/Platforms/XROS.platform/Developer/SDKs/XROS27.0.sdk/System/Library/Frameworks/UIKit.framework/Headers/UITabBar.h:61:49: note: 'selectedImageTintColor' has been explicitly marked unavailable here
59 | inherited tintColor of the UITabBar, which may be set separately if necessary.
60 | */
61 | @property(nullable, nonatomic, strong) UIColor *selectedImageTintColor API_DEPRECATED_WITH_REPLACEMENT("tintColor", ios(5.0, 8.0)) UI_APPEARANCE_SELECTOR API_UNAVAILABLE(tvos) API_UNAVAILABLE(visionos, watchos);
| `- note: 'selectedImageTintColor' has been explicitly marked unavailable here
62 |
63 | /* The background image will be tiled to fit, even if it was not created via the UIImage resizableImage methods.
SwiftCompile normal arm64 Compiling\ AutoLayoutGuide.swift,\ BidirectionRelativeAutoLayoutAnchor.swift,\ BidirectionalDimensionAutoLayoutAnchor.swift,\ DimensionAutoLayoutAnchor.swift,\ RelationType.swift /Users/admin/builder/spi-builder-workspace/Sources/DeclarativeLayoutKit/AutoLayout/Anchor/AutoLayoutGuide.swift /Users/admin/builder/spi-builder-workspace/Sources/DeclarativeLayoutKit/AutoLayout/Anchor/BidirectionRelativeAutoLayoutAnchor.swift /Users/admin/builder/spi-builder-workspace/Sources/DeclarativeLayoutKit/AutoLayout/Anchor/BidirectionalDimensionAutoLayoutAnchor.swift /Users/admin/builder/spi-builder-workspace/Sources/DeclarativeLayoutKit/AutoLayout/Anchor/DimensionAutoLayoutAnchor.swift /Users/admin/builder/spi-builder-workspace/Sources/DeclarativeLayoutKit/AutoLayout/Anchor/RelationType.swift (in target 'DeclarativeLayoutKit' from project 'DeclarativeLayoutKit')
SwiftCompile normal arm64 /Users/admin/builder/spi-builder-workspace/Sources/DeclarativeLayoutKit/AutoLayout/Anchor/AutoLayoutGuide.swift (in target 'DeclarativeLayoutKit' from project 'DeclarativeLayoutKit')
cd /Users/admin/builder/spi-builder-workspace/.swiftpm/xcode
builtin-SwiftPerFileCompile AutoLayoutGuide.swift
SwiftCompile normal arm64 /Users/admin/builder/spi-builder-workspace/Sources/DeclarativeLayoutKit/AutoLayout/Anchor/BidirectionRelativeAutoLayoutAnchor.swift (in target 'DeclarativeLayoutKit' from project 'DeclarativeLayoutKit')
cd /Users/admin/builder/spi-builder-workspace/.swiftpm/xcode
builtin-SwiftPerFileCompile BidirectionRelativeAutoLayoutAnchor.swift
SwiftCompile normal arm64 /Users/admin/builder/spi-builder-workspace/Sources/DeclarativeLayoutKit/AutoLayout/Anchor/BidirectionalDimensionAutoLayoutAnchor.swift (in target 'DeclarativeLayoutKit' from project 'DeclarativeLayoutKit')
cd /Users/admin/builder/spi-builder-workspace/.swiftpm/xcode
builtin-SwiftPerFileCompile BidirectionalDimensionAutoLayoutAnchor.swift
SwiftCompile normal arm64 /Users/admin/builder/spi-builder-workspace/Sources/DeclarativeLayoutKit/AutoLayout/Anchor/DimensionAutoLayoutAnchor.swift (in target 'DeclarativeLayoutKit' from project 'DeclarativeLayoutKit')
cd /Users/admin/builder/spi-builder-workspace/.swiftpm/xcode
builtin-SwiftPerFileCompile DimensionAutoLayoutAnchor.swift
SwiftCompile normal arm64 /Users/admin/builder/spi-builder-workspace/Sources/DeclarativeLayoutKit/AutoLayout/Anchor/RelationType.swift (in target 'DeclarativeLayoutKit' from project 'DeclarativeLayoutKit')
cd /Users/admin/builder/spi-builder-workspace/.swiftpm/xcode
builtin-SwiftPerFileCompile RelationType.swift
SwiftCompile normal arm64 Compiling\ UIControl+Event.swift,\ UIView+Gesture.swift,\ Chainable.swift,\ ExtraChains.swift,\ UIButton+Chain.swift /Users/admin/builder/spi-builder-workspace/Sources/DeclarativeLayoutKit/Chaining/Actions/UIControl+Event.swift /Users/admin/builder/spi-builder-workspace/Sources/DeclarativeLayoutKit/Chaining/Actions/UIView+Gesture.swift /Users/admin/builder/spi-builder-workspace/Sources/DeclarativeLayoutKit/Chaining/Chainable.swift /Users/admin/builder/spi-builder-workspace/Sources/DeclarativeLayoutKit/Chaining/ExtraChains.swift /Users/admin/builder/spi-builder-workspace/Sources/DeclarativeLayoutKit/Chaining/Generated/UIButton+Chain.swift (in target 'DeclarativeLayoutKit' from project 'DeclarativeLayoutKit')
/Users/admin/builder/spi-builder-workspace/Sources/DeclarativeLayoutKit/Chaining/Generated/UIButton+Chain.swift:10:9: warning: 'contentEdgeInsets' was deprecated in visionOS 1.0: This property is ignored when using UIButtonConfiguration [#DeprecatedDeclaration]
8 | @discardableResult
9 | func contentEdgeInsets(_ newValue: UIEdgeInsets) -> Self {
10 | contentEdgeInsets = newValue
| `- warning: 'contentEdgeInsets' was deprecated in visionOS 1.0: This property is ignored when using UIButtonConfiguration [#DeprecatedDeclaration]
11 | return self
12 | }
/Users/admin/builder/spi-builder-workspace/Sources/DeclarativeLayoutKit/Chaining/Generated/UIButton+Chain.swift:16:9: warning: 'titleEdgeInsets' was deprecated in visionOS 1.0: This property is ignored when using UIButtonConfiguration [#DeprecatedDeclaration]
14 | @discardableResult
15 | func titleEdgeInsets(_ newValue: UIEdgeInsets) -> Self {
16 | titleEdgeInsets = newValue
| `- warning: 'titleEdgeInsets' was deprecated in visionOS 1.0: This property is ignored when using UIButtonConfiguration [#DeprecatedDeclaration]
17 | return self
18 | }
/Users/admin/builder/spi-builder-workspace/Sources/DeclarativeLayoutKit/Chaining/Generated/UIButton+Chain.swift:22:9: warning: 'reversesTitleShadowWhenHighlighted' was deprecated in visionOS 1.0: This property is ignored when using UIButtonConfiguration, you may customize to replicate this behavior via a configurationUpdateHandler [#DeprecatedDeclaration]
20 | @discardableResult
21 | func reversesTitleShadowWhenHighlighted(_ newValue: Bool) -> Self {
22 | reversesTitleShadowWhenHighlighted = newValue
| `- warning: 'reversesTitleShadowWhenHighlighted' was deprecated in visionOS 1.0: This property is ignored when using UIButtonConfiguration, you may customize to replicate this behavior via a configurationUpdateHandler [#DeprecatedDeclaration]
23 | return self
24 | }
/Users/admin/builder/spi-builder-workspace/Sources/DeclarativeLayoutKit/Chaining/Generated/UIButton+Chain.swift:28:9: warning: 'imageEdgeInsets' was deprecated in visionOS 1.0: This property is ignored when using UIButtonConfiguration [#DeprecatedDeclaration]
26 | @discardableResult
27 | func imageEdgeInsets(_ newValue: UIEdgeInsets) -> Self {
28 | imageEdgeInsets = newValue
| `- warning: 'imageEdgeInsets' was deprecated in visionOS 1.0: This property is ignored when using UIButtonConfiguration [#DeprecatedDeclaration]
29 | return self
30 | }
/Users/admin/builder/spi-builder-workspace/Sources/DeclarativeLayoutKit/Chaining/Generated/UIButton+Chain.swift:34:9: warning: 'adjustsImageWhenHighlighted' was deprecated in visionOS 1.0: This property is ignored when using UIButtonConfiguration, you may customize to replicate this behavior via a configurationUpdateHandler [#DeprecatedDeclaration]
32 | @discardableResult
33 | func adjustsImageWhenHighlighted(_ newValue: Bool) -> Self {
34 | adjustsImageWhenHighlighted = newValue
| `- warning: 'adjustsImageWhenHighlighted' was deprecated in visionOS 1.0: This property is ignored when using UIButtonConfiguration, you may customize to replicate this behavior via a configurationUpdateHandler [#DeprecatedDeclaration]
35 | return self
36 | }
/Users/admin/builder/spi-builder-workspace/Sources/DeclarativeLayoutKit/Chaining/Generated/UIButton+Chain.swift:40:9: warning: 'adjustsImageWhenDisabled' was deprecated in visionOS 1.0: This property is ignored when using UIButtonConfiguration, you may customize to replicate this behavior via a configurationUpdateHandler [#DeprecatedDeclaration]
38 | @discardableResult
39 | func adjustsImageWhenDisabled(_ newValue: Bool) -> Self {
40 | adjustsImageWhenDisabled = newValue
| `- warning: 'adjustsImageWhenDisabled' was deprecated in visionOS 1.0: This property is ignored when using UIButtonConfiguration, you may customize to replicate this behavior via a configurationUpdateHandler [#DeprecatedDeclaration]
41 | return self
42 | }
SwiftCompile normal arm64 /Users/admin/builder/spi-builder-workspace/Sources/DeclarativeLayoutKit/Chaining/Actions/UIControl+Event.swift (in target 'DeclarativeLayoutKit' from project 'DeclarativeLayoutKit')
cd /Users/admin/builder/spi-builder-workspace/.swiftpm/xcode
builtin-SwiftPerFileCompile UIControl+Event.swift
SwiftCompile normal arm64 /Users/admin/builder/spi-builder-workspace/Sources/DeclarativeLayoutKit/Chaining/Actions/UIView+Gesture.swift (in target 'DeclarativeLayoutKit' from project 'DeclarativeLayoutKit')
cd /Users/admin/builder/spi-builder-workspace/.swiftpm/xcode
builtin-SwiftPerFileCompile UIView+Gesture.swift
SwiftCompile normal arm64 /Users/admin/builder/spi-builder-workspace/Sources/DeclarativeLayoutKit/Chaining/Chainable.swift (in target 'DeclarativeLayoutKit' from project 'DeclarativeLayoutKit')
cd /Users/admin/builder/spi-builder-workspace/.swiftpm/xcode
builtin-SwiftPerFileCompile Chainable.swift
SwiftCompile normal arm64 /Users/admin/builder/spi-builder-workspace/Sources/DeclarativeLayoutKit/Chaining/ExtraChains.swift (in target 'DeclarativeLayoutKit' from project 'DeclarativeLayoutKit')
cd /Users/admin/builder/spi-builder-workspace/.swiftpm/xcode
builtin-SwiftPerFileCompile ExtraChains.swift
SwiftCompile normal arm64 /Users/admin/builder/spi-builder-workspace/Sources/DeclarativeLayoutKit/Chaining/Generated/UIButton+Chain.swift (in target 'DeclarativeLayoutKit' from project 'DeclarativeLayoutKit')
cd /Users/admin/builder/spi-builder-workspace/.swiftpm/xcode
builtin-SwiftPerFileCompile UIButton+Chain.swift
SwiftCompile normal arm64 Compiling\ UICollectionView+Chain.swift,\ UIControl+Chain.swift,\ UIDatePicker+Chain.swift,\ UIImageView+Chain.swift,\ UILabel+Chain.swift /Users/admin/builder/spi-builder-workspace/Sources/DeclarativeLayoutKit/Chaining/Generated/UICollectionView+Chain.swift /Users/admin/builder/spi-builder-workspace/Sources/DeclarativeLayoutKit/Chaining/Generated/UIControl+Chain.swift /Users/admin/builder/spi-builder-workspace/Sources/DeclarativeLayoutKit/Chaining/Generated/UIDatePicker+Chain.swift /Users/admin/builder/spi-builder-workspace/Sources/DeclarativeLayoutKit/Chaining/Generated/UIImageView+Chain.swift /Users/admin/builder/spi-builder-workspace/Sources/DeclarativeLayoutKit/Chaining/Generated/UILabel+Chain.swift (in target 'DeclarativeLayoutKit' from project 'DeclarativeLayoutKit')
SwiftCompile normal arm64 /Users/admin/builder/spi-builder-workspace/Sources/DeclarativeLayoutKit/Chaining/Generated/UICollectionView+Chain.swift (in target 'DeclarativeLayoutKit' from project 'DeclarativeLayoutKit')
cd /Users/admin/builder/spi-builder-workspace/.swiftpm/xcode
builtin-SwiftPerFileCompile UICollectionView+Chain.swift
SwiftCompile normal arm64 /Users/admin/builder/spi-builder-workspace/Sources/DeclarativeLayoutKit/Chaining/Generated/UIControl+Chain.swift (in target 'DeclarativeLayoutKit' from project 'DeclarativeLayoutKit')
cd /Users/admin/builder/spi-builder-workspace/.swiftpm/xcode
builtin-SwiftPerFileCompile UIControl+Chain.swift
SwiftCompile normal arm64 /Users/admin/builder/spi-builder-workspace/Sources/DeclarativeLayoutKit/Chaining/Generated/UIDatePicker+Chain.swift (in target 'DeclarativeLayoutKit' from project 'DeclarativeLayoutKit')
cd /Users/admin/builder/spi-builder-workspace/.swiftpm/xcode
builtin-SwiftPerFileCompile UIDatePicker+Chain.swift
SwiftCompile normal arm64 /Users/admin/builder/spi-builder-workspace/Sources/DeclarativeLayoutKit/Chaining/Generated/UIImageView+Chain.swift (in target 'DeclarativeLayoutKit' from project 'DeclarativeLayoutKit')
cd /Users/admin/builder/spi-builder-workspace/.swiftpm/xcode
builtin-SwiftPerFileCompile UIImageView+Chain.swift
SwiftCompile normal arm64 /Users/admin/builder/spi-builder-workspace/Sources/DeclarativeLayoutKit/Chaining/Generated/UILabel+Chain.swift (in target 'DeclarativeLayoutKit' from project 'DeclarativeLayoutKit')
cd /Users/admin/builder/spi-builder-workspace/.swiftpm/xcode
builtin-SwiftPerFileCompile UILabel+Chain.swift
SwiftCompile normal arm64 Compiling\ UITableView+Chain.swift,\ UITextField+Chain.swift,\ UITextView+Chain.swift,\ UIToolbar+Chain.swift /Users/admin/builder/spi-builder-workspace/Sources/DeclarativeLayoutKit/Chaining/Generated/UITableView+Chain.swift /Users/admin/builder/spi-builder-workspace/Sources/DeclarativeLayoutKit/Chaining/Generated/UITextField+Chain.swift /Users/admin/builder/spi-builder-workspace/Sources/DeclarativeLayoutKit/Chaining/Generated/UITextView+Chain.swift /Users/admin/builder/spi-builder-workspace/Sources/DeclarativeLayoutKit/Chaining/Generated/UIToolbar+Chain.swift (in target 'DeclarativeLayoutKit' from project 'DeclarativeLayoutKit')
/Users/admin/builder/spi-builder-workspace/Sources/DeclarativeLayoutKit/Chaining/Generated/UITextField+Chain.swift:153:9: error: 'inputAccessoryView' is unavailable in visionOS
151 | @discardableResult
152 | func inputAccessoryView(_ newValue: UIView?) -> Self {
153 | inputAccessoryView = newValue
| `- error: 'inputAccessoryView' is unavailable in visionOS
154 | return self
155 | }
/Applications/Xcode-27.0.0-Release.Candidate.app/Contents/Developer/Platforms/XROS.platform/Developer/SDKs/XROS27.0.sdk/System/Library/Frameworks/UIKit.framework/Headers/UITextField.h:108:49: note: 'inputAccessoryView' has been explicitly marked unavailable here
106 | // set while first responder, will not take effect until reloadInputViews is called.
107 | @property (nullable, readwrite, strong) UIView *inputView;
108 | @property (nullable, readwrite, strong) UIView *inputAccessoryView API_UNAVAILABLE(visionos);
| `- note: 'inputAccessoryView' has been explicitly marked unavailable here
109 |
110 | @property(nonatomic) BOOL clearsOnInsertion API_AVAILABLE(ios(6.0)); // defaults to NO. if YES, the selection UI is hidden, and inserting text will replace the contents of the field. changing the selection will automatically set this to NO.
SwiftCompile normal arm64 /Users/admin/builder/spi-builder-workspace/Sources/DeclarativeLayoutKit/Chaining/Generated/UITableView+Chain.swift (in target 'DeclarativeLayoutKit' from project 'DeclarativeLayoutKit')
cd /Users/admin/builder/spi-builder-workspace/.swiftpm/xcode
builtin-SwiftPerFileCompile UITableView+Chain.swift
SwiftCompile normal arm64 /Users/admin/builder/spi-builder-workspace/Sources/DeclarativeLayoutKit/Chaining/Generated/UITextField+Chain.swift (in target 'DeclarativeLayoutKit' from project 'DeclarativeLayoutKit')
cd /Users/admin/builder/spi-builder-workspace/.swiftpm/xcode
builtin-SwiftPerFileCompile UITextField+Chain.swift
SwiftCompile normal arm64 /Users/admin/builder/spi-builder-workspace/Sources/DeclarativeLayoutKit/Chaining/Generated/UITextView+Chain.swift (in target 'DeclarativeLayoutKit' from project 'DeclarativeLayoutKit')
cd /Users/admin/builder/spi-builder-workspace/.swiftpm/xcode
builtin-SwiftPerFileCompile UITextView+Chain.swift
SwiftCompile normal arm64 /Users/admin/builder/spi-builder-workspace/Sources/DeclarativeLayoutKit/Chaining/Generated/UIToolbar+Chain.swift (in target 'DeclarativeLayoutKit' from project 'DeclarativeLayoutKit')
cd /Users/admin/builder/spi-builder-workspace/.swiftpm/xcode
builtin-SwiftPerFileCompile UIToolbar+Chain.swift
SwiftCompile normal arm64 Compiling\ AutoLayoutConstant.swift,\ FromToRelation.swift,\ NSLayoutAnchor+Convertible.swift,\ Priority.swift,\ ClosureAction.swift /Users/admin/builder/spi-builder-workspace/Sources/DeclarativeLayoutKit/AutoLayout/DSL/AutoLayoutConstant.swift /Users/admin/builder/spi-builder-workspace/Sources/DeclarativeLayoutKit/AutoLayout/DSL/FromToRelation.swift /Users/admin/builder/spi-builder-workspace/Sources/DeclarativeLayoutKit/AutoLayout/DSL/NSLayoutAnchor+Convertible.swift /Users/admin/builder/spi-builder-workspace/Sources/DeclarativeLayoutKit/AutoLayout/DSL/Priority.swift /Users/admin/builder/spi-builder-workspace/Sources/DeclarativeLayoutKit/Chaining/Actions/ClosureAction.swift (in target 'DeclarativeLayoutKit' from project 'DeclarativeLayoutKit')
SwiftCompile normal arm64 /Users/admin/builder/spi-builder-workspace/Sources/DeclarativeLayoutKit/AutoLayout/DSL/AutoLayoutConstant.swift (in target 'DeclarativeLayoutKit' from project 'DeclarativeLayoutKit')
cd /Users/admin/builder/spi-builder-workspace/.swiftpm/xcode
builtin-SwiftPerFileCompile AutoLayoutConstant.swift
SwiftCompile normal arm64 /Users/admin/builder/spi-builder-workspace/Sources/DeclarativeLayoutKit/AutoLayout/DSL/FromToRelation.swift (in target 'DeclarativeLayoutKit' from project 'DeclarativeLayoutKit')
cd /Users/admin/builder/spi-builder-workspace/.swiftpm/xcode
builtin-SwiftPerFileCompile FromToRelation.swift
SwiftCompile normal arm64 /Users/admin/builder/spi-builder-workspace/Sources/DeclarativeLayoutKit/AutoLayout/DSL/NSLayoutAnchor+Convertible.swift (in target 'DeclarativeLayoutKit' from project 'DeclarativeLayoutKit')
cd /Users/admin/builder/spi-builder-workspace/.swiftpm/xcode
builtin-SwiftPerFileCompile NSLayoutAnchor+Convertible.swift
SwiftCompile normal arm64 /Users/admin/builder/spi-builder-workspace/Sources/DeclarativeLayoutKit/AutoLayout/DSL/Priority.swift (in target 'DeclarativeLayoutKit' from project 'DeclarativeLayoutKit')
cd /Users/admin/builder/spi-builder-workspace/.swiftpm/xcode
builtin-SwiftPerFileCompile Priority.swift
SwiftCompile normal arm64 /Users/admin/builder/spi-builder-workspace/Sources/DeclarativeLayoutKit/Chaining/Actions/ClosureAction.swift (in target 'DeclarativeLayoutKit' from project 'DeclarativeLayoutKit')
cd /Users/admin/builder/spi-builder-workspace/.swiftpm/xcode
builtin-SwiftPerFileCompile ClosureAction.swift
SwiftCompile normal arm64 Compiling\ RelativeAutoLayoutAnchor.swift,\ RelativeAutoLayoutConstant.swift,\ AnchorsFactory.swift,\ AutoLayoutItem.swift,\ AutoLayoutItemsBuilder.swift /Users/admin/builder/spi-builder-workspace/Sources/DeclarativeLayoutKit/AutoLayout/Anchor/RelativeAutoLayoutAnchor.swift /Users/admin/builder/spi-builder-workspace/Sources/DeclarativeLayoutKit/AutoLayout/Anchor/RelativeAutoLayoutConstant.swift /Users/admin/builder/spi-builder-workspace/Sources/DeclarativeLayoutKit/AutoLayout/AnchorsFactory.swift /Users/admin/builder/spi-builder-workspace/Sources/DeclarativeLayoutKit/AutoLayout/AutoLayoutItem.swift /Users/admin/builder/spi-builder-workspace/Sources/DeclarativeLayoutKit/AutoLayout/AutoLayoutItemsBuilder.swift (in target 'DeclarativeLayoutKit' from project 'DeclarativeLayoutKit')
SwiftCompile normal arm64 /Users/admin/builder/spi-builder-workspace/Sources/DeclarativeLayoutKit/AutoLayout/Anchor/RelativeAutoLayoutAnchor.swift (in target 'DeclarativeLayoutKit' from project 'DeclarativeLayoutKit')
cd /Users/admin/builder/spi-builder-workspace/.swiftpm/xcode
builtin-SwiftPerFileCompile RelativeAutoLayoutAnchor.swift
SwiftCompile normal arm64 /Users/admin/builder/spi-builder-workspace/Sources/DeclarativeLayoutKit/AutoLayout/Anchor/RelativeAutoLayoutConstant.swift (in target 'DeclarativeLayoutKit' from project 'DeclarativeLayoutKit')
cd /Users/admin/builder/spi-builder-workspace/.swiftpm/xcode
builtin-SwiftPerFileCompile RelativeAutoLayoutConstant.swift
SwiftCompile normal arm64 /Users/admin/builder/spi-builder-workspace/Sources/DeclarativeLayoutKit/AutoLayout/AnchorsFactory.swift (in target 'DeclarativeLayoutKit' from project 'DeclarativeLayoutKit')
cd /Users/admin/builder/spi-builder-workspace/.swiftpm/xcode
builtin-SwiftPerFileCompile AnchorsFactory.swift
SwiftCompile normal arm64 /Users/admin/builder/spi-builder-workspace/Sources/DeclarativeLayoutKit/AutoLayout/AutoLayoutItem.swift (in target 'DeclarativeLayoutKit' from project 'DeclarativeLayoutKit')
cd /Users/admin/builder/spi-builder-workspace/.swiftpm/xcode
builtin-SwiftPerFileCompile AutoLayoutItem.swift
SwiftCompile normal arm64 /Users/admin/builder/spi-builder-workspace/Sources/DeclarativeLayoutKit/AutoLayout/AutoLayoutItemsBuilder.swift (in target 'DeclarativeLayoutKit' from project 'DeclarativeLayoutKit')
cd /Users/admin/builder/spi-builder-workspace/.swiftpm/xcode
builtin-SwiftPerFileCompile AutoLayoutItemsBuilder.swift
SwiftCompile normal arm64 Compiling\ UIView+Chain.swift,\ ArrayBuilder.swift,\ KVO.swift,\ UILayoutPriority.swift /Users/admin/builder/spi-builder-workspace/Sources/DeclarativeLayoutKit/Chaining/Generated/UIView+Chain.swift /Users/admin/builder/spi-builder-workspace/Sources/DeclarativeLayoutKit/Helpers/ArrayBuilder.swift /Users/admin/builder/spi-builder-workspace/Sources/DeclarativeLayoutKit/Helpers/KVO.swift /Users/admin/builder/spi-builder-workspace/Sources/DeclarativeLayoutKit/Helpers/UILayoutPriority.swift (in target 'DeclarativeLayoutKit' from project 'DeclarativeLayoutKit')
SwiftCompile normal arm64 /Users/admin/builder/spi-builder-workspace/Sources/DeclarativeLayoutKit/Chaining/Generated/UIView+Chain.swift (in target 'DeclarativeLayoutKit' from project 'DeclarativeLayoutKit')
cd /Users/admin/builder/spi-builder-workspace/.swiftpm/xcode
builtin-SwiftPerFileCompile UIView+Chain.swift
SwiftCompile normal arm64 /Users/admin/builder/spi-builder-workspace/Sources/DeclarativeLayoutKit/Helpers/ArrayBuilder.swift (in target 'DeclarativeLayoutKit' from project 'DeclarativeLayoutKit')
cd /Users/admin/builder/spi-builder-workspace/.swiftpm/xcode
builtin-SwiftPerFileCompile ArrayBuilder.swift
SwiftCompile normal arm64 /Users/admin/builder/spi-builder-workspace/Sources/DeclarativeLayoutKit/Helpers/KVO.swift (in target 'DeclarativeLayoutKit' from project 'DeclarativeLayoutKit')
cd /Users/admin/builder/spi-builder-workspace/.swiftpm/xcode
builtin-SwiftPerFileCompile KVO.swift
SwiftCompile normal arm64 /Users/admin/builder/spi-builder-workspace/Sources/DeclarativeLayoutKit/Helpers/UILayoutPriority.swift (in target 'DeclarativeLayoutKit' from project 'DeclarativeLayoutKit')
cd /Users/admin/builder/spi-builder-workspace/.swiftpm/xcode
builtin-SwiftPerFileCompile UILayoutPriority.swift
SwiftCompile normal arm64 Compiling\ UIStackViewBuilder.swift,\ UIStackViewConfiguration.swift,\ UIStackViewHelpers.swift,\ UIStackViewSpace.swift /Users/admin/builder/spi-builder-workspace/Sources/DeclarativeLayoutKit/StackView/UIStackViewBuilder.swift /Users/admin/builder/spi-builder-workspace/Sources/DeclarativeLayoutKit/StackView/UIStackViewConfiguration.swift /Users/admin/builder/spi-builder-workspace/Sources/DeclarativeLayoutKit/StackView/UIStackViewHelpers.swift /Users/admin/builder/spi-builder-workspace/Sources/DeclarativeLayoutKit/StackView/UIStackViewSpace.swift (in target 'DeclarativeLayoutKit' from project 'DeclarativeLayoutKit')
SwiftCompile normal arm64 /Users/admin/builder/spi-builder-workspace/Sources/DeclarativeLayoutKit/StackView/UIStackViewBuilder.swift (in target 'DeclarativeLayoutKit' from project 'DeclarativeLayoutKit')
cd /Users/admin/builder/spi-builder-workspace/.swiftpm/xcode
builtin-SwiftPerFileCompile UIStackViewBuilder.swift
SwiftCompile normal arm64 /Users/admin/builder/spi-builder-workspace/Sources/DeclarativeLayoutKit/StackView/UIStackViewConfiguration.swift (in target 'DeclarativeLayoutKit' from project 'DeclarativeLayoutKit')
cd /Users/admin/builder/spi-builder-workspace/.swiftpm/xcode
builtin-SwiftPerFileCompile UIStackViewConfiguration.swift
SwiftCompile normal arm64 /Users/admin/builder/spi-builder-workspace/Sources/DeclarativeLayoutKit/StackView/UIStackViewHelpers.swift (in target 'DeclarativeLayoutKit' from project 'DeclarativeLayoutKit')
cd /Users/admin/builder/spi-builder-workspace/.swiftpm/xcode
builtin-SwiftPerFileCompile UIStackViewHelpers.swift
SwiftCompile normal arm64 /Users/admin/builder/spi-builder-workspace/Sources/DeclarativeLayoutKit/StackView/UIStackViewSpace.swift (in target 'DeclarativeLayoutKit' from project 'DeclarativeLayoutKit')
cd /Users/admin/builder/spi-builder-workspace/.swiftpm/xcode
builtin-SwiftPerFileCompile UIStackViewSpace.swift
SwiftCompile normal arm64 Compiling\ UIPageControl+Chain.swift,\ UIPickerView+Chain.swift,\ UIScrollView+Chain.swift,\ UISlider+Chain.swift /Users/admin/builder/spi-builder-workspace/Sources/DeclarativeLayoutKit/Chaining/Generated/UIPageControl+Chain.swift /Users/admin/builder/spi-builder-workspace/Sources/DeclarativeLayoutKit/Chaining/Generated/UIPickerView+Chain.swift /Users/admin/builder/spi-builder-workspace/Sources/DeclarativeLayoutKit/Chaining/Generated/UIScrollView+Chain.swift /Users/admin/builder/spi-builder-workspace/Sources/DeclarativeLayoutKit/Chaining/Generated/UISlider+Chain.swift (in target 'DeclarativeLayoutKit' from project 'DeclarativeLayoutKit')
SwiftCompile normal arm64 /Users/admin/builder/spi-builder-workspace/Sources/DeclarativeLayoutKit/Chaining/Generated/UIPageControl+Chain.swift (in target 'DeclarativeLayoutKit' from project 'DeclarativeLayoutKit')
cd /Users/admin/builder/spi-builder-workspace/.swiftpm/xcode
builtin-SwiftPerFileCompile UIPageControl+Chain.swift
SwiftCompile normal arm64 /Users/admin/builder/spi-builder-workspace/Sources/DeclarativeLayoutKit/Chaining/Generated/UIPickerView+Chain.swift (in target 'DeclarativeLayoutKit' from project 'DeclarativeLayoutKit')
cd /Users/admin/builder/spi-builder-workspace/.swiftpm/xcode
builtin-SwiftPerFileCompile UIPickerView+Chain.swift
SwiftCompile normal arm64 /Users/admin/builder/spi-builder-workspace/Sources/DeclarativeLayoutKit/Chaining/Generated/UIScrollView+Chain.swift (in target 'DeclarativeLayoutKit' from project 'DeclarativeLayoutKit')
cd /Users/admin/builder/spi-builder-workspace/.swiftpm/xcode
builtin-SwiftPerFileCompile UIScrollView+Chain.swift
SwiftCompile normal arm64 /Users/admin/builder/spi-builder-workspace/Sources/DeclarativeLayoutKit/Chaining/Generated/UISlider+Chain.swift (in target 'DeclarativeLayoutKit' from project 'DeclarativeLayoutKit')
cd /Users/admin/builder/spi-builder-workspace/.swiftpm/xcode
builtin-SwiftPerFileCompile UISlider+Chain.swift
PruneExplicitPrecompiledModules /Users/admin/builder/spi-builder-workspace/.derivedData/Build/Intermediates.noindex/ExplicitPrecompiledModules
PruneExplicitPrecompiledModules /Users/admin/builder/spi-builder-workspace/.derivedData/Build/Intermediates.noindex/SwiftExplicitPrecompiledModules
PruneExplicitPrecompiledModules /Users/admin/builder/spi-builder-workspace/.derivedData/SDKExplicitPrecompiledModules
2026-09-17 14:50:15.900 xcodebuild[625:3974] [MT] IDERunDestination: Supported platforms for the buildables in the current scheme is empty.
2026-09-17 14:50:16.000 xcodebuild[625:3974] [MT] IDERunDestination: Supported platforms for the buildables in the current scheme is empty.
** BUILD FAILED **
The following build commands failed:
SwiftCompile normal arm64 (in target 'DeclarativeLayoutKit' from project 'DeclarativeLayoutKit')
SwiftEmitModule normal arm64 Emitting\ module\ for\ DeclarativeLayoutKit (in target 'DeclarativeLayoutKit' from project 'DeclarativeLayoutKit')
Building workspace DeclarativeLayoutKit with scheme DeclarativeLayoutKit-Package
(3 failures)
Command line invocation:
/Applications/Xcode-27.0.0-Release.Candidate.app/Contents/Developer/usr/bin/xcodebuild -IDEClonedSourcePackagesDirPathOverride=/Users/admin/builder/spi-builder-workspace/.dependencies -resolvePackageDependencies
Resolve Package Graph
Resolved source packages:
DeclarativeLayoutKit: /Users/admin/builder/spi-builder-workspace
resolved source packages: DeclarativeLayoutKit
2026-09-17 14:50:23.821 xcodebuild[740:4566] [MT] IDERunDestination: Supported platforms for the buildables in the current scheme is empty.
2026-09-17 14:50:23.967 xcodebuild[740:4566] [MT] IDERunDestination: Supported platforms for the buildables in the current scheme is empty.
{
"dependencies" : [
],
"manifest_display_name" : "DeclarativeLayoutKit",
"name" : "DeclarativeLayoutKit",
"path" : "/Users/admin/builder/spi-builder-workspace",
"platforms" : [
{
"name" : "ios",
"version" : "11.0"
}
],
"products" : [
{
"name" : "DeclarativeLayoutKit",
"targets" : [
"DeclarativeLayoutKit"
],
"type" : {
"library" : [
"automatic"
]
}
}
],
"swift_languages_versions" : [
"5"
],
"targets" : [
{
"c99name" : "DeclarativeLayoutKitTests",
"module_type" : "SwiftTarget",
"name" : "DeclarativeLayoutKitTests",
"path" : "Tests/DeclarativeLayoutKitTests",
"sources" : [
"Tests.swift"
],
"target_dependencies" : [
"DeclarativeLayoutKit"
],
"type" : "test"
},
{
"c99name" : "DeclarativeLayoutKit",
"module_type" : "SwiftTarget",
"name" : "DeclarativeLayoutKit",
"path" : "Sources/DeclarativeLayoutKit",
"product_memberships" : [
"DeclarativeLayoutKit"
],
"sources" : [
"AutoLayout/Anchor/AutoLayoutGuide.swift",
"AutoLayout/Anchor/BidirectionRelativeAutoLayoutAnchor.swift",
"AutoLayout/Anchor/BidirectionalDimensionAutoLayoutAnchor.swift",
"AutoLayout/Anchor/DimensionAutoLayoutAnchor.swift",
"AutoLayout/Anchor/RelationType.swift",
"AutoLayout/Anchor/RelativeAutoLayoutAnchor.swift",
"AutoLayout/Anchor/RelativeAutoLayoutConstant.swift",
"AutoLayout/AnchorsFactory.swift",
"AutoLayout/AutoLayoutItem.swift",
"AutoLayout/AutoLayoutItemsBuilder.swift",
"AutoLayout/DSL/AutoLayoutConstant.swift",
"AutoLayout/DSL/FromToRelation.swift",
"AutoLayout/DSL/NSLayoutAnchor+Convertible.swift",
"AutoLayout/DSL/Priority.swift",
"Chaining/Actions/ClosureAction.swift",
"Chaining/Actions/UIControl+Event.swift",
"Chaining/Actions/UIView+Gesture.swift",
"Chaining/Chainable.swift",
"Chaining/ExtraChains.swift",
"Chaining/Generated/UIButton+Chain.swift",
"Chaining/Generated/UICollectionView+Chain.swift",
"Chaining/Generated/UIControl+Chain.swift",
"Chaining/Generated/UIDatePicker+Chain.swift",
"Chaining/Generated/UIImageView+Chain.swift",
"Chaining/Generated/UILabel+Chain.swift",
"Chaining/Generated/UIPageControl+Chain.swift",
"Chaining/Generated/UIPickerView+Chain.swift",
"Chaining/Generated/UIScrollView+Chain.swift",
"Chaining/Generated/UISlider+Chain.swift",
"Chaining/Generated/UIStackView+Chain.swift",
"Chaining/Generated/UIStepper+Chain.swift",
"Chaining/Generated/UISwitch+Chain.swift",
"Chaining/Generated/UITabBar+Chain.swift",
"Chaining/Generated/UITableView+Chain.swift",
"Chaining/Generated/UITextField+Chain.swift",
"Chaining/Generated/UITextView+Chain.swift",
"Chaining/Generated/UIToolbar+Chain.swift",
"Chaining/Generated/UIView+Chain.swift",
"Helpers/ArrayBuilder.swift",
"Helpers/KVO.swift",
"Helpers/UILayoutPriority.swift",
"StackView/UIStackViewBuilder.swift",
"StackView/UIStackViewConfiguration.swift",
"StackView/UIStackViewHelpers.swift",
"StackView/UIStackViewSpace.swift"
],
"type" : "library"
}
],
"tools_version" : "5.3"
}
{
"workspace" : {
"name" : "DeclarativeLayoutKit",
"schemes" : [
"DeclarativeLayoutKit",
"DeclarativeLayoutKit-Package",
"LayoutingTests"
]
}
}
2026-09-17 14:50:25.078 xcodebuild[748:4630] [MT] IDERunDestination: Supported platforms for the buildables in the current scheme is empty.
2026-09-17 14:50:25.223 xcodebuild[748:4630] [MT] IDERunDestination: Supported platforms for the buildables in the current scheme is empty.
{
"workspace" : {
"name" : "DeclarativeLayoutKit",
"schemes" : [
"DeclarativeLayoutKit",
"DeclarativeLayoutKit-Package",
"LayoutingTests"
]
}
}
2026-09-17 14:50:26.115 xcodebuild[750:4661] [MT] IDERunDestination: Supported platforms for the buildables in the current scheme is empty.
Running build ...
env DEVELOPER_DIR=/Applications/Xcode-27.0.0-Release.Candidate.app xcrun xcodebuild -IDEClonedSourcePackagesDirPathOverride=$PWD/.dependencies -skipMacroValidation -skipPackagePluginValidation -derivedDataPath $PWD/.derivedData build -scheme DeclarativeLayoutKit-Package -destination generic/platform=xrOS
Command line invocation:
/Applications/Xcode-27.0.0-Release.Candidate.app/Contents/Developer/usr/bin/xcodebuild -IDEClonedSourcePackagesDirPathOverride=/Users/admin/builder/spi-builder-workspace/.dependencies -skipMacroValidation -skipPackagePluginValidation -derivedDataPath /Users/admin/builder/spi-builder-workspace/.derivedData build -scheme DeclarativeLayoutKit-Package -destination generic/platform=xrOS
Resolve Package Graph
Resolved source packages:
DeclarativeLayoutKit: /Users/admin/builder/spi-builder-workspace
ComputePackagePrebuildTargetDependencyGraph
Prepare packages
CreateBuildRequest
SendProjectDescription
CreateBuildOperation
ComputeTargetDependencyGraph
note: Building targets in dependency order
note: Target dependency graph (2 targets)
Target 'DeclarativeLayoutKit-product' in project 'DeclarativeLayoutKit'
➜ Explicit dependency on target 'DeclarativeLayoutKit' in project 'DeclarativeLayoutKit'
Target 'DeclarativeLayoutKit' in project 'DeclarativeLayoutKit' (no dependencies)
GatherProvisioningInputs
CreateBuildDescription
ClangStatCache /Applications/Xcode-27.0.0-Release.Candidate.app/Contents/Developer/Toolchains/XcodeDefault.xctoolchain/usr/bin/clang-stat-cache /Applications/Xcode-27.0.0-Release.Candidate.app/Contents/Developer/Platforms/XROS.platform/Developer/SDKs/XROS27.0.sdk /Users/admin/builder/spi-builder-workspace/.derivedData/SDKStatCaches.noindex/xros27.0-24M361-e829b21a6f8c9b70876ba0858053c044735bd543db762f57723cac368afd1ce4.sdkstatcache
cd /Users/admin/builder/spi-builder-workspace/.swiftpm/xcode
/Applications/Xcode-27.0.0-Release.Candidate.app/Contents/Developer/Toolchains/XcodeDefault.xctoolchain/usr/bin/clang-stat-cache /Applications/Xcode-27.0.0-Release.Candidate.app/Contents/Developer/Platforms/XROS.platform/Developer/SDKs/XROS27.0.sdk -o /Users/admin/builder/spi-builder-workspace/.derivedData/SDKStatCaches.noindex/xros27.0-24M361-e829b21a6f8c9b70876ba0858053c044735bd543db762f57723cac368afd1ce4.sdkstatcache
SwiftDriver DeclarativeLayoutKit normal arm64 com.apple.xcode.tools.swift.compiler (in target 'DeclarativeLayoutKit' from project 'DeclarativeLayoutKit')
cd /Users/admin/builder/spi-builder-workspace/.swiftpm/xcode
builtin-SwiftDriver -- /Applications/Xcode-27.0.0-Release.Candidate.app/Contents/Developer/Toolchains/XcodeDefault.xctoolchain/usr/bin/swiftc -parse-as-library -module-name DeclarativeLayoutKit -Onone @/Users/admin/builder/spi-builder-workspace/.derivedData/Build/Intermediates.noindex/DeclarativeLayoutKit.build/Debug-xros/DeclarativeLayoutKit-t.build/Objects-normal/arm64/DeclarativeLayoutKit.SwiftFileList -DSWIFT_PACKAGE -DDEBUG -DSWIFT_MODULE_RESOURCE_BUNDLE_UNAVAILABLE -DXcode -plugin-path /Applications/Xcode-27.0.0-Release.Candidate.app/Contents/Developer/Toolchains/XcodeDefault.xctoolchain/usr/lib/swift/host/plugins/testing -enable-experimental-feature DebugDescriptionMacro -sdk /Applications/Xcode-27.0.0-Release.Candidate.app/Contents/Developer/Platforms/XROS.platform/Developer/SDKs/XROS27.0.sdk -target arm64-apple-xros1.0 -g -module-cache-path /Users/admin/builder/spi-builder-workspace/.derivedData/ModuleCache.noindex -Xfrontend -serialize-debugging-options -enable-testing -index-store-path /Users/admin/builder/spi-builder-workspace/.derivedData/Index.noindex/DataStore -Xcc -D_LIBCPP_HARDENING_MODE\=_LIBCPP_HARDENING_MODE_DEBUG -swift-version 5 -I /Users/admin/builder/spi-builder-workspace/.derivedData/Build/Products/Debug-xros -Isystem /Applications/Xcode-27.0.0-Release.Candidate.app/Contents/Developer/Platforms/XROS.platform/Developer/usr/lib -F /Users/admin/builder/spi-builder-workspace/.derivedData/Build/Products/Debug-xros -F /Applications/Xcode-27.0.0-Release.Candidate.app/Contents/Developer/Platforms/XROS.platform/Developer/Library/Frameworks -F /Applications/Xcode-27.0.0-Release.Candidate.app/Contents/Developer/Platforms/XROS.platform/Developer/SDKs/XROS27.0.sdk/Developer/Library/Frameworks -c -j10 -enable-batch-mode -incremental -Xcc -ivfsstatcache -Xcc /Users/admin/builder/spi-builder-workspace/.derivedData/SDKStatCaches.noindex/xros27.0-24M361-e829b21a6f8c9b70876ba0858053c044735bd543db762f57723cac368afd1ce4.sdkstatcache -output-file-map /Users/admin/builder/spi-builder-workspace/.derivedData/Build/Intermediates.noindex/DeclarativeLayoutKit.build/Debug-xros/DeclarativeLayoutKit-t.build/Objects-normal/arm64/DeclarativeLayoutKit-OutputFileMap.json -save-temps -no-color-diagnostics -explicit-module-build -module-cache-path /Users/admin/builder/spi-builder-workspace/.derivedData/Build/Intermediates.noindex/SwiftExplicitPrecompiledModules -clang-scanner-module-cache-path /Users/admin/builder/spi-builder-workspace/.derivedData/ModuleCache.noindex -sdk-module-cache-path /Users/admin/builder/spi-builder-workspace/.derivedData/SDKExplicitPrecompiledModules -emit-dependencies -emit-module -emit-module-path /Users/admin/builder/spi-builder-workspace/.derivedData/Build/Intermediates.noindex/DeclarativeLayoutKit.build/Debug-xros/DeclarativeLayoutKit-t.build/Objects-normal/arm64/DeclarativeLayoutKit.swiftmodule -serialize-diagnostics -dependency-scan-serialize-diagnostics-path /Users/admin/builder/spi-builder-workspace/.derivedData/Build/Intermediates.noindex/DeclarativeLayoutKit.build/Debug-xros/DeclarativeLayoutKit-t.build/Objects-normal/arm64/DeclarativeLayoutKit-dependency-scan.dia -validate-clang-modules-once -clang-build-session-file /Users/admin/builder/spi-builder-workspace/.derivedData/ModuleCache.noindex/Session.modulevalidation -Xcc -fmodules-prune-interval\=86400 -Xcc -fmodules-prune-after\=345600 -emit-const-values -const-gather-protocols-list /Users/admin/builder/spi-builder-workspace/.derivedData/Build/Intermediates.noindex/DeclarativeLayoutKit.build/Debug-xros/DeclarativeLayoutKit-t.build/Objects-normal/arm64/DeclarativeLayoutKit_const_extract_protocols.json -Xcc -I/Users/admin/builder/spi-builder-workspace/.derivedData/Build/Products/Debug-xros/include -Xcc -I/Users/admin/builder/spi-builder-workspace/.derivedData/Build/Intermediates.noindex/DeclarativeLayoutKit.build/Debug-xros/DeclarativeLayoutKit-t.build/DerivedSources-normal/arm64 -Xcc -I/Users/admin/builder/spi-builder-workspace/.derivedData/Build/Intermediates.noindex/DeclarativeLayoutKit.build/Debug-xros/DeclarativeLayoutKit-t.build/DerivedSources/arm64 -Xcc -I/Users/admin/builder/spi-builder-workspace/.derivedData/Build/Intermediates.noindex/DeclarativeLayoutKit.build/Debug-xros/DeclarativeLayoutKit-t.build/DerivedSources -Xcc -DSWIFT_PACKAGE -Xcc -DDEBUG\=1 -emit-objc-header -emit-objc-header-path /Users/admin/builder/spi-builder-workspace/.derivedData/Build/Intermediates.noindex/DeclarativeLayoutKit.build/Debug-xros/DeclarativeLayoutKit-t.build/Objects-normal/arm64/DeclarativeLayoutKit-Swift.h -working-directory /Users/admin/builder/spi-builder-workspace/.swiftpm/xcode -experimental-emit-module-separately -disable-cmo
SwiftCompile normal arm64 Compiling\ AutoLayoutGuide.swift,\ BidirectionRelativeAutoLayoutAnchor.swift,\ BidirectionalDimensionAutoLayoutAnchor.swift,\ DimensionAutoLayoutAnchor.swift,\ RelationType.swift /Users/admin/builder/spi-builder-workspace/Sources/DeclarativeLayoutKit/AutoLayout/Anchor/AutoLayoutGuide.swift /Users/admin/builder/spi-builder-workspace/Sources/DeclarativeLayoutKit/AutoLayout/Anchor/BidirectionRelativeAutoLayoutAnchor.swift /Users/admin/builder/spi-builder-workspace/Sources/DeclarativeLayoutKit/AutoLayout/Anchor/BidirectionalDimensionAutoLayoutAnchor.swift /Users/admin/builder/spi-builder-workspace/Sources/DeclarativeLayoutKit/AutoLayout/Anchor/DimensionAutoLayoutAnchor.swift /Users/admin/builder/spi-builder-workspace/Sources/DeclarativeLayoutKit/AutoLayout/Anchor/RelationType.swift (in target 'DeclarativeLayoutKit' from project 'DeclarativeLayoutKit')
SwiftCompile normal arm64 /Users/admin/builder/spi-builder-workspace/Sources/DeclarativeLayoutKit/AutoLayout/Anchor/AutoLayoutGuide.swift (in target 'DeclarativeLayoutKit' from project 'DeclarativeLayoutKit')
cd /Users/admin/builder/spi-builder-workspace/.swiftpm/xcode
builtin-SwiftPerFileCompile AutoLayoutGuide.swift
SwiftCompile normal arm64 /Users/admin/builder/spi-builder-workspace/Sources/DeclarativeLayoutKit/AutoLayout/Anchor/BidirectionRelativeAutoLayoutAnchor.swift (in target 'DeclarativeLayoutKit' from project 'DeclarativeLayoutKit')
cd /Users/admin/builder/spi-builder-workspace/.swiftpm/xcode
builtin-SwiftPerFileCompile BidirectionRelativeAutoLayoutAnchor.swift
SwiftCompile normal arm64 /Users/admin/builder/spi-builder-workspace/Sources/DeclarativeLayoutKit/AutoLayout/Anchor/BidirectionalDimensionAutoLayoutAnchor.swift (in target 'DeclarativeLayoutKit' from project 'DeclarativeLayoutKit')
cd /Users/admin/builder/spi-builder-workspace/.swiftpm/xcode
builtin-SwiftPerFileCompile BidirectionalDimensionAutoLayoutAnchor.swift
SwiftCompile normal arm64 /Users/admin/builder/spi-builder-workspace/Sources/DeclarativeLayoutKit/AutoLayout/Anchor/DimensionAutoLayoutAnchor.swift (in target 'DeclarativeLayoutKit' from project 'DeclarativeLayoutKit')
cd /Users/admin/builder/spi-builder-workspace/.swiftpm/xcode
builtin-SwiftPerFileCompile DimensionAutoLayoutAnchor.swift
SwiftCompile normal arm64 /Users/admin/builder/spi-builder-workspace/Sources/DeclarativeLayoutKit/AutoLayout/Anchor/RelationType.swift (in target 'DeclarativeLayoutKit' from project 'DeclarativeLayoutKit')
cd /Users/admin/builder/spi-builder-workspace/.swiftpm/xcode
builtin-SwiftPerFileCompile RelationType.swift
SwiftCompile normal arm64 Compiling\ UIControl+Event.swift,\ UIView+Gesture.swift,\ Chainable.swift,\ ExtraChains.swift,\ UIButton+Chain.swift /Users/admin/builder/spi-builder-workspace/Sources/DeclarativeLayoutKit/Chaining/Actions/UIControl+Event.swift /Users/admin/builder/spi-builder-workspace/Sources/DeclarativeLayoutKit/Chaining/Actions/UIView+Gesture.swift /Users/admin/builder/spi-builder-workspace/Sources/DeclarativeLayoutKit/Chaining/Chainable.swift /Users/admin/builder/spi-builder-workspace/Sources/DeclarativeLayoutKit/Chaining/ExtraChains.swift /Users/admin/builder/spi-builder-workspace/Sources/DeclarativeLayoutKit/Chaining/Generated/UIButton+Chain.swift (in target 'DeclarativeLayoutKit' from project 'DeclarativeLayoutKit')
SwiftCompile normal arm64 /Users/admin/builder/spi-builder-workspace/Sources/DeclarativeLayoutKit/Chaining/Actions/UIControl+Event.swift (in target 'DeclarativeLayoutKit' from project 'DeclarativeLayoutKit')
cd /Users/admin/builder/spi-builder-workspace/.swiftpm/xcode
builtin-SwiftPerFileCompile UIControl+Event.swift
SwiftCompile normal arm64 /Users/admin/builder/spi-builder-workspace/Sources/DeclarativeLayoutKit/Chaining/Actions/UIView+Gesture.swift (in target 'DeclarativeLayoutKit' from project 'DeclarativeLayoutKit')
cd /Users/admin/builder/spi-builder-workspace/.swiftpm/xcode
builtin-SwiftPerFileCompile UIView+Gesture.swift
SwiftCompile normal arm64 /Users/admin/builder/spi-builder-workspace/Sources/DeclarativeLayoutKit/Chaining/Chainable.swift (in target 'DeclarativeLayoutKit' from project 'DeclarativeLayoutKit')
cd /Users/admin/builder/spi-builder-workspace/.swiftpm/xcode
builtin-SwiftPerFileCompile Chainable.swift
SwiftCompile normal arm64 /Users/admin/builder/spi-builder-workspace/Sources/DeclarativeLayoutKit/Chaining/ExtraChains.swift (in target 'DeclarativeLayoutKit' from project 'DeclarativeLayoutKit')
cd /Users/admin/builder/spi-builder-workspace/.swiftpm/xcode
builtin-SwiftPerFileCompile ExtraChains.swift
SwiftCompile normal arm64 /Users/admin/builder/spi-builder-workspace/Sources/DeclarativeLayoutKit/Chaining/Generated/UIButton+Chain.swift (in target 'DeclarativeLayoutKit' from project 'DeclarativeLayoutKit')
cd /Users/admin/builder/spi-builder-workspace/.swiftpm/xcode
builtin-SwiftPerFileCompile UIButton+Chain.swift
/Users/admin/builder/spi-builder-workspace/Sources/DeclarativeLayoutKit/Chaining/Generated/UIButton+Chain.swift:10:9: warning: 'contentEdgeInsets' was deprecated in visionOS 1.0: This property is ignored when using UIButtonConfiguration [#DeprecatedDeclaration]
8 | @discardableResult
9 | func contentEdgeInsets(_ newValue: UIEdgeInsets) -> Self {
10 | contentEdgeInsets = newValue
| `- warning: 'contentEdgeInsets' was deprecated in visionOS 1.0: This property is ignored when using UIButtonConfiguration [#DeprecatedDeclaration]
11 | return self
12 | }
/Users/admin/builder/spi-builder-workspace/Sources/DeclarativeLayoutKit/Chaining/Generated/UIButton+Chain.swift:16:9: warning: 'titleEdgeInsets' was deprecated in visionOS 1.0: This property is ignored when using UIButtonConfiguration [#DeprecatedDeclaration]
14 | @discardableResult
15 | func titleEdgeInsets(_ newValue: UIEdgeInsets) -> Self {
16 | titleEdgeInsets = newValue
| `- warning: 'titleEdgeInsets' was deprecated in visionOS 1.0: This property is ignored when using UIButtonConfiguration [#DeprecatedDeclaration]
17 | return self
18 | }
/Users/admin/builder/spi-builder-workspace/Sources/DeclarativeLayoutKit/Chaining/Generated/UIButton+Chain.swift:22:9: warning: 'reversesTitleShadowWhenHighlighted' was deprecated in visionOS 1.0: This property is ignored when using UIButtonConfiguration, you may customize to replicate this behavior via a configurationUpdateHandler [#DeprecatedDeclaration]
20 | @discardableResult
21 | func reversesTitleShadowWhenHighlighted(_ newValue: Bool) -> Self {
22 | reversesTitleShadowWhenHighlighted = newValue
| `- warning: 'reversesTitleShadowWhenHighlighted' was deprecated in visionOS 1.0: This property is ignored when using UIButtonConfiguration, you may customize to replicate this behavior via a configurationUpdateHandler [#DeprecatedDeclaration]
23 | return self
24 | }
/Users/admin/builder/spi-builder-workspace/Sources/DeclarativeLayoutKit/Chaining/Generated/UIButton+Chain.swift:28:9: warning: 'imageEdgeInsets' was deprecated in visionOS 1.0: This property is ignored when using UIButtonConfiguration [#DeprecatedDeclaration]
26 | @discardableResult
27 | func imageEdgeInsets(_ newValue: UIEdgeInsets) -> Self {
28 | imageEdgeInsets = newValue
| `- warning: 'imageEdgeInsets' was deprecated in visionOS 1.0: This property is ignored when using UIButtonConfiguration [#DeprecatedDeclaration]
29 | return self
30 | }
/Users/admin/builder/spi-builder-workspace/Sources/DeclarativeLayoutKit/Chaining/Generated/UIButton+Chain.swift:34:9: warning: 'adjustsImageWhenHighlighted' was deprecated in visionOS 1.0: This property is ignored when using UIButtonConfiguration, you may customize to replicate this behavior via a configurationUpdateHandler [#DeprecatedDeclaration]
32 | @discardableResult
33 | func adjustsImageWhenHighlighted(_ newValue: Bool) -> Self {
34 | adjustsImageWhenHighlighted = newValue
| `- warning: 'adjustsImageWhenHighlighted' was deprecated in visionOS 1.0: This property is ignored when using UIButtonConfiguration, you may customize to replicate this behavior via a configurationUpdateHandler [#DeprecatedDeclaration]
35 | return self
36 | }
/Users/admin/builder/spi-builder-workspace/Sources/DeclarativeLayoutKit/Chaining/Generated/UIButton+Chain.swift:40:9: warning: 'adjustsImageWhenDisabled' was deprecated in visionOS 1.0: This property is ignored when using UIButtonConfiguration, you may customize to replicate this behavior via a configurationUpdateHandler [#DeprecatedDeclaration]
38 | @discardableResult
39 | func adjustsImageWhenDisabled(_ newValue: Bool) -> Self {
40 | adjustsImageWhenDisabled = newValue
| `- warning: 'adjustsImageWhenDisabled' was deprecated in visionOS 1.0: This property is ignored when using UIButtonConfiguration, you may customize to replicate this behavior via a configurationUpdateHandler [#DeprecatedDeclaration]
41 | return self
42 | }
SwiftCompile normal arm64 Compiling\ RelativeAutoLayoutAnchor.swift,\ RelativeAutoLayoutConstant.swift,\ AnchorsFactory.swift,\ AutoLayoutItem.swift,\ AutoLayoutItemsBuilder.swift /Users/admin/builder/spi-builder-workspace/Sources/DeclarativeLayoutKit/AutoLayout/Anchor/RelativeAutoLayoutAnchor.swift /Users/admin/builder/spi-builder-workspace/Sources/DeclarativeLayoutKit/AutoLayout/Anchor/RelativeAutoLayoutConstant.swift /Users/admin/builder/spi-builder-workspace/Sources/DeclarativeLayoutKit/AutoLayout/AnchorsFactory.swift /Users/admin/builder/spi-builder-workspace/Sources/DeclarativeLayoutKit/AutoLayout/AutoLayoutItem.swift /Users/admin/builder/spi-builder-workspace/Sources/DeclarativeLayoutKit/AutoLayout/AutoLayoutItemsBuilder.swift (in target 'DeclarativeLayoutKit' from project 'DeclarativeLayoutKit')
SwiftCompile normal arm64 /Users/admin/builder/spi-builder-workspace/Sources/DeclarativeLayoutKit/AutoLayout/Anchor/RelativeAutoLayoutAnchor.swift (in target 'DeclarativeLayoutKit' from project 'DeclarativeLayoutKit')
cd /Users/admin/builder/spi-builder-workspace/.swiftpm/xcode
builtin-SwiftPerFileCompile RelativeAutoLayoutAnchor.swift
SwiftCompile normal arm64 /Users/admin/builder/spi-builder-workspace/Sources/DeclarativeLayoutKit/AutoLayout/Anchor/RelativeAutoLayoutConstant.swift (in target 'DeclarativeLayoutKit' from project 'DeclarativeLayoutKit')
cd /Users/admin/builder/spi-builder-workspace/.swiftpm/xcode
builtin-SwiftPerFileCompile RelativeAutoLayoutConstant.swift
SwiftCompile normal arm64 /Users/admin/builder/spi-builder-workspace/Sources/DeclarativeLayoutKit/AutoLayout/AnchorsFactory.swift (in target 'DeclarativeLayoutKit' from project 'DeclarativeLayoutKit')
cd /Users/admin/builder/spi-builder-workspace/.swiftpm/xcode
builtin-SwiftPerFileCompile AnchorsFactory.swift
SwiftCompile normal arm64 /Users/admin/builder/spi-builder-workspace/Sources/DeclarativeLayoutKit/AutoLayout/AutoLayoutItem.swift (in target 'DeclarativeLayoutKit' from project 'DeclarativeLayoutKit')
cd /Users/admin/builder/spi-builder-workspace/.swiftpm/xcode
builtin-SwiftPerFileCompile AutoLayoutItem.swift
SwiftCompile normal arm64 /Users/admin/builder/spi-builder-workspace/Sources/DeclarativeLayoutKit/AutoLayout/AutoLayoutItemsBuilder.swift (in target 'DeclarativeLayoutKit' from project 'DeclarativeLayoutKit')
cd /Users/admin/builder/spi-builder-workspace/.swiftpm/xcode
builtin-SwiftPerFileCompile AutoLayoutItemsBuilder.swift
SwiftCompile normal arm64 Compiling\ UIPageControl+Chain.swift,\ UIPickerView+Chain.swift,\ UIScrollView+Chain.swift,\ UISlider+Chain.swift /Users/admin/builder/spi-builder-workspace/Sources/DeclarativeLayoutKit/Chaining/Generated/UIPageControl+Chain.swift /Users/admin/builder/spi-builder-workspace/Sources/DeclarativeLayoutKit/Chaining/Generated/UIPickerView+Chain.swift /Users/admin/builder/spi-builder-workspace/Sources/DeclarativeLayoutKit/Chaining/Generated/UIScrollView+Chain.swift /Users/admin/builder/spi-builder-workspace/Sources/DeclarativeLayoutKit/Chaining/Generated/UISlider+Chain.swift (in target 'DeclarativeLayoutKit' from project 'DeclarativeLayoutKit')
/Users/admin/builder/spi-builder-workspace/Sources/DeclarativeLayoutKit/Chaining/Generated/UIPageControl+Chain.swift:63:9: warning: 'defersCurrentPageDisplay' was deprecated in visionOS 1.0: defersCurrentPageDisplay no longer does anything reasonable with the new interaction mode. [#DeprecatedDeclaration]
61 | @discardableResult
62 | func defersCurrentPageDisplay(_ newValue: Bool) -> Self {
63 | defersCurrentPageDisplay = newValue
| `- warning: 'defersCurrentPageDisplay' was deprecated in visionOS 1.0: defersCurrentPageDisplay no longer does anything reasonable with the new interaction mode. [#DeprecatedDeclaration]
64 | return self
65 | }
/Users/admin/builder/spi-builder-workspace/Sources/DeclarativeLayoutKit/Chaining/Generated/UIPickerView+Chain.swift:22:9: error: 'showsSelectionIndicator' is unavailable in visionOS
20 | @discardableResult
21 | func showsSelectionIndicator(_ newValue: Bool) -> Self {
22 | showsSelectionIndicator = newValue
| `- error: 'showsSelectionIndicator' is unavailable in visionOS
23 | return self
24 | }
/Applications/Xcode-27.0.0-Release.Candidate.app/Contents/Developer/Platforms/XROS.platform/Developer/SDKs/XROS27.0.sdk/System/Library/Frameworks/UIKit.framework/Headers/UIPickerView.h:23:27: note: 'showsSelectionIndicator' has been explicitly marked unavailable here
21 | @property(nullable,nonatomic,weak) id<UIPickerViewDataSource> dataSource; // default is nil. weak reference
22 | @property(nullable,nonatomic,weak) id<UIPickerViewDelegate> delegate; // default is nil. weak reference
23 | @property(nonatomic) BOOL showsSelectionIndicator API_DEPRECATED("This property has no effect on iOS 7 and later.", ios(2.0, 13.0)) API_UNAVAILABLE(visionos, watchos);
| `- note: 'showsSelectionIndicator' has been explicitly marked unavailable here
24 |
25 | // info that was fetched and cached from the data source and delegate
/Users/admin/builder/spi-builder-workspace/Sources/DeclarativeLayoutKit/Chaining/Generated/UIScrollView+Chain.swift:178:55: error: 'KeyboardDismissMode' is unavailable in visionOS
176 | @available(iOS 7.0, *)
177 | @discardableResult
178 | func keyboardDismissMode(_ newValue: UIScrollView.KeyboardDismissMode) -> Self {
| `- error: 'KeyboardDismissMode' is unavailable in visionOS
179 | keyboardDismissMode = newValue
180 | return self
/Applications/Xcode-27.0.0-Release.Candidate.app/Contents/Developer/Platforms/XROS.platform/Developer/SDKs/XROS27.0.sdk/System/Library/Frameworks/UIKit.framework/Headers/UIScrollView.h:24:28: note: 'KeyboardDismissMode' has been explicitly marked unavailable here
22 | } API_UNAVAILABLE(watchos);
23 |
24 | typedef NS_ENUM(NSInteger, UIScrollViewKeyboardDismissMode) {
| `- note: 'KeyboardDismissMode' has been explicitly marked unavailable here
25 | UIScrollViewKeyboardDismissModeNone,
26 | UIScrollViewKeyboardDismissModeOnDrag, // dismisses the keyboard when a drag begins
SwiftCompile normal arm64 /Users/admin/builder/spi-builder-workspace/Sources/DeclarativeLayoutKit/Chaining/Generated/UIPageControl+Chain.swift (in target 'DeclarativeLayoutKit' from project 'DeclarativeLayoutKit')
cd /Users/admin/builder/spi-builder-workspace/.swiftpm/xcode
builtin-SwiftPerFileCompile UIPageControl+Chain.swift
SwiftCompile normal arm64 /Users/admin/builder/spi-builder-workspace/Sources/DeclarativeLayoutKit/Chaining/Generated/UIPickerView+Chain.swift (in target 'DeclarativeLayoutKit' from project 'DeclarativeLayoutKit')
cd /Users/admin/builder/spi-builder-workspace/.swiftpm/xcode
builtin-SwiftPerFileCompile UIPickerView+Chain.swift
SwiftCompile normal arm64 /Users/admin/builder/spi-builder-workspace/Sources/DeclarativeLayoutKit/Chaining/Generated/UIScrollView+Chain.swift (in target 'DeclarativeLayoutKit' from project 'DeclarativeLayoutKit')
cd /Users/admin/builder/spi-builder-workspace/.swiftpm/xcode
builtin-SwiftPerFileCompile UIScrollView+Chain.swift
SwiftCompile normal arm64 /Users/admin/builder/spi-builder-workspace/Sources/DeclarativeLayoutKit/Chaining/Generated/UISlider+Chain.swift (in target 'DeclarativeLayoutKit' from project 'DeclarativeLayoutKit')
cd /Users/admin/builder/spi-builder-workspace/.swiftpm/xcode
builtin-SwiftPerFileCompile UISlider+Chain.swift
SwiftCompile normal arm64 Compiling\ AutoLayoutConstant.swift,\ FromToRelation.swift,\ NSLayoutAnchor+Convertible.swift,\ Priority.swift,\ ClosureAction.swift /Users/admin/builder/spi-builder-workspace/Sources/DeclarativeLayoutKit/AutoLayout/DSL/AutoLayoutConstant.swift /Users/admin/builder/spi-builder-workspace/Sources/DeclarativeLayoutKit/AutoLayout/DSL/FromToRelation.swift /Users/admin/builder/spi-builder-workspace/Sources/DeclarativeLayoutKit/AutoLayout/DSL/NSLayoutAnchor+Convertible.swift /Users/admin/builder/spi-builder-workspace/Sources/DeclarativeLayoutKit/AutoLayout/DSL/Priority.swift /Users/admin/builder/spi-builder-workspace/Sources/DeclarativeLayoutKit/Chaining/Actions/ClosureAction.swift (in target 'DeclarativeLayoutKit' from project 'DeclarativeLayoutKit')
SwiftCompile normal arm64 /Users/admin/builder/spi-builder-workspace/Sources/DeclarativeLayoutKit/AutoLayout/DSL/AutoLayoutConstant.swift (in target 'DeclarativeLayoutKit' from project 'DeclarativeLayoutKit')
cd /Users/admin/builder/spi-builder-workspace/.swiftpm/xcode
builtin-SwiftPerFileCompile AutoLayoutConstant.swift
SwiftCompile normal arm64 /Users/admin/builder/spi-builder-workspace/Sources/DeclarativeLayoutKit/AutoLayout/DSL/FromToRelation.swift (in target 'DeclarativeLayoutKit' from project 'DeclarativeLayoutKit')
cd /Users/admin/builder/spi-builder-workspace/.swiftpm/xcode
builtin-SwiftPerFileCompile FromToRelation.swift
SwiftCompile normal arm64 /Users/admin/builder/spi-builder-workspace/Sources/DeclarativeLayoutKit/AutoLayout/DSL/NSLayoutAnchor+Convertible.swift (in target 'DeclarativeLayoutKit' from project 'DeclarativeLayoutKit')
cd /Users/admin/builder/spi-builder-workspace/.swiftpm/xcode
builtin-SwiftPerFileCompile NSLayoutAnchor+Convertible.swift
SwiftCompile normal arm64 /Users/admin/builder/spi-builder-workspace/Sources/DeclarativeLayoutKit/AutoLayout/DSL/Priority.swift (in target 'DeclarativeLayoutKit' from project 'DeclarativeLayoutKit')
cd /Users/admin/builder/spi-builder-workspace/.swiftpm/xcode
builtin-SwiftPerFileCompile Priority.swift
SwiftCompile normal arm64 /Users/admin/builder/spi-builder-workspace/Sources/DeclarativeLayoutKit/Chaining/Actions/ClosureAction.swift (in target 'DeclarativeLayoutKit' from project 'DeclarativeLayoutKit')
cd /Users/admin/builder/spi-builder-workspace/.swiftpm/xcode
builtin-SwiftPerFileCompile ClosureAction.swift
SwiftCompile normal arm64 Compiling\ UITableView+Chain.swift,\ UITextField+Chain.swift,\ UITextView+Chain.swift,\ UIToolbar+Chain.swift /Users/admin/builder/spi-builder-workspace/Sources/DeclarativeLayoutKit/Chaining/Generated/UITableView+Chain.swift /Users/admin/builder/spi-builder-workspace/Sources/DeclarativeLayoutKit/Chaining/Generated/UITextField+Chain.swift /Users/admin/builder/spi-builder-workspace/Sources/DeclarativeLayoutKit/Chaining/Generated/UITextView+Chain.swift /Users/admin/builder/spi-builder-workspace/Sources/DeclarativeLayoutKit/Chaining/Generated/UIToolbar+Chain.swift (in target 'DeclarativeLayoutKit' from project 'DeclarativeLayoutKit')
/Users/admin/builder/spi-builder-workspace/Sources/DeclarativeLayoutKit/Chaining/Generated/UITextField+Chain.swift:153:9: error: 'inputAccessoryView' is unavailable in visionOS
151 | @discardableResult
152 | func inputAccessoryView(_ newValue: UIView?) -> Self {
153 | inputAccessoryView = newValue
| `- error: 'inputAccessoryView' is unavailable in visionOS
154 | return self
155 | }
/Applications/Xcode-27.0.0-Release.Candidate.app/Contents/Developer/Platforms/XROS.platform/Developer/SDKs/XROS27.0.sdk/System/Library/Frameworks/UIKit.framework/Headers/UITextField.h:108:49: note: 'inputAccessoryView' has been explicitly marked unavailable here
106 | // set while first responder, will not take effect until reloadInputViews is called.
107 | @property (nullable, readwrite, strong) UIView *inputView;
108 | @property (nullable, readwrite, strong) UIView *inputAccessoryView API_UNAVAILABLE(visionos);
| `- note: 'inputAccessoryView' has been explicitly marked unavailable here
109 |
110 | @property(nonatomic) BOOL clearsOnInsertion API_AVAILABLE(ios(6.0)); // defaults to NO. if YES, the selection UI is hidden, and inserting text will replace the contents of the field. changing the selection will automatically set this to NO.
SwiftCompile normal arm64 /Users/admin/builder/spi-builder-workspace/Sources/DeclarativeLayoutKit/Chaining/Generated/UITableView+Chain.swift (in target 'DeclarativeLayoutKit' from project 'DeclarativeLayoutKit')
cd /Users/admin/builder/spi-builder-workspace/.swiftpm/xcode
builtin-SwiftPerFileCompile UITableView+Chain.swift
SwiftCompile normal arm64 /Users/admin/builder/spi-builder-workspace/Sources/DeclarativeLayoutKit/Chaining/Generated/UITextField+Chain.swift (in target 'DeclarativeLayoutKit' from project 'DeclarativeLayoutKit')
cd /Users/admin/builder/spi-builder-workspace/.swiftpm/xcode
builtin-SwiftPerFileCompile UITextField+Chain.swift
SwiftCompile normal arm64 /Users/admin/builder/spi-builder-workspace/Sources/DeclarativeLayoutKit/Chaining/Generated/UITextView+Chain.swift (in target 'DeclarativeLayoutKit' from project 'DeclarativeLayoutKit')
cd /Users/admin/builder/spi-builder-workspace/.swiftpm/xcode
builtin-SwiftPerFileCompile UITextView+Chain.swift
SwiftCompile normal arm64 /Users/admin/builder/spi-builder-workspace/Sources/DeclarativeLayoutKit/Chaining/Generated/UIToolbar+Chain.swift (in target 'DeclarativeLayoutKit' from project 'DeclarativeLayoutKit')
cd /Users/admin/builder/spi-builder-workspace/.swiftpm/xcode
builtin-SwiftPerFileCompile UIToolbar+Chain.swift
SwiftCompile normal arm64 Compiling\ UICollectionView+Chain.swift,\ UIControl+Chain.swift,\ UIDatePicker+Chain.swift,\ UIImageView+Chain.swift,\ UILabel+Chain.swift /Users/admin/builder/spi-builder-workspace/Sources/DeclarativeLayoutKit/Chaining/Generated/UICollectionView+Chain.swift /Users/admin/builder/spi-builder-workspace/Sources/DeclarativeLayoutKit/Chaining/Generated/UIControl+Chain.swift /Users/admin/builder/spi-builder-workspace/Sources/DeclarativeLayoutKit/Chaining/Generated/UIDatePicker+Chain.swift /Users/admin/builder/spi-builder-workspace/Sources/DeclarativeLayoutKit/Chaining/Generated/UIImageView+Chain.swift /Users/admin/builder/spi-builder-workspace/Sources/DeclarativeLayoutKit/Chaining/Generated/UILabel+Chain.swift (in target 'DeclarativeLayoutKit' from project 'DeclarativeLayoutKit')
SwiftCompile normal arm64 /Users/admin/builder/spi-builder-workspace/Sources/DeclarativeLayoutKit/Chaining/Generated/UICollectionView+Chain.swift (in target 'DeclarativeLayoutKit' from project 'DeclarativeLayoutKit')
cd /Users/admin/builder/spi-builder-workspace/.swiftpm/xcode
builtin-SwiftPerFileCompile UICollectionView+Chain.swift
SwiftCompile normal arm64 /Users/admin/builder/spi-builder-workspace/Sources/DeclarativeLayoutKit/Chaining/Generated/UIControl+Chain.swift (in target 'DeclarativeLayoutKit' from project 'DeclarativeLayoutKit')
cd /Users/admin/builder/spi-builder-workspace/.swiftpm/xcode
builtin-SwiftPerFileCompile UIControl+Chain.swift
SwiftCompile normal arm64 /Users/admin/builder/spi-builder-workspace/Sources/DeclarativeLayoutKit/Chaining/Generated/UIDatePicker+Chain.swift (in target 'DeclarativeLayoutKit' from project 'DeclarativeLayoutKit')
cd /Users/admin/builder/spi-builder-workspace/.swiftpm/xcode
builtin-SwiftPerFileCompile UIDatePicker+Chain.swift
SwiftCompile normal arm64 /Users/admin/builder/spi-builder-workspace/Sources/DeclarativeLayoutKit/Chaining/Generated/UIImageView+Chain.swift (in target 'DeclarativeLayoutKit' from project 'DeclarativeLayoutKit')
cd /Users/admin/builder/spi-builder-workspace/.swiftpm/xcode
builtin-SwiftPerFileCompile UIImageView+Chain.swift
SwiftCompile normal arm64 /Users/admin/builder/spi-builder-workspace/Sources/DeclarativeLayoutKit/Chaining/Generated/UILabel+Chain.swift (in target 'DeclarativeLayoutKit' from project 'DeclarativeLayoutKit')
cd /Users/admin/builder/spi-builder-workspace/.swiftpm/xcode
builtin-SwiftPerFileCompile UILabel+Chain.swift
SwiftCompile normal arm64 Compiling\ UIStackView+Chain.swift,\ UIStepper+Chain.swift,\ UISwitch+Chain.swift,\ UITabBar+Chain.swift /Users/admin/builder/spi-builder-workspace/Sources/DeclarativeLayoutKit/Chaining/Generated/UIStackView+Chain.swift /Users/admin/builder/spi-builder-workspace/Sources/DeclarativeLayoutKit/Chaining/Generated/UIStepper+Chain.swift /Users/admin/builder/spi-builder-workspace/Sources/DeclarativeLayoutKit/Chaining/Generated/UISwitch+Chain.swift /Users/admin/builder/spi-builder-workspace/Sources/DeclarativeLayoutKit/Chaining/Generated/UITabBar+Chain.swift (in target 'DeclarativeLayoutKit' from project 'DeclarativeLayoutKit')
/Users/admin/builder/spi-builder-workspace/Sources/DeclarativeLayoutKit/Chaining/Generated/UITabBar+Chain.swift:43:9: error: 'selectedImageTintColor' is unavailable in visionOS
41 | @discardableResult
42 | func selectedImageTintColor(_ newValue: UIColor?) -> Self {
43 | selectedImageTintColor = newValue
| `- error: 'selectedImageTintColor' is unavailable in visionOS
44 | return self
45 | }
/Applications/Xcode-27.0.0-Release.Candidate.app/Contents/Developer/Platforms/XROS.platform/Developer/SDKs/XROS27.0.sdk/System/Library/Frameworks/UIKit.framework/Headers/UITabBar.h:61:49: note: 'selectedImageTintColor' has been explicitly marked unavailable here
59 | inherited tintColor of the UITabBar, which may be set separately if necessary.
60 | */
61 | @property(nullable, nonatomic, strong) UIColor *selectedImageTintColor API_DEPRECATED_WITH_REPLACEMENT("tintColor", ios(5.0, 8.0)) UI_APPEARANCE_SELECTOR API_UNAVAILABLE(tvos) API_UNAVAILABLE(visionos, watchos);
| `- note: 'selectedImageTintColor' has been explicitly marked unavailable here
62 |
63 | /* The background image will be tiled to fit, even if it was not created via the UIImage resizableImage methods.
SwiftCompile normal arm64 /Users/admin/builder/spi-builder-workspace/Sources/DeclarativeLayoutKit/Chaining/Generated/UIStackView+Chain.swift (in target 'DeclarativeLayoutKit' from project 'DeclarativeLayoutKit')
cd /Users/admin/builder/spi-builder-workspace/.swiftpm/xcode
builtin-SwiftPerFileCompile UIStackView+Chain.swift
SwiftCompile normal arm64 /Users/admin/builder/spi-builder-workspace/Sources/DeclarativeLayoutKit/Chaining/Generated/UIStepper+Chain.swift (in target 'DeclarativeLayoutKit' from project 'DeclarativeLayoutKit')
cd /Users/admin/builder/spi-builder-workspace/.swiftpm/xcode
builtin-SwiftPerFileCompile UIStepper+Chain.swift
SwiftCompile normal arm64 /Users/admin/builder/spi-builder-workspace/Sources/DeclarativeLayoutKit/Chaining/Generated/UISwitch+Chain.swift (in target 'DeclarativeLayoutKit' from project 'DeclarativeLayoutKit')
cd /Users/admin/builder/spi-builder-workspace/.swiftpm/xcode
builtin-SwiftPerFileCompile UISwitch+Chain.swift
SwiftCompile normal arm64 /Users/admin/builder/spi-builder-workspace/Sources/DeclarativeLayoutKit/Chaining/Generated/UITabBar+Chain.swift (in target 'DeclarativeLayoutKit' from project 'DeclarativeLayoutKit')
cd /Users/admin/builder/spi-builder-workspace/.swiftpm/xcode
builtin-SwiftPerFileCompile UITabBar+Chain.swift
SwiftCompile normal arm64 Compiling\ UIStackViewBuilder.swift,\ UIStackViewConfiguration.swift,\ UIStackViewHelpers.swift,\ UIStackViewSpace.swift /Users/admin/builder/spi-builder-workspace/Sources/DeclarativeLayoutKit/StackView/UIStackViewBuilder.swift /Users/admin/builder/spi-builder-workspace/Sources/DeclarativeLayoutKit/StackView/UIStackViewConfiguration.swift /Users/admin/builder/spi-builder-workspace/Sources/DeclarativeLayoutKit/StackView/UIStackViewHelpers.swift /Users/admin/builder/spi-builder-workspace/Sources/DeclarativeLayoutKit/StackView/UIStackViewSpace.swift (in target 'DeclarativeLayoutKit' from project 'DeclarativeLayoutKit')
SwiftCompile normal arm64 /Users/admin/builder/spi-builder-workspace/Sources/DeclarativeLayoutKit/StackView/UIStackViewBuilder.swift (in target 'DeclarativeLayoutKit' from project 'DeclarativeLayoutKit')
cd /Users/admin/builder/spi-builder-workspace/.swiftpm/xcode
builtin-SwiftPerFileCompile UIStackViewBuilder.swift
SwiftCompile normal arm64 /Users/admin/builder/spi-builder-workspace/Sources/DeclarativeLayoutKit/StackView/UIStackViewConfiguration.swift (in target 'DeclarativeLayoutKit' from project 'DeclarativeLayoutKit')
cd /Users/admin/builder/spi-builder-workspace/.swiftpm/xcode
builtin-SwiftPerFileCompile UIStackViewConfiguration.swift
SwiftCompile normal arm64 /Users/admin/builder/spi-builder-workspace/Sources/DeclarativeLayoutKit/StackView/UIStackViewHelpers.swift (in target 'DeclarativeLayoutKit' from project 'DeclarativeLayoutKit')
cd /Users/admin/builder/spi-builder-workspace/.swiftpm/xcode
builtin-SwiftPerFileCompile UIStackViewHelpers.swift
SwiftCompile normal arm64 /Users/admin/builder/spi-builder-workspace/Sources/DeclarativeLayoutKit/StackView/UIStackViewSpace.swift (in target 'DeclarativeLayoutKit' from project 'DeclarativeLayoutKit')
cd /Users/admin/builder/spi-builder-workspace/.swiftpm/xcode
builtin-SwiftPerFileCompile UIStackViewSpace.swift
SwiftEmitModule normal arm64 Emitting\ module\ for\ DeclarativeLayoutKit (in target 'DeclarativeLayoutKit' from project 'DeclarativeLayoutKit')
/Users/admin/builder/spi-builder-workspace/Sources/DeclarativeLayoutKit/Chaining/Generated/UIScrollView+Chain.swift:178:55: error: 'KeyboardDismissMode' is unavailable in visionOS
176 | @available(iOS 7.0, *)
177 | @discardableResult
178 | func keyboardDismissMode(_ newValue: UIScrollView.KeyboardDismissMode) -> Self {
| `- error: 'KeyboardDismissMode' is unavailable in visionOS
179 | keyboardDismissMode = newValue
180 | return self
/Applications/Xcode-27.0.0-Release.Candidate.app/Contents/Developer/Platforms/XROS.platform/Developer/SDKs/XROS27.0.sdk/System/Library/Frameworks/UIKit.framework/Headers/UIScrollView.h:24:28: note: 'KeyboardDismissMode' has been explicitly marked unavailable here
22 | } API_UNAVAILABLE(watchos);
23 |
24 | typedef NS_ENUM(NSInteger, UIScrollViewKeyboardDismissMode) {
| `- note: 'KeyboardDismissMode' has been explicitly marked unavailable here
25 | UIScrollViewKeyboardDismissModeNone,
26 | UIScrollViewKeyboardDismissModeOnDrag, // dismisses the keyboard when a drag begins
Failed frontend command:
/Applications/Xcode-27.0.0-Release.Candidate.app/Contents/Developer/Toolchains/XcodeDefault.xctoolchain/usr/bin/swift-frontend -frontend -emit-module -experimental-skip-non-inlinable-function-bodies-without-types /Users/admin/builder/spi-builder-workspace/Sources/DeclarativeLayoutKit/AutoLayout/Anchor/AutoLayoutGuide.swift /Users/admin/builder/spi-builder-workspace/Sources/DeclarativeLayoutKit/AutoLayout/Anchor/BidirectionRelativeAutoLayoutAnchor.swift /Users/admin/builder/spi-builder-workspace/Sources/DeclarativeLayoutKit/AutoLayout/Anchor/BidirectionalDimensionAutoLayoutAnchor.swift /Users/admin/builder/spi-builder-workspace/Sources/DeclarativeLayoutKit/AutoLayout/Anchor/DimensionAutoLayoutAnchor.swift /Users/admin/builder/spi-builder-workspace/Sources/DeclarativeLayoutKit/AutoLayout/Anchor/RelationType.swift /Users/admin/builder/spi-builder-workspace/Sources/DeclarativeLayoutKit/AutoLayout/Anchor/RelativeAutoLayoutAnchor.swift /Users/admin/builder/spi-builder-workspace/Sources/DeclarativeLayoutKit/AutoLayout/Anchor/RelativeAutoLayoutConstant.swift /Users/admin/builder/spi-builder-workspace/Sources/DeclarativeLayoutKit/AutoLayout/AnchorsFactory.swift /Users/admin/builder/spi-builder-workspace/Sources/DeclarativeLayoutKit/AutoLayout/AutoLayoutItem.swift /Users/admin/builder/spi-builder-workspace/Sources/DeclarativeLayoutKit/AutoLayout/AutoLayoutItemsBuilder.swift /Users/admin/builder/spi-builder-workspace/Sources/DeclarativeLayoutKit/AutoLayout/DSL/AutoLayoutConstant.swift /Users/admin/builder/spi-builder-workspace/Sources/DeclarativeLayoutKit/AutoLayout/DSL/FromToRelation.swift /Users/admin/builder/spi-builder-workspace/Sources/DeclarativeLayoutKit/AutoLayout/DSL/NSLayoutAnchor+Convertible.swift /Users/admin/builder/spi-builder-workspace/Sources/DeclarativeLayoutKit/AutoLayout/DSL/Priority.swift /Users/admin/builder/spi-builder-workspace/Sources/DeclarativeLayoutKit/Chaining/Actions/ClosureAction.swift /Users/admin/builder/spi-builder-workspace/Sources/DeclarativeLayoutKit/Chaining/Actions/UIControl+Event.swift /Users/admin/builder/spi-builder-workspace/Sources/DeclarativeLayoutKit/Chaining/Actions/UIView+Gesture.swift /Users/admin/builder/spi-builder-workspace/Sources/DeclarativeLayoutKit/Chaining/Chainable.swift /Users/admin/builder/spi-builder-workspace/Sources/DeclarativeLayoutKit/Chaining/ExtraChains.swift /Users/admin/builder/spi-builder-workspace/Sources/DeclarativeLayoutKit/Chaining/Generated/UIButton+Chain.swift /Users/admin/builder/spi-builder-workspace/Sources/DeclarativeLayoutKit/Chaining/Generated/UICollectionView+Chain.swift /Users/admin/builder/spi-builder-workspace/Sources/DeclarativeLayoutKit/Chaining/Generated/UIControl+Chain.swift /Users/admin/builder/spi-builder-workspace/Sources/DeclarativeLayoutKit/Chaining/Generated/UIDatePicker+Chain.swift /Users/admin/builder/spi-builder-workspace/Sources/DeclarativeLayoutKit/Chaining/Generated/UIImageView+Chain.swift /Users/admin/builder/spi-builder-workspace/Sources/DeclarativeLayoutKit/Chaining/Generated/UILabel+Chain.swift /Users/admin/builder/spi-builder-workspace/Sources/DeclarativeLayoutKit/Chaining/Generated/UIPageControl+Chain.swift /Users/admin/builder/spi-builder-workspace/Sources/DeclarativeLayoutKit/Chaining/Generated/UIPickerView+Chain.swift /Users/admin/builder/spi-builder-workspace/Sources/DeclarativeLayoutKit/Chaining/Generated/UIScrollView+Chain.swift /Users/admin/builder/spi-builder-workspace/Sources/DeclarativeLayoutKit/Chaining/Generated/UISlider+Chain.swift /Users/admin/builder/spi-builder-workspace/Sources/DeclarativeLayoutKit/Chaining/Generated/UIStackView+Chain.swift /Users/admin/builder/spi-builder-workspace/Sources/DeclarativeLayoutKit/Chaining/Generated/UIStepper+Chain.swift /Users/admin/builder/spi-builder-workspace/Sources/DeclarativeLayoutKit/Chaining/Generated/UISwitch+Chain.swift /Users/admin/builder/spi-builder-workspace/Sources/DeclarativeLayoutKit/Chaining/Generated/UITabBar+Chain.swift /Users/admin/builder/spi-builder-workspace/Sources/DeclarativeLayoutKit/Chaining/Generated/UITableView+Chain.swift /Users/admin/builder/spi-builder-workspace/Sources/DeclarativeLayoutKit/Chaining/Generated/UITextField+Chain.swift /Users/admin/builder/spi-builder-workspace/Sources/DeclarativeLayoutKit/Chaining/Generated/UITextView+Chain.swift /Users/admin/builder/spi-builder-workspace/Sources/DeclarativeLayoutKit/Chaining/Generated/UIToolbar+Chain.swift /Users/admin/builder/spi-builder-workspace/Sources/DeclarativeLayoutKit/Chaining/Generated/UIView+Chain.swift /Users/admin/builder/spi-builder-workspace/Sources/DeclarativeLayoutKit/Helpers/ArrayBuilder.swift /Users/admin/builder/spi-builder-workspace/Sources/DeclarativeLayoutKit/Helpers/KVO.swift /Users/admin/builder/spi-builder-workspace/Sources/DeclarativeLayoutKit/Helpers/UILayoutPriority.swift /Users/admin/builder/spi-builder-workspace/Sources/DeclarativeLayoutKit/StackView/UIStackViewBuilder.swift /Users/admin/builder/spi-builder-workspace/Sources/DeclarativeLayoutKit/StackView/UIStackViewConfiguration.swift /Users/admin/builder/spi-builder-workspace/Sources/DeclarativeLayoutKit/StackView/UIStackViewHelpers.swift /Users/admin/builder/spi-builder-workspace/Sources/DeclarativeLayoutKit/StackView/UIStackViewSpace.swift -target arm64-apple-xros1.0 -disable-cross-import-overlay-search -load-resolved-plugin /Applications/Xcode-27.0.0-Release.Candidate.app/Contents/Developer/Platforms/XROS.platform/Developer/usr/lib/swift/host/plugins/libFoundationMacros.dylib\#/Applications/Xcode-27.0.0-Release.Candidate.app/Contents/Developer/Platforms/XROS.platform/Developer/usr/bin/swift-plugin-server\#FoundationMacros -load-resolved-plugin /Applications/Xcode-27.0.0-Release.Candidate.app/Contents/Developer/Platforms/XROS.platform/Developer/usr/lib/swift/host/plugins/libObservationMacros.dylib\#/Applications/Xcode-27.0.0-Release.Candidate.app/Contents/Developer/Platforms/XROS.platform/Developer/usr/bin/swift-plugin-server\#ObservationMacros -load-resolved-plugin /Applications/Xcode-27.0.0-Release.Candidate.app/Contents/Developer/Platforms/XROS.platform/Developer/usr/lib/swift/host/plugins/libPreviewsMacros.dylib\#/Applications/Xcode-27.0.0-Release.Candidate.app/Contents/Developer/Platforms/XROS.platform/Developer/usr/bin/swift-plugin-server\#PreviewsMacros -load-resolved-plugin /Applications/Xcode-27.0.0-Release.Candidate.app/Contents/Developer/Platforms/XROS.platform/Developer/usr/lib/swift/host/plugins/libSwiftMacros.dylib\#/Applications/Xcode-27.0.0-Release.Candidate.app/Contents/Developer/Platforms/XROS.platform/Developer/usr/bin/swift-plugin-server\#SwiftMacros -load-resolved-plugin /Applications/Xcode-27.0.0-Release.Candidate.app/Contents/Developer/Platforms/XROS.platform/Developer/usr/lib/swift/host/plugins/libSwiftUIMacros.dylib\#/Applications/Xcode-27.0.0-Release.Candidate.app/Contents/Developer/Platforms/XROS.platform/Developer/usr/bin/swift-plugin-server\#SwiftUIMacros -disable-implicit-swift-modules -Xcc -fno-implicit-modules -Xcc -fno-implicit-module-maps -explicit-swift-module-map-file /Users/admin/builder/spi-builder-workspace/.derivedData/Build/Intermediates.noindex/DeclarativeLayoutKit.build/Debug-xros/DeclarativeLayoutKit-t.build/Objects-normal/arm64/DeclarativeLayoutKit-dependencies-1.json -Xllvm -aarch64-use-tbi -enable-objc-interop -stack-check -sdk /Applications/Xcode-27.0.0-Release.Candidate.app/Contents/Developer/Platforms/XROS.platform/Developer/SDKs/XROS27.0.sdk -I /Users/admin/builder/spi-builder-workspace/.derivedData/Build/Products/Debug-xros -Isystem /Applications/Xcode-27.0.0-Release.Candidate.app/Contents/Developer/Platforms/XROS.platform/Developer/usr/lib -F /Users/admin/builder/spi-builder-workspace/.derivedData/Build/Products/Debug-xros -F /Applications/Xcode-27.0.0-Release.Candidate.app/Contents/Developer/Platforms/XROS.platform/Developer/Library/Frameworks -F /Applications/Xcode-27.0.0-Release.Candidate.app/Contents/Developer/Platforms/XROS.platform/Developer/SDKs/XROS27.0.sdk/Developer/Library/Frameworks -module-cache-path /Users/admin/builder/spi-builder-workspace/.derivedData/Build/Intermediates.noindex/SwiftExplicitPrecompiledModules -no-color-diagnostics -Xcc -fno-color-diagnostics -enable-testing -g -debug-info-format\=dwarf -dwarf-version\=4 -swift-version 5 -Onone -D SWIFT_PACKAGE -D DEBUG -D SWIFT_MODULE_RESOURCE_BUNDLE_UNAVAILABLE -D Xcode -serialize-debugging-options -enable-experimental-feature DebugDescriptionMacro -empty-abi-descriptor -validate-clang-modules-once -clang-build-session-file /Users/admin/builder/spi-builder-workspace/.derivedData/ModuleCache.noindex/Session.modulevalidation -Xcc -working-directory -Xcc /Users/admin/builder/spi-builder-workspace/.swiftpm/xcode -enable-anonymous-context-mangled-names -file-compilation-dir /Users/admin/builder/spi-builder-workspace/.swiftpm/xcode -Xcc -D_LIBCPP_HARDENING_MODE\=_LIBCPP_HARDENING_MODE_DEBUG -Xcc -ivfsstatcache -Xcc /Users/admin/builder/spi-builder-workspace/.derivedData/SDKStatCaches.noindex/xros27.0-24M361-e829b21a6f8c9b70876ba0858053c044735bd543db762f57723cac368afd1ce4.sdkstatcache -Xcc -fmodules-prune-interval\=86400 -Xcc -fmodules-prune-after\=345600 -Xcc -I/Users/admin/builder/spi-builder-workspace/.derivedData/Build/Products/Debug-xros/include -Xcc -I/Users/admin/builder/spi-builder-workspace/.derivedData/Build/Intermediates.noindex/DeclarativeLayoutKit.build/Debug-xros/DeclarativeLayoutKit-t.build/DerivedSources-normal/arm64 -Xcc -I/Users/admin/builder/spi-builder-workspace/.derivedData/Build/Intermediates.noindex/DeclarativeLayoutKit.build/Debug-xros/DeclarativeLayoutKit-t.build/DerivedSources/arm64 -Xcc -I/Users/admin/builder/spi-builder-workspace/.derivedData/Build/Intermediates.noindex/DeclarativeLayoutKit.build/Debug-xros/DeclarativeLayoutKit-t.build/DerivedSources -Xcc -DSWIFT_PACKAGE -Xcc -DDEBUG\=1 -no-auto-bridging-header-chaining -module-name DeclarativeLayoutKit -const-gather-protocols-file /Users/admin/builder/spi-builder-workspace/.derivedData/Build/Intermediates.noindex/DeclarativeLayoutKit.build/Debug-xros/DeclarativeLayoutKit-t.build/Objects-normal/arm64/DeclarativeLayoutKit_const_extract_protocols.json -disable-clang-spi -clang-target arm64-apple-xros27.0 -target-sdk-version 27.0 -target-sdk-name xros27.0 -in-process-plugin-server-path /Applications/Xcode-27.0.0-Release.Candidate.app/Contents/Developer/Toolchains/XcodeDefault.xctoolchain/usr/lib/swift/host/libSwiftInProcPluginServer.dylib -emit-module-doc-path /Users/admin/builder/spi-builder-workspace/.derivedData/Build/Intermediates.noindex/DeclarativeLayoutKit.build/Debug-xros/DeclarativeLayoutKit-t.build/Objects-normal/arm64/DeclarativeLayoutKit.swiftdoc -emit-module-source-info-path /Users/admin/builder/spi-builder-workspace/.derivedData/Build/Intermediates.noindex/DeclarativeLayoutKit.build/Debug-xros/DeclarativeLayoutKit-t.build/Objects-normal/arm64/DeclarativeLayoutKit.swiftsourceinfo -emit-objc-header-path /Users/admin/builder/spi-builder-workspace/.derivedData/Build/Intermediates.noindex/DeclarativeLayoutKit.build/Debug-xros/DeclarativeLayoutKit-t.build/Objects-normal/arm64/DeclarativeLayoutKit-Swift.h -serialize-diagnostics-path /Users/admin/builder/spi-builder-workspace/.derivedData/Build/Intermediates.noindex/DeclarativeLayoutKit.build/Debug-xros/DeclarativeLayoutKit-t.build/Objects-normal/arm64/DeclarativeLayoutKit-primary-emit-module.dia -emit-dependencies-path /Users/admin/builder/spi-builder-workspace/.derivedData/Build/Intermediates.noindex/DeclarativeLayoutKit.build/Debug-xros/DeclarativeLayoutKit-t.build/Objects-normal/arm64/DeclarativeLayoutKit-primary-emit-module.d -parse-as-library -o /Users/admin/builder/spi-builder-workspace/.derivedData/Build/Intermediates.noindex/DeclarativeLayoutKit.build/Debug-xros/DeclarativeLayoutKit-t.build/Objects-normal/arm64/DeclarativeLayoutKit.swiftmodule -emit-abi-descriptor-path /Users/admin/builder/spi-builder-workspace/.derivedData/Build/Intermediates.noindex/DeclarativeLayoutKit.build/Debug-xros/DeclarativeLayoutKit-t.build/Objects-normal/arm64/DeclarativeLayoutKit.abi.json
SwiftCompile normal arm64 (in target 'DeclarativeLayoutKit' from project 'DeclarativeLayoutKit')
cd /Users/admin/builder/spi-builder-workspace/.swiftpm/xcode
SwiftCompile normal arm64 Compiling\ UIView+Chain.swift,\ ArrayBuilder.swift,\ KVO.swift,\ UILayoutPriority.swift /Users/admin/builder/spi-builder-workspace/Sources/DeclarativeLayoutKit/Chaining/Generated/UIView+Chain.swift /Users/admin/builder/spi-builder-workspace/Sources/DeclarativeLayoutKit/Helpers/ArrayBuilder.swift /Users/admin/builder/spi-builder-workspace/Sources/DeclarativeLayoutKit/Helpers/KVO.swift /Users/admin/builder/spi-builder-workspace/Sources/DeclarativeLayoutKit/Helpers/UILayoutPriority.swift (in target 'DeclarativeLayoutKit' from project 'DeclarativeLayoutKit')
SwiftCompile normal arm64 /Users/admin/builder/spi-builder-workspace/Sources/DeclarativeLayoutKit/Chaining/Generated/UIView+Chain.swift (in target 'DeclarativeLayoutKit' from project 'DeclarativeLayoutKit')
cd /Users/admin/builder/spi-builder-workspace/.swiftpm/xcode
builtin-SwiftPerFileCompile UIView+Chain.swift
SwiftCompile normal arm64 /Users/admin/builder/spi-builder-workspace/Sources/DeclarativeLayoutKit/Helpers/ArrayBuilder.swift (in target 'DeclarativeLayoutKit' from project 'DeclarativeLayoutKit')
cd /Users/admin/builder/spi-builder-workspace/.swiftpm/xcode
builtin-SwiftPerFileCompile ArrayBuilder.swift
SwiftCompile normal arm64 /Users/admin/builder/spi-builder-workspace/Sources/DeclarativeLayoutKit/Helpers/KVO.swift (in target 'DeclarativeLayoutKit' from project 'DeclarativeLayoutKit')
cd /Users/admin/builder/spi-builder-workspace/.swiftpm/xcode
builtin-SwiftPerFileCompile KVO.swift
SwiftCompile normal arm64 /Users/admin/builder/spi-builder-workspace/Sources/DeclarativeLayoutKit/Helpers/UILayoutPriority.swift (in target 'DeclarativeLayoutKit' from project 'DeclarativeLayoutKit')
cd /Users/admin/builder/spi-builder-workspace/.swiftpm/xcode
builtin-SwiftPerFileCompile UILayoutPriority.swift
PruneExplicitPrecompiledModules /Users/admin/builder/spi-builder-workspace/.derivedData/Build/Intermediates.noindex/ExplicitPrecompiledModules
PruneExplicitPrecompiledModules /Users/admin/builder/spi-builder-workspace/.derivedData/SDKExplicitPrecompiledModules
PruneExplicitPrecompiledModules /Users/admin/builder/spi-builder-workspace/.derivedData/Build/Intermediates.noindex/SwiftExplicitPrecompiledModules
2026-09-17 14:50:27.151 xcodebuild[751:4687] [MT] IDERunDestination: Supported platforms for the buildables in the current scheme is empty.
2026-09-17 14:50:27.291 xcodebuild[751:4687] [MT] IDERunDestination: Supported platforms for the buildables in the current scheme is empty.
** BUILD FAILED **
The following build commands failed:
SwiftEmitModule normal arm64 Emitting\ module\ for\ DeclarativeLayoutKit (in target 'DeclarativeLayoutKit' from project 'DeclarativeLayoutKit')
SwiftCompile normal arm64 (in target 'DeclarativeLayoutKit' from project 'DeclarativeLayoutKit')
Building workspace DeclarativeLayoutKit with scheme DeclarativeLayoutKit-Package
(3 failures)
BUILD FAILURE 6.4 visionOS