The Swift Package Index logo.Swift Package Index

Build Information

Failed to build EffectsLibrary, reference main (eaf607), with Swift 6.4 for macOS (Xcode) using Xcode 27.0 on 18 Sep 2026 10:13:23 UTC.

Build Command

env DEVELOPER_DIR=/Applications/Xcode-27.0.0-Release.Candidate.app xcrun xcodebuild -IDEClonedSourcePackagesDirPathOverride=$PWD/.dependencies -skipMacroValidation -skipPackagePluginValidation -derivedDataPath $PWD/.derivedData build -scheme EffectsLibrary -destination platform=macOS,arch=arm64

Build Log

========================================
RunAll
========================================
Builder version: 5.1.0
Interrupt handler set up.
========================================
Checkout
========================================
Clone URL: https://github.com/GetStream/effects-library.git
Reference: main
Initialized empty Git repository in /Users/admin/builder/spi-builder-workspace/.git/
From https://github.com/GetStream/effects-library
 * branch            main       -> FETCH_HEAD
 * [new branch]      main       -> origin/main
HEAD is now at eaf607b Add badges for Swift Package Index.
Updating files:  28% (1706/5945)
Updating files:  29% (1725/5945)
Updating files:  30% (1784/5945)
Updating files:  31% (1843/5945)
Updating files:  32% (1903/5945)
Updating files:  33% (1962/5945)
Updating files:  34% (2022/5945)
Updating files:  35% (2081/5945)
Updating files:  36% (2141/5945)
Updating files:  37% (2200/5945)
Updating files:  38% (2260/5945)
Updating files:  39% (2319/5945)
Updating files:  40% (2378/5945)
Updating files:  41% (2438/5945)
Updating files:  42% (2497/5945)
Updating files:  43% (2557/5945)
Updating files:  44% (2616/5945)
Updating files:  45% (2676/5945)
Updating files:  46% (2735/5945)
Updating files:  47% (2795/5945)
Updating files:  48% (2854/5945)
Updating files:  49% (2914/5945)
Updating files:  50% (2973/5945)
Updating files:  51% (3032/5945)
Updating files:  52% (3092/5945)
Updating files:  53% (3151/5945)
Updating files:  54% (3211/5945)
Updating files:  55% (3270/5945)
Updating files:  56% (3330/5945)
Updating files:  57% (3389/5945)
Updating files:  58% (3449/5945)
Updating files:  59% (3508/5945)
Updating files:  60% (3567/5945)
Updating files:  61% (3627/5945)
Updating files:  62% (3686/5945)
Updating files:  63% (3746/5945)
Updating files:  64% (3805/5945)
Updating files:  65% (3865/5945)
Updating files:  66% (3924/5945)
Updating files:  67% (3984/5945)
Updating files:  68% (4043/5945)
Updating files:  69% (4103/5945)
Updating files:  70% (4162/5945)
Updating files:  71% (4221/5945)
Updating files:  72% (4281/5945)
Updating files:  73% (4340/5945)
Updating files:  74% (4400/5945)
Updating files:  75% (4459/5945)
Updating files:  76% (4519/5945)
Updating files:  77% (4578/5945)
Updating files:  78% (4638/5945)
Updating files:  79% (4697/5945)
Updating files:  80% (4756/5945)
Updating files:  81% (4816/5945)
Updating files:  82% (4875/5945)
Updating files:  83% (4935/5945)
Updating files:  84% (4994/5945)
Updating files:  85% (5054/5945)
Updating files:  86% (5113/5945)
Updating files:  87% (5173/5945)
Updating files:  88% (5232/5945)
Updating files:  89% (5292/5945)
Updating files:  90% (5351/5945)
Updating files:  91% (5410/5945)
Updating files:  92% (5470/5945)
Updating files:  93% (5529/5945)
Updating files:  94% (5589/5945)
Updating files:  95% (5648/5945)
Updating files:  96% (5708/5945)
Updating files:  97% (5767/5945)
Updating files:  98% (5827/5945)
Updating files:  98% (5871/5945)
Updating files:  99% (5886/5945)
Updating files: 100% (5945/5945)
Updating files: 100% (5945/5945), done.
Cloned https://github.com/GetStream/effects-library.git
Revision (git rev-parse @):
eaf607ba6d02eabc54a6936858e51a3d0b608f7c
SPI manifest file found: $PWD/.spi.yml
SUCCESS checkout https://github.com/GetStream/effects-library.git at main
========================================
Build
========================================
Selected platform:         macosXcodebuild
Swift version:             6.4
Building package at path:  $PWD
https://github.com/GetStream/effects-library.git
Command line invocation:
    /Applications/Xcode-27.0.0-Release.Candidate.app/Contents/Developer/usr/bin/xcodebuild -IDEClonedSourcePackagesDirPathOverride=/Users/admin/builder/spi-builder-workspace/.dependencies -resolvePackageDependencies
Resolve Package Graph
Resolve Package Graph
Resolved source packages:
  EffectsLibrary: /Users/admin/builder/spi-builder-workspace
resolved source packages: EffectsLibrary
2026-09-18 06:12:22.605 xcodebuild[635:3621] [MT] IDERunDestination: Supported platforms for the buildables in the current scheme is empty.
{
  "dependencies" : [
  ],
  "manifest_display_name" : "EffectsLibrary",
  "name" : "EffectsLibrary",
  "path" : "/Users/admin/builder/spi-builder-workspace",
  "platforms" : [
    {
      "name" : "ios",
      "version" : "14.0"
    }
  ],
  "products" : [
    {
      "name" : "EffectsLibrary",
      "targets" : [
        "EffectsLibrary"
      ],
      "type" : {
        "library" : [
          "automatic"
        ]
      }
    }
  ],
  "targets" : [
    {
      "c99name" : "EffectsLibrary",
      "module_type" : "SwiftTarget",
      "name" : "EffectsLibrary",
      "path" : "Sources/EffectsLibrary",
      "product_memberships" : [
        "EffectsLibrary"
      ],
      "resources" : [
        {
          "path" : "/Users/admin/builder/spi-builder-workspace/Sources/EffectsLibrary/Resources/raindrop.png",
          "rule" : {
            "process" : {
            }
          }
        },
        {
          "path" : "/Users/admin/builder/spi-builder-workspace/Sources/EffectsLibrary/Resources/snow.png",
          "rule" : {
            "process" : {
            }
          }
        },
        {
          "path" : "/Users/admin/builder/spi-builder-workspace/Sources/EffectsLibrary/Resources/spark.png",
          "rule" : {
            "process" : {
            }
          }
        }
      ],
      "sources" : [
        "ConfettiEffect/ConfettiView.swift",
        "ConfettiEffect/Model/ConfettiConfig+DefaultValues.swift",
        "ConfettiEffect/Model/ConfettiConfig.swift",
        "ConfettiEffect/View/ConfettiViewRepresentable.swift",
        "Extensions/Color+CustomColors.swift",
        "Extensions/String+ImageNames.swift",
        "Extensions/UIImage+fromBundle.swift",
        "FireEffect/FireView.swift",
        "FireEffect/Model/FireConfig+DefaultValues.swift",
        "FireEffect/Model/FireConfig.swift",
        "FireEffect/View/FireContainerView.swift",
        "FireEffect/View/FireScene.swift",
        "FireworksEffect/FireworksView.swift",
        "FireworksEffect/Model/FireworksConfig+DefaultValues.swift",
        "FireworksEffect/Model/FireworksConfig.swift",
        "FireworksEffect/View/FireworksContainerView.swift",
        "FireworksEffect/View/FireworksScene.swift",
        "Model/BaseConfig.swift",
        "Model/Content.swift",
        "Model/EffectsViewRepresentable.swift",
        "Model/EmitterLayerConfig.swift",
        "Model/EmitterPosition.swift",
        "Model/FadeOut.swift",
        "Model/FallDirection.swift",
        "Model/InitialVelocity.swift",
        "Model/Intensity.swift",
        "Model/Lifetime.swift",
        "Model/SpreadRadius.swift",
        "RainEffect/Model/RainConfig+DefaultValues.swift",
        "RainEffect/Model/RainConfig.swift",
        "RainEffect/RainView.swift",
        "RainEffect/View/RainViewRepresentable.swift",
        "SmokeEffect/Model/SmokeConfig+DefaultValues.swift",
        "SmokeEffect/Model/SmokeConfig.swift",
        "SmokeEffect/SmokeView.swift",
        "SmokeEffect/View/SmokeContainerView.swift",
        "SmokeEffect/View/SmokeScene.swift",
        "SnowEffect/Model/SnowConfig+DefaultValues.swift",
        "SnowEffect/Model/SnowConfig.swift",
        "SnowEffect/SnowView.swift",
        "SnowEffect/View/SnowViewRepresentable.swift"
      ],
      "type" : "library"
    }
  ],
  "tools_version" : "5.5"
}
{
  "workspace" : {
    "name" : "EffectsLibrary",
    "schemes" : [
      "EffectsLibrary"
    ]
  }
}
2026-09-18 06:13:04.735 xcodebuild[736:4660] [MT] IDERunDestination: Supported platforms for the buildables in the current scheme is empty.
Running build ...
env DEVELOPER_DIR=/Applications/Xcode-27.0.0-Release.Candidate.app xcrun xcodebuild -IDEClonedSourcePackagesDirPathOverride=$PWD/.dependencies -skipMacroValidation -skipPackagePluginValidation -derivedDataPath $PWD/.derivedData build -scheme EffectsLibrary -destination platform=macOS,arch=arm64
Command line invocation:
    /Applications/Xcode-27.0.0-Release.Candidate.app/Contents/Developer/usr/bin/xcodebuild -IDEClonedSourcePackagesDirPathOverride=/Users/admin/builder/spi-builder-workspace/.dependencies -skipMacroValidation -skipPackagePluginValidation -derivedDataPath /Users/admin/builder/spi-builder-workspace/.derivedData build -scheme EffectsLibrary -destination platform=macOS,arch=arm64
Resolve Package Graph
Resolved source packages:
  EffectsLibrary: /Users/admin/builder/spi-builder-workspace
ComputePackagePrebuildTargetDependencyGraph
Prepare packages
CreateBuildRequest
SendProjectDescription
CreateBuildOperation
ComputeTargetDependencyGraph
note: Building targets in dependency order
note: Target dependency graph (3 targets)
    Target 'EffectsLibrary-product' in project 'EffectsLibrary'
        ➜ Explicit dependency on target 'EffectsLibrary' in project 'EffectsLibrary'
        ➜ Explicit dependency on target 'EffectsLibrary_EffectsLibrary' in project 'EffectsLibrary'
    Target 'EffectsLibrary' in project 'EffectsLibrary'
        ➜ Explicit dependency on target 'EffectsLibrary_EffectsLibrary' in project 'EffectsLibrary'
    Target 'EffectsLibrary_EffectsLibrary' in project 'EffectsLibrary' (no dependencies)
GatherProvisioningInputs
CreateBuildDescription
ExecuteExternalTool /Applications/Xcode-27.0.0-Release.Candidate.app/Contents/Developer/Toolchains/XcodeDefault.xctoolchain/usr/bin/clang -v -E -dM -isysroot /Applications/Xcode-27.0.0-Release.Candidate.app/Contents/Developer/Platforms/MacOSX.platform/Developer/SDKs/MacOSX27.0.sdk -x c -c /dev/null
ExecuteExternalTool /Applications/Xcode-27.0.0-Release.Candidate.app/Contents/Developer/Toolchains/XcodeDefault.xctoolchain/usr/bin/swiftc --version
ExecuteExternalTool /Applications/Xcode-27.0.0-Release.Candidate.app/Contents/Developer/Toolchains/XcodeDefault.xctoolchain/usr/bin/ld -version_details
ReadFileContents /Applications/Xcode-27.0.0-Release.Candidate.app/Contents/Developer/Toolchains/XcodeDefault.xctoolchain/usr/share/docc/features.json
Build description signature: 0fc6b2d5d0ae0f64559720a46b9bc03b
Build description path: /Users/admin/builder/spi-builder-workspace/.derivedData/Build/Intermediates.noindex/XCBuildData/0fc6b2d5d0ae0f64559720a46b9bc03b.xcbuilddata
CreateBuildDirectory /Users/admin/builder/spi-builder-workspace/.derivedData/CompilationCache.noindex
    cd /Users/admin/builder/spi-builder-workspace/.swiftpm/xcode
    builtin-create-build-directory /Users/admin/builder/spi-builder-workspace/.derivedData/CompilationCache.noindex
CreateBuildDirectory /Users/admin/builder/spi-builder-workspace/.derivedData/SDKExplicitPrecompiledModules
    cd /Users/admin/builder/spi-builder-workspace/.swiftpm/xcode
    builtin-create-build-directory /Users/admin/builder/spi-builder-workspace/.derivedData/SDKExplicitPrecompiledModules
CreateBuildDirectory /Users/admin/builder/spi-builder-workspace/.derivedData/ModuleCache.noindex
    cd /Users/admin/builder/spi-builder-workspace/.swiftpm/xcode
    builtin-create-build-directory /Users/admin/builder/spi-builder-workspace/.derivedData/ModuleCache.noindex
ClangStatCache /Applications/Xcode-27.0.0-Release.Candidate.app/Contents/Developer/Toolchains/XcodeDefault.xctoolchain/usr/bin/clang-stat-cache /Applications/Xcode-27.0.0-Release.Candidate.app/Contents/Developer/Platforms/MacOSX.platform/Developer/SDKs/MacOSX27.0.sdk /Users/admin/builder/spi-builder-workspace/.derivedData/SDKStatCaches.noindex/macosx27.0-26A425-e829b21a6f8c9b70876ba0858053c0446a22442a12e9d48fe1a705f55a1adfc4.sdkstatcache
    cd /Users/admin/builder/spi-builder-workspace/.swiftpm/xcode
    /Applications/Xcode-27.0.0-Release.Candidate.app/Contents/Developer/Toolchains/XcodeDefault.xctoolchain/usr/bin/clang-stat-cache /Applications/Xcode-27.0.0-Release.Candidate.app/Contents/Developer/Platforms/MacOSX.platform/Developer/SDKs/MacOSX27.0.sdk -o /Users/admin/builder/spi-builder-workspace/.derivedData/SDKStatCaches.noindex/macosx27.0-26A425-e829b21a6f8c9b70876ba0858053c0446a22442a12e9d48fe1a705f55a1adfc4.sdkstatcache
CreateBuildDirectory /Users/admin/builder/spi-builder-workspace/.derivedData/Build/Intermediates.noindex
    cd /Users/admin/builder/spi-builder-workspace/.swiftpm/xcode
    builtin-create-build-directory /Users/admin/builder/spi-builder-workspace/.derivedData/Build/Intermediates.noindex
CreateBuildDirectory /Users/admin/builder/spi-builder-workspace/.derivedData/Build/Products
    cd /Users/admin/builder/spi-builder-workspace/.swiftpm/xcode
    builtin-create-build-directory /Users/admin/builder/spi-builder-workspace/.derivedData/Build/Products
CreateBuildDirectory /Users/admin/builder/spi-builder-workspace/.derivedData/Build/Intermediates.noindex/SwiftExplicitPrecompiledModules
    cd /Users/admin/builder/spi-builder-workspace/.swiftpm/xcode
    builtin-create-build-directory /Users/admin/builder/spi-builder-workspace/.derivedData/Build/Intermediates.noindex/SwiftExplicitPrecompiledModules
CreateBuildDirectory /Users/admin/builder/spi-builder-workspace/.derivedData/Build/Intermediates.noindex/PrecompiledHeaders
    cd /Users/admin/builder/spi-builder-workspace/.swiftpm/xcode
    builtin-create-build-directory /Users/admin/builder/spi-builder-workspace/.derivedData/Build/Intermediates.noindex/PrecompiledHeaders
CreateBuildDirectory /Users/admin/builder/spi-builder-workspace/.derivedData/Build/Intermediates.noindex/ExplicitPrecompiledModules
    cd /Users/admin/builder/spi-builder-workspace/.swiftpm/xcode
    builtin-create-build-directory /Users/admin/builder/spi-builder-workspace/.derivedData/Build/Intermediates.noindex/ExplicitPrecompiledModules
CreateBuildDirectory /Users/admin/builder/spi-builder-workspace/.derivedData/Build/Intermediates.noindex/EagerLinkingTBDs/Debug
    cd /Users/admin/builder/spi-builder-workspace/.swiftpm/xcode
    builtin-create-build-directory /Users/admin/builder/spi-builder-workspace/.derivedData/Build/Intermediates.noindex/EagerLinkingTBDs/Debug
CreateBuildDirectory /Users/admin/builder/spi-builder-workspace/.derivedData/Build/Products/Debug
    cd /Users/admin/builder/spi-builder-workspace/.swiftpm/xcode
    builtin-create-build-directory /Users/admin/builder/spi-builder-workspace/.derivedData/Build/Products/Debug
CreateBuildDirectory /Users/admin/builder/spi-builder-workspace/.derivedData/Build/Products/Debug/PackageFrameworks
    cd /Users/admin/builder/spi-builder-workspace/.swiftpm/xcode
    builtin-create-build-directory /Users/admin/builder/spi-builder-workspace/.derivedData/Build/Products/Debug/PackageFrameworks
WriteAuxiliaryFile /Users/admin/builder/spi-builder-workspace/.derivedData/Build/Intermediates.noindex/EffectsLibrary.build/Debug/EffectsLibrary_EffectsLibrary-b.build/empty-EffectsLibrary_EffectsLibrary.plist (in target 'EffectsLibrary_EffectsLibrary' from project 'EffectsLibrary')
    cd /Users/admin/builder/spi-builder-workspace
    write-file /Users/admin/builder/spi-builder-workspace/.derivedData/Build/Intermediates.noindex/EffectsLibrary.build/Debug/EffectsLibrary_EffectsLibrary-b.build/empty-EffectsLibrary_EffectsLibrary.plist
WriteAuxiliaryFile /Users/admin/builder/spi-builder-workspace/.derivedData/Build/Intermediates.noindex/EffectsLibrary.build/Debug/EffectsLibrary_EffectsLibrary-b.build/EffectsLibrary_EffectsLibrary.DependencyStaticMetadataFileList (in target 'EffectsLibrary_EffectsLibrary' from project 'EffectsLibrary')
    cd /Users/admin/builder/spi-builder-workspace
    write-file /Users/admin/builder/spi-builder-workspace/.derivedData/Build/Intermediates.noindex/EffectsLibrary.build/Debug/EffectsLibrary_EffectsLibrary-b.build/EffectsLibrary_EffectsLibrary.DependencyStaticMetadataFileList
WriteAuxiliaryFile /Users/admin/builder/spi-builder-workspace/.derivedData/Build/Intermediates.noindex/EffectsLibrary.build/Debug/EffectsLibrary-t.build/EffectsLibrary.modulemap (in target 'EffectsLibrary' from project 'EffectsLibrary')
    cd /Users/admin/builder/spi-builder-workspace
    write-file /Users/admin/builder/spi-builder-workspace/.derivedData/Build/Intermediates.noindex/EffectsLibrary.build/Debug/EffectsLibrary-t.build/EffectsLibrary.modulemap
WriteAuxiliaryFile /Users/admin/builder/spi-builder-workspace/.derivedData/Build/Intermediates.noindex/EffectsLibrary.build/Debug/EffectsLibrary_EffectsLibrary-b.build/EffectsLibrary_EffectsLibrary.DependencyMetadataFileList (in target 'EffectsLibrary_EffectsLibrary' from project 'EffectsLibrary')
    cd /Users/admin/builder/spi-builder-workspace
    write-file /Users/admin/builder/spi-builder-workspace/.derivedData/Build/Intermediates.noindex/EffectsLibrary.build/Debug/EffectsLibrary_EffectsLibrary-b.build/EffectsLibrary_EffectsLibrary.DependencyMetadataFileList
WriteAuxiliaryFile /Users/admin/builder/spi-builder-workspace/.derivedData/Build/Intermediates.noindex/EffectsLibrary.build/Debug/EffectsLibrary-t.build/Objects-normal/arm64/EffectsLibrary.SwiftFileList (in target 'EffectsLibrary' from project 'EffectsLibrary')
    cd /Users/admin/builder/spi-builder-workspace
    write-file /Users/admin/builder/spi-builder-workspace/.derivedData/Build/Intermediates.noindex/EffectsLibrary.build/Debug/EffectsLibrary-t.build/Objects-normal/arm64/EffectsLibrary.SwiftFileList
WriteAuxiliaryFile /Users/admin/builder/spi-builder-workspace/.derivedData/Build/Intermediates.noindex/EffectsLibrary.build/Debug/EffectsLibrary-t.build/Objects-normal/arm64/EffectsLibrary.LinkFileList (in target 'EffectsLibrary' from project 'EffectsLibrary')
    cd /Users/admin/builder/spi-builder-workspace
    write-file /Users/admin/builder/spi-builder-workspace/.derivedData/Build/Intermediates.noindex/EffectsLibrary.build/Debug/EffectsLibrary-t.build/Objects-normal/arm64/EffectsLibrary.LinkFileList
WriteAuxiliaryFile /Users/admin/builder/spi-builder-workspace/.derivedData/Build/Intermediates.noindex/EffectsLibrary.build/Debug/EffectsLibrary-t.build/Objects-normal/arm64/EffectsLibrary_const_extract_protocols.json (in target 'EffectsLibrary' from project 'EffectsLibrary')
    cd /Users/admin/builder/spi-builder-workspace
    write-file /Users/admin/builder/spi-builder-workspace/.derivedData/Build/Intermediates.noindex/EffectsLibrary.build/Debug/EffectsLibrary-t.build/Objects-normal/arm64/EffectsLibrary_const_extract_protocols.json
WriteAuxiliaryFile /Users/admin/builder/spi-builder-workspace/.derivedData/Build/Intermediates.noindex/EffectsLibrary.build/Debug/EffectsLibrary-t.build/Objects-normal/arm64/EffectsLibrary.SwiftConstValuesFileList (in target 'EffectsLibrary' from project 'EffectsLibrary')
    cd /Users/admin/builder/spi-builder-workspace
    write-file /Users/admin/builder/spi-builder-workspace/.derivedData/Build/Intermediates.noindex/EffectsLibrary.build/Debug/EffectsLibrary-t.build/Objects-normal/arm64/EffectsLibrary.SwiftConstValuesFileList
WriteAuxiliaryFile /Users/admin/builder/spi-builder-workspace/.derivedData/Build/Intermediates.noindex/EffectsLibrary.build/Debug/EffectsLibrary-t.build/Objects-normal/arm64/EffectsLibrary-OutputFileMap.json (in target 'EffectsLibrary' from project 'EffectsLibrary')
    cd /Users/admin/builder/spi-builder-workspace
    write-file /Users/admin/builder/spi-builder-workspace/.derivedData/Build/Intermediates.noindex/EffectsLibrary.build/Debug/EffectsLibrary-t.build/Objects-normal/arm64/EffectsLibrary-OutputFileMap.json
WriteAuxiliaryFile /Users/admin/builder/spi-builder-workspace/.derivedData/Build/Intermediates.noindex/EffectsLibrary.build/Debug/EffectsLibrary-t.build/EffectsLibrary.DependencyStaticMetadataFileList (in target 'EffectsLibrary' from project 'EffectsLibrary')
    cd /Users/admin/builder/spi-builder-workspace
    write-file /Users/admin/builder/spi-builder-workspace/.derivedData/Build/Intermediates.noindex/EffectsLibrary.build/Debug/EffectsLibrary-t.build/EffectsLibrary.DependencyStaticMetadataFileList
WriteAuxiliaryFile /Users/admin/builder/spi-builder-workspace/.derivedData/Build/Intermediates.noindex/EffectsLibrary.build/Debug/EffectsLibrary-t.build/EffectsLibrary.DependencyMetadataFileList (in target 'EffectsLibrary' from project 'EffectsLibrary')
    cd /Users/admin/builder/spi-builder-workspace
    write-file /Users/admin/builder/spi-builder-workspace/.derivedData/Build/Intermediates.noindex/EffectsLibrary.build/Debug/EffectsLibrary-t.build/EffectsLibrary.DependencyMetadataFileList
WriteAuxiliaryFile /Users/admin/builder/spi-builder-workspace/.derivedData/Build/Intermediates.noindex/EffectsLibrary.build/Debug/EffectsLibrary-t.build/DerivedSources/resource_bundle_accessor.swift (in target 'EffectsLibrary' from project 'EffectsLibrary')
    cd /Users/admin/builder/spi-builder-workspace
    write-file /Users/admin/builder/spi-builder-workspace/.derivedData/Build/Intermediates.noindex/EffectsLibrary.build/Debug/EffectsLibrary-t.build/DerivedSources/resource_bundle_accessor.swift
MkDir /Users/admin/builder/spi-builder-workspace/.derivedData/Build/Products/Debug/EffectsLibrary_EffectsLibrary.bundle/Contents/Resources (in target 'EffectsLibrary_EffectsLibrary' from project 'EffectsLibrary')
    cd /Users/admin/builder/spi-builder-workspace
    /bin/mkdir -p /Users/admin/builder/spi-builder-workspace/.derivedData/Build/Products/Debug/EffectsLibrary_EffectsLibrary.bundle/Contents/Resources
Copy /Users/admin/builder/spi-builder-workspace/.derivedData/Build/Intermediates.noindex/GeneratedModuleMaps/EffectsLibrary.modulemap /Users/admin/builder/spi-builder-workspace/.derivedData/Build/Intermediates.noindex/EffectsLibrary.build/Debug/EffectsLibrary-t.build/EffectsLibrary.modulemap (in target 'EffectsLibrary' from project 'EffectsLibrary')
    cd /Users/admin/builder/spi-builder-workspace
    builtin-copy -exclude .DS_Store -exclude CVS -exclude .svn -exclude .git -exclude .hg -resolve-src-symlinks /Users/admin/builder/spi-builder-workspace/.derivedData/Build/Intermediates.noindex/EffectsLibrary.build/Debug/EffectsLibrary-t.build/EffectsLibrary.modulemap /Users/admin/builder/spi-builder-workspace/.derivedData/Build/Intermediates.noindex/GeneratedModuleMaps
MkDir /Users/admin/builder/spi-builder-workspace/.derivedData/Build/Products/Debug/EffectsLibrary_EffectsLibrary.bundle/Contents (in target 'EffectsLibrary_EffectsLibrary' from project 'EffectsLibrary')
    cd /Users/admin/builder/spi-builder-workspace
    /bin/mkdir -p /Users/admin/builder/spi-builder-workspace/.derivedData/Build/Products/Debug/EffectsLibrary_EffectsLibrary.bundle/Contents
MkDir /Users/admin/builder/spi-builder-workspace/.derivedData/Build/Products/Debug/EffectsLibrary_EffectsLibrary.bundle (in target 'EffectsLibrary_EffectsLibrary' from project 'EffectsLibrary')
    cd /Users/admin/builder/spi-builder-workspace
    /bin/mkdir -p /Users/admin/builder/spi-builder-workspace/.derivedData/Build/Products/Debug/EffectsLibrary_EffectsLibrary.bundle
ProcessInfoPlistFile /Users/admin/builder/spi-builder-workspace/.derivedData/Build/Products/Debug/EffectsLibrary_EffectsLibrary.bundle/Contents/Info.plist /Users/admin/builder/spi-builder-workspace/.derivedData/Build/Intermediates.noindex/EffectsLibrary.build/Debug/EffectsLibrary_EffectsLibrary-b.build/empty-EffectsLibrary_EffectsLibrary.plist (in target 'EffectsLibrary_EffectsLibrary' from project 'EffectsLibrary')
    cd /Users/admin/builder/spi-builder-workspace
    builtin-infoPlistUtility /Users/admin/builder/spi-builder-workspace/.derivedData/Build/Intermediates.noindex/EffectsLibrary.build/Debug/EffectsLibrary_EffectsLibrary-b.build/empty-EffectsLibrary_EffectsLibrary.plist -producttype com.apple.product-type.bundle -expandbuildsettings -platform macosx -o /Users/admin/builder/spi-builder-workspace/.derivedData/Build/Products/Debug/EffectsLibrary_EffectsLibrary.bundle/Contents/Info.plist
CpResource /Users/admin/builder/spi-builder-workspace/.derivedData/Build/Products/Debug/EffectsLibrary_EffectsLibrary.bundle/Contents/Resources/spark.png /Users/admin/builder/spi-builder-workspace/Sources/EffectsLibrary/Resources/spark.png (in target 'EffectsLibrary_EffectsLibrary' from project 'EffectsLibrary')
    cd /Users/admin/builder/spi-builder-workspace
    builtin-copy -exclude .DS_Store -exclude CVS -exclude .svn -exclude .git -exclude .hg -resolve-src-symlinks /Users/admin/builder/spi-builder-workspace/Sources/EffectsLibrary/Resources/spark.png /Users/admin/builder/spi-builder-workspace/.derivedData/Build/Products/Debug/EffectsLibrary_EffectsLibrary.bundle/Contents/Resources
CpResource /Users/admin/builder/spi-builder-workspace/.derivedData/Build/Products/Debug/EffectsLibrary_EffectsLibrary.bundle/Contents/Resources/snow.png /Users/admin/builder/spi-builder-workspace/Sources/EffectsLibrary/Resources/snow.png (in target 'EffectsLibrary_EffectsLibrary' from project 'EffectsLibrary')
    cd /Users/admin/builder/spi-builder-workspace
    builtin-copy -exclude .DS_Store -exclude CVS -exclude .svn -exclude .git -exclude .hg -resolve-src-symlinks /Users/admin/builder/spi-builder-workspace/Sources/EffectsLibrary/Resources/snow.png /Users/admin/builder/spi-builder-workspace/.derivedData/Build/Products/Debug/EffectsLibrary_EffectsLibrary.bundle/Contents/Resources
CpResource /Users/admin/builder/spi-builder-workspace/.derivedData/Build/Products/Debug/EffectsLibrary_EffectsLibrary.bundle/Contents/Resources/raindrop.png /Users/admin/builder/spi-builder-workspace/Sources/EffectsLibrary/Resources/raindrop.png (in target 'EffectsLibrary_EffectsLibrary' from project 'EffectsLibrary')
    cd /Users/admin/builder/spi-builder-workspace
    builtin-copy -exclude .DS_Store -exclude CVS -exclude .svn -exclude .git -exclude .hg -resolve-src-symlinks /Users/admin/builder/spi-builder-workspace/Sources/EffectsLibrary/Resources/raindrop.png /Users/admin/builder/spi-builder-workspace/.derivedData/Build/Products/Debug/EffectsLibrary_EffectsLibrary.bundle/Contents/Resources
RegisterExecutionPolicyException /Users/admin/builder/spi-builder-workspace/.derivedData/Build/Products/Debug/EffectsLibrary_EffectsLibrary.bundle (in target 'EffectsLibrary_EffectsLibrary' from project 'EffectsLibrary')
    cd /Users/admin/builder/spi-builder-workspace
    builtin-RegisterExecutionPolicyException /Users/admin/builder/spi-builder-workspace/.derivedData/Build/Products/Debug/EffectsLibrary_EffectsLibrary.bundle
Touch /Users/admin/builder/spi-builder-workspace/.derivedData/Build/Products/Debug/EffectsLibrary_EffectsLibrary.bundle (in target 'EffectsLibrary_EffectsLibrary' from project 'EffectsLibrary')
    cd /Users/admin/builder/spi-builder-workspace
    /usr/bin/touch -c /Users/admin/builder/spi-builder-workspace/.derivedData/Build/Products/Debug/EffectsLibrary_EffectsLibrary.bundle
SwiftDriver EffectsLibrary normal arm64 com.apple.xcode.tools.swift.compiler (in target 'EffectsLibrary' from project 'EffectsLibrary')
    cd /Users/admin/builder/spi-builder-workspace/.swiftpm/xcode
    builtin-SwiftDriver -- /Applications/Xcode-27.0.0-Release.Candidate.app/Contents/Developer/Toolchains/XcodeDefault.xctoolchain/usr/bin/swiftc -parse-as-library -module-name EffectsLibrary -Onone @/Users/admin/builder/spi-builder-workspace/.derivedData/Build/Intermediates.noindex/EffectsLibrary.build/Debug/EffectsLibrary-t.build/Objects-normal/arm64/EffectsLibrary.SwiftFileList -DSWIFT_PACKAGE -DDEBUG -DSWIFT_MODULE_RESOURCE_BUNDLE_AVAILABLE -DXcode -plugin-path /Applications/Xcode-27.0.0-Release.Candidate.app/Contents/Developer/Toolchains/XcodeDefault.xctoolchain/usr/lib/swift/host/plugins/testing -enable-experimental-feature DebugDescriptionMacro -sdk /Applications/Xcode-27.0.0-Release.Candidate.app/Contents/Developer/Platforms/MacOSX.platform/Developer/SDKs/MacOSX27.0.sdk -target arm64-apple-macos12.0 -g -module-cache-path /Users/admin/builder/spi-builder-workspace/.derivedData/ModuleCache.noindex -Xfrontend -serialize-debugging-options -enable-testing -index-store-path /Users/admin/builder/spi-builder-workspace/.derivedData/Index.noindex/DataStore -Xcc -D_LIBCPP_HARDENING_MODE\=_LIBCPP_HARDENING_MODE_DEBUG -swift-version 5 -I /Users/admin/builder/spi-builder-workspace/.derivedData/Build/Products/Debug -Isystem /Applications/Xcode-27.0.0-Release.Candidate.app/Contents/Developer/Platforms/MacOSX.platform/Developer/usr/lib -F /Users/admin/builder/spi-builder-workspace/.derivedData/Build/Products/Debug -F /Applications/Xcode-27.0.0-Release.Candidate.app/Contents/Developer/Platforms/MacOSX.platform/Developer/Library/Frameworks -c -j10 -enable-batch-mode -incremental -Xcc -ivfsstatcache -Xcc /Users/admin/builder/spi-builder-workspace/.derivedData/SDKStatCaches.noindex/macosx27.0-26A425-e829b21a6f8c9b70876ba0858053c0446a22442a12e9d48fe1a705f55a1adfc4.sdkstatcache -output-file-map /Users/admin/builder/spi-builder-workspace/.derivedData/Build/Intermediates.noindex/EffectsLibrary.build/Debug/EffectsLibrary-t.build/Objects-normal/arm64/EffectsLibrary-OutputFileMap.json -save-temps -no-color-diagnostics -explicit-module-build -module-cache-path /Users/admin/builder/spi-builder-workspace/.derivedData/Build/Intermediates.noindex/SwiftExplicitPrecompiledModules -clang-scanner-module-cache-path /Users/admin/builder/spi-builder-workspace/.derivedData/ModuleCache.noindex -sdk-module-cache-path /Users/admin/builder/spi-builder-workspace/.derivedData/SDKExplicitPrecompiledModules -emit-dependencies -emit-module -emit-module-path /Users/admin/builder/spi-builder-workspace/.derivedData/Build/Intermediates.noindex/EffectsLibrary.build/Debug/EffectsLibrary-t.build/Objects-normal/arm64/EffectsLibrary.swiftmodule -serialize-diagnostics -dependency-scan-serialize-diagnostics-path /Users/admin/builder/spi-builder-workspace/.derivedData/Build/Intermediates.noindex/EffectsLibrary.build/Debug/EffectsLibrary-t.build/Objects-normal/arm64/EffectsLibrary-dependency-scan.dia -validate-clang-modules-once -clang-build-session-file /Users/admin/builder/spi-builder-workspace/.derivedData/ModuleCache.noindex/Session.modulevalidation -Xcc -fmodules-prune-interval\=86400 -Xcc -fmodules-prune-after\=345600 -emit-const-values -const-gather-protocols-list /Users/admin/builder/spi-builder-workspace/.derivedData/Build/Intermediates.noindex/EffectsLibrary.build/Debug/EffectsLibrary-t.build/Objects-normal/arm64/EffectsLibrary_const_extract_protocols.json -Xcc -I/Users/admin/builder/spi-builder-workspace/.derivedData/Build/Products/Debug/include -Xcc -I/Users/admin/builder/spi-builder-workspace/.derivedData/Build/Intermediates.noindex/EffectsLibrary.build/Debug/EffectsLibrary-t.build/DerivedSources-normal/arm64 -Xcc -I/Users/admin/builder/spi-builder-workspace/.derivedData/Build/Intermediates.noindex/EffectsLibrary.build/Debug/EffectsLibrary-t.build/DerivedSources/arm64 -Xcc -I/Users/admin/builder/spi-builder-workspace/.derivedData/Build/Intermediates.noindex/EffectsLibrary.build/Debug/EffectsLibrary-t.build/DerivedSources -Xcc -DSWIFT_PACKAGE -Xcc -DDEBUG\=1 -emit-objc-header -emit-objc-header-path /Users/admin/builder/spi-builder-workspace/.derivedData/Build/Intermediates.noindex/EffectsLibrary.build/Debug/EffectsLibrary-t.build/Objects-normal/arm64/EffectsLibrary-Swift.h -working-directory /Users/admin/builder/spi-builder-workspace/.swiftpm/xcode -experimental-emit-module-separately -disable-cmo
SwiftExplicitDependencyGeneratePcm arm64 /Users/admin/builder/spi-builder-workspace/.derivedData/SDKExplicitPrecompiledModules/DeveloperToolsSupport-13SNQ6N57G3DOS3KQA7V91OE7.pcm
SwiftExplicitDependencyGeneratePcm arm64 /Users/admin/builder/spi-builder-workspace/.derivedData/SDKExplicitPrecompiledModules/SwiftShims-C4V0DQ62WSTCYBYGILXXGQNO3.pcm
SwiftExplicitDependencyGeneratePcm arm64 /Users/admin/builder/spi-builder-workspace/.derivedData/SDKExplicitPrecompiledModules/_AvailabilityInternal-CJTV5E7EL3MWRA437DUFPBVN2.pcm
SwiftExplicitDependencyGeneratePcm arm64 /Users/admin/builder/spi-builder-workspace/.derivedData/SDKExplicitPrecompiledModules/_Builtin_stddef-3GI9GOKXSW3QCTFOI1USFLDZO.pcm
SwiftExplicitDependencyGeneratePcm arm64 /Users/admin/builder/spi-builder-workspace/.derivedData/SDKExplicitPrecompiledModules/ptrauth-2W92ZJRLNJU99RJUQGGJG3OC3.pcm
SwiftExplicitDependencyGeneratePcm arm64 /Users/admin/builder/spi-builder-workspace/.derivedData/SDKExplicitPrecompiledModules/_Builtin_stdarg-7CFWA9OSW5N24E7PG4ZOCF1VH.pcm
SwiftExplicitDependencyGeneratePcm arm64 /Users/admin/builder/spi-builder-workspace/.derivedData/SDKExplicitPrecompiledModules/ptrcheck-DHLCBWKPNUZOYTPJ1J3QVTCXK.pcm
SwiftExplicitDependencyGeneratePcm arm64 /Users/admin/builder/spi-builder-workspace/.derivedData/SDKExplicitPrecompiledModules/_Builtin_stdbool-KYV2HKP8IKLKMKQS9DGA2GUQ.pcm
SwiftExplicitDependencyGeneratePcm arm64 /Users/admin/builder/spi-builder-workspace/.derivedData/SDKExplicitPrecompiledModules/_Builtin_float-105CRCDRP90FQCQO5ZX1LHV7H.pcm
SwiftExplicitDependencyGeneratePcm arm64 /Users/admin/builder/spi-builder-workspace/.derivedData/SDKExplicitPrecompiledModules/_SwiftConcurrencyShims-BLUUWKI6AGMD7TJ4RGYS7DP6T.pcm
SwiftExplicitDependencyGeneratePcm arm64 /Users/admin/builder/spi-builder-workspace/.derivedData/SDKExplicitPrecompiledModules/_DarwinFoundation1-7PRJIG163YE9KSKYA3BS35ZZP.pcm
SwiftExplicitDependencyGeneratePcm arm64 /Users/admin/builder/spi-builder-workspace/.derivedData/SDKExplicitPrecompiledModules/_DarwinFoundation2-94WUUGE4H5R03OWXE0QFZX1DN.pcm
SwiftExplicitDependencyGeneratePcm arm64 /Users/admin/builder/spi-builder-workspace/.derivedData/SDKExplicitPrecompiledModules/_Builtin_limits-AXGUGXBFPC0I7QDLJFB0K341Y.pcm
SwiftExplicitDependencyGeneratePcm arm64 /Users/admin/builder/spi-builder-workspace/.derivedData/SDKExplicitPrecompiledModules/_Builtin_tgmath-52XE6HC8DWOG6S7B5QAI046D1.pcm
SwiftExplicitDependencyGeneratePcm arm64 /Users/admin/builder/spi-builder-workspace/.derivedData/SDKExplicitPrecompiledModules/_Builtin_stdint-22CBBOK8BNSF0UELDCAXSHGB.pcm
SwiftExplicitDependencyGeneratePcm arm64 /Users/admin/builder/spi-builder-workspace/.derivedData/SDKExplicitPrecompiledModules/sys_types-F4RNCN6UR5R5OWTLTOUM7TN3E.pcm
SwiftExplicitDependencyGeneratePcm arm64 /Users/admin/builder/spi-builder-workspace/.derivedData/SDKExplicitPrecompiledModules/string_h-10WPXBF3YFYMX5HUAW06LSABR.pcm
SwiftExplicitDependencyGeneratePcm arm64 /Users/admin/builder/spi-builder-workspace/.derivedData/SDKExplicitPrecompiledModules/_Builtin_intrinsics-4O6R03GTH5FLWSHEUBP0Z3GZ2.pcm
SwiftExplicitDependencyGeneratePcm arm64 /Users/admin/builder/spi-builder-workspace/.derivedData/SDKExplicitPrecompiledModules/_DarwinFoundation3-32PO5Q4RCB6WXH5VFO3HA3AVS.pcm
SwiftExplicitDependencyGeneratePcm arm64 /Users/admin/builder/spi-builder-workspace/.derivedData/SDKExplicitPrecompiledModules/_Builtin_stdatomic-8LN7S35C6I48KJOCW7VPXX04X.pcm
SwiftExplicitDependencyGeneratePcm arm64 /Users/admin/builder/spi-builder-workspace/.derivedData/SDKExplicitPrecompiledModules/libDER-5RCYOD0PCUUY2UGMBNE9LI8N9.pcm
SwiftExplicitDependencyGeneratePcm arm64 /Users/admin/builder/spi-builder-workspace/.derivedData/SDKExplicitPrecompiledModules/_Builtin_inttypes-1U6AP9A8AJ4G9WD98E9RHLGTJ.pcm
SwiftExplicitDependencyGeneratePcm arm64 /Users/admin/builder/spi-builder-workspace/.derivedData/SDKExplicitPrecompiledModules/Darwin-1RAAWNGKQM8YGHV0YJNNN5YDY.pcm
SwiftExplicitDependencyGeneratePcm arm64 /Users/admin/builder/spi-builder-workspace/.derivedData/SDKExplicitPrecompiledModules/simd-A9TKR8OE9APRJ1RNS7F0OBY4Q.pcm
SwiftExplicitDependencyGeneratePcm arm64 /Users/admin/builder/spi-builder-workspace/.derivedData/SDKExplicitPrecompiledModules/MachO-AWTJ65TFR7TMST2NUE6ZCC1SL.pcm
SwiftExplicitDependencyGeneratePcm arm64 /Users/admin/builder/spi-builder-workspace/.derivedData/SDKExplicitPrecompiledModules/launch-2XAORMJNLLVS0OVKC1M0752GY.pcm
SwiftExplicitDependencyGeneratePcm arm64 /Users/admin/builder/spi-builder-workspace/.derivedData/SDKExplicitPrecompiledModules/libkern-22MDXN9G35RPO3OLKX9B2PN16.pcm
SwiftExplicitDependencyGeneratePcm arm64 /Users/admin/builder/spi-builder-workspace/.derivedData/SDKExplicitPrecompiledModules/CUPS-45MNISAOHSEBD6VQA5G0MXN9H.pcm
SwiftExplicitDependencyGeneratePcm arm64 /Users/admin/builder/spi-builder-workspace/.derivedData/SDKExplicitPrecompiledModules/ObjectiveC-B89IQP2TC4CFSWOUMTUZRI1VZ.pcm
SwiftExplicitDependencyGeneratePcm arm64 /Users/admin/builder/spi-builder-workspace/.derivedData/SDKExplicitPrecompiledModules/Spatial-2JNOU2HNJ0Q174XCFCD0GCOUQ.pcm
SwiftExplicitDependencyGeneratePcm arm64 /Users/admin/builder/spi-builder-workspace/.derivedData/SDKExplicitPrecompiledModules/os_object-3KLCCI03OX6OQTLJ92KQH2KIO.pcm
SwiftExplicitDependencyGeneratePcm arm64 /Users/admin/builder/spi-builder-workspace/.derivedData/SDKExplicitPrecompiledModules/os_workgroup-10SJ5M8R2OB4BG1TPFL9SZMKV.pcm
SwiftExplicitDependencyGeneratePcm arm64 /Users/admin/builder/spi-builder-workspace/.derivedData/SDKExplicitPrecompiledModules/Dispatch-NAMWF9KN29KC7Z5OS3TTTAE8.pcm
SwiftExplicitDependencyGeneratePcm arm64 /Users/admin/builder/spi-builder-workspace/.derivedData/SDKExplicitPrecompiledModules/XPC-E1MSAZG4ZNL24S2WK6K6Y7GWW.pcm
SwiftExplicitDependencyGeneratePcm arm64 /Users/admin/builder/spi-builder-workspace/.derivedData/SDKExplicitPrecompiledModules/CoreFoundation-4ZIITQ30SOGUQE8KJAB99ZV0Q.pcm
SwiftExplicitDependencyGeneratePcm arm64 /Users/admin/builder/spi-builder-workspace/.derivedData/SDKExplicitPrecompiledModules/os-BYOEVK2GEMB4Q8WWHGZGREA00.pcm
SwiftExplicitDependencyGeneratePcm arm64 /Users/admin/builder/spi-builder-workspace/.derivedData/SDKExplicitPrecompiledModules/ColorSync-BBCIZDDQ6O3QECFAWJQ6RU4ZJ.pcm
SwiftExplicitDependencyGeneratePcm arm64 /Users/admin/builder/spi-builder-workspace/.derivedData/SDKExplicitPrecompiledModules/CoreAudioTypes-EEH2XZ47XX4YM3FOOISUYVRQE.pcm
SwiftExplicitDependencyGeneratePcm arm64 /Users/admin/builder/spi-builder-workspace/.derivedData/SDKExplicitPrecompiledModules/CFNetwork-CVHS5CT20191MFYXQIEDWSRGJ.pcm
SwiftExplicitDependencyGeneratePcm arm64 /Users/admin/builder/spi-builder-workspace/.derivedData/SDKExplicitPrecompiledModules/Security-ESPJ7FP0YAY1EL3VXBGY9MCZ8.pcm
SwiftExplicitDependencyGeneratePcm arm64 /Users/admin/builder/spi-builder-workspace/.derivedData/SDKExplicitPrecompiledModules/IOKit-6H3X691EDBH124EYTC2PEOP5T.pcm
SwiftExplicitDependencyGeneratePcm arm64 /Users/admin/builder/spi-builder-workspace/.derivedData/SDKExplicitPrecompiledModules/DiskArbitration-ZNZZU7T0SYELB0DAR56WQF0R.pcm
SwiftExplicitDependencyGeneratePcm arm64 /Users/admin/builder/spi-builder-workspace/.derivedData/SDKExplicitPrecompiledModules/CoreGraphics-5TRMNDB7ZP6FFMRNSZCWEOZMD.pcm
SwiftExplicitDependencyGeneratePcm arm64 /Users/admin/builder/spi-builder-workspace/.derivedData/SDKExplicitPrecompiledModules/CoreServices-CGCGY0FOMEQGSNMO3HQSC09XU.pcm
SwiftExplicitDependencyGeneratePcm arm64 /Users/admin/builder/spi-builder-workspace/.derivedData/SDKExplicitPrecompiledModules/ImageIO-88YNP2EU498GB5YXIFJ9ANNYW.pcm
SwiftExplicitDependencyGeneratePcm arm64 /Users/admin/builder/spi-builder-workspace/.derivedData/SDKExplicitPrecompiledModules/CoreText-C1WSF2HWGIKVJ2XHWBKXQBSEY.pcm
SwiftExplicitDependencyGeneratePcm arm64 /Users/admin/builder/spi-builder-workspace/.derivedData/SDKExplicitPrecompiledModules/Foundation-44WR0NU86C67CV5BW8W1MGKNG.pcm
SwiftExplicitDependencyGeneratePcm arm64 /Users/admin/builder/spi-builder-workspace/.derivedData/SDKExplicitPrecompiledModules/Symbols-2NFSQR6R0R96WH1KKGBXW1J.pcm
SwiftExplicitDependencyGeneratePcm arm64 /Users/admin/builder/spi-builder-workspace/.derivedData/SDKExplicitPrecompiledModules/IOSurface-1TUG4NQVIPJF59WSUNATZ447F.pcm
SwiftExplicitDependencyGeneratePcm arm64 /Users/admin/builder/spi-builder-workspace/.derivedData/SDKExplicitPrecompiledModules/CoreTransferable-2HJ1Z8HJBPECRD89AVJ0X7S63.pcm
SwiftExplicitDependencyGeneratePcm arm64 /Users/admin/builder/spi-builder-workspace/.derivedData/SDKExplicitPrecompiledModules/DataDetection-5GDUUWT6YIA10PE5D9A8SXWZ9.pcm
SwiftExplicitDependencyGeneratePcm arm64 /Users/admin/builder/spi-builder-workspace/.derivedData/SDKExplicitPrecompiledModules/ApplicationServices-ALXSS633FQY42UMJSLR6MNLSK.pcm
SwiftExplicitDependencyGeneratePcm arm64 /Users/admin/builder/spi-builder-workspace/.derivedData/SDKExplicitPrecompiledModules/ModelIO-DDYGUGUF89MI925N926LD12GY.pcm
SwiftExplicitDependencyGeneratePcm arm64 /Users/admin/builder/spi-builder-workspace/.derivedData/SDKExplicitPrecompiledModules/OSLog-1GSRGGGEESVJH9OULZA91RAA3.pcm
SwiftExplicitDependencyGeneratePcm arm64 /Users/admin/builder/spi-builder-workspace/.derivedData/SDKExplicitPrecompiledModules/UniformTypeIdentifiers-5LG8RE3Q01MBLZVRR3FFHHL5H.pcm
SwiftExplicitDependencyGeneratePcm arm64 /Users/admin/builder/spi-builder-workspace/.derivedData/SDKExplicitPrecompiledModules/CoreData-4EPJ39F9L3QQ9486B5AMG5G6J.pcm
SwiftExplicitDependencyGeneratePcm arm64 /Users/admin/builder/spi-builder-workspace/.derivedData/SDKExplicitPrecompiledModules/CoreAudio-8XPVZMQXZVBU162UQPW77JTL1.pcm
SwiftExplicitDependencyGeneratePcm arm64 /Users/admin/builder/spi-builder-workspace/.derivedData/SDKExplicitPrecompiledModules/Accessibility-6F38G4T85MOHD9AA2EH4U2PJS.pcm
SwiftExplicitDependencyGeneratePcm arm64 /Users/admin/builder/spi-builder-workspace/.derivedData/SDKExplicitPrecompiledModules/Metal-KM8CI04R5X5OUWMGRMNZE4KP.pcm
SwiftExplicitDependencyGeneratePcm arm64 /Users/admin/builder/spi-builder-workspace/.derivedData/SDKExplicitPrecompiledModules/OpenGL-FXV81CD8YS42YTVJKJH1VLGA.pcm
SwiftExplicitDependencyGeneratePcm arm64 /Users/admin/builder/spi-builder-workspace/.derivedData/SDKExplicitPrecompiledModules/CoreVideo-11TKSDKW0L2K02H4B9ZHWLM3B.pcm
SwiftExplicitDependencyGeneratePcm arm64 /Users/admin/builder/spi-builder-workspace/.derivedData/SDKExplicitPrecompiledModules/CoreImage-AKYY8VSFWQ6KIIXG3EQJ7PW5T.pcm
SwiftExplicitDependencyGeneratePcm arm64 /Users/admin/builder/spi-builder-workspace/.derivedData/SDKExplicitPrecompiledModules/CoreMedia-699WGYGEEF2LGFEEGSCM9Y1UF.pcm
SwiftExplicitDependencyGeneratePcm arm64 /Users/admin/builder/spi-builder-workspace/.derivedData/SDKExplicitPrecompiledModules/QuartzCore-AP21NXF3BYPWOG416U3DI6QME.pcm
SwiftExplicitDependencyGeneratePcm arm64 /Users/admin/builder/spi-builder-workspace/.derivedData/SDKExplicitPrecompiledModules/SwiftUICore-ESLJM4CVIQEQNCRTK6KPAF1I7.pcm
SwiftExplicitDependencyGeneratePcm arm64 /Users/admin/builder/spi-builder-workspace/.derivedData/SDKExplicitPrecompiledModules/AppKit-C2WRQ26QXORUMMNQB0M8H4QYD.pcm
SwiftExplicitDependencyGeneratePcm arm64 /Users/admin/builder/spi-builder-workspace/.derivedData/SDKExplicitPrecompiledModules/SwiftUI-5IEOINZEJ69OCDVRMHPS5W4XI.pcm
SwiftExplicitDependencyGeneratePcm arm64 /Users/admin/builder/spi-builder-workspace/.derivedData/SDKExplicitPrecompiledModules/GLKit-7ACRM06A0I4HYPDNM30WMLDG1.pcm
SwiftExplicitDependencyGeneratePcm arm64 /Users/admin/builder/spi-builder-workspace/.derivedData/SDKExplicitPrecompiledModules/Cocoa-C4EM04F55Q09X00LN45U96140.pcm
SwiftExplicitDependencyGeneratePcm arm64 /Users/admin/builder/spi-builder-workspace/.derivedData/SDKExplicitPrecompiledModules/SpriteKit-BT822ZDZKPO8ZPJLQ0KMB3NMV.pcm
SwiftEmitModule normal arm64 Emitting\ module\ for\ EffectsLibrary (in target 'EffectsLibrary' from project 'EffectsLibrary')
/Users/admin/builder/spi-builder-workspace/Sources/EffectsLibrary/Model/EffectsViewRepresentable.swift:10:36: error: cannot find type 'UIViewRepresentable' in scope
 8 | import SwiftUI
 9 |
10 | protocol EffectsViewRepresentable: UIViewRepresentable {
   |                                    `- error: cannot find type 'UIViewRepresentable' in scope
11 |
12 |     associatedtype Config: EmitterLayerConfig
/Users/admin/builder/spi-builder-workspace/Sources/EffectsLibrary/Model/EffectsViewRepresentable.swift:20:26: error: cannot find type 'UIView' in scope
18 |     var viewRenderMode: CAEmitterLayerRenderMode { get }
19 |
20 |     func createView() -> UIView
   |                          `- error: cannot find type 'UIView' in scope
21 |     func createBaseView() -> UIView
22 |     func createBaseLayer() -> CAEmitterLayer
/Users/admin/builder/spi-builder-workspace/Sources/EffectsLibrary/Model/EffectsViewRepresentable.swift:21:30: error: cannot find type 'UIView' in scope
19 |
20 |     func createView() -> UIView
21 |     func createBaseView() -> UIView
   |                              `- error: cannot find type 'UIView' in scope
22 |     func createBaseLayer() -> CAEmitterLayer
23 |
/Users/admin/builder/spi-builder-workspace/Sources/EffectsLibrary/Extensions/Color+CustomColors.swift:11:11: error: cannot find type 'UIColor' in scope
 9 | import SwiftUI
10 |
11 | extension UIColor {
   |           `- error: cannot find type 'UIColor' in scope
12 |
13 |     static public var fireRed: UIColor = UIColor(red: 78.0 / 255.0, green: 33.0 / 255.0, blue: 6.0 / 255.0, alpha: 1)
/Users/admin/builder/spi-builder-workspace/Sources/EffectsLibrary/Extensions/UIImage+fromBundle.swift:10:11: error: cannot find type 'UIImage' in scope
 8 | import SwiftUI
 9 |
10 | extension UIImage {
   |           `- error: cannot find type 'UIImage' in scope
11 |
12 |     public static func loadFromBundle(named name: String) -> UIImage {
/Users/admin/builder/spi-builder-workspace/Sources/EffectsLibrary/FireEffect/Model/FireConfig.swift:24:16: error: cannot find 'UIImage' in scope
22 | public struct FireConfig: BaseConfig {
23 |     var content: [Content] = [
24 |         .image(UIImage.loadFromBundle(named: .spark), .fireRed, 1)
   |                `- error: cannot find 'UIImage' in scope
25 |     ]
26 |     var backgroundColor: Color = .clear
/Users/admin/builder/spi-builder-workspace/Sources/EffectsLibrary/Model/Content.swift:21:16: error: cannot find type 'UIImage' in scope
 19 |
 20 |     case shape(Shape, UIColor?, CGFloat = 1)
 21 |     case image(UIImage, UIColor?, CGFloat = 1)
    |                `- error: cannot find type 'UIImage' in scope
 22 |     case emoji(Character, CGFloat = 1)
 23 | }
/Users/admin/builder/spi-builder-workspace/Sources/EffectsLibrary/Model/Content.swift:21:25: error: cannot find type 'UIColor' in scope
 19 |
 20 |     case shape(Shape, UIColor?, CGFloat = 1)
 21 |     case image(UIImage, UIColor?, CGFloat = 1)
    |                         `- error: cannot find type 'UIColor' in scope
 22 |     case emoji(Character, CGFloat = 1)
 23 | }
/Users/admin/builder/spi-builder-workspace/Sources/EffectsLibrary/Model/Content.swift:36:16: error: cannot find type 'UIImage' in scope
 34 |     }
 35 |
 36 |     var image: UIImage {
    |                `- error: cannot find type 'UIImage' in scope
 37 |         switch self {
 38 |         case let .image(image, _, _):
/Users/admin/builder/spi-builder-workspace/Sources/EffectsLibrary/FireEffect/Model/FireConfig.swift:39:20: error: cannot find 'UIImage' in scope
37 |     public init(
38 |         content: [Content] = [
39 |             .image(UIImage.loadFromBundle(named: .spark), .fireRed, 0.5)
   |                    `- error: cannot find 'UIImage' in scope
40 |         ],
41 |         backgroundColor: Color = .clear,
/Users/admin/builder/spi-builder-workspace/Sources/EffectsLibrary/FireworksEffect/Model/FireworksConfig.swift:24:16: error: cannot find 'UIImage' in scope
22 | public struct FireworksConfig: BaseConfig {
23 |     var content: [Content] = [
24 |         .image(UIImage.loadFromBundle(named: .spark), nil, 1)
   |                `- error: cannot find 'UIImage' in scope
25 |     ]
26 |     var backgroundColor: Color = .clear
/Users/admin/builder/spi-builder-workspace/Sources/EffectsLibrary/FireworksEffect/Model/FireworksConfig.swift:39:20: error: cannot find 'UIImage' in scope
37 |     public init(
38 |         content: [Content] = [
39 |             .image(UIImage.loadFromBundle(named: .spark), nil, 1)
   |                    `- error: cannot find 'UIImage' in scope
40 |         ],
41 |         backgroundColor: Color = .clear,
/Users/admin/builder/spi-builder-workspace/Sources/EffectsLibrary/Model/Content.swift:20:23: error: cannot find type 'UIColor' in scope
 18 |     }
 19 |
 20 |     case shape(Shape, UIColor?, CGFloat = 1)
    |                       `- error: cannot find type 'UIColor' in scope
 21 |     case image(UIImage, UIColor?, CGFloat = 1)
 22 |     case emoji(Character, CGFloat = 1)
/Users/admin/builder/spi-builder-workspace/Sources/EffectsLibrary/Model/Content.swift:26:16: error: cannot find type 'UIColor' in scope
 24 |
 25 | extension Content {
 26 |     var color: UIColor? {
    |                `- error: cannot find type 'UIColor' in scope
 27 |         switch self {
 28 |         case let .image(_, color?, _),
/Users/admin/builder/spi-builder-workspace/Sources/EffectsLibrary/Model/Content.swift:80:40: error: cannot find type 'UIImage' in scope
 78 |     }
 79 |
 80 |     func image(with color: UIColor) -> UIImage {
    |                                        `- error: cannot find type 'UIImage' in scope
 81 |         let rect = CGRect(origin: .zero, size: CGSize(width: 12.0, height: 12.0))
 82 |         return UIGraphicsImageRenderer(size: rect.size).image { context in
/Users/admin/builder/spi-builder-workspace/Sources/EffectsLibrary/Model/Content.swift:80:28: error: cannot find type 'UIColor' in scope
 78 |     }
 79 |
 80 |     func image(with color: UIColor) -> UIImage {
    |                            `- error: cannot find type 'UIColor' in scope
 81 |         let rect = CGRect(origin: .zero, size: CGSize(width: 12.0, height: 12.0))
 82 |         return UIGraphicsImageRenderer(size: rect.size).image { context in
/Users/admin/builder/spi-builder-workspace/Sources/EffectsLibrary/Model/Content.swift:91:72: error: cannot find type 'UIImage' in scope
 89 |
 90 | extension String {
 91 |     func image(with font: UIFont = UIFont.systemFont(ofSize: 16.0)) -> UIImage {
    |                                                                        `- error: cannot find type 'UIImage' in scope
 92 |         let string = NSString(string: "\(self)")
 93 |         let attributes: [NSAttributedString.Key: Any] = [
/Users/admin/builder/spi-builder-workspace/Sources/EffectsLibrary/Model/Content.swift:91:27: error: cannot find type 'UIFont' in scope
 89 |
 90 | extension String {
 91 |     func image(with font: UIFont = UIFont.systemFont(ofSize: 16.0)) -> UIImage {
    |                           `- error: cannot find type 'UIFont' in scope
 92 |         let string = NSString(string: "\(self)")
 93 |         let attributes: [NSAttributedString.Key: Any] = [
/Users/admin/builder/spi-builder-workspace/Sources/EffectsLibrary/Model/EffectsViewRepresentable.swift:28:47: error: cannot find type 'UIView' in scope
26 |
27 | extension EffectsViewRepresentable {
28 |     func makeUIView(context: Context) -> some UIView {
   |                                               `- error: cannot find type 'UIView' in scope
29 |         return createView()
30 |     }
/Users/admin/builder/spi-builder-workspace/Sources/EffectsLibrary/Model/EffectsViewRepresentable.swift:28:30: error: cannot find type 'Context' in scope
26 |
27 | extension EffectsViewRepresentable {
28 |     func makeUIView(context: Context) -> some UIView {
   |                              `- error: cannot find type 'Context' in scope
29 |         return createView()
30 |     }
/Users/admin/builder/spi-builder-workspace/Sources/EffectsLibrary/Model/EffectsViewRepresentable.swift:32:33: error: cannot find type 'UIViewType' in scope
30 |     }
31 |
32 |     func updateUIView(_ uiView: UIViewType, context: Context) {
   |                                 `- error: cannot find type 'UIViewType' in scope
33 |         // Todo
34 |     }
/Users/admin/builder/spi-builder-workspace/Sources/EffectsLibrary/Model/EffectsViewRepresentable.swift:32:54: error: cannot find type 'Context' in scope
30 |     }
31 |
32 |     func updateUIView(_ uiView: UIViewType, context: Context) {
   |                                                      `- error: cannot find type 'Context' in scope
33 |         // Todo
34 |     }
/Users/admin/builder/spi-builder-workspace/Sources/EffectsLibrary/Model/EffectsViewRepresentable.swift:57:26: error: cannot find type 'UIView' in scope
55 | extension EffectsViewRepresentable {
56 |
57 |     func createView() -> UIView {
   |                          `- error: cannot find type 'UIView' in scope
58 |         let baseView = createBaseView()
59 |         let baseLayer = createBaseLayer()
/Users/admin/builder/spi-builder-workspace/Sources/EffectsLibrary/Model/EffectsViewRepresentable.swift:71:30: error: cannot find type 'UIView' in scope
69 |     }
70 |
71 |     func createBaseView() -> UIView {
   |                              `- error: cannot find type 'UIView' in scope
72 |         let baseView = UIView()
73 |         baseView.backgroundColor = UIColor(config.backgroundColor)
/Users/admin/builder/spi-builder-workspace/Sources/EffectsLibrary/RainEffect/Model/RainConfig.swift:29:16: error: cannot find 'UIImage' in scope
27 |     // base config parameters
28 |     var content: [Content] = [
29 |         .image(UIImage.loadFromBundle(named: .raindrop), nil, 0.004)
   |                `- error: cannot find 'UIImage' in scope
30 |     ]
31 |     var backgroundColor: Color = .clear
/Users/admin/builder/spi-builder-workspace/Sources/EffectsLibrary/RainEffect/Model/RainConfig.swift:49:20: error: cannot find 'UIImage' in scope
47 |     public init(
48 |         content: [Content] = [
49 |             .image(UIImage.loadFromBundle(named: .raindrop), nil, 0.004)
   |                    `- error: cannot find 'UIImage' in scope
50 |         ],
51 |         backgroundColor: Color = .clear,
/Users/admin/builder/spi-builder-workspace/Sources/EffectsLibrary/SmokeEffect/Model/SmokeConfig.swift:24:16: error: cannot find 'UIImage' in scope
22 | public struct SmokeConfig: BaseConfig {
23 |     var content: [Content] = [
24 |         .image(UIImage.loadFromBundle(named: .spark), nil, 1)
   |                `- error: cannot find 'UIImage' in scope
25 |     ]
26 |     var backgroundColor: Color = .clear
/Users/admin/builder/spi-builder-workspace/Sources/EffectsLibrary/SmokeEffect/Model/SmokeConfig.swift:39:20: error: cannot find 'UIImage' in scope
37 |     public init(
38 |         content: [Content] = [
39 |             .image(UIImage.loadFromBundle(named: .spark), nil, 1)
   |                    `- error: cannot find 'UIImage' in scope
40 |         ],
41 |         backgroundColor: Color = .clear,
/Users/admin/builder/spi-builder-workspace/Sources/EffectsLibrary/SnowEffect/Model/SnowConfig.swift:29:16: error: cannot find 'UIImage' in scope
27 |     // base config parameters
28 |     var content: [Content] = [
29 |         .image(UIImage.loadFromBundle(named: .snow), .white)
   |                `- error: cannot find 'UIImage' in scope
30 |     ]
31 |     var backgroundColor: Color = .clear
/Users/admin/builder/spi-builder-workspace/Sources/EffectsLibrary/SnowEffect/Model/SnowConfig.swift:49:20: error: cannot find 'UIImage' in scope
47 |     public init(
48 |         content: [Content] = [
49 |             .image(UIImage.loadFromBundle(named: .snow), .white)
   |                    `- error: cannot find 'UIImage' in scope
50 |         ],
51 |         backgroundColor: Color = .clear,
Failed frontend command:
SwiftCompile normal arm64 (in target 'EffectsLibrary' from project 'EffectsLibrary')
    cd /Users/admin/builder/spi-builder-workspace/.swiftpm/xcode

/Applications/Xcode-27.0.0-Release.Candidate.app/Contents/Developer/Toolchains/XcodeDefault.xctoolchain/usr/bin/swift-frontend -frontend -emit-module -experimental-skip-non-inlinable-function-bodies-without-types /Users/admin/builder/spi-builder-workspace/.derivedData/Build/Intermediates.noindex/EffectsLibrary.build/Debug/EffectsLibrary-t.build/DerivedSources/resource_bundle_accessor.swift /Users/admin/builder/spi-builder-workspace/Sources/EffectsLibrary/ConfettiEffect/ConfettiView.swift /Users/admin/builder/spi-builder-workspace/Sources/EffectsLibrary/ConfettiEffect/Model/ConfettiConfig+DefaultValues.swift /Users/admin/builder/spi-builder-workspace/Sources/EffectsLibrary/ConfettiEffect/Model/ConfettiConfig.swift /Users/admin/builder/spi-builder-workspace/Sources/EffectsLibrary/ConfettiEffect/View/ConfettiViewRepresentable.swift /Users/admin/builder/spi-builder-workspace/Sources/EffectsLibrary/Extensions/Color+CustomColors.swift /Users/admin/builder/spi-builder-workspace/Sources/EffectsLibrary/Extensions/String+ImageNames.swift /Users/admin/builder/spi-builder-workspace/Sources/EffectsLibrary/Extensions/UIImage+fromBundle.swift /Users/admin/builder/spi-builder-workspace/Sources/EffectsLibrary/FireEffect/FireView.swift /Users/admin/builder/spi-builder-workspace/Sources/EffectsLibrary/FireEffect/Model/FireConfig+DefaultValues.swift /Users/admin/builder/spi-builder-workspace/Sources/EffectsLibrary/FireEffect/Model/FireConfig.swift /Users/admin/builder/spi-builder-workspace/Sources/EffectsLibrary/FireEffect/View/FireContainerView.swift /Users/admin/builder/spi-builder-workspace/Sources/EffectsLibrary/FireEffect/View/FireScene.swift /Users/admin/builder/spi-builder-workspace/Sources/EffectsLibrary/FireworksEffect/FireworksView.swift /Users/admin/builder/spi-builder-workspace/Sources/EffectsLibrary/FireworksEffect/Model/FireworksConfig+DefaultValues.swift /Users/admin/builder/spi-builder-workspace/Sources/EffectsLibrary/FireworksEffect/Model/FireworksConfig.swift /Users/admin/builder/spi-builder-workspace/Sources/EffectsLibrary/FireworksEffect/View/FireworksContainerView.swift /Users/admin/builder/spi-builder-workspace/Sources/EffectsLibrary/FireworksEffect/View/FireworksScene.swift /Users/admin/builder/spi-builder-workspace/Sources/EffectsLibrary/Model/BaseConfig.swift /Users/admin/builder/spi-builder-workspace/Sources/EffectsLibrary/Model/Content.swift /Users/admin/builder/spi-builder-workspace/Sources/EffectsLibrary/Model/EffectsViewRepresentable.swift /Users/admin/builder/spi-builder-workspace/Sources/EffectsLibrary/Model/EmitterLayerConfig.swift /Users/admin/builder/spi-builder-workspace/Sources/EffectsLibrary/Model/EmitterPosition.swift /Users/admin/builder/spi-builder-workspace/Sources/EffectsLibrary/Model/FadeOut.swift /Users/admin/builder/spi-builder-workspace/Sources/EffectsLibrary/Model/FallDirection.swift /Users/admin/builder/spi-builder-workspace/Sources/EffectsLibrary/Model/InitialVelocity.swift /Users/admin/builder/spi-builder-workspace/Sources/EffectsLibrary/Model/Intensity.swift /Users/admin/builder/spi-builder-workspace/Sources/EffectsLibrary/Model/Lifetime.swift /Users/admin/builder/spi-builder-workspace/Sources/EffectsLibrary/Model/SpreadRadius.swift /Users/admin/builder/spi-builder-workspace/Sources/EffectsLibrary/RainEffect/Model/RainConfig+DefaultValues.swift /Users/admin/builder/spi-builder-workspace/Sources/EffectsLibrary/RainEffect/Model/RainConfig.swift /Users/admin/builder/spi-builder-workspace/Sources/EffectsLibrary/RainEffect/RainView.swift /Users/admin/builder/spi-builder-workspace/Sources/EffectsLibrary/RainEffect/View/RainViewRepresentable.swift /Users/admin/builder/spi-builder-workspace/Sources/EffectsLibrary/SmokeEffect/Model/SmokeConfig+DefaultValues.swift /Users/admin/builder/spi-builder-workspace/Sources/EffectsLibrary/SmokeEffect/Model/SmokeConfig.swift /Users/admin/builder/spi-builder-workspace/Sources/EffectsLibrary/SmokeEffect/SmokeView.swift /Users/admin/builder/spi-builder-workspace/Sources/EffectsLibrary/SmokeEffect/View/SmokeContainerView.swift /Users/admin/builder/spi-builder-workspace/Sources/EffectsLibrary/SmokeEffect/View/SmokeScene.swift /Users/admin/builder/spi-builder-workspace/Sources/EffectsLibrary/SnowEffect/Model/SnowConfig+DefaultValues.swift /Users/admin/builder/spi-builder-workspace/Sources/EffectsLibrary/SnowEffect/Model/SnowConfig.swift /Users/admin/builder/spi-builder-workspace/Sources/EffectsLibrary/SnowEffect/SnowView.swift /Users/admin/builder/spi-builder-workspace/Sources/EffectsLibrary/SnowEffect/View/SnowViewRepresentable.swift -target arm64-apple-macos12.0 -disable-cross-import-overlay-search -swift-module-cross-import SpriteKit /Applications/Xcode-27.0.0-Release.Candidate.app/Contents/Developer/Platforms/MacOSX.platform/Developer/SDKs/MacOSX.sdk/System/Library/Frameworks/SpriteKit.framework/Modules/SpriteKit.swiftcrossimport/SwiftUI.swiftoverlay -load-resolved-plugin /Applications/Xcode-27.0.0-Release.Candidate.app/Contents/Developer/Platforms/MacOSX.platform/Developer/usr/lib/swift/host/plugins/libFoundationMacros.dylib\#/Applications/Xcode-27.0.0-Release.Candidate.app/Contents/Developer/Platforms/MacOSX.platform/Developer/usr/bin/swift-plugin-server\#FoundationMacros -load-resolved-plugin /Applications/Xcode-27.0.0-Release.Candidate.app/Contents/Developer/Platforms/MacOSX.platform/Developer/usr/lib/swift/host/plugins/libObservationMacros.dylib\#/Applications/Xcode-27.0.0-Release.Candidate.app/Contents/Developer/Platforms/MacOSX.platform/Developer/usr/bin/swift-plugin-server\#ObservationMacros -load-resolved-plugin /Applications/Xcode-27.0.0-Release.Candidate.app/Contents/Developer/Platforms/MacOSX.platform/Developer/usr/lib/swift/host/plugins/libPreviewsMacros.dylib\#/Applications/Xcode-27.0.0-Release.Candidate.app/Contents/Developer/Platforms/MacOSX.platform/Developer/usr/bin/swift-plugin-server\#PreviewsMacros -load-resolved-plugin /Applications/Xcode-27.0.0-Release.Candidate.app/Contents/Developer/Platforms/MacOSX.platform/Developer/usr/lib/swift/host/plugins/libSwiftMacros.dylib\#/Applications/Xcode-27.0.0-Release.Candidate.app/Contents/Developer/Platforms/MacOSX.platform/Developer/usr/bin/swift-plugin-server\#SwiftMacros -load-resolved-plugin /Applications/Xcode-27.0.0-Release.Candidate.app/Contents/Developer/Platforms/MacOSX.platform/Developer/usr/lib/swift/host/plugins/libSwiftUIMacros.dylib\#/Applications/Xcode-27.0.0-Release.Candidate.app/Contents/Developer/Platforms/MacOSX.platform/Developer/usr/bin/swift-plugin-server\#SwiftUIMacros -disable-implicit-swift-modules -Xcc -fno-implicit-modules -Xcc -fno-implicit-module-maps -explicit-swift-module-map-file /Users/admin/builder/spi-builder-workspace/.derivedData/Build/Intermediates.noindex/EffectsLibrary.build/Debug/EffectsLibrary-t.build/Objects-normal/arm64/EffectsLibrary-dependencies-1.json -Xllvm -aarch64-use-tbi -enable-objc-interop -stack-check -sdk /Applications/Xcode-27.0.0-Release.Candidate.app/Contents/Developer/Platforms/MacOSX.platform/Developer/SDKs/MacOSX27.0.sdk -I /Users/admin/builder/spi-builder-workspace/.derivedData/Build/Products/Debug -Isystem /Applications/Xcode-27.0.0-Release.Candidate.app/Contents/Developer/Platforms/MacOSX.platform/Developer/usr/lib -F /Users/admin/builder/spi-builder-workspace/.derivedData/Build/Products/Debug -F /Applications/Xcode-27.0.0-Release.Candidate.app/Contents/Developer/Platforms/MacOSX.platform/Developer/Library/Frameworks -module-cache-path /Users/admin/builder/spi-builder-workspace/.derivedData/Build/Intermediates.noindex/SwiftExplicitPrecompiledModules -no-color-diagnostics -Xcc -fno-color-diagnostics -enable-testing -g -debug-info-format\=dwarf -dwarf-version\=4 -swift-version 5 -Onone -D SWIFT_PACKAGE -D DEBUG -D SWIFT_MODULE_RESOURCE_BUNDLE_AVAILABLE -D Xcode -serialize-debugging-options -enable-experimental-feature DebugDescriptionMacro -empty-abi-descriptor -validate-clang-modules-once -clang-build-session-file /Users/admin/builder/spi-builder-workspace/.derivedData/ModuleCache.noindex/Session.modulevalidation -Xcc -working-directory -Xcc /Users/admin/builder/spi-builder-workspace/.swiftpm/xcode -enable-anonymous-context-mangled-names -file-compilation-dir /Users/admin/builder/spi-builder-workspace/.swiftpm/xcode -Xcc -D_LIBCPP_HARDENING_MODE\=_LIBCPP_HARDENING_MODE_DEBUG -Xcc -ivfsstatcache -Xcc /Users/admin/builder/spi-builder-workspace/.derivedData/SDKStatCaches.noindex/macosx27.0-26A425-e829b21a6f8c9b70876ba0858053c0446a22442a12e9d48fe1a705f55a1adfc4.sdkstatcache -Xcc -fmodules-prune-interval\=86400 -Xcc -fmodules-prune-after\=345600 -Xcc -I/Users/admin/builder/spi-builder-workspace/.derivedData/Build/Products/Debug/include -Xcc -I/Users/admin/builder/spi-builder-workspace/.derivedData/Build/Intermediates.noindex/EffectsLibrary.build/Debug/EffectsLibrary-t.build/DerivedSources-normal/arm64 -Xcc -I/Users/admin/builder/spi-builder-workspace/.derivedData/Build/Intermediates.noindex/EffectsLibrary.build/Debug/EffectsLibrary-t.build/DerivedSources/arm64 -Xcc -I/Users/admin/builder/spi-builder-workspace/.derivedData/Build/Intermediates.noindex/EffectsLibrary.build/Debug/EffectsLibrary-t.build/DerivedSources -Xcc -DSWIFT_PACKAGE -Xcc -DDEBUG\=1 -no-auto-bridging-header-chaining -module-name EffectsLibrary -const-gather-protocols-file /Users/admin/builder/spi-builder-workspace/.derivedData/Build/Intermediates.noindex/EffectsLibrary.build/Debug/EffectsLibrary-t.build/Objects-normal/arm64/EffectsLibrary_const_extract_protocols.json -disable-clang-spi -clang-target arm64-apple-macos27.0 -target-sdk-version 27.0 -target-sdk-name macosx27.0 -in-process-plugin-server-path /Applications/Xcode-27.0.0-Release.Candidate.app/Contents/Developer/Toolchains/XcodeDefault.xctoolchain/usr/lib/swift/host/libSwiftInProcPluginServer.dylib -emit-module-doc-path /Users/admin/builder/spi-builder-workspace/.derivedData/Build/Intermediates.noindex/EffectsLibrary.build/Debug/EffectsLibrary-t.build/Objects-normal/arm64/EffectsLibrary.swiftdoc -emit-module-source-info-path /Users/admin/builder/spi-builder-workspace/.derivedData/Build/Intermediates.noindex/EffectsLibrary.build/Debug/EffectsLibrary-t.build/Objects-normal/arm64/EffectsLibrary.swiftsourceinfo -emit-objc-header-path /Users/admin/builder/spi-builder-workspace/.derivedData/Build/Intermediates.noindex/EffectsLibrary.build/Debug/EffectsLibrary-t.build/Objects-normal/arm64/EffectsLibrary-Swift.h -serialize-diagnostics-path /Users/admin/builder/spi-builder-workspace/.derivedData/Build/Intermediates.noindex/EffectsLibrary.build/Debug/EffectsLibrary-t.build/Objects-normal/arm64/EffectsLibrary-primary-emit-module.dia -emit-dependencies-path /Users/admin/builder/spi-builder-workspace/.derivedData/Build/Intermediates.noindex/EffectsLibrary.build/Debug/EffectsLibrary-t.build/Objects-normal/arm64/EffectsLibrary-primary-emit-module.d -parse-as-library -o /Users/admin/builder/spi-builder-workspace/.derivedData/Build/Intermediates.noindex/EffectsLibrary.build/Debug/EffectsLibrary-t.build/Objects-normal/arm64/EffectsLibrary.swiftmodule -emit-abi-descriptor-path /Users/admin/builder/spi-builder-workspace/.derivedData/Build/Intermediates.noindex/EffectsLibrary.build/Debug/EffectsLibrary-t.build/Objects-normal/arm64/EffectsLibrary.abi.json
SwiftCompile normal arm64 Compiling\ SmokeConfig.swift,\ SmokeView.swift,\ SmokeContainerView.swift,\ SmokeScene.swift /Users/admin/builder/spi-builder-workspace/Sources/EffectsLibrary/SmokeEffect/Model/SmokeConfig.swift /Users/admin/builder/spi-builder-workspace/Sources/EffectsLibrary/SmokeEffect/SmokeView.swift /Users/admin/builder/spi-builder-workspace/Sources/EffectsLibrary/SmokeEffect/View/SmokeContainerView.swift /Users/admin/builder/spi-builder-workspace/Sources/EffectsLibrary/SmokeEffect/View/SmokeScene.swift (in target 'EffectsLibrary' from project 'EffectsLibrary')
SwiftCompile normal arm64 /Users/admin/builder/spi-builder-workspace/Sources/EffectsLibrary/SmokeEffect/Model/SmokeConfig.swift (in target 'EffectsLibrary' from project 'EffectsLibrary')
    cd /Users/admin/builder/spi-builder-workspace/.swiftpm/xcode
    builtin-SwiftPerFileCompile SmokeConfig.swift
SwiftCompile normal arm64 /Users/admin/builder/spi-builder-workspace/Sources/EffectsLibrary/SmokeEffect/SmokeView.swift (in target 'EffectsLibrary' from project 'EffectsLibrary')
    cd /Users/admin/builder/spi-builder-workspace/.swiftpm/xcode
    builtin-SwiftPerFileCompile SmokeView.swift
SwiftCompile normal arm64 /Users/admin/builder/spi-builder-workspace/Sources/EffectsLibrary/SmokeEffect/View/SmokeContainerView.swift (in target 'EffectsLibrary' from project 'EffectsLibrary')
    cd /Users/admin/builder/spi-builder-workspace/.swiftpm/xcode
    builtin-SwiftPerFileCompile SmokeContainerView.swift
SwiftCompile normal arm64 /Users/admin/builder/spi-builder-workspace/Sources/EffectsLibrary/SmokeEffect/View/SmokeScene.swift (in target 'EffectsLibrary' from project 'EffectsLibrary')
    cd /Users/admin/builder/spi-builder-workspace/.swiftpm/xcode
    builtin-SwiftPerFileCompile SmokeScene.swift
/Users/admin/builder/spi-builder-workspace/Sources/EffectsLibrary/SmokeEffect/Model/SmokeConfig.swift:24:16: error: cannot find 'UIImage' in scope
22 | public struct SmokeConfig: BaseConfig {
23 |     var content: [Content] = [
24 |         .image(UIImage.loadFromBundle(named: .spark), nil, 1)
   |                `- error: cannot find 'UIImage' in scope
25 |     ]
26 |     var backgroundColor: Color = .clear
/Users/admin/builder/spi-builder-workspace/Sources/EffectsLibrary/Model/Content.swift:21:16: error: cannot find type 'UIImage' in scope
 19 |
 20 |     case shape(Shape, UIColor?, CGFloat = 1)
 21 |     case image(UIImage, UIColor?, CGFloat = 1)
    |                `- error: cannot find type 'UIImage' in scope
 22 |     case emoji(Character, CGFloat = 1)
 23 | }
/Users/admin/builder/spi-builder-workspace/Sources/EffectsLibrary/Model/Content.swift:21:25: error: cannot find type 'UIColor' in scope
 19 |
 20 |     case shape(Shape, UIColor?, CGFloat = 1)
 21 |     case image(UIImage, UIColor?, CGFloat = 1)
    |                         `- error: cannot find type 'UIColor' in scope
 22 |     case emoji(Character, CGFloat = 1)
 23 | }
/Users/admin/builder/spi-builder-workspace/Sources/EffectsLibrary/Model/Content.swift:36:16: error: cannot find type 'UIImage' in scope
 34 |     }
 35 |
 36 |     var image: UIImage {
    |                `- error: cannot find type 'UIImage' in scope
 37 |         switch self {
 38 |         case let .image(image, _, _):
/Users/admin/builder/spi-builder-workspace/Sources/EffectsLibrary/SmokeEffect/Model/SmokeConfig.swift:39:20: error: cannot find 'UIImage' in scope
37 |     public init(
38 |         content: [Content] = [
39 |             .image(UIImage.loadFromBundle(named: .spark), nil, 1)
   |                    `- error: cannot find 'UIImage' in scope
40 |         ],
41 |         backgroundColor: Color = .clear,
/Users/admin/builder/spi-builder-workspace/Sources/EffectsLibrary/SmokeEffect/View/SmokeScene.swift:18:27: error: cannot find 'UIColor' in scope
16 |         super.init(size: size)
17 |
18 |         backgroundColor = UIColor(config.backgroundColor)
   |                           `- error: cannot find 'UIColor' in scope
19 |     }
20 |
SwiftCompile normal arm64 Compiling\ BaseConfig.swift,\ Content.swift,\ EffectsViewRepresentable.swift,\ EmitterLayerConfig.swift /Users/admin/builder/spi-builder-workspace/Sources/EffectsLibrary/Model/BaseConfig.swift /Users/admin/builder/spi-builder-workspace/Sources/EffectsLibrary/Model/Content.swift /Users/admin/builder/spi-builder-workspace/Sources/EffectsLibrary/Model/EffectsViewRepresentable.swift /Users/admin/builder/spi-builder-workspace/Sources/EffectsLibrary/Model/EmitterLayerConfig.swift (in target 'EffectsLibrary' from project 'EffectsLibrary')
/Users/admin/builder/spi-builder-workspace/Sources/EffectsLibrary/Model/Content.swift:20:23: error: cannot find type 'UIColor' in scope
 18 |     }
 19 |
 20 |     case shape(Shape, UIColor?, CGFloat = 1)
    |                       `- error: cannot find type 'UIColor' in scope
 21 |     case image(UIImage, UIColor?, CGFloat = 1)
 22 |     case emoji(Character, CGFloat = 1)
/Users/admin/builder/spi-builder-workspace/Sources/EffectsLibrary/Model/Content.swift:21:16: error: cannot find type 'UIImage' in scope
 19 |
 20 |     case shape(Shape, UIColor?, CGFloat = 1)
 21 |     case image(UIImage, UIColor?, CGFloat = 1)
    |                `- error: cannot find type 'UIImage' in scope
 22 |     case emoji(Character, CGFloat = 1)
 23 | }
/Users/admin/builder/spi-builder-workspace/Sources/EffectsLibrary/Model/Content.swift:21:25: error: cannot find type 'UIColor' in scope
 19 |
 20 |     case shape(Shape, UIColor?, CGFloat = 1)
 21 |     case image(UIImage, UIColor?, CGFloat = 1)
    |                         `- error: cannot find type 'UIColor' in scope
 22 |     case emoji(Character, CGFloat = 1)
 23 | }
/Users/admin/builder/spi-builder-workspace/Sources/EffectsLibrary/Model/Content.swift:26:16: error: cannot find type 'UIColor' in scope
 24 |
 25 | extension Content {
 26 |     var color: UIColor? {
    |                `- error: cannot find type 'UIColor' in scope
 27 |         switch self {
 28 |         case let .image(_, color?, _),
/Users/admin/builder/spi-builder-workspace/Sources/EffectsLibrary/Model/Content.swift:36:16: error: cannot find type 'UIImage' in scope
 34 |     }
 35 |
 36 |     var image: UIImage {
    |                `- error: cannot find type 'UIImage' in scope
 37 |         switch self {
 38 |         case let .image(image, _, _):
/Users/admin/builder/spi-builder-workspace/Sources/EffectsLibrary/Model/Content.swift:80:40: error: cannot find type 'UIImage' in scope
 78 |     }
 79 |
 80 |     func image(with color: UIColor) -> UIImage {
    |                                        `- error: cannot find type 'UIImage' in scope
 81 |         let rect = CGRect(origin: .zero, size: CGSize(width: 12.0, height: 12.0))
 82 |         return UIGraphicsImageRenderer(size: rect.size).image { context in
/Users/admin/builder/spi-builder-workspace/Sources/EffectsLibrary/Model/Content.swift:80:28: error: cannot find type 'UIColor' in scope
 78 |     }
 79 |
 80 |     func image(with color: UIColor) -> UIImage {
    |                            `- error: cannot find type 'UIColor' in scope
 81 |         let rect = CGRect(origin: .zero, size: CGSize(width: 12.0, height: 12.0))
 82 |         return UIGraphicsImageRenderer(size: rect.size).image { context in
/Users/admin/builder/spi-builder-workspace/Sources/EffectsLibrary/Model/Content.swift:91:72: error: cannot find type 'UIImage' in scope
 89 |
 90 | extension String {
 91 |     func image(with font: UIFont = UIFont.systemFont(ofSize: 16.0)) -> UIImage {
    |                                                                        `- error: cannot find type 'UIImage' in scope
 92 |         let string = NSString(string: "\(self)")
 93 |         let attributes: [NSAttributedString.Key: Any] = [
/Users/admin/builder/spi-builder-workspace/Sources/EffectsLibrary/Model/Content.swift:91:27: error: cannot find type 'UIFont' in scope
 89 |
 90 | extension String {
 91 |     func image(with font: UIFont = UIFont.systemFont(ofSize: 16.0)) -> UIImage {
    |                           `- error: cannot find type 'UIFont' in scope
 92 |         let string = NSString(string: "\(self)")
 93 |         let attributes: [NSAttributedString.Key: Any] = [
/Users/admin/builder/spi-builder-workspace/Sources/EffectsLibrary/Model/Content.swift:82:16: error: cannot find 'UIGraphicsImageRenderer' in scope
 80 |     func image(with color: UIColor) -> UIImage {
 81 |         let rect = CGRect(origin: .zero, size: CGSize(width: 12.0, height: 12.0))
 82 |         return UIGraphicsImageRenderer(size: rect.size).image { context in
    |                `- error: cannot find 'UIGraphicsImageRenderer' in scope
 83 |             context.cgContext.setFillColor(color.cgColor)
 84 |             context.cgContext.addPath(path(in: rect))
/Users/admin/builder/spi-builder-workspace/Sources/EffectsLibrary/Model/Content.swift:98:16: error: cannot find 'UIGraphicsImageRenderer' in scope
 96 |         let size = string.size(withAttributes: attributes)
 97 |
 98 |         return UIGraphicsImageRenderer(size: size).image { _ in
    |                `- error: cannot find 'UIGraphicsImageRenderer' in scope
 99 |             string.draw(at: .zero, withAttributes: attributes)
100 |         }
/Users/admin/builder/spi-builder-workspace/Sources/EffectsLibrary/Model/EffectsViewRepresentable.swift:10:36: error: cannot find type 'UIViewRepresentable' in scope
 8 | import SwiftUI
 9 |
10 | protocol EffectsViewRepresentable: UIViewRepresentable {
   |                                    `- error: cannot find type 'UIViewRepresentable' in scope
11 |
12 |     associatedtype Config: EmitterLayerConfig
/Users/admin/builder/spi-builder-workspace/Sources/EffectsLibrary/Model/EffectsViewRepresentable.swift:20:26: error: cannot find type 'UIView' in scope
18 |     var viewRenderMode: CAEmitterLayerRenderMode { get }
19 |
20 |     func createView() -> UIView
   |                          `- error: cannot find type 'UIView' in scope
21 |     func createBaseView() -> UIView
22 |     func createBaseLayer() -> CAEmitterLayer
/Users/admin/builder/spi-builder-workspace/Sources/EffectsLibrary/Model/EffectsViewRepresentable.swift:21:30: error: cannot find type 'UIView' in scope
19 |
20 |     func createView() -> UIView
21 |     func createBaseView() -> UIView
   |                              `- error: cannot find type 'UIView' in scope
22 |     func createBaseLayer() -> CAEmitterLayer
23 |
/Users/admin/builder/spi-builder-workspace/Sources/EffectsLibrary/Model/EffectsViewRepresentable.swift:28:47: error: cannot find type 'UIView' in scope
26 |
27 | extension EffectsViewRepresentable {
28 |     func makeUIView(context: Context) -> some UIView {
   |                                               `- error: cannot find type 'UIView' in scope
29 |         return createView()
30 |     }
/Users/admin/builder/spi-builder-workspace/Sources/EffectsLibrary/Model/EffectsViewRepresentable.swift:28:30: error: cannot find type 'Context' in scope
26 |
27 | extension EffectsViewRepresentable {
28 |     func makeUIView(context: Context) -> some UIView {
   |                              `- error: cannot find type 'Context' in scope
29 |         return createView()
30 |     }
/Users/admin/builder/spi-builder-workspace/Sources/EffectsLibrary/Model/EffectsViewRepresentable.swift:32:33: error: cannot find type 'UIViewType' in scope
30 |     }
31 |
32 |     func updateUIView(_ uiView: UIViewType, context: Context) {
   |                                 `- error: cannot find type 'UIViewType' in scope
33 |         // Todo
34 |     }
/Users/admin/builder/spi-builder-workspace/Sources/EffectsLibrary/Model/EffectsViewRepresentable.swift:32:54: error: cannot find type 'Context' in scope
30 |     }
31 |
32 |     func updateUIView(_ uiView: UIViewType, context: Context) {
   |                                                      `- error: cannot find type 'Context' in scope
33 |         // Todo
34 |     }
/Users/admin/builder/spi-builder-workspace/Sources/EffectsLibrary/Model/EffectsViewRepresentable.swift:57:26: error: cannot find type 'UIView' in scope
55 | extension EffectsViewRepresentable {
56 |
57 |     func createView() -> UIView {
   |                          `- error: cannot find type 'UIView' in scope
58 |         let baseView = createBaseView()
59 |         let baseLayer = createBaseLayer()
/Users/admin/builder/spi-builder-workspace/Sources/EffectsLibrary/Model/EffectsViewRepresentable.swift:71:30: error: cannot find type 'UIView' in scope
69 |     }
70 |
71 |     func createBaseView() -> UIView {
   |                              `- error: cannot find type 'UIView' in scope
72 |         let baseView = UIView()
73 |         baseView.backgroundColor = UIColor(config.backgroundColor)
/Users/admin/builder/spi-builder-workspace/Sources/EffectsLibrary/Model/EffectsViewRepresentable.swift:72:24: error: cannot find 'UIView' in scope
70 |
71 |     func createBaseView() -> UIView {
72 |         let baseView = UIView()
   |                        `- error: cannot find 'UIView' in scope
73 |         baseView.backgroundColor = UIColor(config.backgroundColor)
74 |         baseView.clipsToBounds = config.clipsToBounds
/Users/admin/builder/spi-builder-workspace/Sources/EffectsLibrary/Model/EffectsViewRepresentable.swift:73:36: error: cannot find 'UIColor' in scope
71 |     func createBaseView() -> UIView {
72 |         let baseView = UIView()
73 |         baseView.backgroundColor = UIColor(config.backgroundColor)
   |                                    `- error: cannot find 'UIColor' in scope
74 |         baseView.clipsToBounds = config.clipsToBounds
75 |
SwiftCompile normal arm64 /Users/admin/builder/spi-builder-workspace/Sources/EffectsLibrary/Model/BaseConfig.swift (in target 'EffectsLibrary' from project 'EffectsLibrary')
    cd /Users/admin/builder/spi-builder-workspace/.swiftpm/xcode
    builtin-SwiftPerFileCompile BaseConfig.swift
SwiftCompile normal arm64 /Users/admin/builder/spi-builder-workspace/Sources/EffectsLibrary/Model/Content.swift (in target 'EffectsLibrary' from project 'EffectsLibrary')
    cd /Users/admin/builder/spi-builder-workspace/.swiftpm/xcode
    builtin-SwiftPerFileCompile Content.swift
SwiftCompile normal arm64 /Users/admin/builder/spi-builder-workspace/Sources/EffectsLibrary/Model/EffectsViewRepresentable.swift (in target 'EffectsLibrary' from project 'EffectsLibrary')
    cd /Users/admin/builder/spi-builder-workspace/.swiftpm/xcode
    builtin-SwiftPerFileCompile EffectsViewRepresentable.swift
SwiftCompile normal arm64 /Users/admin/builder/spi-builder-workspace/Sources/EffectsLibrary/Model/EmitterLayerConfig.swift (in target 'EffectsLibrary' from project 'EffectsLibrary')
    cd /Users/admin/builder/spi-builder-workspace/.swiftpm/xcode
    builtin-SwiftPerFileCompile EmitterLayerConfig.swift
SwiftCompile normal arm64 Compiling\ FireConfig.swift,\ FireContainerView.swift,\ FireScene.swift,\ FireworksView.swift /Users/admin/builder/spi-builder-workspace/Sources/EffectsLibrary/FireEffect/Model/FireConfig.swift /Users/admin/builder/spi-builder-workspace/Sources/EffectsLibrary/FireEffect/View/FireContainerView.swift /Users/admin/builder/spi-builder-workspace/Sources/EffectsLibrary/FireEffect/View/FireScene.swift /Users/admin/builder/spi-builder-workspace/Sources/EffectsLibrary/FireworksEffect/FireworksView.swift (in target 'EffectsLibrary' from project 'EffectsLibrary')
/Users/admin/builder/spi-builder-workspace/Sources/EffectsLibrary/FireEffect/Model/FireConfig.swift:24:16: error: cannot find 'UIImage' in scope
22 | public struct FireConfig: BaseConfig {
23 |     var content: [Content] = [
24 |         .image(UIImage.loadFromBundle(named: .spark), .fireRed, 1)
   |                `- error: cannot find 'UIImage' in scope
25 |     ]
26 |     var backgroundColor: Color = .clear
/Users/admin/builder/spi-builder-workspace/Sources/EffectsLibrary/Model/Content.swift:21:16: error: cannot find type 'UIImage' in scope
 19 |
 20 |     case shape(Shape, UIColor?, CGFloat = 1)
 21 |     case image(UIImage, UIColor?, CGFloat = 1)
    |                `- error: cannot find type 'UIImage' in scope
 22 |     case emoji(Character, CGFloat = 1)
 23 | }
/Users/admin/builder/spi-builder-workspace/Sources/EffectsLibrary/Model/Content.swift:21:25: error: cannot find type 'UIColor' in scope
 19 |
 20 |     case shape(Shape, UIColor?, CGFloat = 1)
 21 |     case image(UIImage, UIColor?, CGFloat = 1)
    |                         `- error: cannot find type 'UIColor' in scope
 22 |     case emoji(Character, CGFloat = 1)
 23 | }
/Users/admin/builder/spi-builder-workspace/Sources/EffectsLibrary/Model/Content.swift:36:16: error: cannot find type 'UIImage' in scope
 34 |     }
 35 |
 36 |     var image: UIImage {
    |                `- error: cannot find type 'UIImage' in scope
 37 |         switch self {
 38 |         case let .image(image, _, _):
/Users/admin/builder/spi-builder-workspace/Sources/EffectsLibrary/FireEffect/Model/FireConfig.swift:39:20: error: cannot find 'UIImage' in scope
37 |     public init(
38 |         content: [Content] = [
39 |             .image(UIImage.loadFromBundle(named: .spark), .fireRed, 0.5)
   |                    `- error: cannot find 'UIImage' in scope
40 |         ],
41 |         backgroundColor: Color = .clear,
/Users/admin/builder/spi-builder-workspace/Sources/EffectsLibrary/FireEffect/View/FireScene.swift:18:27: error: cannot find 'UIColor' in scope
16 |         super.init(size: size)
17 |
18 |         backgroundColor = UIColor(config.backgroundColor)
   |                           `- error: cannot find 'UIColor' in scope
19 |     }
20 |
SwiftCompile normal arm64 /Users/admin/builder/spi-builder-workspace/Sources/EffectsLibrary/FireEffect/Model/FireConfig.swift (in target 'EffectsLibrary' from project 'EffectsLibrary')
    cd /Users/admin/builder/spi-builder-workspace/.swiftpm/xcode
    builtin-SwiftPerFileCompile FireConfig.swift
SwiftCompile normal arm64 /Users/admin/builder/spi-builder-workspace/Sources/EffectsLibrary/FireEffect/View/FireContainerView.swift (in target 'EffectsLibrary' from project 'EffectsLibrary')
    cd /Users/admin/builder/spi-builder-workspace/.swiftpm/xcode
    builtin-SwiftPerFileCompile FireContainerView.swift
SwiftCompile normal arm64 /Users/admin/builder/spi-builder-workspace/Sources/EffectsLibrary/FireEffect/View/FireScene.swift (in target 'EffectsLibrary' from project 'EffectsLibrary')
    cd /Users/admin/builder/spi-builder-workspace/.swiftpm/xcode
    builtin-SwiftPerFileCompile FireScene.swift
SwiftCompile normal arm64 /Users/admin/builder/spi-builder-workspace/Sources/EffectsLibrary/FireworksEffect/FireworksView.swift (in target 'EffectsLibrary' from project 'EffectsLibrary')
    cd /Users/admin/builder/spi-builder-workspace/.swiftpm/xcode
    builtin-SwiftPerFileCompile FireworksView.swift
SwiftCompile normal arm64 Compiling\ resource_bundle_accessor.swift,\ ConfettiView.swift,\ ConfettiConfig+DefaultValues.swift,\ ConfettiConfig.swift,\ ConfettiViewRepresentable.swift /Users/admin/builder/spi-builder-workspace/.derivedData/Build/Intermediates.noindex/EffectsLibrary.build/Debug/EffectsLibrary-t.build/DerivedSources/resource_bundle_accessor.swift /Users/admin/builder/spi-builder-workspace/Sources/EffectsLibrary/ConfettiEffect/ConfettiView.swift /Users/admin/builder/spi-builder-workspace/Sources/EffectsLibrary/ConfettiEffect/Model/ConfettiConfig+DefaultValues.swift /Users/admin/builder/spi-builder-workspace/Sources/EffectsLibrary/ConfettiEffect/Model/ConfettiConfig.swift /Users/admin/builder/spi-builder-workspace/Sources/EffectsLibrary/ConfettiEffect/View/ConfettiViewRepresentable.swift (in target 'EffectsLibrary' from project 'EffectsLibrary')
/Users/admin/builder/spi-builder-workspace/Sources/EffectsLibrary/ConfettiEffect/ConfettiView.swift:20:13: error: generic struct 'GeometryReader' requires that 'ConfettiViewRepresentable' conform to 'View'
18 |     public var body: some View {
19 |         GeometryReader { proxy in
20 |             ConfettiViewRepresentable(proxy: proxy, config: config)
   |             `- error: generic struct 'GeometryReader' requires that 'ConfettiViewRepresentable' conform to 'View'
21 |         }
22 |         .edgesIgnoringSafeArea(.all)
SwiftUI.GeometryReader:2:35: note: where 'Content' = 'ConfettiViewRepresentable'
1 | @available(iOS 13.0, macOS 10.15, tvOS 13.0, watchOS 6.0, *)
2 | @frozen nonisolated public struct GeometryReader<Content> : View, ~Sendable where Content : View {
  |                                   `- note: where 'Content' = 'ConfettiViewRepresentable'
3 |     public var content: (GeometryProxy) -> Content
4 |     @inlinable nonisolated public init(@ContentBuilder content: @escaping (GeometryProxy) -> Content)
/Users/admin/builder/spi-builder-workspace/Sources/EffectsLibrary/Model/EffectsViewRepresentable.swift:10:36: error: cannot find type 'UIViewRepresentable' in scope
 8 | import SwiftUI
 9 |
10 | protocol EffectsViewRepresentable: UIViewRepresentable {
   |                                    `- error: cannot find type 'UIViewRepresentable' in scope
11 |
12 |     associatedtype Config: EmitterLayerConfig
/Users/admin/builder/spi-builder-workspace/Sources/EffectsLibrary/Model/EffectsViewRepresentable.swift:20:26: error: cannot find type 'UIView' in scope
18 |     var viewRenderMode: CAEmitterLayerRenderMode { get }
19 |
20 |     func createView() -> UIView
   |                          `- error: cannot find type 'UIView' in scope
21 |     func createBaseView() -> UIView
22 |     func createBaseLayer() -> CAEmitterLayer
/Users/admin/builder/spi-builder-workspace/Sources/EffectsLibrary/Model/EffectsViewRepresentable.swift:21:30: error: cannot find type 'UIView' in scope
19 |
20 |     func createView() -> UIView
21 |     func createBaseView() -> UIView
   |                              `- error: cannot find type 'UIView' in scope
22 |     func createBaseLayer() -> CAEmitterLayer
23 |
/Users/admin/builder/spi-builder-workspace/Sources/EffectsLibrary/Model/Content.swift:21:16: error: cannot find type 'UIImage' in scope
 19 |
 20 |     case shape(Shape, UIColor?, CGFloat = 1)
 21 |     case image(UIImage, UIColor?, CGFloat = 1)
    |                `- error: cannot find type 'UIImage' in scope
 22 |     case emoji(Character, CGFloat = 1)
 23 | }
/Users/admin/builder/spi-builder-workspace/Sources/EffectsLibrary/Model/Content.swift:21:25: error: cannot find type 'UIColor' in scope
 19 |
 20 |     case shape(Shape, UIColor?, CGFloat = 1)
 21 |     case image(UIImage, UIColor?, CGFloat = 1)
    |                         `- error: cannot find type 'UIColor' in scope
 22 |     case emoji(Character, CGFloat = 1)
 23 | }
/Users/admin/builder/spi-builder-workspace/Sources/EffectsLibrary/Model/Content.swift:36:16: error: cannot find type 'UIImage' in scope
 34 |     }
 35 |
 36 |     var image: UIImage {
    |                `- error: cannot find type 'UIImage' in scope
 37 |         switch self {
 38 |         case let .image(image, _, _):
SwiftCompile normal arm64 /Users/admin/builder/spi-builder-workspace/.derivedData/Build/Intermediates.noindex/EffectsLibrary.build/Debug/EffectsLibrary-t.build/DerivedSources/resource_bundle_accessor.swift (in target 'EffectsLibrary' from project 'EffectsLibrary')
    cd /Users/admin/builder/spi-builder-workspace/.swiftpm/xcode
    builtin-SwiftPerFileCompile resource_bundle_accessor.swift
SwiftCompile normal arm64 /Users/admin/builder/spi-builder-workspace/Sources/EffectsLibrary/ConfettiEffect/ConfettiView.swift (in target 'EffectsLibrary' from project 'EffectsLibrary')
    cd /Users/admin/builder/spi-builder-workspace/.swiftpm/xcode
    builtin-SwiftPerFileCompile ConfettiView.swift
SwiftCompile normal arm64 /Users/admin/builder/spi-builder-workspace/Sources/EffectsLibrary/ConfettiEffect/Model/ConfettiConfig+DefaultValues.swift (in target 'EffectsLibrary' from project 'EffectsLibrary')
    cd /Users/admin/builder/spi-builder-workspace/.swiftpm/xcode
    builtin-SwiftPerFileCompile ConfettiConfig+DefaultValues.swift
SwiftCompile normal arm64 /Users/admin/builder/spi-builder-workspace/Sources/EffectsLibrary/ConfettiEffect/Model/ConfettiConfig.swift (in target 'EffectsLibrary' from project 'EffectsLibrary')
    cd /Users/admin/builder/spi-builder-workspace/.swiftpm/xcode
    builtin-SwiftPerFileCompile ConfettiConfig.swift
SwiftCompile normal arm64 /Users/admin/builder/spi-builder-workspace/Sources/EffectsLibrary/ConfettiEffect/View/ConfettiViewRepresentable.swift (in target 'EffectsLibrary' from project 'EffectsLibrary')
    cd /Users/admin/builder/spi-builder-workspace/.swiftpm/xcode
    builtin-SwiftPerFileCompile ConfettiViewRepresentable.swift
SwiftCompile normal arm64 Compiling\ Color+CustomColors.swift,\ String+ImageNames.swift,\ UIImage+fromBundle.swift,\ FireView.swift,\ FireConfig+DefaultValues.swift /Users/admin/builder/spi-builder-workspace/Sources/EffectsLibrary/Extensions/Color+CustomColors.swift /Users/admin/builder/spi-builder-workspace/Sources/EffectsLibrary/Extensions/String+ImageNames.swift /Users/admin/builder/spi-builder-workspace/Sources/EffectsLibrary/Extensions/UIImage+fromBundle.swift /Users/admin/builder/spi-builder-workspace/Sources/EffectsLibrary/FireEffect/FireView.swift /Users/admin/builder/spi-builder-workspace/Sources/EffectsLibrary/FireEffect/Model/FireConfig+DefaultValues.swift (in target 'EffectsLibrary' from project 'EffectsLibrary')
/Users/admin/builder/spi-builder-workspace/Sources/EffectsLibrary/Extensions/Color+CustomColors.swift:11:11: error: cannot find type 'UIColor' in scope
 9 | import SwiftUI
10 |
11 | extension UIColor {
   |           `- error: cannot find type 'UIColor' in scope
12 |
13 |     static public var fireRed: UIColor = UIColor(red: 78.0 / 255.0, green: 33.0 / 255.0, blue: 6.0 / 255.0, alpha: 1)
SwiftCompile normal arm64 /Users/admin/builder/spi-builder-workspace/Sources/EffectsLibrary/Extensions/Color+CustomColors.swift (in target 'EffectsLibrary' from project 'EffectsLibrary')
    cd /Users/admin/builder/spi-builder-workspace/.swiftpm/xcode
    builtin-SwiftPerFileCompile Color+CustomColors.swift
SwiftCompile normal arm64 /Users/admin/builder/spi-builder-workspace/Sources/EffectsLibrary/Extensions/String+ImageNames.swift (in target 'EffectsLibrary' from project 'EffectsLibrary')
    cd /Users/admin/builder/spi-builder-workspace/.swiftpm/xcode
    builtin-SwiftPerFileCompile String+ImageNames.swift
SwiftCompile normal arm64 /Users/admin/builder/spi-builder-workspace/Sources/EffectsLibrary/Extensions/UIImage+fromBundle.swift (in target 'EffectsLibrary' from project 'EffectsLibrary')
    cd /Users/admin/builder/spi-builder-workspace/.swiftpm/xcode
    builtin-SwiftPerFileCompile UIImage+fromBundle.swift
SwiftCompile normal arm64 /Users/admin/builder/spi-builder-workspace/Sources/EffectsLibrary/FireEffect/FireView.swift (in target 'EffectsLibrary' from project 'EffectsLibrary')
    cd /Users/admin/builder/spi-builder-workspace/.swiftpm/xcode
    builtin-SwiftPerFileCompile FireView.swift
SwiftCompile normal arm64 /Users/admin/builder/spi-builder-workspace/Sources/EffectsLibrary/FireEffect/Model/FireConfig+DefaultValues.swift (in target 'EffectsLibrary' from project 'EffectsLibrary')
    cd /Users/admin/builder/spi-builder-workspace/.swiftpm/xcode
    builtin-SwiftPerFileCompile FireConfig+DefaultValues.swift
SwiftCompile normal arm64 Compiling\ RainConfig.swift,\ RainView.swift,\ RainViewRepresentable.swift,\ SmokeConfig+DefaultValues.swift /Users/admin/builder/spi-builder-workspace/Sources/EffectsLibrary/RainEffect/Model/RainConfig.swift /Users/admin/builder/spi-builder-workspace/Sources/EffectsLibrary/RainEffect/RainView.swift /Users/admin/builder/spi-builder-workspace/Sources/EffectsLibrary/RainEffect/View/RainViewRepresentable.swift /Users/admin/builder/spi-builder-workspace/Sources/EffectsLibrary/SmokeEffect/Model/SmokeConfig+DefaultValues.swift (in target 'EffectsLibrary' from project 'EffectsLibrary')
/Users/admin/builder/spi-builder-workspace/Sources/EffectsLibrary/RainEffect/Model/RainConfig.swift:29:16: error: cannot find 'UIImage' in scope
27 |     // base config parameters
28 |     var content: [Content] = [
29 |         .image(UIImage.loadFromBundle(named: .raindrop), nil, 0.004)
   |                `- error: cannot find 'UIImage' in scope
30 |     ]
31 |     var backgroundColor: Color = .clear
/Users/admin/builder/spi-builder-workspace/Sources/EffectsLibrary/Model/Content.swift:21:16: error: cannot find type 'UIImage' in scope
 19 |
 20 |     case shape(Shape, UIColor?, CGFloat = 1)
 21 |     case image(UIImage, UIColor?, CGFloat = 1)
    |                `- error: cannot find type 'UIImage' in scope
 22 |     case emoji(Character, CGFloat = 1)
 23 | }
/Users/admin/builder/spi-builder-workspace/Sources/EffectsLibrary/Model/Content.swift:21:25: error: cannot find type 'UIColor' in scope
 19 |
 20 |     case shape(Shape, UIColor?, CGFloat = 1)
 21 |     case image(UIImage, UIColor?, CGFloat = 1)
    |                         `- error: cannot find type 'UIColor' in scope
 22 |     case emoji(Character, CGFloat = 1)
 23 | }
/Users/admin/builder/spi-builder-workspace/Sources/EffectsLibrary/Model/Content.swift:36:16: error: cannot find type 'UIImage' in scope
 34 |     }
 35 |
 36 |     var image: UIImage {
    |                `- error: cannot find type 'UIImage' in scope
 37 |         switch self {
 38 |         case let .image(image, _, _):
/Users/admin/builder/spi-builder-workspace/Sources/EffectsLibrary/RainEffect/Model/RainConfig.swift:49:20: error: cannot find 'UIImage' in scope
47 |     public init(
48 |         content: [Content] = [
49 |             .image(UIImage.loadFromBundle(named: .raindrop), nil, 0.004)
   |                    `- error: cannot find 'UIImage' in scope
50 |         ],
51 |         backgroundColor: Color = .clear,
/Users/admin/builder/spi-builder-workspace/Sources/EffectsLibrary/RainEffect/RainView.swift:20:13: error: generic struct 'GeometryReader' requires that 'RainViewRepresentable' conform to 'View'
18 |     public var body: some View {
19 |         GeometryReader { proxy in
20 |             RainViewRepresentable(proxy: proxy, config: config)
   |             `- error: generic struct 'GeometryReader' requires that 'RainViewRepresentable' conform to 'View'
21 |         }
22 |         .edgesIgnoringSafeArea(.all)
SwiftUI.GeometryReader:2:35: note: where 'Content' = 'RainViewRepresentable'
1 | @available(iOS 13.0, macOS 10.15, tvOS 13.0, watchOS 6.0, *)
2 | @frozen nonisolated public struct GeometryReader<Content> : View, ~Sendable where Content : View {
  |                                   `- note: where 'Content' = 'RainViewRepresentable'
3 |     public var content: (GeometryProxy) -> Content
4 |     @inlinable nonisolated public init(@ContentBuilder content: @escaping (GeometryProxy) -> Content)
/Users/admin/builder/spi-builder-workspace/Sources/EffectsLibrary/Model/EffectsViewRepresentable.swift:10:36: error: cannot find type 'UIViewRepresentable' in scope
 8 | import SwiftUI
 9 |
10 | protocol EffectsViewRepresentable: UIViewRepresentable {
   |                                    `- error: cannot find type 'UIViewRepresentable' in scope
11 |
12 |     associatedtype Config: EmitterLayerConfig
/Users/admin/builder/spi-builder-workspace/Sources/EffectsLibrary/Model/EffectsViewRepresentable.swift:20:26: error: cannot find type 'UIView' in scope
18 |     var viewRenderMode: CAEmitterLayerRenderMode { get }
19 |
20 |     func createView() -> UIView
   |                          `- error: cannot find type 'UIView' in scope
21 |     func createBaseView() -> UIView
22 |     func createBaseLayer() -> CAEmitterLayer
/Users/admin/builder/spi-builder-workspace/Sources/EffectsLibrary/Model/EffectsViewRepresentable.swift:21:30: error: cannot find type 'UIView' in scope
19 |
20 |     func createView() -> UIView
21 |     func createBaseView() -> UIView
   |                              `- error: cannot find type 'UIView' in scope
22 |     func createBaseLayer() -> CAEmitterLayer
23 |
SwiftCompile normal arm64 /Users/admin/builder/spi-builder-workspace/Sources/EffectsLibrary/RainEffect/Model/RainConfig.swift (in target 'EffectsLibrary' from project 'EffectsLibrary')
    cd /Users/admin/builder/spi-builder-workspace/.swiftpm/xcode
    builtin-SwiftPerFileCompile RainConfig.swift
SwiftCompile normal arm64 /Users/admin/builder/spi-builder-workspace/Sources/EffectsLibrary/RainEffect/RainView.swift (in target 'EffectsLibrary' from project 'EffectsLibrary')
    cd /Users/admin/builder/spi-builder-workspace/.swiftpm/xcode
    builtin-SwiftPerFileCompile RainView.swift
SwiftCompile normal arm64 /Users/admin/builder/spi-builder-workspace/Sources/EffectsLibrary/RainEffect/View/RainViewRepresentable.swift (in target 'EffectsLibrary' from project 'EffectsLibrary')
    cd /Users/admin/builder/spi-builder-workspace/.swiftpm/xcode
    builtin-SwiftPerFileCompile RainViewRepresentable.swift
SwiftCompile normal arm64 /Users/admin/builder/spi-builder-workspace/Sources/EffectsLibrary/SmokeEffect/Model/SmokeConfig+DefaultValues.swift (in target 'EffectsLibrary' from project 'EffectsLibrary')
    cd /Users/admin/builder/spi-builder-workspace/.swiftpm/xcode
    builtin-SwiftPerFileCompile SmokeConfig+DefaultValues.swift
SwiftCompile normal arm64 Compiling\ EmitterPosition.swift,\ FadeOut.swift,\ FallDirection.swift,\ InitialVelocity.swift /Users/admin/builder/spi-builder-workspace/Sources/EffectsLibrary/Model/EmitterPosition.swift /Users/admin/builder/spi-builder-workspace/Sources/EffectsLibrary/Model/FadeOut.swift /Users/admin/builder/spi-builder-workspace/Sources/EffectsLibrary/Model/FallDirection.swift /Users/admin/builder/spi-builder-workspace/Sources/EffectsLibrary/Model/InitialVelocity.swift (in target 'EffectsLibrary' from project 'EffectsLibrary')
SwiftCompile normal arm64 /Users/admin/builder/spi-builder-workspace/Sources/EffectsLibrary/Model/EmitterPosition.swift (in target 'EffectsLibrary' from project 'EffectsLibrary')
    cd /Users/admin/builder/spi-builder-workspace/.swiftpm/xcode
    builtin-SwiftPerFileCompile EmitterPosition.swift
SwiftCompile normal arm64 /Users/admin/builder/spi-builder-workspace/Sources/EffectsLibrary/Model/FadeOut.swift (in target 'EffectsLibrary' from project 'EffectsLibrary')
    cd /Users/admin/builder/spi-builder-workspace/.swiftpm/xcode
    builtin-SwiftPerFileCompile FadeOut.swift
SwiftCompile normal arm64 /Users/admin/builder/spi-builder-workspace/Sources/EffectsLibrary/Model/FallDirection.swift (in target 'EffectsLibrary' from project 'EffectsLibrary')
    cd /Users/admin/builder/spi-builder-workspace/.swiftpm/xcode
    builtin-SwiftPerFileCompile FallDirection.swift
SwiftCompile normal arm64 /Users/admin/builder/spi-builder-workspace/Sources/EffectsLibrary/Model/InitialVelocity.swift (in target 'EffectsLibrary' from project 'EffectsLibrary')
    cd /Users/admin/builder/spi-builder-workspace/.swiftpm/xcode
    builtin-SwiftPerFileCompile InitialVelocity.swift
SwiftCompile normal arm64 Compiling\ FireworksConfig+DefaultValues.swift,\ FireworksConfig.swift,\ FireworksContainerView.swift,\ FireworksScene.swift /Users/admin/builder/spi-builder-workspace/Sources/EffectsLibrary/FireworksEffect/Model/FireworksConfig+DefaultValues.swift /Users/admin/builder/spi-builder-workspace/Sources/EffectsLibrary/FireworksEffect/Model/FireworksConfig.swift /Users/admin/builder/spi-builder-workspace/Sources/EffectsLibrary/FireworksEffect/View/FireworksContainerView.swift /Users/admin/builder/spi-builder-workspace/Sources/EffectsLibrary/FireworksEffect/View/FireworksScene.swift (in target 'EffectsLibrary' from project 'EffectsLibrary')
SwiftCompile normal arm64 /Users/admin/builder/spi-builder-workspace/Sources/EffectsLibrary/FireworksEffect/Model/FireworksConfig+DefaultValues.swift (in target 'EffectsLibrary' from project 'EffectsLibrary')
    cd /Users/admin/builder/spi-builder-workspace/.swiftpm/xcode
    builtin-SwiftPerFileCompile FireworksConfig+DefaultValues.swift
SwiftCompile normal arm64 /Users/admin/builder/spi-builder-workspace/Sources/EffectsLibrary/FireworksEffect/Model/FireworksConfig.swift (in target 'EffectsLibrary' from project 'EffectsLibrary')
    cd /Users/admin/builder/spi-builder-workspace/.swiftpm/xcode
    builtin-SwiftPerFileCompile FireworksConfig.swift
SwiftCompile normal arm64 /Users/admin/builder/spi-builder-workspace/Sources/EffectsLibrary/FireworksEffect/View/FireworksContainerView.swift (in target 'EffectsLibrary' from project 'EffectsLibrary')
    cd /Users/admin/builder/spi-builder-workspace/.swiftpm/xcode
    builtin-SwiftPerFileCompile FireworksContainerView.swift
SwiftCompile normal arm64 /Users/admin/builder/spi-builder-workspace/Sources/EffectsLibrary/FireworksEffect/View/FireworksScene.swift (in target 'EffectsLibrary' from project 'EffectsLibrary')
    cd /Users/admin/builder/spi-builder-workspace/.swiftpm/xcode
    builtin-SwiftPerFileCompile FireworksScene.swift
/Users/admin/builder/spi-builder-workspace/Sources/EffectsLibrary/FireworksEffect/Model/FireworksConfig.swift:24:16: error: cannot find 'UIImage' in scope
22 | public struct FireworksConfig: BaseConfig {
23 |     var content: [Content] = [
24 |         .image(UIImage.loadFromBundle(named: .spark), nil, 1)
   |                `- error: cannot find 'UIImage' in scope
25 |     ]
26 |     var backgroundColor: Color = .clear
/Users/admin/builder/spi-builder-workspace/Sources/EffectsLibrary/Model/Content.swift:21:16: error: cannot find type 'UIImage' in scope
 19 |
 20 |     case shape(Shape, UIColor?, CGFloat = 1)
 21 |     case image(UIImage, UIColor?, CGFloat = 1)
    |                `- error: cannot find type 'UIImage' in scope
 22 |     case emoji(Character, CGFloat = 1)
 23 | }
/Users/admin/builder/spi-builder-workspace/Sources/EffectsLibrary/Model/Content.swift:21:25: error: cannot find type 'UIColor' in scope
 19 |
 20 |     case shape(Shape, UIColor?, CGFloat = 1)
 21 |     case image(UIImage, UIColor?, CGFloat = 1)
    |                         `- error: cannot find type 'UIColor' in scope
 22 |     case emoji(Character, CGFloat = 1)
 23 | }
/Users/admin/builder/spi-builder-workspace/Sources/EffectsLibrary/Model/Content.swift:36:16: error: cannot find type 'UIImage' in scope
 34 |     }
 35 |
 36 |     var image: UIImage {
    |                `- error: cannot find type 'UIImage' in scope
 37 |         switch self {
 38 |         case let .image(image, _, _):
/Users/admin/builder/spi-builder-workspace/Sources/EffectsLibrary/FireworksEffect/Model/FireworksConfig.swift:39:20: error: cannot find 'UIImage' in scope
37 |     public init(
38 |         content: [Content] = [
39 |             .image(UIImage.loadFromBundle(named: .spark), nil, 1)
   |                    `- error: cannot find 'UIImage' in scope
40 |         ],
41 |         backgroundColor: Color = .clear,
/Users/admin/builder/spi-builder-workspace/Sources/EffectsLibrary/FireworksEffect/View/FireworksScene.swift:18:27: error: cannot find 'UIColor' in scope
 16 |         super.init(size: size)
 17 |
 18 |         backgroundColor = UIColor(config.backgroundColor)
    |                           `- error: cannot find 'UIColor' in scope
 19 |     }
 20 |
SwiftCompile normal arm64 Compiling\ Intensity.swift,\ Lifetime.swift,\ SpreadRadius.swift,\ RainConfig+DefaultValues.swift /Users/admin/builder/spi-builder-workspace/Sources/EffectsLibrary/Model/Intensity.swift /Users/admin/builder/spi-builder-workspace/Sources/EffectsLibrary/Model/Lifetime.swift /Users/admin/builder/spi-builder-workspace/Sources/EffectsLibrary/Model/SpreadRadius.swift /Users/admin/builder/spi-builder-workspace/Sources/EffectsLibrary/RainEffect/Model/RainConfig+DefaultValues.swift (in target 'EffectsLibrary' from project 'EffectsLibrary')
/Users/admin/builder/spi-builder-workspace/Sources/EffectsLibrary/Model/Content.swift:20:23: error: cannot find type 'UIColor' in scope
 18 |     }
 19 |
 20 |     case shape(Shape, UIColor?, CGFloat = 1)
    |                       `- error: cannot find type 'UIColor' in scope
 21 |     case image(UIImage, UIColor?, CGFloat = 1)
 22 |     case emoji(Character, CGFloat = 1)
/Users/admin/builder/spi-builder-workspace/Sources/EffectsLibrary/Model/Content.swift:21:16: error: cannot find type 'UIImage' in scope
 19 |
 20 |     case shape(Shape, UIColor?, CGFloat = 1)
 21 |     case image(UIImage, UIColor?, CGFloat = 1)
    |                `- error: cannot find type 'UIImage' in scope
 22 |     case emoji(Character, CGFloat = 1)
 23 | }
SwiftCompile normal arm64 /Users/admin/builder/spi-builder-workspace/Sources/EffectsLibrary/Model/Intensity.swift (in target 'EffectsLibrary' from project 'EffectsLibrary')
    cd /Users/admin/builder/spi-builder-workspace/.swiftpm/xcode
    builtin-SwiftPerFileCompile Intensity.swift
SwiftCompile normal arm64 /Users/admin/builder/spi-builder-workspace/Sources/EffectsLibrary/Model/Lifetime.swift (in target 'EffectsLibrary' from project 'EffectsLibrary')
    cd /Users/admin/builder/spi-builder-workspace/.swiftpm/xcode
    builtin-SwiftPerFileCompile Lifetime.swift
SwiftCompile normal arm64 /Users/admin/builder/spi-builder-workspace/Sources/EffectsLibrary/Model/SpreadRadius.swift (in target 'EffectsLibrary' from project 'EffectsLibrary')
    cd /Users/admin/builder/spi-builder-workspace/.swiftpm/xcode
    builtin-SwiftPerFileCompile SpreadRadius.swift
SwiftCompile normal arm64 /Users/admin/builder/spi-builder-workspace/Sources/EffectsLibrary/RainEffect/Model/RainConfig+DefaultValues.swift (in target 'EffectsLibrary' from project 'EffectsLibrary')
    cd /Users/admin/builder/spi-builder-workspace/.swiftpm/xcode
    builtin-SwiftPerFileCompile RainConfig+DefaultValues.swift
SwiftCompile normal arm64 Compiling\ SnowConfig+DefaultValues.swift,\ SnowConfig.swift,\ SnowView.swift,\ SnowViewRepresentable.swift /Users/admin/builder/spi-builder-workspace/Sources/EffectsLibrary/SnowEffect/Model/SnowConfig+DefaultValues.swift /Users/admin/builder/spi-builder-workspace/Sources/EffectsLibrary/SnowEffect/Model/SnowConfig.swift /Users/admin/builder/spi-builder-workspace/Sources/EffectsLibrary/SnowEffect/SnowView.swift /Users/admin/builder/spi-builder-workspace/Sources/EffectsLibrary/SnowEffect/View/SnowViewRepresentable.swift (in target 'EffectsLibrary' from project 'EffectsLibrary')
SwiftCompile normal arm64 /Users/admin/builder/spi-builder-workspace/Sources/EffectsLibrary/SnowEffect/Model/SnowConfig+DefaultValues.swift (in target 'EffectsLibrary' from project 'EffectsLibrary')
    cd /Users/admin/builder/spi-builder-workspace/.swiftpm/xcode
    builtin-SwiftPerFileCompile SnowConfig+DefaultValues.swift
SwiftCompile normal arm64 /Users/admin/builder/spi-builder-workspace/Sources/EffectsLibrary/SnowEffect/Model/SnowConfig.swift (in target 'EffectsLibrary' from project 'EffectsLibrary')
    cd /Users/admin/builder/spi-builder-workspace/.swiftpm/xcode
    builtin-SwiftPerFileCompile SnowConfig.swift
SwiftCompile normal arm64 /Users/admin/builder/spi-builder-workspace/Sources/EffectsLibrary/SnowEffect/SnowView.swift (in target 'EffectsLibrary' from project 'EffectsLibrary')
    cd /Users/admin/builder/spi-builder-workspace/.swiftpm/xcode
    builtin-SwiftPerFileCompile SnowView.swift
SwiftCompile normal arm64 /Users/admin/builder/spi-builder-workspace/Sources/EffectsLibrary/SnowEffect/View/SnowViewRepresentable.swift (in target 'EffectsLibrary' from project 'EffectsLibrary')
    cd /Users/admin/builder/spi-builder-workspace/.swiftpm/xcode
    builtin-SwiftPerFileCompile SnowViewRepresentable.swift
PruneExplicitPrecompiledModules /Users/admin/builder/spi-builder-workspace/.derivedData/Build/Intermediates.noindex/SwiftExplicitPrecompiledModules
PruneExplicitPrecompiledModules /Users/admin/builder/spi-builder-workspace/.derivedData/SDKExplicitPrecompiledModules
PruneExplicitPrecompiledModules /Users/admin/builder/spi-builder-workspace/.derivedData/Build/Intermediates.noindex/ExplicitPrecompiledModules
2026-09-18 06:13:07.576 xcodebuild[737:4707] [MT] IDERunDestination: Supported platforms for the buildables in the current scheme is empty.
--- xcodebuild: WARNING: Using the first of multiple matching destinations:
{ platform:macOS, arch:arm64, id:f4fa24f2c591a268b6e66f0d181798ba9e3ea70e, name:My Mac }
{ platform:macOS, arch:arm64, variant:Mac Catalyst, id:f4fa24f2c591a268b6e66f0d181798ba9e3ea70e, name:My Mac }
{ platform:macOS, arch:arm64, variant:DriverKit, id:f4fa24f2c591a268b6e66f0d181798ba9e3ea70e, name:My Mac }
{ platform:macOS, arch:arm64, variant:Designed for [iPad,iPhone], id:f4fa24f2c591a268b6e66f0d181798ba9e3ea70e, name:My Mac }
** BUILD FAILED **
The following build commands failed:
	SwiftCompile normal arm64 (in target 'EffectsLibrary' from project 'EffectsLibrary')
	SwiftEmitModule normal arm64 Emitting\ module\ for\ EffectsLibrary (in target 'EffectsLibrary' from project 'EffectsLibrary')
	Building workspace EffectsLibrary with scheme EffectsLibrary
(3 failures)
Command line invocation:
    /Applications/Xcode-27.0.0-Release.Candidate.app/Contents/Developer/usr/bin/xcodebuild -IDEClonedSourcePackagesDirPathOverride=/Users/admin/builder/spi-builder-workspace/.dependencies -resolvePackageDependencies
Resolve Package Graph
Resolved source packages:
  EffectsLibrary: /Users/admin/builder/spi-builder-workspace
resolved source packages: EffectsLibrary
2026-09-18 06:13:17.636 xcodebuild[833:5142] [MT] IDERunDestination: Supported platforms for the buildables in the current scheme is empty.
{
  "dependencies" : [
  ],
  "manifest_display_name" : "EffectsLibrary",
  "name" : "EffectsLibrary",
  "path" : "/Users/admin/builder/spi-builder-workspace",
  "platforms" : [
    {
      "name" : "ios",
      "version" : "14.0"
    }
  ],
  "products" : [
    {
      "name" : "EffectsLibrary",
      "targets" : [
        "EffectsLibrary"
      ],
      "type" : {
        "library" : [
          "automatic"
        ]
      }
    }
  ],
  "targets" : [
    {
      "c99name" : "EffectsLibrary",
      "module_type" : "SwiftTarget",
      "name" : "EffectsLibrary",
      "path" : "Sources/EffectsLibrary",
      "product_memberships" : [
        "EffectsLibrary"
      ],
      "resources" : [
        {
          "path" : "/Users/admin/builder/spi-builder-workspace/Sources/EffectsLibrary/Resources/raindrop.png",
          "rule" : {
            "process" : {
            }
          }
        },
        {
          "path" : "/Users/admin/builder/spi-builder-workspace/Sources/EffectsLibrary/Resources/snow.png",
          "rule" : {
            "process" : {
            }
          }
        },
        {
          "path" : "/Users/admin/builder/spi-builder-workspace/Sources/EffectsLibrary/Resources/spark.png",
          "rule" : {
            "process" : {
            }
          }
        }
      ],
      "sources" : [
        "ConfettiEffect/ConfettiView.swift",
        "ConfettiEffect/Model/ConfettiConfig+DefaultValues.swift",
        "ConfettiEffect/Model/ConfettiConfig.swift",
        "ConfettiEffect/View/ConfettiViewRepresentable.swift",
        "Extensions/Color+CustomColors.swift",
        "Extensions/String+ImageNames.swift",
        "Extensions/UIImage+fromBundle.swift",
        "FireEffect/FireView.swift",
        "FireEffect/Model/FireConfig+DefaultValues.swift",
        "FireEffect/Model/FireConfig.swift",
        "FireEffect/View/FireContainerView.swift",
        "FireEffect/View/FireScene.swift",
        "FireworksEffect/FireworksView.swift",
        "FireworksEffect/Model/FireworksConfig+DefaultValues.swift",
        "FireworksEffect/Model/FireworksConfig.swift",
        "FireworksEffect/View/FireworksContainerView.swift",
        "FireworksEffect/View/FireworksScene.swift",
        "Model/BaseConfig.swift",
        "Model/Content.swift",
        "Model/EffectsViewRepresentable.swift",
        "Model/EmitterLayerConfig.swift",
        "Model/EmitterPosition.swift",
        "Model/FadeOut.swift",
        "Model/FallDirection.swift",
        "Model/InitialVelocity.swift",
        "Model/Intensity.swift",
        "Model/Lifetime.swift",
        "Model/SpreadRadius.swift",
        "RainEffect/Model/RainConfig+DefaultValues.swift",
        "RainEffect/Model/RainConfig.swift",
        "RainEffect/RainView.swift",
        "RainEffect/View/RainViewRepresentable.swift",
        "SmokeEffect/Model/SmokeConfig+DefaultValues.swift",
        "SmokeEffect/Model/SmokeConfig.swift",
        "SmokeEffect/SmokeView.swift",
        "SmokeEffect/View/SmokeContainerView.swift",
        "SmokeEffect/View/SmokeScene.swift",
        "SnowEffect/Model/SnowConfig+DefaultValues.swift",
        "SnowEffect/Model/SnowConfig.swift",
        "SnowEffect/SnowView.swift",
        "SnowEffect/View/SnowViewRepresentable.swift"
      ],
      "type" : "library"
    }
  ],
  "tools_version" : "5.5"
}
{
  "workspace" : {
    "name" : "EffectsLibrary",
    "schemes" : [
      "EffectsLibrary"
    ]
  }
}
2026-09-18 06:13:20.025 xcodebuild[841:5209] [MT] IDERunDestination: Supported platforms for the buildables in the current scheme is empty.
Running build ...
env DEVELOPER_DIR=/Applications/Xcode-27.0.0-Release.Candidate.app xcrun xcodebuild -IDEClonedSourcePackagesDirPathOverride=$PWD/.dependencies -skipMacroValidation -skipPackagePluginValidation -derivedDataPath $PWD/.derivedData build -scheme EffectsLibrary -destination platform=macOS,arch=arm64
Command line invocation:
    /Applications/Xcode-27.0.0-Release.Candidate.app/Contents/Developer/usr/bin/xcodebuild -IDEClonedSourcePackagesDirPathOverride=/Users/admin/builder/spi-builder-workspace/.dependencies -skipMacroValidation -skipPackagePluginValidation -derivedDataPath /Users/admin/builder/spi-builder-workspace/.derivedData build -scheme EffectsLibrary -destination platform=macOS,arch=arm64
Resolve Package Graph
Resolved source packages:
  EffectsLibrary: /Users/admin/builder/spi-builder-workspace
ComputePackagePrebuildTargetDependencyGraph
Prepare packages
CreateBuildRequest
SendProjectDescription
CreateBuildOperation
ComputeTargetDependencyGraph
note: Building targets in dependency order
note: Target dependency graph (3 targets)
    Target 'EffectsLibrary-product' in project 'EffectsLibrary'
        ➜ Explicit dependency on target 'EffectsLibrary' in project 'EffectsLibrary'
        ➜ Explicit dependency on target 'EffectsLibrary_EffectsLibrary' in project 'EffectsLibrary'
    Target 'EffectsLibrary' in project 'EffectsLibrary'
        ➜ Explicit dependency on target 'EffectsLibrary_EffectsLibrary' in project 'EffectsLibrary'
    Target 'EffectsLibrary_EffectsLibrary' in project 'EffectsLibrary' (no dependencies)
GatherProvisioningInputs
CreateBuildDescription
ClangStatCache /Applications/Xcode-27.0.0-Release.Candidate.app/Contents/Developer/Toolchains/XcodeDefault.xctoolchain/usr/bin/clang-stat-cache /Applications/Xcode-27.0.0-Release.Candidate.app/Contents/Developer/Platforms/MacOSX.platform/Developer/SDKs/MacOSX27.0.sdk /Users/admin/builder/spi-builder-workspace/.derivedData/SDKStatCaches.noindex/macosx27.0-26A425-e829b21a6f8c9b70876ba0858053c0446a22442a12e9d48fe1a705f55a1adfc4.sdkstatcache
    cd /Users/admin/builder/spi-builder-workspace/.swiftpm/xcode
    /Applications/Xcode-27.0.0-Release.Candidate.app/Contents/Developer/Toolchains/XcodeDefault.xctoolchain/usr/bin/clang-stat-cache /Applications/Xcode-27.0.0-Release.Candidate.app/Contents/Developer/Platforms/MacOSX.platform/Developer/SDKs/MacOSX27.0.sdk -o /Users/admin/builder/spi-builder-workspace/.derivedData/SDKStatCaches.noindex/macosx27.0-26A425-e829b21a6f8c9b70876ba0858053c0446a22442a12e9d48fe1a705f55a1adfc4.sdkstatcache
SwiftDriver EffectsLibrary normal arm64 com.apple.xcode.tools.swift.compiler (in target 'EffectsLibrary' from project 'EffectsLibrary')
    cd /Users/admin/builder/spi-builder-workspace/.swiftpm/xcode
    builtin-SwiftDriver -- /Applications/Xcode-27.0.0-Release.Candidate.app/Contents/Developer/Toolchains/XcodeDefault.xctoolchain/usr/bin/swiftc -parse-as-library -module-name EffectsLibrary -Onone @/Users/admin/builder/spi-builder-workspace/.derivedData/Build/Intermediates.noindex/EffectsLibrary.build/Debug/EffectsLibrary-t.build/Objects-normal/arm64/EffectsLibrary.SwiftFileList -DSWIFT_PACKAGE -DDEBUG -DSWIFT_MODULE_RESOURCE_BUNDLE_AVAILABLE -DXcode -plugin-path /Applications/Xcode-27.0.0-Release.Candidate.app/Contents/Developer/Toolchains/XcodeDefault.xctoolchain/usr/lib/swift/host/plugins/testing -enable-experimental-feature DebugDescriptionMacro -sdk /Applications/Xcode-27.0.0-Release.Candidate.app/Contents/Developer/Platforms/MacOSX.platform/Developer/SDKs/MacOSX27.0.sdk -target arm64-apple-macos12.0 -g -module-cache-path /Users/admin/builder/spi-builder-workspace/.derivedData/ModuleCache.noindex -Xfrontend -serialize-debugging-options -enable-testing -index-store-path /Users/admin/builder/spi-builder-workspace/.derivedData/Index.noindex/DataStore -Xcc -D_LIBCPP_HARDENING_MODE\=_LIBCPP_HARDENING_MODE_DEBUG -swift-version 5 -I /Users/admin/builder/spi-builder-workspace/.derivedData/Build/Products/Debug -Isystem /Applications/Xcode-27.0.0-Release.Candidate.app/Contents/Developer/Platforms/MacOSX.platform/Developer/usr/lib -F /Users/admin/builder/spi-builder-workspace/.derivedData/Build/Products/Debug -F /Applications/Xcode-27.0.0-Release.Candidate.app/Contents/Developer/Platforms/MacOSX.platform/Developer/Library/Frameworks -c -j10 -enable-batch-mode -incremental -Xcc -ivfsstatcache -Xcc /Users/admin/builder/spi-builder-workspace/.derivedData/SDKStatCaches.noindex/macosx27.0-26A425-e829b21a6f8c9b70876ba0858053c0446a22442a12e9d48fe1a705f55a1adfc4.sdkstatcache -output-file-map /Users/admin/builder/spi-builder-workspace/.derivedData/Build/Intermediates.noindex/EffectsLibrary.build/Debug/EffectsLibrary-t.build/Objects-normal/arm64/EffectsLibrary-OutputFileMap.json -save-temps -no-color-diagnostics -explicit-module-build -module-cache-path /Users/admin/builder/spi-builder-workspace/.derivedData/Build/Intermediates.noindex/SwiftExplicitPrecompiledModules -clang-scanner-module-cache-path /Users/admin/builder/spi-builder-workspace/.derivedData/ModuleCache.noindex -sdk-module-cache-path /Users/admin/builder/spi-builder-workspace/.derivedData/SDKExplicitPrecompiledModules -emit-dependencies -emit-module -emit-module-path /Users/admin/builder/spi-builder-workspace/.derivedData/Build/Intermediates.noindex/EffectsLibrary.build/Debug/EffectsLibrary-t.build/Objects-normal/arm64/EffectsLibrary.swiftmodule -serialize-diagnostics -dependency-scan-serialize-diagnostics-path /Users/admin/builder/spi-builder-workspace/.derivedData/Build/Intermediates.noindex/EffectsLibrary.build/Debug/EffectsLibrary-t.build/Objects-normal/arm64/EffectsLibrary-dependency-scan.dia -validate-clang-modules-once -clang-build-session-file /Users/admin/builder/spi-builder-workspace/.derivedData/ModuleCache.noindex/Session.modulevalidation -Xcc -fmodules-prune-interval\=86400 -Xcc -fmodules-prune-after\=345600 -emit-const-values -const-gather-protocols-list /Users/admin/builder/spi-builder-workspace/.derivedData/Build/Intermediates.noindex/EffectsLibrary.build/Debug/EffectsLibrary-t.build/Objects-normal/arm64/EffectsLibrary_const_extract_protocols.json -Xcc -I/Users/admin/builder/spi-builder-workspace/.derivedData/Build/Products/Debug/include -Xcc -I/Users/admin/builder/spi-builder-workspace/.derivedData/Build/Intermediates.noindex/EffectsLibrary.build/Debug/EffectsLibrary-t.build/DerivedSources-normal/arm64 -Xcc -I/Users/admin/builder/spi-builder-workspace/.derivedData/Build/Intermediates.noindex/EffectsLibrary.build/Debug/EffectsLibrary-t.build/DerivedSources/arm64 -Xcc -I/Users/admin/builder/spi-builder-workspace/.derivedData/Build/Intermediates.noindex/EffectsLibrary.build/Debug/EffectsLibrary-t.build/DerivedSources -Xcc -DSWIFT_PACKAGE -Xcc -DDEBUG\=1 -emit-objc-header -emit-objc-header-path /Users/admin/builder/spi-builder-workspace/.derivedData/Build/Intermediates.noindex/EffectsLibrary.build/Debug/EffectsLibrary-t.build/Objects-normal/arm64/EffectsLibrary-Swift.h -working-directory /Users/admin/builder/spi-builder-workspace/.swiftpm/xcode -experimental-emit-module-separately -disable-cmo
SwiftCompile normal arm64 Compiling\ FireConfig.swift,\ FireContainerView.swift,\ FireScene.swift,\ FireworksView.swift /Users/admin/builder/spi-builder-workspace/Sources/EffectsLibrary/FireEffect/Model/FireConfig.swift /Users/admin/builder/spi-builder-workspace/Sources/EffectsLibrary/FireEffect/View/FireContainerView.swift /Users/admin/builder/spi-builder-workspace/Sources/EffectsLibrary/FireEffect/View/FireScene.swift /Users/admin/builder/spi-builder-workspace/Sources/EffectsLibrary/FireworksEffect/FireworksView.swift (in target 'EffectsLibrary' from project 'EffectsLibrary')
SwiftCompile normal arm64 /Users/admin/builder/spi-builder-workspace/Sources/EffectsLibrary/FireEffect/Model/FireConfig.swift (in target 'EffectsLibrary' from project 'EffectsLibrary')
    cd /Users/admin/builder/spi-builder-workspace/.swiftpm/xcode
    builtin-SwiftPerFileCompile FireConfig.swift
SwiftCompile normal arm64 /Users/admin/builder/spi-builder-workspace/Sources/EffectsLibrary/FireEffect/View/FireContainerView.swift (in target 'EffectsLibrary' from project 'EffectsLibrary')
    cd /Users/admin/builder/spi-builder-workspace/.swiftpm/xcode
    builtin-SwiftPerFileCompile FireContainerView.swift
SwiftCompile normal arm64 /Users/admin/builder/spi-builder-workspace/Sources/EffectsLibrary/FireEffect/View/FireScene.swift (in target 'EffectsLibrary' from project 'EffectsLibrary')
    cd /Users/admin/builder/spi-builder-workspace/.swiftpm/xcode
    builtin-SwiftPerFileCompile FireScene.swift
SwiftCompile normal arm64 /Users/admin/builder/spi-builder-workspace/Sources/EffectsLibrary/FireworksEffect/FireworksView.swift (in target 'EffectsLibrary' from project 'EffectsLibrary')
    cd /Users/admin/builder/spi-builder-workspace/.swiftpm/xcode
    builtin-SwiftPerFileCompile FireworksView.swift
/Users/admin/builder/spi-builder-workspace/Sources/EffectsLibrary/FireEffect/Model/FireConfig.swift:24:16: error: cannot find 'UIImage' in scope
22 | public struct FireConfig: BaseConfig {
23 |     var content: [Content] = [
24 |         .image(UIImage.loadFromBundle(named: .spark), .fireRed, 1)
   |                `- error: cannot find 'UIImage' in scope
25 |     ]
26 |     var backgroundColor: Color = .clear
/Users/admin/builder/spi-builder-workspace/Sources/EffectsLibrary/Model/Content.swift:21:16: error: cannot find type 'UIImage' in scope
 19 |
 20 |     case shape(Shape, UIColor?, CGFloat = 1)
 21 |     case image(UIImage, UIColor?, CGFloat = 1)
    |                `- error: cannot find type 'UIImage' in scope
 22 |     case emoji(Character, CGFloat = 1)
 23 | }
/Users/admin/builder/spi-builder-workspace/Sources/EffectsLibrary/Model/Content.swift:21:25: error: cannot find type 'UIColor' in scope
 19 |
 20 |     case shape(Shape, UIColor?, CGFloat = 1)
 21 |     case image(UIImage, UIColor?, CGFloat = 1)
    |                         `- error: cannot find type 'UIColor' in scope
 22 |     case emoji(Character, CGFloat = 1)
 23 | }
/Users/admin/builder/spi-builder-workspace/Sources/EffectsLibrary/Model/Content.swift:36:16: error: cannot find type 'UIImage' in scope
 34 |     }
 35 |
 36 |     var image: UIImage {
    |                `- error: cannot find type 'UIImage' in scope
 37 |         switch self {
 38 |         case let .image(image, _, _):
/Users/admin/builder/spi-builder-workspace/Sources/EffectsLibrary/FireEffect/Model/FireConfig.swift:39:20: error: cannot find 'UIImage' in scope
37 |     public init(
38 |         content: [Content] = [
39 |             .image(UIImage.loadFromBundle(named: .spark), .fireRed, 0.5)
   |                    `- error: cannot find 'UIImage' in scope
40 |         ],
41 |         backgroundColor: Color = .clear,
/Users/admin/builder/spi-builder-workspace/Sources/EffectsLibrary/FireEffect/View/FireScene.swift:18:27: error: cannot find 'UIColor' in scope
16 |         super.init(size: size)
17 |
18 |         backgroundColor = UIColor(config.backgroundColor)
   |                           `- error: cannot find 'UIColor' in scope
19 |     }
20 |
SwiftCompile normal arm64 Compiling\ FireworksConfig+DefaultValues.swift,\ FireworksConfig.swift,\ FireworksContainerView.swift,\ FireworksScene.swift /Users/admin/builder/spi-builder-workspace/Sources/EffectsLibrary/FireworksEffect/Model/FireworksConfig+DefaultValues.swift /Users/admin/builder/spi-builder-workspace/Sources/EffectsLibrary/FireworksEffect/Model/FireworksConfig.swift /Users/admin/builder/spi-builder-workspace/Sources/EffectsLibrary/FireworksEffect/View/FireworksContainerView.swift /Users/admin/builder/spi-builder-workspace/Sources/EffectsLibrary/FireworksEffect/View/FireworksScene.swift (in target 'EffectsLibrary' from project 'EffectsLibrary')
SwiftCompile normal arm64 /Users/admin/builder/spi-builder-workspace/Sources/EffectsLibrary/FireworksEffect/Model/FireworksConfig+DefaultValues.swift (in target 'EffectsLibrary' from project 'EffectsLibrary')
    cd /Users/admin/builder/spi-builder-workspace/.swiftpm/xcode
    builtin-SwiftPerFileCompile FireworksConfig+DefaultValues.swift
SwiftCompile normal arm64 /Users/admin/builder/spi-builder-workspace/Sources/EffectsLibrary/FireworksEffect/Model/FireworksConfig.swift (in target 'EffectsLibrary' from project 'EffectsLibrary')
    cd /Users/admin/builder/spi-builder-workspace/.swiftpm/xcode
    builtin-SwiftPerFileCompile FireworksConfig.swift
SwiftCompile normal arm64 /Users/admin/builder/spi-builder-workspace/Sources/EffectsLibrary/FireworksEffect/View/FireworksContainerView.swift (in target 'EffectsLibrary' from project 'EffectsLibrary')
    cd /Users/admin/builder/spi-builder-workspace/.swiftpm/xcode
    builtin-SwiftPerFileCompile FireworksContainerView.swift
SwiftCompile normal arm64 /Users/admin/builder/spi-builder-workspace/Sources/EffectsLibrary/FireworksEffect/View/FireworksScene.swift (in target 'EffectsLibrary' from project 'EffectsLibrary')
    cd /Users/admin/builder/spi-builder-workspace/.swiftpm/xcode
    builtin-SwiftPerFileCompile FireworksScene.swift
/Users/admin/builder/spi-builder-workspace/Sources/EffectsLibrary/FireworksEffect/Model/FireworksConfig.swift:24:16: error: cannot find 'UIImage' in scope
22 | public struct FireworksConfig: BaseConfig {
23 |     var content: [Content] = [
24 |         .image(UIImage.loadFromBundle(named: .spark), nil, 1)
   |                `- error: cannot find 'UIImage' in scope
25 |     ]
26 |     var backgroundColor: Color = .clear
/Users/admin/builder/spi-builder-workspace/Sources/EffectsLibrary/Model/Content.swift:21:16: error: cannot find type 'UIImage' in scope
 19 |
 20 |     case shape(Shape, UIColor?, CGFloat = 1)
 21 |     case image(UIImage, UIColor?, CGFloat = 1)
    |                `- error: cannot find type 'UIImage' in scope
 22 |     case emoji(Character, CGFloat = 1)
 23 | }
/Users/admin/builder/spi-builder-workspace/Sources/EffectsLibrary/Model/Content.swift:21:25: error: cannot find type 'UIColor' in scope
 19 |
 20 |     case shape(Shape, UIColor?, CGFloat = 1)
 21 |     case image(UIImage, UIColor?, CGFloat = 1)
    |                         `- error: cannot find type 'UIColor' in scope
 22 |     case emoji(Character, CGFloat = 1)
 23 | }
/Users/admin/builder/spi-builder-workspace/Sources/EffectsLibrary/Model/Content.swift:36:16: error: cannot find type 'UIImage' in scope
 34 |     }
 35 |
 36 |     var image: UIImage {
    |                `- error: cannot find type 'UIImage' in scope
 37 |         switch self {
 38 |         case let .image(image, _, _):
/Users/admin/builder/spi-builder-workspace/Sources/EffectsLibrary/FireworksEffect/Model/FireworksConfig.swift:39:20: error: cannot find 'UIImage' in scope
37 |     public init(
38 |         content: [Content] = [
39 |             .image(UIImage.loadFromBundle(named: .spark), nil, 1)
   |                    `- error: cannot find 'UIImage' in scope
40 |         ],
41 |         backgroundColor: Color = .clear,
/Users/admin/builder/spi-builder-workspace/Sources/EffectsLibrary/FireworksEffect/View/FireworksScene.swift:18:27: error: cannot find 'UIColor' in scope
 16 |         super.init(size: size)
 17 |
 18 |         backgroundColor = UIColor(config.backgroundColor)
    |                           `- error: cannot find 'UIColor' in scope
 19 |     }
 20 |
SwiftCompile normal arm64 Compiling\ Intensity.swift,\ Lifetime.swift,\ SpreadRadius.swift,\ RainConfig+DefaultValues.swift /Users/admin/builder/spi-builder-workspace/Sources/EffectsLibrary/Model/Intensity.swift /Users/admin/builder/spi-builder-workspace/Sources/EffectsLibrary/Model/Lifetime.swift /Users/admin/builder/spi-builder-workspace/Sources/EffectsLibrary/Model/SpreadRadius.swift /Users/admin/builder/spi-builder-workspace/Sources/EffectsLibrary/RainEffect/Model/RainConfig+DefaultValues.swift (in target 'EffectsLibrary' from project 'EffectsLibrary')
SwiftCompile normal arm64 /Users/admin/builder/spi-builder-workspace/Sources/EffectsLibrary/Model/Intensity.swift (in target 'EffectsLibrary' from project 'EffectsLibrary')
    cd /Users/admin/builder/spi-builder-workspace/.swiftpm/xcode
    builtin-SwiftPerFileCompile Intensity.swift
SwiftCompile normal arm64 /Users/admin/builder/spi-builder-workspace/Sources/EffectsLibrary/Model/Lifetime.swift (in target 'EffectsLibrary' from project 'EffectsLibrary')
    cd /Users/admin/builder/spi-builder-workspace/.swiftpm/xcode
    builtin-SwiftPerFileCompile Lifetime.swift
SwiftCompile normal arm64 /Users/admin/builder/spi-builder-workspace/Sources/EffectsLibrary/Model/SpreadRadius.swift (in target 'EffectsLibrary' from project 'EffectsLibrary')
    cd /Users/admin/builder/spi-builder-workspace/.swiftpm/xcode
    builtin-SwiftPerFileCompile SpreadRadius.swift
SwiftCompile normal arm64 /Users/admin/builder/spi-builder-workspace/Sources/EffectsLibrary/RainEffect/Model/RainConfig+DefaultValues.swift (in target 'EffectsLibrary' from project 'EffectsLibrary')
    cd /Users/admin/builder/spi-builder-workspace/.swiftpm/xcode
    builtin-SwiftPerFileCompile RainConfig+DefaultValues.swift
/Users/admin/builder/spi-builder-workspace/Sources/EffectsLibrary/Model/Content.swift:20:23: error: cannot find type 'UIColor' in scope
 18 |     }
 19 |
 20 |     case shape(Shape, UIColor?, CGFloat = 1)
    |                       `- error: cannot find type 'UIColor' in scope
 21 |     case image(UIImage, UIColor?, CGFloat = 1)
 22 |     case emoji(Character, CGFloat = 1)
/Users/admin/builder/spi-builder-workspace/Sources/EffectsLibrary/Model/Content.swift:21:16: error: cannot find type 'UIImage' in scope
 19 |
 20 |     case shape(Shape, UIColor?, CGFloat = 1)
 21 |     case image(UIImage, UIColor?, CGFloat = 1)
    |                `- error: cannot find type 'UIImage' in scope
 22 |     case emoji(Character, CGFloat = 1)
 23 | }
SwiftCompile normal arm64 Compiling\ SmokeConfig.swift,\ SmokeView.swift,\ SmokeContainerView.swift,\ SmokeScene.swift /Users/admin/builder/spi-builder-workspace/Sources/EffectsLibrary/SmokeEffect/Model/SmokeConfig.swift /Users/admin/builder/spi-builder-workspace/Sources/EffectsLibrary/SmokeEffect/SmokeView.swift /Users/admin/builder/spi-builder-workspace/Sources/EffectsLibrary/SmokeEffect/View/SmokeContainerView.swift /Users/admin/builder/spi-builder-workspace/Sources/EffectsLibrary/SmokeEffect/View/SmokeScene.swift (in target 'EffectsLibrary' from project 'EffectsLibrary')
SwiftCompile normal arm64 /Users/admin/builder/spi-builder-workspace/Sources/EffectsLibrary/SmokeEffect/Model/SmokeConfig.swift (in target 'EffectsLibrary' from project 'EffectsLibrary')
    cd /Users/admin/builder/spi-builder-workspace/.swiftpm/xcode
    builtin-SwiftPerFileCompile SmokeConfig.swift
SwiftCompile normal arm64 /Users/admin/builder/spi-builder-workspace/Sources/EffectsLibrary/SmokeEffect/SmokeView.swift (in target 'EffectsLibrary' from project 'EffectsLibrary')
    cd /Users/admin/builder/spi-builder-workspace/.swiftpm/xcode
    builtin-SwiftPerFileCompile SmokeView.swift
SwiftCompile normal arm64 /Users/admin/builder/spi-builder-workspace/Sources/EffectsLibrary/SmokeEffect/View/SmokeContainerView.swift (in target 'EffectsLibrary' from project 'EffectsLibrary')
    cd /Users/admin/builder/spi-builder-workspace/.swiftpm/xcode
    builtin-SwiftPerFileCompile SmokeContainerView.swift
SwiftCompile normal arm64 /Users/admin/builder/spi-builder-workspace/Sources/EffectsLibrary/SmokeEffect/View/SmokeScene.swift (in target 'EffectsLibrary' from project 'EffectsLibrary')
    cd /Users/admin/builder/spi-builder-workspace/.swiftpm/xcode
    builtin-SwiftPerFileCompile SmokeScene.swift
/Users/admin/builder/spi-builder-workspace/Sources/EffectsLibrary/SmokeEffect/Model/SmokeConfig.swift:24:16: error: cannot find 'UIImage' in scope
22 | public struct SmokeConfig: BaseConfig {
23 |     var content: [Content] = [
24 |         .image(UIImage.loadFromBundle(named: .spark), nil, 1)
   |                `- error: cannot find 'UIImage' in scope
25 |     ]
26 |     var backgroundColor: Color = .clear
/Users/admin/builder/spi-builder-workspace/Sources/EffectsLibrary/Model/Content.swift:21:16: error: cannot find type 'UIImage' in scope
 19 |
 20 |     case shape(Shape, UIColor?, CGFloat = 1)
 21 |     case image(UIImage, UIColor?, CGFloat = 1)
    |                `- error: cannot find type 'UIImage' in scope
 22 |     case emoji(Character, CGFloat = 1)
 23 | }
/Users/admin/builder/spi-builder-workspace/Sources/EffectsLibrary/Model/Content.swift:21:25: error: cannot find type 'UIColor' in scope
 19 |
 20 |     case shape(Shape, UIColor?, CGFloat = 1)
 21 |     case image(UIImage, UIColor?, CGFloat = 1)
    |                         `- error: cannot find type 'UIColor' in scope
 22 |     case emoji(Character, CGFloat = 1)
 23 | }
/Users/admin/builder/spi-builder-workspace/Sources/EffectsLibrary/Model/Content.swift:36:16: error: cannot find type 'UIImage' in scope
 34 |     }
 35 |
 36 |     var image: UIImage {
    |                `- error: cannot find type 'UIImage' in scope
 37 |         switch self {
 38 |         case let .image(image, _, _):
/Users/admin/builder/spi-builder-workspace/Sources/EffectsLibrary/SmokeEffect/Model/SmokeConfig.swift:39:20: error: cannot find 'UIImage' in scope
37 |     public init(
38 |         content: [Content] = [
39 |             .image(UIImage.loadFromBundle(named: .spark), nil, 1)
   |                    `- error: cannot find 'UIImage' in scope
40 |         ],
41 |         backgroundColor: Color = .clear,
/Users/admin/builder/spi-builder-workspace/Sources/EffectsLibrary/SmokeEffect/View/SmokeScene.swift:18:27: error: cannot find 'UIColor' in scope
16 |         super.init(size: size)
17 |
18 |         backgroundColor = UIColor(config.backgroundColor)
   |                           `- error: cannot find 'UIColor' in scope
19 |     }
20 |
SwiftCompile normal arm64 Compiling\ RainConfig.swift,\ RainView.swift,\ RainViewRepresentable.swift,\ SmokeConfig+DefaultValues.swift /Users/admin/builder/spi-builder-workspace/Sources/EffectsLibrary/RainEffect/Model/RainConfig.swift /Users/admin/builder/spi-builder-workspace/Sources/EffectsLibrary/RainEffect/RainView.swift /Users/admin/builder/spi-builder-workspace/Sources/EffectsLibrary/RainEffect/View/RainViewRepresentable.swift /Users/admin/builder/spi-builder-workspace/Sources/EffectsLibrary/SmokeEffect/Model/SmokeConfig+DefaultValues.swift (in target 'EffectsLibrary' from project 'EffectsLibrary')
/Users/admin/builder/spi-builder-workspace/Sources/EffectsLibrary/RainEffect/Model/RainConfig.swift:29:16: error: cannot find 'UIImage' in scope
27 |     // base config parameters
28 |     var content: [Content] = [
29 |         .image(UIImage.loadFromBundle(named: .raindrop), nil, 0.004)
   |                `- error: cannot find 'UIImage' in scope
30 |     ]
31 |     var backgroundColor: Color = .clear
/Users/admin/builder/spi-builder-workspace/Sources/EffectsLibrary/Model/Content.swift:21:16: error: cannot find type 'UIImage' in scope
 19 |
 20 |     case shape(Shape, UIColor?, CGFloat = 1)
 21 |     case image(UIImage, UIColor?, CGFloat = 1)
    |                `- error: cannot find type 'UIImage' in scope
 22 |     case emoji(Character, CGFloat = 1)
 23 | }
/Users/admin/builder/spi-builder-workspace/Sources/EffectsLibrary/Model/Content.swift:21:25: error: cannot find type 'UIColor' in scope
 19 |
 20 |     case shape(Shape, UIColor?, CGFloat = 1)
 21 |     case image(UIImage, UIColor?, CGFloat = 1)
    |                         `- error: cannot find type 'UIColor' in scope
 22 |     case emoji(Character, CGFloat = 1)
 23 | }
/Users/admin/builder/spi-builder-workspace/Sources/EffectsLibrary/Model/Content.swift:36:16: error: cannot find type 'UIImage' in scope
 34 |     }
 35 |
 36 |     var image: UIImage {
    |                `- error: cannot find type 'UIImage' in scope
 37 |         switch self {
 38 |         case let .image(image, _, _):
/Users/admin/builder/spi-builder-workspace/Sources/EffectsLibrary/RainEffect/Model/RainConfig.swift:49:20: error: cannot find 'UIImage' in scope
47 |     public init(
48 |         content: [Content] = [
49 |             .image(UIImage.loadFromBundle(named: .raindrop), nil, 0.004)
   |                    `- error: cannot find 'UIImage' in scope
50 |         ],
51 |         backgroundColor: Color = .clear,
/Users/admin/builder/spi-builder-workspace/Sources/EffectsLibrary/RainEffect/RainView.swift:20:13: error: generic struct 'GeometryReader' requires that 'RainViewRepresentable' conform to 'View'
18 |     public var body: some View {
19 |         GeometryReader { proxy in
20 |             RainViewRepresentable(proxy: proxy, config: config)
   |             `- error: generic struct 'GeometryReader' requires that 'RainViewRepresentable' conform to 'View'
21 |         }
22 |         .edgesIgnoringSafeArea(.all)
SwiftUI.GeometryReader:2:35: note: where 'Content' = 'RainViewRepresentable'
1 | @available(iOS 13.0, macOS 10.15, tvOS 13.0, watchOS 6.0, *)
2 | @frozen nonisolated public struct GeometryReader<Content> : View, ~Sendable where Content : View {
  |                                   `- note: where 'Content' = 'RainViewRepresentable'
3 |     public var content: (GeometryProxy) -> Content
4 |     @inlinable nonisolated public init(@ContentBuilder content: @escaping (GeometryProxy) -> Content)
/Users/admin/builder/spi-builder-workspace/Sources/EffectsLibrary/Model/EffectsViewRepresentable.swift:10:36: error: cannot find type 'UIViewRepresentable' in scope
 8 | import SwiftUI
 9 |
10 | protocol EffectsViewRepresentable: UIViewRepresentable {
   |                                    `- error: cannot find type 'UIViewRepresentable' in scope
11 |
12 |     associatedtype Config: EmitterLayerConfig
/Users/admin/builder/spi-builder-workspace/Sources/EffectsLibrary/Model/EffectsViewRepresentable.swift:20:26: error: cannot find type 'UIView' in scope
18 |     var viewRenderMode: CAEmitterLayerRenderMode { get }
19 |
20 |     func createView() -> UIView
   |                          `- error: cannot find type 'UIView' in scope
21 |     func createBaseView() -> UIView
22 |     func createBaseLayer() -> CAEmitterLayer
/Users/admin/builder/spi-builder-workspace/Sources/EffectsLibrary/Model/EffectsViewRepresentable.swift:21:30: error: cannot find type 'UIView' in scope
19 |
20 |     func createView() -> UIView
21 |     func createBaseView() -> UIView
   |                              `- error: cannot find type 'UIView' in scope
22 |     func createBaseLayer() -> CAEmitterLayer
23 |
SwiftCompile normal arm64 /Users/admin/builder/spi-builder-workspace/Sources/EffectsLibrary/RainEffect/Model/RainConfig.swift (in target 'EffectsLibrary' from project 'EffectsLibrary')
    cd /Users/admin/builder/spi-builder-workspace/.swiftpm/xcode
    builtin-SwiftPerFileCompile RainConfig.swift
SwiftCompile normal arm64 /Users/admin/builder/spi-builder-workspace/Sources/EffectsLibrary/RainEffect/RainView.swift (in target 'EffectsLibrary' from project 'EffectsLibrary')
    cd /Users/admin/builder/spi-builder-workspace/.swiftpm/xcode
    builtin-SwiftPerFileCompile RainView.swift
SwiftCompile normal arm64 /Users/admin/builder/spi-builder-workspace/Sources/EffectsLibrary/RainEffect/View/RainViewRepresentable.swift (in target 'EffectsLibrary' from project 'EffectsLibrary')
    cd /Users/admin/builder/spi-builder-workspace/.swiftpm/xcode
    builtin-SwiftPerFileCompile RainViewRepresentable.swift
SwiftCompile normal arm64 /Users/admin/builder/spi-builder-workspace/Sources/EffectsLibrary/SmokeEffect/Model/SmokeConfig+DefaultValues.swift (in target 'EffectsLibrary' from project 'EffectsLibrary')
    cd /Users/admin/builder/spi-builder-workspace/.swiftpm/xcode
    builtin-SwiftPerFileCompile SmokeConfig+DefaultValues.swift
SwiftEmitModule normal arm64 Emitting\ module\ for\ EffectsLibrary (in target 'EffectsLibrary' from project 'EffectsLibrary')
/Users/admin/builder/spi-builder-workspace/Sources/EffectsLibrary/Model/EffectsViewRepresentable.swift:10:36: error: cannot find type 'UIViewRepresentable' in scope
 8 | import SwiftUI
 9 |
10 | protocol EffectsViewRepresentable: UIViewRepresentable {
   |                                    `- error: cannot find type 'UIViewRepresentable' in scope
11 |
12 |     associatedtype Config: EmitterLayerConfig
/Users/admin/builder/spi-builder-workspace/Sources/EffectsLibrary/Model/EffectsViewRepresentable.swift:20:26: error: cannot find type 'UIView' in scope
18 |     var viewRenderMode: CAEmitterLayerRenderMode { get }
19 |
20 |     func createView() -> UIView
   |                          `- error: cannot find type 'UIView' in scope
21 |     func createBaseView() -> UIView
22 |     func createBaseLayer() -> CAEmitterLayer
/Users/admin/builder/spi-builder-workspace/Sources/EffectsLibrary/Model/EffectsViewRepresentable.swift:21:30: error: cannot find type 'UIView' in scope
19 |
20 |     func createView() -> UIView
21 |     func createBaseView() -> UIView
   |                              `- error: cannot find type 'UIView' in scope
22 |     func createBaseLayer() -> CAEmitterLayer
23 |
/Users/admin/builder/spi-builder-workspace/Sources/EffectsLibrary/Extensions/Color+CustomColors.swift:11:11: error: cannot find type 'UIColor' in scope
 9 | import SwiftUI
10 |
11 | extension UIColor {
   |           `- error: cannot find type 'UIColor' in scope
12 |
13 |     static public var fireRed: UIColor = UIColor(red: 78.0 / 255.0, green: 33.0 / 255.0, blue: 6.0 / 255.0, alpha: 1)
/Users/admin/builder/spi-builder-workspace/Sources/EffectsLibrary/Extensions/UIImage+fromBundle.swift:10:11: error: cannot find type 'UIImage' in scope
 8 | import SwiftUI
 9 |
10 | extension UIImage {
   |           `- error: cannot find type 'UIImage' in scope
11 |
12 |     public static func loadFromBundle(named name: String) -> UIImage {
/Users/admin/builder/spi-builder-workspace/Sources/EffectsLibrary/FireEffect/Model/FireConfig.swift:24:16: error: cannot find 'UIImage' in scope
22 | public struct FireConfig: BaseConfig {
23 |     var content: [Content] = [
24 |         .image(UIImage.loadFromBundle(named: .spark), .fireRed, 1)
   |                `- error: cannot find 'UIImage' in scope
25 |     ]
26 |     var backgroundColor: Color = .clear
/Users/admin/builder/spi-builder-workspace/Sources/EffectsLibrary/Model/Content.swift:21:16: error: cannot find type 'UIImage' in scope
 19 |
 20 |     case shape(Shape, UIColor?, CGFloat = 1)
 21 |     case image(UIImage, UIColor?, CGFloat = 1)
    |                `- error: cannot find type 'UIImage' in scope
 22 |     case emoji(Character, CGFloat = 1)
 23 | }
/Users/admin/builder/spi-builder-workspace/Sources/EffectsLibrary/Model/Content.swift:21:25: error: cannot find type 'UIColor' in scope
 19 |
 20 |     case shape(Shape, UIColor?, CGFloat = 1)
 21 |     case image(UIImage, UIColor?, CGFloat = 1)
    |                         `- error: cannot find type 'UIColor' in scope
 22 |     case emoji(Character, CGFloat = 1)
 23 | }
/Users/admin/builder/spi-builder-workspace/Sources/EffectsLibrary/Model/Content.swift:36:16: error: cannot find type 'UIImage' in scope
 34 |     }
 35 |
 36 |     var image: UIImage {
    |                `- error: cannot find type 'UIImage' in scope
 37 |         switch self {
 38 |         case let .image(image, _, _):
/Users/admin/builder/spi-builder-workspace/Sources/EffectsLibrary/FireEffect/Model/FireConfig.swift:39:20: error: cannot find 'UIImage' in scope
37 |     public init(
38 |         content: [Content] = [
39 |             .image(UIImage.loadFromBundle(named: .spark), .fireRed, 0.5)
   |                    `- error: cannot find 'UIImage' in scope
40 |         ],
41 |         backgroundColor: Color = .clear,
/Users/admin/builder/spi-builder-workspace/Sources/EffectsLibrary/FireworksEffect/Model/FireworksConfig.swift:24:16: error: cannot find 'UIImage' in scope
22 | public struct FireworksConfig: BaseConfig {
23 |     var content: [Content] = [
24 |         .image(UIImage.loadFromBundle(named: .spark), nil, 1)
   |                `- error: cannot find 'UIImage' in scope
25 |     ]
26 |     var backgroundColor: Color = .clear
/Users/admin/builder/spi-builder-workspace/Sources/EffectsLibrary/FireworksEffect/Model/FireworksConfig.swift:39:20: error: cannot find 'UIImage' in scope
37 |     public init(
38 |         content: [Content] = [
39 |             .image(UIImage.loadFromBundle(named: .spark), nil, 1)
   |                    `- error: cannot find 'UIImage' in scope
40 |         ],
41 |         backgroundColor: Color = .clear,
/Users/admin/builder/spi-builder-workspace/Sources/EffectsLibrary/Model/Content.swift:20:23: error: cannot find type 'UIColor' in scope
 18 |     }
 19 |
 20 |     case shape(Shape, UIColor?, CGFloat = 1)
    |                       `- error: cannot find type 'UIColor' in scope
 21 |     case image(UIImage, UIColor?, CGFloat = 1)
 22 |     case emoji(Character, CGFloat = 1)
/Users/admin/builder/spi-builder-workspace/Sources/EffectsLibrary/Model/Content.swift:26:16: error: cannot find type 'UIColor' in scope
 24 |
 25 | extension Content {
 26 |     var color: UIColor? {
    |                `- error: cannot find type 'UIColor' in scope
 27 |         switch self {
 28 |         case let .image(_, color?, _),
/Users/admin/builder/spi-builder-workspace/Sources/EffectsLibrary/Model/Content.swift:80:40: error: cannot find type 'UIImage' in scope
 78 |     }
 79 |
 80 |     func image(with color: UIColor) -> UIImage {
    |                                        `- error: cannot find type 'UIImage' in scope
 81 |         let rect = CGRect(origin: .zero, size: CGSize(width: 12.0, height: 12.0))
 82 |         return UIGraphicsImageRenderer(size: rect.size).image { context in
/Users/admin/builder/spi-builder-workspace/Sources/EffectsLibrary/Model/Content.swift:80:28: error: cannot find type 'UIColor' in scope
 78 |     }
 79 |
 80 |     func image(with color: UIColor) -> UIImage {
    |                            `- error: cannot find type 'UIColor' in scope
 81 |         let rect = CGRect(origin: .zero, size: CGSize(width: 12.0, height: 12.0))
 82 |         return UIGraphicsImageRenderer(size: rect.size).image { context in
/Users/admin/builder/spi-builder-workspace/Sources/EffectsLibrary/Model/Content.swift:91:72: error: cannot find type 'UIImage' in scope
 89 |
 90 | extension String {
 91 |     func image(with font: UIFont = UIFont.systemFont(ofSize: 16.0)) -> UIImage {
    |                                                                        `- error: cannot find type 'UIImage' in scope
 92 |         let string = NSString(string: "\(self)")
 93 |         let attributes: [NSAttributedString.Key: Any] = [
/Users/admin/builder/spi-builder-workspace/Sources/EffectsLibrary/Model/Content.swift:91:27: error: cannot find type 'UIFont' in scope
 89 |
 90 | extension String {
 91 |     func image(with font: UIFont = UIFont.systemFont(ofSize: 16.0)) -> UIImage {
    |                           `- error: cannot find type 'UIFont' in scope
 92 |         let string = NSString(string: "\(self)")
 93 |         let attributes: [NSAttributedString.Key: Any] = [
/Users/admin/builder/spi-builder-workspace/Sources/EffectsLibrary/Model/EffectsViewRepresentable.swift:28:47: error: cannot find type 'UIView' in scope
26 |
27 | extension EffectsViewRepresentable {
28 |     func makeUIView(context: Context) -> some UIView {
   |                                               `- error: cannot find type 'UIView' in scope
29 |         return createView()
30 |     }
/Users/admin/builder/spi-builder-workspace/Sources/EffectsLibrary/Model/EffectsViewRepresentable.swift:28:30: error: cannot find type 'Context' in scope
26 |
27 | extension EffectsViewRepresentable {
28 |     func makeUIView(context: Context) -> some UIView {
   |                              `- error: cannot find type 'Context' in scope
29 |         return createView()
30 |     }
/Users/admin/builder/spi-builder-workspace/Sources/EffectsLibrary/Model/EffectsViewRepresentable.swift:32:33: error: cannot find type 'UIViewType' in scope
30 |     }
31 |
32 |     func updateUIView(_ uiView: UIViewType, context: Context) {
   |                                 `- error: cannot find type 'UIViewType' in scope
33 |         // Todo
34 |     }
/Users/admin/builder/spi-builder-workspace/Sources/EffectsLibrary/Model/EffectsViewRepresentable.swift:32:54: error: cannot find type 'Context' in scope
30 |     }
31 |
32 |     func updateUIView(_ uiView: UIViewType, context: Context) {
   |                                                      `- error: cannot find type 'Context' in scope
33 |         // Todo
34 |     }
/Users/admin/builder/spi-builder-workspace/Sources/EffectsLibrary/Model/EffectsViewRepresentable.swift:57:26: error: cannot find type 'UIView' in scope
55 | extension EffectsViewRepresentable {
56 |
57 |     func createView() -> UIView {
   |                          `- error: cannot find type 'UIView' in scope
58 |         let baseView = createBaseView()
59 |         let baseLayer = createBaseLayer()
/Users/admin/builder/spi-builder-workspace/Sources/EffectsLibrary/Model/EffectsViewRepresentable.swift:71:30: error: cannot find type 'UIView' in scope
69 |     }
70 |
71 |     func createBaseView() -> UIView {
   |                              `- error: cannot find type 'UIView' in scope
72 |         let baseView = UIView()
73 |         baseView.backgroundColor = UIColor(config.backgroundColor)
/Users/admin/builder/spi-builder-workspace/Sources/EffectsLibrary/RainEffect/Model/RainConfig.swift:29:16: error: cannot find 'UIImage' in scope
27 |     // base config parameters
28 |     var content: [Content] = [
29 |         .image(UIImage.loadFromBundle(named: .raindrop), nil, 0.004)
   |                `- error: cannot find 'UIImage' in scope
30 |     ]
31 |     var backgroundColor: Color = .clear
/Users/admin/builder/spi-builder-workspace/Sources/EffectsLibrary/RainEffect/Model/RainConfig.swift:49:20: error: cannot find 'UIImage' in scope
47 |     public init(
48 |         content: [Content] = [
49 |             .image(UIImage.loadFromBundle(named: .raindrop), nil, 0.004)
   |                    `- error: cannot find 'UIImage' in scope
50 |         ],
51 |         backgroundColor: Color = .clear,
/Users/admin/builder/spi-builder-workspace/Sources/EffectsLibrary/SmokeEffect/Model/SmokeConfig.swift:24:16: error: cannot find 'UIImage' in scope
22 | public struct SmokeConfig: BaseConfig {
23 |     var content: [Content] = [
24 |         .image(UIImage.loadFromBundle(named: .spark), nil, 1)
   |                `- error: cannot find 'UIImage' in scope
25 |     ]
26 |     var backgroundColor: Color = .clear
/Users/admin/builder/spi-builder-workspace/Sources/EffectsLibrary/SmokeEffect/Model/SmokeConfig.swift:39:20: error: cannot find 'UIImage' in scope
37 |     public init(
38 |         content: [Content] = [
39 |             .image(UIImage.loadFromBundle(named: .spark), nil, 1)
   |                    `- error: cannot find 'UIImage' in scope
40 |         ],
41 |         backgroundColor: Color = .clear,
/Users/admin/builder/spi-builder-workspace/Sources/EffectsLibrary/SnowEffect/Model/SnowConfig.swift:29:16: error: cannot find 'UIImage' in scope
27 |     // base config parameters
28 |     var content: [Content] = [
29 |         .image(UIImage.loadFromBundle(named: .snow), .white)
   |                `- error: cannot find 'UIImage' in scope
30 |     ]
31 |     var backgroundColor: Color = .clear
/Users/admin/builder/spi-builder-workspace/Sources/EffectsLibrary/SnowEffect/Model/SnowConfig.swift:49:20: error: cannot find 'UIImage' in scope
47 |     public init(
48 |         content: [Content] = [
49 |             .image(UIImage.loadFromBundle(named: .snow), .white)
   |                    `- error: cannot find 'UIImage' in scope
50 |         ],
51 |         backgroundColor: Color = .clear,
Failed frontend command:
/Applications/Xcode-27.0.0-Release.Candidate.app/Contents/Developer/Toolchains/XcodeDefault.xctoolchain/usr/bin/swift-frontend -frontend -emit-module -experimental-skip-non-inlinable-function-bodies-without-types /Users/admin/builder/spi-builder-workspace/.derivedData/Build/Intermediates.noindex/EffectsLibrary.build/Debug/EffectsLibrary-t.build/DerivedSources/resource_bundle_accessor.swift /Users/admin/builder/spi-builder-workspace/Sources/EffectsLibrary/ConfettiEffect/ConfettiView.swift /Users/admin/builder/spi-builder-workspace/Sources/EffectsLibrary/ConfettiEffect/Model/ConfettiConfig+DefaultValues.swift /Users/admin/builder/spi-builder-workspace/Sources/EffectsLibrary/ConfettiEffect/Model/ConfettiConfig.swift /Users/admin/builder/spi-builder-workspace/Sources/EffectsLibrary/ConfettiEffect/View/ConfettiViewRepresentable.swift /Users/admin/builder/spi-builder-workspace/Sources/EffectsLibrary/Extensions/Color+CustomColors.swift /Users/admin/builder/spi-builder-workspace/Sources/EffectsLibrary/Extensions/String+ImageNames.swift /Users/admin/builder/spi-builder-workspace/Sources/EffectsLibrary/Extensions/UIImage+fromBundle.swift /Users/admin/builder/spi-builder-workspace/Sources/EffectsLibrary/FireEffect/FireView.swift /Users/admin/builder/spi-builder-workspace/Sources/EffectsLibrary/FireEffect/Model/FireConfig+DefaultValues.swift /Users/admin/builder/spi-builder-workspace/Sources/EffectsLibrary/FireEffect/Model/FireConfig.swift /Users/admin/builder/spi-builder-workspace/Sources/EffectsLibrary/FireEffect/View/FireContainerView.swift /Users/admin/builder/spi-builder-workspace/Sources/EffectsLibrary/FireEffect/View/FireScene.swift /Users/admin/builder/spi-builder-workspace/Sources/EffectsLibrary/FireworksEffect/FireworksView.swift /Users/admin/builder/spi-builder-workspace/Sources/EffectsLibrary/FireworksEffect/Model/FireworksConfig+DefaultValues.swift /Users/admin/builder/spi-builder-workspace/Sources/EffectsLibrary/FireworksEffect/Model/FireworksConfig.swift /Users/admin/builder/spi-builder-workspace/Sources/EffectsLibrary/FireworksEffect/View/FireworksContainerView.swift /Users/admin/builder/spi-builder-workspace/Sources/EffectsLibrary/FireworksEffect/View/FireworksScene.swift /Users/admin/builder/spi-builder-workspace/Sources/EffectsLibrary/Model/BaseConfig.swift /Users/admin/builder/spi-builder-workspace/Sources/EffectsLibrary/Model/Content.swift /Users/admin/builder/spi-builder-workspace/Sources/EffectsLibrary/Model/EffectsViewRepresentable.swift /Users/admin/builder/spi-builder-workspace/Sources/EffectsLibrary/Model/EmitterLayerConfig.swift /Users/admin/builder/spi-builder-workspace/Sources/EffectsLibrary/Model/EmitterPosition.swift /Users/admin/builder/spi-builder-workspace/Sources/EffectsLibrary/Model/FadeOut.swift /Users/admin/builder/spi-builder-workspace/Sources/EffectsLibrary/Model/FallDirection.swift /Users/admin/builder/spi-builder-workspace/Sources/EffectsLibrary/Model/InitialVelocity.swift /Users/admin/builder/spi-builder-workspace/Sources/EffectsLibrary/Model/Intensity.swift /Users/admin/builder/spi-builder-workspace/Sources/EffectsLibrary/Model/Lifetime.swift /Users/admin/builder/spi-builder-workspace/Sources/EffectsLibrary/Model/SpreadRadius.swift /Users/admin/builder/spi-builder-workspace/Sources/EffectsLibrary/RainEffect/Model/RainConfig+DefaultValues.swift /Users/admin/builder/spi-builder-workspace/Sources/EffectsLibrary/RainEffect/Model/RainConfig.swift /Users/admin/builder/spi-builder-workspace/Sources/EffectsLibrary/RainEffect/RainView.swift /Users/admin/builder/spi-builder-workspace/Sources/EffectsLibrary/RainEffect/View/RainViewRepresentable.swift /Users/admin/builder/spi-builder-workspace/Sources/EffectsLibrary/SmokeEffect/Model/SmokeConfig+DefaultValues.swift /Users/admin/builder/spi-builder-workspace/Sources/EffectsLibrary/SmokeEffect/Model/SmokeConfig.swift /Users/admin/builder/spi-builder-workspace/Sources/EffectsLibrary/SmokeEffect/SmokeView.swift /Users/admin/builder/spi-builder-workspace/Sources/EffectsLibrary/SmokeEffect/View/SmokeContainerView.swift /Users/admin/builder/spi-builder-workspace/Sources/EffectsLibrary/SmokeEffect/View/SmokeScene.swift /Users/admin/builder/spi-builder-workspace/Sources/EffectsLibrary/SnowEffect/Model/SnowConfig+DefaultValues.swift /Users/admin/builder/spi-builder-workspace/Sources/EffectsLibrary/SnowEffect/Model/SnowConfig.swift /Users/admin/builder/spi-builder-workspace/Sources/EffectsLibrary/SnowEffect/SnowView.swift /Users/admin/builder/spi-builder-workspace/Sources/EffectsLibrary/SnowEffect/View/SnowViewRepresentable.swift -target arm64-apple-macos12.0 -disable-cross-import-overlay-search -swift-module-cross-import SpriteKit /Applications/Xcode-27.0.0-Release.Candidate.app/Contents/Developer/Platforms/MacOSX.platform/Developer/SDKs/MacOSX.sdk/System/Library/Frameworks/SpriteKit.framework/Modules/SpriteKit.swiftcrossimport/SwiftUI.swiftoverlay -load-resolved-plugin /Applications/Xcode-27.0.0-Release.Candidate.app/Contents/Developer/Platforms/MacOSX.platform/Developer/usr/lib/swift/host/plugins/libFoundationMacros.dylib\#/Applications/Xcode-27.0.0-Release.Candidate.app/Contents/Developer/Platforms/MacOSX.platform/Developer/usr/bin/swift-plugin-server\#FoundationMacros -load-resolved-plugin /Applications/Xcode-27.0.0-Release.Candidate.app/Contents/Developer/Platforms/MacOSX.platform/Developer/usr/lib/swift/host/plugins/libObservationMacros.dylib\#/Applications/Xcode-27.0.0-Release.Candidate.app/Contents/Developer/Platforms/MacOSX.platform/Developer/usr/bin/swift-plugin-server\#ObservationMacros -load-resolved-plugin /Applications/Xcode-27.0.0-Release.Candidate.app/Contents/Developer/Platforms/MacOSX.platform/Developer/usr/lib/swift/host/plugins/libPreviewsMacros.dylib\#/Applications/Xcode-27.0.0-Release.Candidate.app/Contents/Developer/Platforms/MacOSX.platform/Developer/usr/bin/swift-plugin-server\#PreviewsMacros -load-resolved-plugin /Applications/Xcode-27.0.0-Release.Candidate.app/Contents/Developer/Platforms/MacOSX.platform/Developer/usr/lib/swift/host/plugins/libSwiftMacros.dylib\#/Applications/Xcode-27.0.0-Release.Candidate.app/Contents/Developer/Platforms/MacOSX.platform/Developer/usr/bin/swift-plugin-server\#SwiftMacros -load-resolved-plugin /Applications/Xcode-27.0.0-Release.Candidate.app/Contents/Developer/Platforms/MacOSX.platform/Developer/usr/lib/swift/host/plugins/libSwiftUIMacros.dylib\#/Applications/Xcode-27.0.0-Release.Candidate.app/Contents/Developer/Platforms/MacOSX.platform/Developer/usr/bin/swift-plugin-server\#SwiftUIMacros -disable-implicit-swift-modules -Xcc -fno-implicit-modules -Xcc -fno-implicit-module-maps -explicit-swift-module-map-file /Users/admin/builder/spi-builder-workspace/.derivedData/Build/Intermediates.noindex/EffectsLibrary.build/Debug/EffectsLibrary-t.build/Objects-normal/arm64/EffectsLibrary-dependencies-1.json -Xllvm -aarch64-use-tbi -enable-objc-interop -stack-check -sdk /Applications/Xcode-27.0.0-Release.Candidate.app/Contents/Developer/Platforms/MacOSX.platform/Developer/SDKs/MacOSX27.0.sdk -I /Users/admin/builder/spi-builder-workspace/.derivedData/Build/Products/Debug -Isystem /Applications/Xcode-27.0.0-Release.Candidate.app/Contents/Developer/Platforms/MacOSX.platform/Developer/usr/lib -F /Users/admin/builder/spi-builder-workspace/.derivedData/Build/Products/Debug -F /Applications/Xcode-27.0.0-Release.Candidate.app/Contents/Developer/Platforms/MacOSX.platform/Developer/Library/Frameworks -module-cache-path /Users/admin/builder/spi-builder-workspace/.derivedData/Build/Intermediates.noindex/SwiftExplicitPrecompiledModules -no-color-diagnostics -Xcc -fno-color-diagnostics -enable-testing -g -debug-info-format\=dwarf -dwarf-version\=4 -swift-version 5 -Onone -D SWIFT_PACKAGE -D DEBUG -D SWIFT_MODULE_RESOURCE_BUNDLE_AVAILABLE -D Xcode -serialize-debugging-options -enable-experimental-feature DebugDescriptionMacro -empty-abi-descriptor -validate-clang-modules-once -clang-build-session-file /Users/admin/builder/spi-builder-workspace/.derivedData/ModuleCache.noindex/Session.modulevalidation -Xcc -working-directory -Xcc /Users/admin/builder/spi-builder-workspace/.swiftpm/xcode -enable-anonymous-context-mangled-names -file-compilation-dir /Users/admin/builder/spi-builder-workspace/.swiftpm/xcode -Xcc -D_LIBCPP_HARDENING_MODE\=_LIBCPP_HARDENING_MODE_DEBUG -Xcc -ivfsstatcache -Xcc /Users/admin/builder/spi-builder-workspace/.derivedData/SDKStatCaches.noindex/macosx27.0-26A425-e829b21a6f8c9b70876ba0858053c0446a22442a12e9d48fe1a705f55a1adfc4.sdkstatcache -Xcc -fmodules-prune-interval\=86400 -Xcc -fmodules-prune-after\=345600 -Xcc -I/Users/admin/builder/spi-builder-workspace/.derivedData/Build/Products/Debug/include -Xcc -I/Users/admin/builder/spi-builder-workspace/.derivedData/Build/Intermediates.noindex/EffectsLibrary.build/Debug/EffectsLibrary-t.build/DerivedSources-normal/arm64 -Xcc -I/Users/admin/builder/spi-builder-workspace/.derivedData/Build/Intermediates.noindex/EffectsLibrary.build/Debug/EffectsLibrary-t.build/DerivedSources/arm64 -Xcc -I/Users/admin/builder/spi-builder-workspace/.derivedData/Build/Intermediates.noindex/EffectsLibrary.build/Debug/EffectsLibrary-t.build/DerivedSources -Xcc -DSWIFT_PACKAGE -Xcc -DDEBUG\=1 -no-auto-bridging-header-chaining -module-name EffectsLibrary -const-gather-protocols-file /Users/admin/builder/spi-builder-workspace/.derivedData/Build/Intermediates.noindex/EffectsLibrary.build/Debug/EffectsLibrary-t.build/Objects-normal/arm64/EffectsLibrary_const_extract_protocols.json -disable-clang-spi -clang-target arm64-apple-macos27.0 -target-sdk-version 27.0 -target-sdk-name macosx27.0 -in-process-plugin-server-path /Applications/Xcode-27.0.0-Release.Candidate.app/Contents/Developer/Toolchains/XcodeDefault.xctoolchain/usr/lib/swift/host/libSwiftInProcPluginServer.dylib -emit-module-doc-path /Users/admin/builder/spi-builder-workspace/.derivedData/Build/Intermediates.noindex/EffectsLibrary.build/Debug/EffectsLibrary-t.build/Objects-normal/arm64/EffectsLibrary.swiftdoc -emit-module-source-info-path /Users/admin/builder/spi-builder-workspace/.derivedData/Build/Intermediates.noindex/EffectsLibrary.build/Debug/EffectsLibrary-t.build/Objects-normal/arm64/EffectsLibrary.swiftsourceinfo -emit-objc-header-path /Users/admin/builder/spi-builder-workspace/.derivedData/Build/Intermediates.noindex/EffectsLibrary.build/Debug/EffectsLibrary-t.build/Objects-normal/arm64/EffectsLibrary-Swift.h -serialize-diagnostics-path /Users/admin/builder/spi-builder-workspace/.derivedData/Build/Intermediates.noindex/EffectsLibrary.build/Debug/EffectsLibrary-t.build/Objects-normal/arm64/EffectsLibrary-primary-emit-module.dia -emit-dependencies-path /Users/admin/builder/spi-builder-workspace/.derivedData/Build/Intermediates.noindex/EffectsLibrary.build/Debug/EffectsLibrary-t.build/Objects-normal/arm64/EffectsLibrary-primary-emit-module.d -parse-as-library -o /Users/admin/builder/spi-builder-workspace/.derivedData/Build/Intermediates.noindex/EffectsLibrary.build/Debug/EffectsLibrary-t.build/Objects-normal/arm64/EffectsLibrary.swiftmodule -emit-abi-descriptor-path /Users/admin/builder/spi-builder-workspace/.derivedData/Build/Intermediates.noindex/EffectsLibrary.build/Debug/EffectsLibrary-t.build/Objects-normal/arm64/EffectsLibrary.abi.json
SwiftCompile normal arm64 (in target 'EffectsLibrary' from project 'EffectsLibrary')
    cd /Users/admin/builder/spi-builder-workspace/.swiftpm/xcode

SwiftCompile normal arm64 Compiling\ resource_bundle_accessor.swift,\ ConfettiView.swift,\ ConfettiConfig+DefaultValues.swift,\ ConfettiConfig.swift,\ ConfettiViewRepresentable.swift /Users/admin/builder/spi-builder-workspace/.derivedData/Build/Intermediates.noindex/EffectsLibrary.build/Debug/EffectsLibrary-t.build/DerivedSources/resource_bundle_accessor.swift /Users/admin/builder/spi-builder-workspace/Sources/EffectsLibrary/ConfettiEffect/ConfettiView.swift /Users/admin/builder/spi-builder-workspace/Sources/EffectsLibrary/ConfettiEffect/Model/ConfettiConfig+DefaultValues.swift /Users/admin/builder/spi-builder-workspace/Sources/EffectsLibrary/ConfettiEffect/Model/ConfettiConfig.swift /Users/admin/builder/spi-builder-workspace/Sources/EffectsLibrary/ConfettiEffect/View/ConfettiViewRepresentable.swift (in target 'EffectsLibrary' from project 'EffectsLibrary')
/Users/admin/builder/spi-builder-workspace/Sources/EffectsLibrary/ConfettiEffect/ConfettiView.swift:20:13: error: generic struct 'GeometryReader' requires that 'ConfettiViewRepresentable' conform to 'View'
18 |     public var body: some View {
19 |         GeometryReader { proxy in
20 |             ConfettiViewRepresentable(proxy: proxy, config: config)
   |             `- error: generic struct 'GeometryReader' requires that 'ConfettiViewRepresentable' conform to 'View'
21 |         }
22 |         .edgesIgnoringSafeArea(.all)
SwiftUI.GeometryReader:2:35: note: where 'Content' = 'ConfettiViewRepresentable'
1 | @available(iOS 13.0, macOS 10.15, tvOS 13.0, watchOS 6.0, *)
2 | @frozen nonisolated public struct GeometryReader<Content> : View, ~Sendable where Content : View {
  |                                   `- note: where 'Content' = 'ConfettiViewRepresentable'
3 |     public var content: (GeometryProxy) -> Content
4 |     @inlinable nonisolated public init(@ContentBuilder content: @escaping (GeometryProxy) -> Content)
/Users/admin/builder/spi-builder-workspace/Sources/EffectsLibrary/Model/EffectsViewRepresentable.swift:10:36: error: cannot find type 'UIViewRepresentable' in scope
 8 | import SwiftUI
 9 |
10 | protocol EffectsViewRepresentable: UIViewRepresentable {
   |                                    `- error: cannot find type 'UIViewRepresentable' in scope
11 |
12 |     associatedtype Config: EmitterLayerConfig
/Users/admin/builder/spi-builder-workspace/Sources/EffectsLibrary/Model/EffectsViewRepresentable.swift:20:26: error: cannot find type 'UIView' in scope
18 |     var viewRenderMode: CAEmitterLayerRenderMode { get }
19 |
20 |     func createView() -> UIView
   |                          `- error: cannot find type 'UIView' in scope
21 |     func createBaseView() -> UIView
22 |     func createBaseLayer() -> CAEmitterLayer
/Users/admin/builder/spi-builder-workspace/Sources/EffectsLibrary/Model/EffectsViewRepresentable.swift:21:30: error: cannot find type 'UIView' in scope
19 |
20 |     func createView() -> UIView
21 |     func createBaseView() -> UIView
   |                              `- error: cannot find type 'UIView' in scope
22 |     func createBaseLayer() -> CAEmitterLayer
23 |
/Users/admin/builder/spi-builder-workspace/Sources/EffectsLibrary/Model/Content.swift:21:16: error: cannot find type 'UIImage' in scope
 19 |
 20 |     case shape(Shape, UIColor?, CGFloat = 1)
 21 |     case image(UIImage, UIColor?, CGFloat = 1)
    |                `- error: cannot find type 'UIImage' in scope
 22 |     case emoji(Character, CGFloat = 1)
 23 | }
/Users/admin/builder/spi-builder-workspace/Sources/EffectsLibrary/Model/Content.swift:21:25: error: cannot find type 'UIColor' in scope
 19 |
 20 |     case shape(Shape, UIColor?, CGFloat = 1)
 21 |     case image(UIImage, UIColor?, CGFloat = 1)
    |                         `- error: cannot find type 'UIColor' in scope
 22 |     case emoji(Character, CGFloat = 1)
 23 | }
/Users/admin/builder/spi-builder-workspace/Sources/EffectsLibrary/Model/Content.swift:36:16: error: cannot find type 'UIImage' in scope
 34 |     }
 35 |
 36 |     var image: UIImage {
    |                `- error: cannot find type 'UIImage' in scope
 37 |         switch self {
 38 |         case let .image(image, _, _):
SwiftCompile normal arm64 /Users/admin/builder/spi-builder-workspace/.derivedData/Build/Intermediates.noindex/EffectsLibrary.build/Debug/EffectsLibrary-t.build/DerivedSources/resource_bundle_accessor.swift (in target 'EffectsLibrary' from project 'EffectsLibrary')
    cd /Users/admin/builder/spi-builder-workspace/.swiftpm/xcode
    builtin-SwiftPerFileCompile resource_bundle_accessor.swift
SwiftCompile normal arm64 /Users/admin/builder/spi-builder-workspace/Sources/EffectsLibrary/ConfettiEffect/ConfettiView.swift (in target 'EffectsLibrary' from project 'EffectsLibrary')
    cd /Users/admin/builder/spi-builder-workspace/.swiftpm/xcode
    builtin-SwiftPerFileCompile ConfettiView.swift
SwiftCompile normal arm64 /Users/admin/builder/spi-builder-workspace/Sources/EffectsLibrary/ConfettiEffect/Model/ConfettiConfig+DefaultValues.swift (in target 'EffectsLibrary' from project 'EffectsLibrary')
    cd /Users/admin/builder/spi-builder-workspace/.swiftpm/xcode
    builtin-SwiftPerFileCompile ConfettiConfig+DefaultValues.swift
SwiftCompile normal arm64 /Users/admin/builder/spi-builder-workspace/Sources/EffectsLibrary/ConfettiEffect/Model/ConfettiConfig.swift (in target 'EffectsLibrary' from project 'EffectsLibrary')
    cd /Users/admin/builder/spi-builder-workspace/.swiftpm/xcode
    builtin-SwiftPerFileCompile ConfettiConfig.swift
SwiftCompile normal arm64 /Users/admin/builder/spi-builder-workspace/Sources/EffectsLibrary/ConfettiEffect/View/ConfettiViewRepresentable.swift (in target 'EffectsLibrary' from project 'EffectsLibrary')
    cd /Users/admin/builder/spi-builder-workspace/.swiftpm/xcode
    builtin-SwiftPerFileCompile ConfettiViewRepresentable.swift
SwiftCompile normal arm64 Compiling\ SnowConfig+DefaultValues.swift,\ SnowConfig.swift,\ SnowView.swift,\ SnowViewRepresentable.swift /Users/admin/builder/spi-builder-workspace/Sources/EffectsLibrary/SnowEffect/Model/SnowConfig+DefaultValues.swift /Users/admin/builder/spi-builder-workspace/Sources/EffectsLibrary/SnowEffect/Model/SnowConfig.swift /Users/admin/builder/spi-builder-workspace/Sources/EffectsLibrary/SnowEffect/SnowView.swift /Users/admin/builder/spi-builder-workspace/Sources/EffectsLibrary/SnowEffect/View/SnowViewRepresentable.swift (in target 'EffectsLibrary' from project 'EffectsLibrary')
/Users/admin/builder/spi-builder-workspace/Sources/EffectsLibrary/SnowEffect/Model/SnowConfig.swift:29:16: error: cannot find 'UIImage' in scope
27 |     // base config parameters
28 |     var content: [Content] = [
29 |         .image(UIImage.loadFromBundle(named: .snow), .white)
   |                `- error: cannot find 'UIImage' in scope
30 |     ]
31 |     var backgroundColor: Color = .clear
/Users/admin/builder/spi-builder-workspace/Sources/EffectsLibrary/Model/Content.swift:21:16: error: cannot find type 'UIImage' in scope
 19 |
 20 |     case shape(Shape, UIColor?, CGFloat = 1)
 21 |     case image(UIImage, UIColor?, CGFloat = 1)
    |                `- error: cannot find type 'UIImage' in scope
 22 |     case emoji(Character, CGFloat = 1)
 23 | }
/Users/admin/builder/spi-builder-workspace/Sources/EffectsLibrary/Model/Content.swift:21:25: error: cannot find type 'UIColor' in scope
 19 |
 20 |     case shape(Shape, UIColor?, CGFloat = 1)
 21 |     case image(UIImage, UIColor?, CGFloat = 1)
    |                         `- error: cannot find type 'UIColor' in scope
 22 |     case emoji(Character, CGFloat = 1)
 23 | }
/Users/admin/builder/spi-builder-workspace/Sources/EffectsLibrary/Model/Content.swift:36:16: error: cannot find type 'UIImage' in scope
 34 |     }
 35 |
 36 |     var image: UIImage {
    |                `- error: cannot find type 'UIImage' in scope
 37 |         switch self {
 38 |         case let .image(image, _, _):
/Users/admin/builder/spi-builder-workspace/Sources/EffectsLibrary/SnowEffect/Model/SnowConfig.swift:49:20: error: cannot find 'UIImage' in scope
47 |     public init(
48 |         content: [Content] = [
49 |             .image(UIImage.loadFromBundle(named: .snow), .white)
   |                    `- error: cannot find 'UIImage' in scope
50 |         ],
51 |         backgroundColor: Color = .clear,
/Users/admin/builder/spi-builder-workspace/Sources/EffectsLibrary/SnowEffect/SnowView.swift:20:13: error: generic struct 'GeometryReader' requires that 'SnowViewRepresentable' conform to 'View'
18 |     public var body: some View {
19 |         GeometryReader { proxy in
20 |             SnowViewRepresentable(proxy: proxy, config: config)
   |             `- error: generic struct 'GeometryReader' requires that 'SnowViewRepresentable' conform to 'View'
21 |         }
22 |         .edgesIgnoringSafeArea(.all)
SwiftUI.GeometryReader:2:35: note: where 'Content' = 'SnowViewRepresentable'
1 | @available(iOS 13.0, macOS 10.15, tvOS 13.0, watchOS 6.0, *)
2 | @frozen nonisolated public struct GeometryReader<Content> : View, ~Sendable where Content : View {
  |                                   `- note: where 'Content' = 'SnowViewRepresentable'
3 |     public var content: (GeometryProxy) -> Content
4 |     @inlinable nonisolated public init(@ContentBuilder content: @escaping (GeometryProxy) -> Content)
/Users/admin/builder/spi-builder-workspace/Sources/EffectsLibrary/Model/EffectsViewRepresentable.swift:10:36: error: cannot find type 'UIViewRepresentable' in scope
 8 | import SwiftUI
 9 |
10 | protocol EffectsViewRepresentable: UIViewRepresentable {
   |                                    `- error: cannot find type 'UIViewRepresentable' in scope
11 |
12 |     associatedtype Config: EmitterLayerConfig
/Users/admin/builder/spi-builder-workspace/Sources/EffectsLibrary/Model/EffectsViewRepresentable.swift:20:26: error: cannot find type 'UIView' in scope
18 |     var viewRenderMode: CAEmitterLayerRenderMode { get }
19 |
20 |     func createView() -> UIView
   |                          `- error: cannot find type 'UIView' in scope
21 |     func createBaseView() -> UIView
22 |     func createBaseLayer() -> CAEmitterLayer
/Users/admin/builder/spi-builder-workspace/Sources/EffectsLibrary/Model/EffectsViewRepresentable.swift:21:30: error: cannot find type 'UIView' in scope
19 |
20 |     func createView() -> UIView
21 |     func createBaseView() -> UIView
   |                              `- error: cannot find type 'UIView' in scope
22 |     func createBaseLayer() -> CAEmitterLayer
23 |
SwiftCompile normal arm64 /Users/admin/builder/spi-builder-workspace/Sources/EffectsLibrary/SnowEffect/Model/SnowConfig+DefaultValues.swift (in target 'EffectsLibrary' from project 'EffectsLibrary')
    cd /Users/admin/builder/spi-builder-workspace/.swiftpm/xcode
    builtin-SwiftPerFileCompile SnowConfig+DefaultValues.swift
SwiftCompile normal arm64 /Users/admin/builder/spi-builder-workspace/Sources/EffectsLibrary/SnowEffect/Model/SnowConfig.swift (in target 'EffectsLibrary' from project 'EffectsLibrary')
    cd /Users/admin/builder/spi-builder-workspace/.swiftpm/xcode
    builtin-SwiftPerFileCompile SnowConfig.swift
SwiftCompile normal arm64 /Users/admin/builder/spi-builder-workspace/Sources/EffectsLibrary/SnowEffect/SnowView.swift (in target 'EffectsLibrary' from project 'EffectsLibrary')
    cd /Users/admin/builder/spi-builder-workspace/.swiftpm/xcode
    builtin-SwiftPerFileCompile SnowView.swift
SwiftCompile normal arm64 /Users/admin/builder/spi-builder-workspace/Sources/EffectsLibrary/SnowEffect/View/SnowViewRepresentable.swift (in target 'EffectsLibrary' from project 'EffectsLibrary')
    cd /Users/admin/builder/spi-builder-workspace/.swiftpm/xcode
    builtin-SwiftPerFileCompile SnowViewRepresentable.swift
SwiftCompile normal arm64 Compiling\ EmitterPosition.swift,\ FadeOut.swift,\ FallDirection.swift,\ InitialVelocity.swift /Users/admin/builder/spi-builder-workspace/Sources/EffectsLibrary/Model/EmitterPosition.swift /Users/admin/builder/spi-builder-workspace/Sources/EffectsLibrary/Model/FadeOut.swift /Users/admin/builder/spi-builder-workspace/Sources/EffectsLibrary/Model/FallDirection.swift /Users/admin/builder/spi-builder-workspace/Sources/EffectsLibrary/Model/InitialVelocity.swift (in target 'EffectsLibrary' from project 'EffectsLibrary')
SwiftCompile normal arm64 /Users/admin/builder/spi-builder-workspace/Sources/EffectsLibrary/Model/EmitterPosition.swift (in target 'EffectsLibrary' from project 'EffectsLibrary')
    cd /Users/admin/builder/spi-builder-workspace/.swiftpm/xcode
    builtin-SwiftPerFileCompile EmitterPosition.swift
SwiftCompile normal arm64 /Users/admin/builder/spi-builder-workspace/Sources/EffectsLibrary/Model/FadeOut.swift (in target 'EffectsLibrary' from project 'EffectsLibrary')
    cd /Users/admin/builder/spi-builder-workspace/.swiftpm/xcode
    builtin-SwiftPerFileCompile FadeOut.swift
SwiftCompile normal arm64 /Users/admin/builder/spi-builder-workspace/Sources/EffectsLibrary/Model/FallDirection.swift (in target 'EffectsLibrary' from project 'EffectsLibrary')
    cd /Users/admin/builder/spi-builder-workspace/.swiftpm/xcode
    builtin-SwiftPerFileCompile FallDirection.swift
SwiftCompile normal arm64 /Users/admin/builder/spi-builder-workspace/Sources/EffectsLibrary/Model/InitialVelocity.swift (in target 'EffectsLibrary' from project 'EffectsLibrary')
    cd /Users/admin/builder/spi-builder-workspace/.swiftpm/xcode
    builtin-SwiftPerFileCompile InitialVelocity.swift
SwiftCompile normal arm64 Compiling\ BaseConfig.swift,\ Content.swift,\ EffectsViewRepresentable.swift,\ EmitterLayerConfig.swift /Users/admin/builder/spi-builder-workspace/Sources/EffectsLibrary/Model/BaseConfig.swift /Users/admin/builder/spi-builder-workspace/Sources/EffectsLibrary/Model/Content.swift /Users/admin/builder/spi-builder-workspace/Sources/EffectsLibrary/Model/EffectsViewRepresentable.swift /Users/admin/builder/spi-builder-workspace/Sources/EffectsLibrary/Model/EmitterLayerConfig.swift (in target 'EffectsLibrary' from project 'EffectsLibrary')
/Users/admin/builder/spi-builder-workspace/Sources/EffectsLibrary/Model/Content.swift:20:23: error: cannot find type 'UIColor' in scope
 18 |     }
 19 |
 20 |     case shape(Shape, UIColor?, CGFloat = 1)
    |                       `- error: cannot find type 'UIColor' in scope
 21 |     case image(UIImage, UIColor?, CGFloat = 1)
 22 |     case emoji(Character, CGFloat = 1)
/Users/admin/builder/spi-builder-workspace/Sources/EffectsLibrary/Model/Content.swift:21:16: error: cannot find type 'UIImage' in scope
 19 |
 20 |     case shape(Shape, UIColor?, CGFloat = 1)
 21 |     case image(UIImage, UIColor?, CGFloat = 1)
    |                `- error: cannot find type 'UIImage' in scope
 22 |     case emoji(Character, CGFloat = 1)
 23 | }
/Users/admin/builder/spi-builder-workspace/Sources/EffectsLibrary/Model/Content.swift:21:25: error: cannot find type 'UIColor' in scope
 19 |
 20 |     case shape(Shape, UIColor?, CGFloat = 1)
 21 |     case image(UIImage, UIColor?, CGFloat = 1)
    |                         `- error: cannot find type 'UIColor' in scope
 22 |     case emoji(Character, CGFloat = 1)
 23 | }
/Users/admin/builder/spi-builder-workspace/Sources/EffectsLibrary/Model/Content.swift:26:16: error: cannot find type 'UIColor' in scope
 24 |
 25 | extension Content {
 26 |     var color: UIColor? {
    |                `- error: cannot find type 'UIColor' in scope
 27 |         switch self {
 28 |         case let .image(_, color?, _),
/Users/admin/builder/spi-builder-workspace/Sources/EffectsLibrary/Model/Content.swift:36:16: error: cannot find type 'UIImage' in scope
 34 |     }
 35 |
 36 |     var image: UIImage {
    |                `- error: cannot find type 'UIImage' in scope
 37 |         switch self {
 38 |         case let .image(image, _, _):
/Users/admin/builder/spi-builder-workspace/Sources/EffectsLibrary/Model/Content.swift:80:40: error: cannot find type 'UIImage' in scope
 78 |     }
 79 |
 80 |     func image(with color: UIColor) -> UIImage {
    |                                        `- error: cannot find type 'UIImage' in scope
 81 |         let rect = CGRect(origin: .zero, size: CGSize(width: 12.0, height: 12.0))
 82 |         return UIGraphicsImageRenderer(size: rect.size).image { context in
/Users/admin/builder/spi-builder-workspace/Sources/EffectsLibrary/Model/Content.swift:80:28: error: cannot find type 'UIColor' in scope
 78 |     }
 79 |
 80 |     func image(with color: UIColor) -> UIImage {
    |                            `- error: cannot find type 'UIColor' in scope
 81 |         let rect = CGRect(origin: .zero, size: CGSize(width: 12.0, height: 12.0))
 82 |         return UIGraphicsImageRenderer(size: rect.size).image { context in
/Users/admin/builder/spi-builder-workspace/Sources/EffectsLibrary/Model/Content.swift:91:72: error: cannot find type 'UIImage' in scope
 89 |
 90 | extension String {
 91 |     func image(with font: UIFont = UIFont.systemFont(ofSize: 16.0)) -> UIImage {
    |                                                                        `- error: cannot find type 'UIImage' in scope
 92 |         let string = NSString(string: "\(self)")
 93 |         let attributes: [NSAttributedString.Key: Any] = [
/Users/admin/builder/spi-builder-workspace/Sources/EffectsLibrary/Model/Content.swift:91:27: error: cannot find type 'UIFont' in scope
 89 |
 90 | extension String {
 91 |     func image(with font: UIFont = UIFont.systemFont(ofSize: 16.0)) -> UIImage {
    |                           `- error: cannot find type 'UIFont' in scope
 92 |         let string = NSString(string: "\(self)")
 93 |         let attributes: [NSAttributedString.Key: Any] = [
/Users/admin/builder/spi-builder-workspace/Sources/EffectsLibrary/Model/Content.swift:82:16: error: cannot find 'UIGraphicsImageRenderer' in scope
 80 |     func image(with color: UIColor) -> UIImage {
 81 |         let rect = CGRect(origin: .zero, size: CGSize(width: 12.0, height: 12.0))
 82 |         return UIGraphicsImageRenderer(size: rect.size).image { context in
    |                `- error: cannot find 'UIGraphicsImageRenderer' in scope
 83 |             context.cgContext.setFillColor(color.cgColor)
 84 |             context.cgContext.addPath(path(in: rect))
/Users/admin/builder/spi-builder-workspace/Sources/EffectsLibrary/Model/Content.swift:98:16: error: cannot find 'UIGraphicsImageRenderer' in scope
 96 |         let size = string.size(withAttributes: attributes)
 97 |
 98 |         return UIGraphicsImageRenderer(size: size).image { _ in
    |                `- error: cannot find 'UIGraphicsImageRenderer' in scope
 99 |             string.draw(at: .zero, withAttributes: attributes)
100 |         }
/Users/admin/builder/spi-builder-workspace/Sources/EffectsLibrary/Model/EffectsViewRepresentable.swift:10:36: error: cannot find type 'UIViewRepresentable' in scope
 8 | import SwiftUI
 9 |
10 | protocol EffectsViewRepresentable: UIViewRepresentable {
   |                                    `- error: cannot find type 'UIViewRepresentable' in scope
11 |
12 |     associatedtype Config: EmitterLayerConfig
/Users/admin/builder/spi-builder-workspace/Sources/EffectsLibrary/Model/EffectsViewRepresentable.swift:20:26: error: cannot find type 'UIView' in scope
18 |     var viewRenderMode: CAEmitterLayerRenderMode { get }
19 |
20 |     func createView() -> UIView
   |                          `- error: cannot find type 'UIView' in scope
21 |     func createBaseView() -> UIView
22 |     func createBaseLayer() -> CAEmitterLayer
/Users/admin/builder/spi-builder-workspace/Sources/EffectsLibrary/Model/EffectsViewRepresentable.swift:21:30: error: cannot find type 'UIView' in scope
19 |
20 |     func createView() -> UIView
21 |     func createBaseView() -> UIView
   |                              `- error: cannot find type 'UIView' in scope
22 |     func createBaseLayer() -> CAEmitterLayer
23 |
/Users/admin/builder/spi-builder-workspace/Sources/EffectsLibrary/Model/EffectsViewRepresentable.swift:28:47: error: cannot find type 'UIView' in scope
26 |
27 | extension EffectsViewRepresentable {
28 |     func makeUIView(context: Context) -> some UIView {
   |                                               `- error: cannot find type 'UIView' in scope
29 |         return createView()
30 |     }
/Users/admin/builder/spi-builder-workspace/Sources/EffectsLibrary/Model/EffectsViewRepresentable.swift:28:30: error: cannot find type 'Context' in scope
26 |
27 | extension EffectsViewRepresentable {
28 |     func makeUIView(context: Context) -> some UIView {
   |                              `- error: cannot find type 'Context' in scope
29 |         return createView()
30 |     }
/Users/admin/builder/spi-builder-workspace/Sources/EffectsLibrary/Model/EffectsViewRepresentable.swift:32:33: error: cannot find type 'UIViewType' in scope
30 |     }
31 |
32 |     func updateUIView(_ uiView: UIViewType, context: Context) {
   |                                 `- error: cannot find type 'UIViewType' in scope
33 |         // Todo
34 |     }
/Users/admin/builder/spi-builder-workspace/Sources/EffectsLibrary/Model/EffectsViewRepresentable.swift:32:54: error: cannot find type 'Context' in scope
30 |     }
31 |
32 |     func updateUIView(_ uiView: UIViewType, context: Context) {
   |                                                      `- error: cannot find type 'Context' in scope
33 |         // Todo
34 |     }
/Users/admin/builder/spi-builder-workspace/Sources/EffectsLibrary/Model/EffectsViewRepresentable.swift:57:26: error: cannot find type 'UIView' in scope
55 | extension EffectsViewRepresentable {
56 |
57 |     func createView() -> UIView {
   |                          `- error: cannot find type 'UIView' in scope
58 |         let baseView = createBaseView()
59 |         let baseLayer = createBaseLayer()
/Users/admin/builder/spi-builder-workspace/Sources/EffectsLibrary/Model/EffectsViewRepresentable.swift:71:30: error: cannot find type 'UIView' in scope
69 |     }
70 |
71 |     func createBaseView() -> UIView {
   |                              `- error: cannot find type 'UIView' in scope
72 |         let baseView = UIView()
73 |         baseView.backgroundColor = UIColor(config.backgroundColor)
/Users/admin/builder/spi-builder-workspace/Sources/EffectsLibrary/Model/EffectsViewRepresentable.swift:72:24: error: cannot find 'UIView' in scope
70 |
71 |     func createBaseView() -> UIView {
72 |         let baseView = UIView()
   |                        `- error: cannot find 'UIView' in scope
73 |         baseView.backgroundColor = UIColor(config.backgroundColor)
74 |         baseView.clipsToBounds = config.clipsToBounds
/Users/admin/builder/spi-builder-workspace/Sources/EffectsLibrary/Model/EffectsViewRepresentable.swift:73:36: error: cannot find 'UIColor' in scope
71 |     func createBaseView() -> UIView {
72 |         let baseView = UIView()
73 |         baseView.backgroundColor = UIColor(config.backgroundColor)
   |                                    `- error: cannot find 'UIColor' in scope
74 |         baseView.clipsToBounds = config.clipsToBounds
75 |
SwiftCompile normal arm64 /Users/admin/builder/spi-builder-workspace/Sources/EffectsLibrary/Model/BaseConfig.swift (in target 'EffectsLibrary' from project 'EffectsLibrary')
    cd /Users/admin/builder/spi-builder-workspace/.swiftpm/xcode
    builtin-SwiftPerFileCompile BaseConfig.swift
SwiftCompile normal arm64 /Users/admin/builder/spi-builder-workspace/Sources/EffectsLibrary/Model/Content.swift (in target 'EffectsLibrary' from project 'EffectsLibrary')
    cd /Users/admin/builder/spi-builder-workspace/.swiftpm/xcode
    builtin-SwiftPerFileCompile Content.swift
SwiftCompile normal arm64 /Users/admin/builder/spi-builder-workspace/Sources/EffectsLibrary/Model/EffectsViewRepresentable.swift (in target 'EffectsLibrary' from project 'EffectsLibrary')
    cd /Users/admin/builder/spi-builder-workspace/.swiftpm/xcode
    builtin-SwiftPerFileCompile EffectsViewRepresentable.swift
SwiftCompile normal arm64 /Users/admin/builder/spi-builder-workspace/Sources/EffectsLibrary/Model/EmitterLayerConfig.swift (in target 'EffectsLibrary' from project 'EffectsLibrary')
    cd /Users/admin/builder/spi-builder-workspace/.swiftpm/xcode
    builtin-SwiftPerFileCompile EmitterLayerConfig.swift
SwiftCompile normal arm64 Compiling\ Color+CustomColors.swift,\ String+ImageNames.swift,\ UIImage+fromBundle.swift,\ FireView.swift,\ FireConfig+DefaultValues.swift /Users/admin/builder/spi-builder-workspace/Sources/EffectsLibrary/Extensions/Color+CustomColors.swift /Users/admin/builder/spi-builder-workspace/Sources/EffectsLibrary/Extensions/String+ImageNames.swift /Users/admin/builder/spi-builder-workspace/Sources/EffectsLibrary/Extensions/UIImage+fromBundle.swift /Users/admin/builder/spi-builder-workspace/Sources/EffectsLibrary/FireEffect/FireView.swift /Users/admin/builder/spi-builder-workspace/Sources/EffectsLibrary/FireEffect/Model/FireConfig+DefaultValues.swift (in target 'EffectsLibrary' from project 'EffectsLibrary')
SwiftCompile normal arm64 /Users/admin/builder/spi-builder-workspace/Sources/EffectsLibrary/Extensions/Color+CustomColors.swift (in target 'EffectsLibrary' from project 'EffectsLibrary')
    cd /Users/admin/builder/spi-builder-workspace/.swiftpm/xcode
    builtin-SwiftPerFileCompile Color+CustomColors.swift
SwiftCompile normal arm64 /Users/admin/builder/spi-builder-workspace/Sources/EffectsLibrary/Extensions/String+ImageNames.swift (in target 'EffectsLibrary' from project 'EffectsLibrary')
    cd /Users/admin/builder/spi-builder-workspace/.swiftpm/xcode
    builtin-SwiftPerFileCompile String+ImageNames.swift
SwiftCompile normal arm64 /Users/admin/builder/spi-builder-workspace/Sources/EffectsLibrary/Extensions/UIImage+fromBundle.swift (in target 'EffectsLibrary' from project 'EffectsLibrary')
    cd /Users/admin/builder/spi-builder-workspace/.swiftpm/xcode
    builtin-SwiftPerFileCompile UIImage+fromBundle.swift
SwiftCompile normal arm64 /Users/admin/builder/spi-builder-workspace/Sources/EffectsLibrary/FireEffect/FireView.swift (in target 'EffectsLibrary' from project 'EffectsLibrary')
    cd /Users/admin/builder/spi-builder-workspace/.swiftpm/xcode
    builtin-SwiftPerFileCompile FireView.swift
SwiftCompile normal arm64 /Users/admin/builder/spi-builder-workspace/Sources/EffectsLibrary/FireEffect/Model/FireConfig+DefaultValues.swift (in target 'EffectsLibrary' from project 'EffectsLibrary')
    cd /Users/admin/builder/spi-builder-workspace/.swiftpm/xcode
    builtin-SwiftPerFileCompile FireConfig+DefaultValues.swift
PruneExplicitPrecompiledModules /Users/admin/builder/spi-builder-workspace/.derivedData/Build/Intermediates.noindex/SwiftExplicitPrecompiledModules
PruneExplicitPrecompiledModules /Users/admin/builder/spi-builder-workspace/.derivedData/Build/Intermediates.noindex/ExplicitPrecompiledModules
PruneExplicitPrecompiledModules /Users/admin/builder/spi-builder-workspace/.derivedData/SDKExplicitPrecompiledModules
2026-09-18 06:13:22.158 xcodebuild[842:5236] [MT] IDERunDestination: Supported platforms for the buildables in the current scheme is empty.
--- xcodebuild: WARNING: Using the first of multiple matching destinations:
{ platform:macOS, arch:arm64, id:f4fa24f2c591a268b6e66f0d181798ba9e3ea70e, name:My Mac }
{ platform:macOS, arch:arm64, variant:Mac Catalyst, id:f4fa24f2c591a268b6e66f0d181798ba9e3ea70e, name:My Mac }
{ platform:macOS, arch:arm64, variant:DriverKit, id:f4fa24f2c591a268b6e66f0d181798ba9e3ea70e, name:My Mac }
{ platform:macOS, arch:arm64, variant:Designed for [iPad,iPhone], id:f4fa24f2c591a268b6e66f0d181798ba9e3ea70e, name:My Mac }
** BUILD FAILED **
The following build commands failed:
	SwiftEmitModule normal arm64 Emitting\ module\ for\ EffectsLibrary (in target 'EffectsLibrary' from project 'EffectsLibrary')
	SwiftCompile normal arm64 (in target 'EffectsLibrary' from project 'EffectsLibrary')
	Building workspace EffectsLibrary with scheme EffectsLibrary
(3 failures)
BUILD FAILURE 6.4 macosXcodebuild