The Swift Package Index logo.Swift Package Index

Build Information

Failed to build AppVitals, reference 1.4.0 (27818f), with Swift 6.4 for Wasm on 24 Oct 2026 05:58:59 UTC.

Build Command

bash -c docker run --pull=always --rm -v "checkouts-54344845-0":/host -w "$PWD" -e JAVA_HOME="/root/.sdkman/candidates/java/current" -e SPI_BUILD="1" -e SPI_PROCESSING="1" registry.gitlab.com/saguaro1/spi-images:wasm-6.4-latest swift build --swift-sdk swift-6.4.0-RELEASE_wasm 2>&1

Build Log

========================================
RunAll
========================================
Builder version: 5.1.3
Interrupt handler set up.
========================================
Checkout
========================================
Clone URL: https://github.com/himanshulahoti20/AppVitals.git
Reference: 1.4.0
Initialized empty Git repository in /host/spi-builder-workspace/.git/
hint: Using 'master' as the name for the initial branch. This default branch name
hint: is subject to change. To configure the initial branch name to use in all
hint: of your new repositories, which will suppress this warning, call:
hint:
hint: 	git config --global init.defaultBranch <name>
hint:
hint: Names commonly chosen instead of 'master' are 'main', 'trunk' and
hint: 'development'. The just-created branch can be renamed via this command:
hint:
hint: 	git branch -m <name>
From https://github.com/himanshulahoti20/AppVitals
 * tag               1.4.0      -> FETCH_HEAD
HEAD is now at 27818f2 Version 1.4.0 (#4)
Cloned https://github.com/himanshulahoti20/AppVitals.git
Revision (git rev-parse @):
27818f2c403da04caaf5edfebcae0bcc3538170a
SPI manifest file found: $PWD/.spi.yml
SUCCESS checkout https://github.com/himanshulahoti20/AppVitals.git at 1.4.0
========================================
Build
========================================
Selected platform:         wasm
Swift version:             6.4
Building package at path:  $PWD
https://github.com/himanshulahoti20/AppVitals.git
Running build ...
bash -c docker run --pull=always --rm -v "checkouts-54344845-0":/host -w "$PWD" -e JAVA_HOME="/root/.sdkman/candidates/java/current" -e SPI_BUILD="1" -e SPI_PROCESSING="1" registry.gitlab.com/saguaro1/spi-images:wasm-6.4-latest swift build --swift-sdk swift-6.4.0-RELEASE_wasm 2>&1
wasm-6.4-latest: Pulling from saguaro1/spi-images
Digest: sha256:0ad19d16955074ecc72bbe910025b19c4e4614184c1a48afc82660d4c7620121
Status: Image is up to date for registry.gitlab.com/saguaro1/spi-images:wasm-6.4-latest
Building for debugging...
[Provisioning 7 / 15]
[Pre-planning 1 / 414]
[Starting]
[63 / 119] AppVitalsCore
[64 / 119] AppVitalsCore
[72 / 128] AppVitalsStorage
error: SwiftCompile normal wasm32 /host/spi-builder-workspace/Sources/AppVitalsCore/TestReport.swift failed with a nonzero exit code. Command line:     cd /host
    builtin-SwiftPerFileCompile TestReport.swift
/host/spi-builder-workspace/Sources/AppVitalsCore/TestReport.swift:106:62: error: 'atomic' is unavailable: atomic writing is unavailable in WASI because temporary files are not supported
104 |         let text = directory.appendingPathComponent(base + ".txt")
105 |         let json = directory.appendingPathComponent(base + ".json")
106 |         try Data(plainText().utf8).write(to: text, options: .atomic)
    |                                                              `- error: 'atomic' is unavailable: atomic writing is unavailable in WASI because temporary files are not supported
107 |         try jsonData().write(to: json, options: .atomic)
108 |         return [text, json]
FoundationEssentials.Data.WritingOptions.atomic:4:23: note: 'atomic' has been explicitly marked unavailable here
2 |   struct WritingOptions {
3 | @available(*, unavailable, message: "atomic writing is unavailable in WASI because temporary files are not supported")
4 |     public static let atomic: Data.WritingOptions  }
  |                       `- note: 'atomic' has been explicitly marked unavailable here
5 | }
6 |
/host/spi-builder-workspace/Sources/AppVitalsCore/TestReport.swift:107:50: error: 'atomic' is unavailable: atomic writing is unavailable in WASI because temporary files are not supported
105 |         let json = directory.appendingPathComponent(base + ".json")
106 |         try Data(plainText().utf8).write(to: text, options: .atomic)
107 |         try jsonData().write(to: json, options: .atomic)
    |                                                  `- error: 'atomic' is unavailable: atomic writing is unavailable in WASI because temporary files are not supported
108 |         return [text, json]
109 |     }
FoundationEssentials.Data.WritingOptions.atomic:4:23: note: 'atomic' has been explicitly marked unavailable here
2 |   struct WritingOptions {
3 | @available(*, unavailable, message: "atomic writing is unavailable in WASI because temporary files are not supported")
4 |     public static let atomic: Data.WritingOptions  }
  |                       `- note: 'atomic' has been explicitly marked unavailable here
5 | }
6 |
Failed frontend command:
/usr/bin/swift-frontend -frontend -c /host/spi-builder-workspace/Sources/AppVitalsCore/AppVitalsConfiguration.swift /host/spi-builder-workspace/Sources/AppVitalsCore/AppVitalsCrashReporter.swift /host/spi-builder-workspace/Sources/AppVitalsCore/AppVitalsEvent.swift /host/spi-builder-workspace/Sources/AppVitalsCore/AppVitalsNotifications.swift /host/spi-builder-workspace/Sources/AppVitalsCore/CrashContext.swift /host/spi-builder-workspace/Sources/AppVitalsCore/MemorySnapshot.swift /host/spi-builder-workspace/Sources/AppVitalsCore/NetworkTransaction.swift /host/spi-builder-workspace/Sources/AppVitalsCore/RingBuffer.swift -primary-file /host/spi-builder-workspace/Sources/AppVitalsCore/TestReport.swift /host/spi-builder-workspace/Sources/AppVitalsCore/TestRun.swift -emit-dependencies-path /host/spi-builder-workspace/.build/out/Intermediates.noindex/AppVitals.build/Debug-webassembly-wasm32/AppVitalsCore-t.build/Objects-normal/wasm32/TestReport.d -emit-const-values-path /host/spi-builder-workspace/.build/out/Intermediates.noindex/AppVitals.build/Debug-webassembly-wasm32/AppVitalsCore-t.build/Objects-normal/wasm32/TestReport.swiftconstvalues -emit-reference-dependencies-path /host/spi-builder-workspace/.build/out/Intermediates.noindex/AppVitals.build/Debug-webassembly-wasm32/AppVitalsCore-t.build/Objects-normal/wasm32/TestReport.swiftdeps -serialize-diagnostics-path /host/spi-builder-workspace/.build/out/Intermediates.noindex/AppVitals.build/Debug-webassembly-wasm32/AppVitalsCore-t.build/Objects-normal/wasm32/TestReport.dia -target wasm32-unknown-wasip1 -disable-objc-interop -sdk /root/.swiftpm/swift-sdks/swift-6.4.0-RELEASE_wasm.artifactbundle/swift-6.4.0-RELEASE_wasm/wasm32-unknown-wasip1/WASI.sdk -sysroot /root/.swiftpm/swift-sdks/swift-6.4.0-RELEASE_wasm.artifactbundle/swift-6.4.0-RELEASE_wasm/wasm32-unknown-wasip1/WASI.sdk -I /host/spi-builder-workspace/.build/out/Products/Debug-webassembly-wasm32 -module-cache-path /host/spi-builder-workspace/.build/out/ModuleCache.noindex -color-diagnostics -Xcc -fcolor-diagnostics -enable-testing -g -debug-info-format\=dwarf -dwarf-version\=4 -swift-version 6 -Onone -D SWIFT_PACKAGE -D DEBUG -D SWIFT_MODULE_RESOURCE_BUNDLE_UNAVAILABLE -D Xcode -serialize-debugging-options -enable-experimental-feature DebugDescriptionMacro -empty-abi-descriptor -external-plugin-path /usr/lib/swift/host/plugins/testing\#/usr/bin/swift-plugin-server -validate-clang-modules-once -clang-build-session-file /host/spi-builder-workspace/.build/out/ModuleCache.noindex/Session.modulevalidation -Xcc -working-directory -Xcc /host -resource-dir /root/.swiftpm/swift-sdks/swift-6.4.0-RELEASE_wasm.artifactbundle/swift-6.4.0-RELEASE_wasm/wasm32-unknown-wasip1/swift.xctoolchain/usr/lib/swift_static -use-static-resource-dir -enable-anonymous-context-mangled-names -file-compilation-dir /host -Xcc -resource-dir -Xcc /root/.swiftpm/swift-sdks/swift-6.4.0-RELEASE_wasm.artifactbundle/swift-6.4.0-RELEASE_wasm/wasm32-unknown-wasip1/swift.xctoolchain/usr/lib/swift_static/clang -Xcc -D_LIBCPP_HARDENING_MODE\=_LIBCPP_HARDENING_MODE_DEBUG -Xcc -fmodules-prune-interval\=86400 -Xcc -fmodules-prune-after\=345600 -Xcc -I/host/spi-builder-workspace/.build/out/Products/Debug-webassembly-wasm32/include -Xcc -I/host/spi-builder-workspace/.build/out/Intermediates.noindex/AppVitals.build/Debug-webassembly-wasm32/AppVitalsCore-t.build/DerivedSources-normal/wasm32 -Xcc -I/host/spi-builder-workspace/.build/out/Intermediates.noindex/AppVitals.build/Debug-webassembly-wasm32/AppVitalsCore-t.build/DerivedSources/wasm32 -Xcc -I/host/spi-builder-workspace/.build/out/Intermediates.noindex/AppVitals.build/Debug-webassembly-wasm32/AppVitalsCore-t.build/DerivedSources -Xcc -DSWIFT_PACKAGE -Xcc -DDEBUG\=1 -no-auto-bridging-header-chaining -module-name AppVitalsCore -package-name spi_builder_workspace -const-gather-protocols-file /host/spi-builder-workspace/.build/out/Intermediates.noindex/AppVitals.build/Debug-webassembly-wasm32/AppVitalsCore-t.build/Objects-normal/wasm32/AppVitalsCore_const_extract_protocols.json -in-process-plugin-server-path /usr/lib/swift/host/libSwiftInProcPluginServer.so -plugin-path /usr/lib/swift/host/plugins -plugin-path /usr/local/lib/swift/host/plugins -parse-as-library -o /host/spi-builder-workspace/.build/out/Intermediates.noindex/AppVitals.build/Debug-webassembly-wasm32/AppVitalsCore-t.build/Objects-normal/wasm32/TestReport.o -index-unit-output-path /AppVitals.build/Debug-webassembly-wasm32/AppVitalsCore-t.build/Objects-normal/wasm32/TestReport.o -index-store-path /host/spi-builder-workspace/.build/out -index-system-modules
error: Build failed
BUILD FAILURE 6.4 wasm