Build Information
Failed to build Spezi, reference 0.2.1 (7fbc89), with Swift 6.4 for watchOS using Xcode 27.0 on 2 Oct 2026 23:22:48 UTC.
Build Command
env DEVELOPER_DIR=/Applications/Xcode-27.0.0-Release.Candidate.app xcrun xcodebuild -IDEClonedSourcePackagesDirPathOverride=$PWD/.dependencies -skipMacroValidation -skipPackagePluginValidation -derivedDataPath $PWD/.derivedData build -scheme Spezi-Package -destination generic/platform=watchOSBuild Log
43 | objects += [(.none, PDFMarginObject(left: left, right: right, top: top, bottom: bottom))]
44 | }
/Users/admin/builder/spi-builder-workspace/.dependencies/checkouts/TPPDF/Source/API/Groups/PDFMasterGroup.swift:42:101: error: cannot find type 'CGFloat' in scope; did you mean to use 'CGFloat'?
40 | * - bottom: Space to bottom page edge
41 | */
42 | public func setMargin(left: CGFloat? = nil, right: CGFloat? = nil, top: CGFloat? = nil, bottom: CGFloat? = nil) {
| `- error: cannot find type 'CGFloat' in scope; did you mean to use 'CGFloat'?
43 | objects += [(.none, PDFMarginObject(left: left, right: right, top: top, bottom: bottom))]
44 | }
/Users/admin/builder/spi-builder-workspace/.dependencies/checkouts/TPPDF/Source/API/Image/PDFImage.swift:63:16: error: cannot find type 'Image' in scope
61 | */
62 | public init(
63 | image: Image,
| `- error: cannot find type 'Image' in scope
64 | caption: PDFText? = nil,
65 | size: CGSize = .zero,
/Users/admin/builder/spi-builder-workspace/.dependencies/checkouts/TPPDF/Source/API/Image/PDFImage.swift:65:15: error: cannot find type 'CGSize' in scope
63 | image: Image,
64 | caption: PDFText? = nil,
65 | size: CGSize = .zero,
| `- error: cannot find type 'CGSize' in scope
66 | sizeFit: PDFImageSizeFit = .widthHeight,
67 | quality: CGFloat = 0.85,
/Users/admin/builder/spi-builder-workspace/.dependencies/checkouts/TPPDF/Source/API/Image/PDFImage.swift:67:18: error: cannot find type 'CGFloat' in scope; did you mean to use 'CGFloat'?
65 | size: CGSize = .zero,
66 | sizeFit: PDFImageSizeFit = .widthHeight,
67 | quality: CGFloat = 0.85,
| `- error: cannot find type 'CGFloat' in scope; did you mean to use 'CGFloat'?
68 | options: PDFImageOptions = [.resize, .compress],
69 | cornerRadius: CGFloat? = nil
/Users/admin/builder/spi-builder-workspace/.dependencies/checkouts/TPPDF/Source/API/Image/PDFImage.swift:69:23: error: cannot find type 'CGFloat' in scope; did you mean to use 'CGFloat'?
67 | quality: CGFloat = 0.85,
68 | options: PDFImageOptions = [.resize, .compress],
69 | cornerRadius: CGFloat? = nil
| `- error: cannot find type 'CGFloat' in scope; did you mean to use 'CGFloat'?
70 | ) {
71 | self.image = image
/Users/admin/builder/spi-builder-workspace/.dependencies/checkouts/TPPDF/Source/API/Image/PDFImage.swift:23:23: error: cannot find type 'Image' in scope
21 | * The actual image
22 | */
23 | public var image: Image
| `- error: cannot find type 'Image' in scope
24 |
25 | /**
/Users/admin/builder/spi-builder-workspace/.dependencies/checkouts/TPPDF/Source/API/Image/PDFImage.swift:32:22: error: cannot find type 'CGSize' in scope
30 |
31 | /// The size of the image in the PDF document
32 | public var size: CGSize
| `- error: cannot find type 'CGSize' in scope
33 |
34 | /// Defines how the image will fit if not enough space is given
/Users/admin/builder/spi-builder-workspace/.dependencies/checkouts/TPPDF/Source/API/Image/PDFImage.swift:42:25: error: cannot find type 'CGFloat' in scope; did you mean to use 'CGFloat'?
40 | * Value ranges between 0.0 and 1.0, maximum quality equals 1.0
41 | */
42 | public var quality: CGFloat
| `- error: cannot find type 'CGFloat' in scope; did you mean to use 'CGFloat'?
43 |
44 | /// Options used for changing the image before drawing
/Users/admin/builder/spi-builder-workspace/.dependencies/checkouts/TPPDF/Source/API/Image/PDFImage.swift:48:30: error: cannot find type 'CGFloat' in scope; did you mean to use 'CGFloat'?
46 |
47 | /// Optional corner radius, is used if the `options` are set.
48 | public var cornerRadius: CGFloat?
| `- error: cannot find type 'CGFloat' in scope; did you mean to use 'CGFloat'?
49 |
50 | /**
/Users/admin/builder/spi-builder-workspace/.dependencies/checkouts/TPPDF/Source/API/Layout/PDFPageLayout.swift:19:22: error: cannot find type 'CGSize' in scope
17 |
18 | /// Size of each page
19 | public var size: CGSize = .zero
| `- error: cannot find type 'CGSize' in scope
20 |
21 | /**
/Users/admin/builder/spi-builder-workspace/.dependencies/checkouts/TPPDF/Source/API/Layout/PDFPageLayout.swift:29:24: error: cannot find type 'EdgeInsets' in scope
27 | * `right`: Right inset of page
28 | */
29 | public var margin: EdgeInsets = .zero
| `- error: cannot find type 'EdgeInsets' in scope
30 |
31 | /**
/Users/admin/builder/spi-builder-workspace/.dependencies/checkouts/TPPDF/Source/API/Layout/PDFPageLayout.swift:37:32: error: cannot find type 'CGFloat' in scope; did you mean to use 'CGFloat'?
35 | * `footer`: Space between content and footer
36 | */
37 | public var space: (header: CGFloat, footer: CGFloat)
| `- error: cannot find type 'CGFloat' in scope; did you mean to use 'CGFloat'?
38 |
39 | // MARK: - PUBLIC FUNCTIONS
/Users/admin/builder/spi-builder-workspace/.dependencies/checkouts/TPPDF/Source/API/Layout/PDFPageLayout.swift:37:49: error: cannot find type 'CGFloat' in scope; did you mean to use 'CGFloat'?
35 | * `footer`: Space between content and footer
36 | */
37 | public var space: (header: CGFloat, footer: CGFloat)
| `- error: cannot find type 'CGFloat' in scope; did you mean to use 'CGFloat'?
38 |
39 | // MARK: - PUBLIC FUNCTIONS
/Users/admin/builder/spi-builder-workspace/.dependencies/checkouts/TPPDF/Source/API/Layout/PDFPageLayout.swift:50:15: error: cannot find type 'CGSize' in scope
48 | */
49 | public init(
50 | size: CGSize = .zero,
| `- error: cannot find type 'CGSize' in scope
51 | margin: EdgeInsets = .zero,
52 | space: (header: CGFloat, footer: CGFloat) = (0, 0)
/Users/admin/builder/spi-builder-workspace/.dependencies/checkouts/TPPDF/Source/API/Layout/PDFPageLayout.swift:51:17: error: cannot find type 'EdgeInsets' in scope
49 | public init(
50 | size: CGSize = .zero,
51 | margin: EdgeInsets = .zero,
| `- error: cannot find type 'EdgeInsets' in scope
52 | space: (header: CGFloat, footer: CGFloat) = (0, 0)
53 | ) {
/Users/admin/builder/spi-builder-workspace/.dependencies/checkouts/TPPDF/Source/API/Layout/PDFPageLayout.swift:52:25: error: cannot find type 'CGFloat' in scope; did you mean to use 'CGFloat'?
50 | size: CGSize = .zero,
51 | margin: EdgeInsets = .zero,
52 | space: (header: CGFloat, footer: CGFloat) = (0, 0)
| `- error: cannot find type 'CGFloat' in scope; did you mean to use 'CGFloat'?
53 | ) {
54 | self.size = size
/Users/admin/builder/spi-builder-workspace/.dependencies/checkouts/TPPDF/Source/API/Layout/PDFPageLayout.swift:52:42: error: cannot find type 'CGFloat' in scope; did you mean to use 'CGFloat'?
50 | size: CGSize = .zero,
51 | margin: EdgeInsets = .zero,
52 | space: (header: CGFloat, footer: CGFloat) = (0, 0)
| `- error: cannot find type 'CGFloat' in scope; did you mean to use 'CGFloat'?
53 | ) {
54 | self.size = size
/Users/admin/builder/spi-builder-workspace/.dependencies/checkouts/TPPDF/Source/API/Layout/PDFPageLayout.swift:62:24: error: cannot find type 'CGRect' in scope
60 |
61 | /// Returns a `CGRect` with a origin at zero and the `size` of the layout.
62 | public var bounds: CGRect {
| `- error: cannot find type 'CGRect' in scope
63 | CGRect(origin: .zero, size: size)
64 | }
/Users/admin/builder/spi-builder-workspace/.dependencies/checkouts/TPPDF/Source/API/Layout/PDFPageLayout.swift:67:23: error: cannot find type 'CGFloat' in scope; did you mean to use 'CGFloat'?
65 |
66 | /// Shorthand access to layout width
67 | public var width: CGFloat {
| `- error: cannot find type 'CGFloat' in scope; did you mean to use 'CGFloat'?
68 | size.width
69 | }
/Users/admin/builder/spi-builder-workspace/.dependencies/checkouts/TPPDF/Source/API/Layout/PDFPageLayout.swift:72:24: error: cannot find type 'CGFloat' in scope; did you mean to use 'CGFloat'?
70 |
71 | /// Shorthand access to layout height
72 | public var height: CGFloat {
| `- error: cannot find type 'CGFloat' in scope; did you mean to use 'CGFloat'?
73 | size.height
74 | }
/Users/admin/builder/spi-builder-workspace/.dependencies/checkouts/TPPDF/Source/API/List/PDFList.swift:37:38: error: cannot find type 'CGFloat' in scope; did you mean to use 'CGFloat'?
35 | * If not enough indentation levels are provided, the default value `0` will be used for `pre` and `past`.
36 | */
37 | public init(indentations: [(pre: CGFloat, past: CGFloat)]) {
| `- error: cannot find type 'CGFloat' in scope; did you mean to use 'CGFloat'?
38 | self.levelIndentations = indentations
39 | }
/Users/admin/builder/spi-builder-workspace/.dependencies/checkouts/TPPDF/Source/API/List/PDFList.swift:37:53: error: cannot find type 'CGFloat' in scope; did you mean to use 'CGFloat'?
35 | * If not enough indentation levels are provided, the default value `0` will be used for `pre` and `past`.
36 | */
37 | public init(indentations: [(pre: CGFloat, past: CGFloat)]) {
| `- error: cannot find type 'CGFloat' in scope; did you mean to use 'CGFloat'?
38 | self.levelIndentations = indentations
39 | }
/Users/admin/builder/spi-builder-workspace/.dependencies/checkouts/TPPDF/Source/API/List/PDFList.swift:29:42: error: cannot find type 'CGFloat' in scope; did you mean to use 'CGFloat'?
27 |
28 | /// Spacing before and after the symbol for each nesting level
29 | public var levelIndentations: [(pre: CGFloat, past: CGFloat)] = []
| `- error: cannot find type 'CGFloat' in scope; did you mean to use 'CGFloat'?
30 |
31 | /**
/Users/admin/builder/spi-builder-workspace/.dependencies/checkouts/TPPDF/Source/API/List/PDFList.swift:29:57: error: cannot find type 'CGFloat' in scope; did you mean to use 'CGFloat'?
27 |
28 | /// Spacing before and after the symbol for each nesting level
29 | public var levelIndentations: [(pre: CGFloat, past: CGFloat)] = []
| `- error: cannot find type 'CGFloat' in scope; did you mean to use 'CGFloat'?
30 |
31 | /**
/Users/admin/builder/spi-builder-workspace/.dependencies/checkouts/TPPDF/Source/API/PDFGenerator+Generation.swift:19:50: error: cannot find type 'URL' in scope
17 |
18 | /// Convenience method for ``PDFGenerator/generate(to:info:)`` without `info`
19 | func generateURL(filename: String) throws -> URL {
| `- error: cannot find type 'URL' in scope
20 | try generateURL(filename: filename, info: nil)
21 | }
/Users/admin/builder/spi-builder-workspace/.dependencies/checkouts/TPPDF/Source/API/PDFGenerator+Generation.swift:24:27: error: cannot find type 'URL' in scope
22 |
23 | /// Convenience method for ``PDFGenerator/generate(to:info:)`` without `info`
24 | func generate(to url: URL) throws {
| `- error: cannot find type 'URL' in scope
25 | try generate(to: url, info: nil)
26 | }
/Users/admin/builder/spi-builder-workspace/.dependencies/checkouts/TPPDF/Source/API/PDFGenerator+Generation.swift:36:27: error: cannot find type 'URL' in scope
34 | * - Throws: ``PDFError`` if the calculations or rendering fails
35 | */
36 | func generate(to url: URL, info: PDFInfo?) throws {
| `- error: cannot find type 'URL' in scope
37 | let context = PDFContextGraphics.createPDFContext(url: url, bounds: document.layout.bounds, info: info ?? document.info)
38 | try generatePDFContext(context: context)
/Users/admin/builder/spi-builder-workspace/.dependencies/checkouts/TPPDF/Source/API/PDFGenerator+Generation.swift:43:35: error: cannot find type 'Data' in scope
41 |
42 | /// Convenience method for ``PDFGenerator/generateData(info:)`` without defining `info`
43 | func generateData() throws -> Data {
| `- error: cannot find type 'Data' in scope
44 | try generateData(info: nil)
45 | }
/Users/admin/builder/spi-builder-workspace/.dependencies/checkouts/TPPDF/Source/API/PDFGenerator+Generation.swift:56:49: error: cannot find type 'Data' in scope
54 | * - Returns: PDF file data
55 | */
56 | func generateData(info: PDFInfo?) throws -> Data {
| `- error: cannot find type 'Data' in scope
57 | let (data, context) = PDFContextGraphics.createPDFDataContext(bounds: document.layout.bounds, info: info ?? document.info)
58 | try generatePDFContext(context: context)
/Users/admin/builder/spi-builder-workspace/.dependencies/checkouts/TPPDF/Source/API/PDFGenerator+Generation.swift:140:96: error: cannot find type 'Progress' in scope
138 | * - Throws: ``PDFError`` if the calculations fail
139 | */
140 | private func estimateTotalPageCount(of contentObjects: [PDFLocatedRenderObject], progress: Progress) throws -> Int {
| `- error: cannot find type 'Progress' in scope
141 | // Only calculate render header & footer metrics if page has content.
142 | if !contentObjects.isEmpty && !(contentObjects.first?.1 is PDFExternalPageObject) {
/Users/admin/builder/spi-builder-workspace/.dependencies/checkouts/TPPDF/Source/API/PDFGenerator+Generation.swift:217:19: error: cannot find type 'Progress' in scope
215 | contentObjs: [PDFLocatedRenderObject],
216 | masterObj: [PDFLocatedRenderObject],
217 | progress: Progress
| `- error: cannot find type 'Progress' in scope
218 | ) throws -> [PDFLocatedRenderObject] {
219 | guard !contentObjs.isEmpty else {
/Users/admin/builder/spi-builder-workspace/.dependencies/checkouts/TPPDF/Source/API/PDFGenerator.swift:62:36: error: cannot find type 'Font' in scope
60 | * These values are used for simple text objects
61 | */
62 | lazy var fonts: [PDFContainer: Font] = .init(uniqueKeysWithValues: PDFContainer.allCases.map { container in
| `- error: cannot find type 'Font' in scope
63 | (container, Font.systemFont(ofSize: PDFConstants.defaultFontSize))
64 | })
/Users/admin/builder/spi-builder-workspace/.dependencies/checkouts/TPPDF/Source/API/PDFGenerator.swift:71:40: error: cannot find type 'Color' in scope
69 | * These values are used for simple text objects
70 | */
71 | lazy var textColor: [PDFContainer: Color] = .init(uniqueKeysWithValues: PDFContainer.allCases.map { container in
| `- error: cannot find type 'Color' in scope
72 | (container, Color.black)
73 | })
/Users/admin/builder/spi-builder-workspace/.dependencies/checkouts/TPPDF/Source/API/PDFGenerator.swift:46:26: error: cannot find 'EdgeInsets' in scope
44 |
45 | /// Generator wide padding used for calculations of groups
46 | var currentPadding = EdgeInsets.zero
| `- error: cannot find 'EdgeInsets' in scope
47 |
48 | /// Relative value tracking progress
/Users/admin/builder/spi-builder-workspace/.dependencies/checkouts/TPPDF/Source/API/PDFGenerator.swift:49:27: error: cannot find 'Progress' in scope
47 |
48 | /// Relative value tracking progress
49 | public let progress = Progress.discreteProgress(totalUnitCount: 3)
| `- error: cannot find 'Progress' in scope
50 |
51 | /// Object acts as a delegate during the generation process
/Users/admin/builder/spi-builder-workspace/.dependencies/checkouts/TPPDF/Source/API/PDFGenerator.swift:63:21: error: cannot find 'Font' in scope
61 | */
62 | lazy var fonts: [PDFContainer: Font] = .init(uniqueKeysWithValues: PDFContainer.allCases.map { container in
63 | (container, Font.systemFont(ofSize: PDFConstants.defaultFontSize))
| `- error: cannot find 'Font' in scope
64 | })
65 |
/Users/admin/builder/spi-builder-workspace/.dependencies/checkouts/TPPDF/Source/API/PDFGenerator.swift:72:21: error: cannot find 'Color' in scope
70 | */
71 | lazy var textColor: [PDFContainer: Color] = .init(uniqueKeysWithValues: PDFContainer.allCases.map { container in
72 | (container, Color.black)
| `- error: cannot find 'Color' in scope
73 | })
74 |
/Users/admin/builder/spi-builder-workspace/.dependencies/checkouts/TPPDF/Source/API/PDFMultiDocumentGenerator.swift:17:25: error: cannot find type 'CGRect' in scope
15 | public class PDFMultiDocumentGenerator: PDFGeneratorProtocol {
16 | /// Bounds of first document, set on initialization
17 | private let bounds: CGRect
| `- error: cannot find type 'CGRect' in scope
18 |
19 | /// Metadata information of first document, set on initialization
/Users/admin/builder/spi-builder-workspace/.dependencies/checkouts/TPPDF/Source/API/PDFMultiDocumentGenerator.swift:26:26: error: cannot find type 'Progress' in scope
24 |
25 | /// Instance of `Progress` used to track and control the multi-document generation
26 | public let progress: Progress
| `- error: cannot find type 'Progress' in scope
27 |
28 | /// Instances of `Progess` used to track and control each individual document generation
/Users/admin/builder/spi-builder-workspace/.dependencies/checkouts/TPPDF/Source/API/PDFMultiDocumentGenerator.swift:29:29: error: cannot find type 'Progress' in scope
27 |
28 | /// Instances of `Progess` used to track and control each individual document generation
29 | public let progresses: [Progress]
| `- error: cannot find type 'Progress' in scope
30 |
31 | /// Flag to enable or disable the debug overlay
/Users/admin/builder/spi-builder-workspace/.dependencies/checkouts/TPPDF/Source/API/PDFMultiDocumentGenerator.swift:55:57: error: cannot find type 'URL' in scope
53 |
54 | /// nodoc
55 | public func generateURL(filename: String) throws -> URL {
| `- error: cannot find type 'URL' in scope
56 | try generateURL(filename: filename, info: nil)
57 | }
/Users/admin/builder/spi-builder-workspace/.dependencies/checkouts/TPPDF/Source/API/PDFMultiDocumentGenerator.swift:60:37: error: cannot find type 'URL' in scope
58 |
59 | /// nodoc
60 | public func generate(to target: URL) throws {
| `- error: cannot find type 'URL' in scope
61 | try generate(to: target, info: nil)
62 | }
/Users/admin/builder/spi-builder-workspace/.dependencies/checkouts/TPPDF/Source/API/PDFMultiDocumentGenerator.swift:72:37: error: cannot find type 'URL' in scope
70 | * - Throws: Exception, if something went wrong
71 | */
72 | public func generate(to target: URL, info: PDFInfo?) throws {
| `- error: cannot find type 'URL' in scope
73 | assert(!generators.isEmpty, "At least one document is required!")
74 |
/Users/admin/builder/spi-builder-workspace/.dependencies/checkouts/TPPDF/Source/API/PDFMultiDocumentGenerator.swift:81:42: error: cannot find type 'Data' in scope
79 |
80 | /// nodoc
81 | public func generateData() throws -> Data {
| `- error: cannot find type 'Data' in scope
82 | try generateData(info: nil)
83 | }
/Users/admin/builder/spi-builder-workspace/.dependencies/checkouts/TPPDF/Source/API/PDFMultiDocumentGenerator.swift:94:62: error: cannot find type 'Data' in scope
92 | * - Returns: PDF data
93 | */
94 | public func generateData(info: PDFInfo? = nil) throws -> Data {
| `- error: cannot find type 'Data' in scope
95 | assert(!generators.isEmpty, "At least one document is required!")
96 |
/Users/admin/builder/spi-builder-workspace/.dependencies/checkouts/TPPDF/Source/API/Page Format/PDFPageFormat+SizeConstants.swift:21:17: error: cannot find type 'CGSize' in scope
19 | * If it is not a US format, it will check other constants for correct size
20 | */
21 | var usSize: CGSize {
| `- error: cannot find type 'CGSize' in scope
22 | switch self {
23 | case .usHalfLetter:
/Users/admin/builder/spi-builder-workspace/.dependencies/checkouts/TPPDF/Source/API/Page Format/PDFPageFormat+SizeConstants.swift:43:19: error: cannot find type 'CGSize' in scope
41 | * If it is not a ANSI format, it will check other constants for correct size
42 | */
43 | var ansiSize: CGSize {
| `- error: cannot find type 'CGSize' in scope
44 | switch self {
45 | case .ansiA:
/Users/admin/builder/spi-builder-workspace/.dependencies/checkouts/TPPDF/Source/API/Page Format/PDFPageFormat+SizeConstants.swift:65:16: error: cannot find type 'CGSize' in scope
63 | * If it is not a A-Series format, it will check other constants for correct size
64 | */
65 | var aSize: CGSize {
| `- error: cannot find type 'CGSize' in scope
66 | switch self {
67 | case .a0:
/Users/admin/builder/spi-builder-workspace/.dependencies/checkouts/TPPDF/Source/API/Page Format/PDFPageFormat+SizeConstants.swift:99:16: error: cannot find type 'CGSize' in scope
97 | * If it is not a B-Series format, it will check other constants for correct size
98 | */
99 | var bSize: CGSize {
| `- error: cannot find type 'CGSize' in scope
100 | switch self {
101 | case .b0:
/Users/admin/builder/spi-builder-workspace/.dependencies/checkouts/TPPDF/Source/API/Page Format/PDFPageFormat+SizeConstants.swift:133:16: error: cannot find type 'CGSize' in scope
131 | * If it is not a C-Series format, it will check other constants for correct size
132 | */
133 | var cSize: CGSize {
| `- error: cannot find type 'CGSize' in scope
134 | switch self {
135 | case .c0:
/Users/admin/builder/spi-builder-workspace/.dependencies/checkouts/TPPDF/Source/API/Page Format/PDFPageFormat.swift:88:22: error: cannot find type 'CGSize' in scope
86 |
87 | /// Size defined in constants
88 | public var size: CGSize {
| `- error: cannot find type 'CGSize' in scope
89 | switch self {
90 | case .usHalfLetter, .usLetter, .usLegal, .usJuniorLegal, .usLedger:
/Users/admin/builder/spi-builder-workspace/.dependencies/checkouts/TPPDF/Source/API/Page Format/PDFPageFormat.swift:104:31: error: cannot find type 'CGSize' in scope
102 |
103 | /// Swaps height and width to create a landscape format
104 | public var landscapeSize: CGSize {
| `- error: cannot find type 'CGSize' in scope
105 | CGSize(width: size.height, height: size.width)
106 | }
/Users/admin/builder/spi-builder-workspace/.dependencies/checkouts/TPPDF/Source/API/Pagination/PDFPagination.swift:43:33: error: cannot find type 'NSAttributedString' in scope
41 | * See ``NSAttributedString`` for reference
42 | */
43 | public var textAttributes: [NSAttributedString.Key: Any]
| `- error: cannot find type 'NSAttributedString' in scope
44 |
45 | /**
/Users/admin/builder/spi-builder-workspace/.dependencies/checkouts/TPPDF/Source/API/Section/PDFSection.swift:54:44: error: cannot find type 'CGFloat' in scope; did you mean to use 'CGFloat'?
52 | * - Parameter columnWidth: Relative column widths. Values are between 0.0 and 1.0 and should sum up to 1.0.
53 | */
54 | public convenience init(columnWidths: [CGFloat]) {
| `- error: cannot find type 'CGFloat' in scope; did you mean to use 'CGFloat'?
55 | self.init(columnWidths.map(PDFSectionColumn.init(width:)))
56 | }
/Users/admin/builder/spi-builder-workspace/.dependencies/checkouts/TPPDF/Source/API/Section/PDFSection.swift:45:30: error: cannot find type 'CGFloat' in scope; did you mean to use 'CGFloat'?
43 |
44 | /// Horizontal margin between columns in points.
45 | public var columnMargin: CGFloat = 10.0
| `- error: cannot find type 'CGFloat' in scope; did you mean to use 'CGFloat'?
46 |
47 | // MARK: - PUBLIC INITIALIZERS
/Users/admin/builder/spi-builder-workspace/.dependencies/checkouts/TPPDF/Source/API/Section/PDFSectionColumn.swift:40:24: error: cannot find type 'CGFloat' in scope; did you mean to use 'CGFloat'?
38 | * - Parameter width: See ``PDFSectionColumn/width`` for details
39 | */
40 | public init(width: CGFloat) {
| `- error: cannot find type 'CGFloat' in scope; did you mean to use 'CGFloat'?
41 | self.width = width
42 | }
/Users/admin/builder/spi-builder-workspace/.dependencies/checkouts/TPPDF/Source/API/Section/PDFSectionColumn.swift:23:36: error: cannot find type 'CGFloat' in scope; did you mean to use 'CGFloat'?
21 | * Value is between `0.0` and `1.0`.
22 | */
23 | public private(set) var width: CGFloat
| `- error: cannot find type 'CGFloat' in scope; did you mean to use 'CGFloat'?
24 |
25 | /// Background color of this section
/Users/admin/builder/spi-builder-workspace/.dependencies/checkouts/TPPDF/Source/API/Section/PDFSectionColumn.swift:26:33: error: cannot find type 'Color' in scope
24 |
25 | /// Background color of this section
26 | public var backgroundColor: Color?
| `- error: cannot find type 'Color' in scope
27 |
28 | // MARK: - INTERNAL VARS
/Users/admin/builder/spi-builder-workspace/.dependencies/checkouts/TPPDF/Source/API/Section/PDFSectionColumn.swift:57:101: error: cannot find type 'CGFloat' in scope; did you mean to use 'CGFloat'?
55 | * - Parameter space: Space distance in points
56 | */
57 | public func add(_ container: PDFSectionColumnContainer = PDFSectionColumnContainer.left, space: CGFloat) {
| `- error: cannot find type 'CGFloat' in scope; did you mean to use 'CGFloat'?
58 | objects += [(container, PDFSpaceObject(space: space))]
59 | }
/Users/admin/builder/spi-builder-workspace/.dependencies/checkouts/TPPDF/Source/API/Section/PDFSectionColumn.swift:95:135: error: cannot find type 'CGFloat' in scope; did you mean to use 'CGFloat'?
93 | * - spacing: Horizontal distance between images
94 | */
95 | public func add(_ container: PDFSectionColumnContainer = PDFSectionColumnContainer.left, imagesInRow images: [PDFImage], spacing: CGFloat = 5.0) {
| `- error: cannot find type 'CGFloat' in scope; did you mean to use 'CGFloat'?
96 | objects += [(container, PDFImageRowObject(images: images, spacing: spacing))]
97 | }
/Users/admin/builder/spi-builder-workspace/.dependencies/checkouts/TPPDF/Source/API/Section/PDFSectionColumn.swift:108:121: error: cannot find type 'CGFloat' in scope; did you mean to use 'CGFloat'?
106 | - Parameter spacing: Horizontal distance between images
107 | */
108 | public func add(_ container: PDFSectionColumnContainer = PDFSectionColumnContainer.left, text: String, lineSpacing: CGFloat = 1.0) {
| `- error: cannot find type 'CGFloat' in scope; did you mean to use 'CGFloat'?
109 | add(container, textObject: PDFSimpleText(text: text, spacing: lineSpacing))
110 | }
/Users/admin/builder/spi-builder-workspace/.dependencies/checkouts/TPPDF/Source/API/Section/PDFSectionColumn.swift:128:110: error: cannot find type 'NSAttributedString' in scope
126 | * - Parameter text: An attributed string
127 | */
128 | public func add(_ container: PDFSectionColumnContainer = PDFSectionColumnContainer.left, attributedText: NSAttributedString) {
| `- error: cannot find type 'NSAttributedString' in scope
129 | add(container, attributedTextObject: PDFAttributedText(text: attributedText))
130 | }
/Users/admin/builder/spi-builder-workspace/.dependencies/checkouts/TPPDF/Source/API/Section/PDFSectionColumn.swift:148:100: error: cannot find type 'Font' in scope
146 | * - Parameter font: Font of text
147 | */
148 | public func set(_ container: PDFSectionColumnContainer = PDFSectionColumnContainer.left, font: Font) {
| `- error: cannot find type 'Font' in scope
149 | objects += [(container, PDFFontObject(font: font))]
150 | }
/Users/admin/builder/spi-builder-workspace/.dependencies/checkouts/TPPDF/Source/API/Section/PDFSectionColumn.swift:167:105: error: cannot find type 'Color' in scope
165 | * - Parameter color: Color of the text
166 | */
167 | public func set(_ container: PDFSectionColumnContainer = PDFSectionColumnContainer.left, textColor: Color) {
| `- error: cannot find type 'Color' in scope
168 | objects += [(container, PDFTextColorObject(color: textColor))]
169 | }
/Users/admin/builder/spi-builder-workspace/.dependencies/checkouts/TPPDF/Source/API/Section/PDFSectionColumn.swift:214:102: error: cannot find type 'CGFloat' in scope; did you mean to use 'CGFloat'?
212 | * - left: If `true` then the left side indentation is set, else the right indentation is set
213 | */
214 | public func set(_ container: PDFSectionColumnContainer = PDFSectionColumnContainer.left, indent: CGFloat, left: Bool) {
| `- error: cannot find type 'CGFloat' in scope; did you mean to use 'CGFloat'?
215 | objects += [(container, PDFIndentationObject(indentation: indent, left: left, insideSectionColumn: true))]
216 | }
/Users/admin/builder/spi-builder-workspace/.dependencies/checkouts/TPPDF/Source/API/Section/PDFSectionColumn.swift:224:110: error: cannot find type 'CGFloat' in scope; did you mean to use 'CGFloat'?
222 | * - Parameter absoluteOffset: Points from the top
223 | */
224 | public func set(_ container: PDFSectionColumnContainer = PDFSectionColumnContainer.left, absoluteOffset: CGFloat) {
| `- error: cannot find type 'CGFloat' in scope; did you mean to use 'CGFloat'?
225 | objects += [(container, PDFOffsetObject(offset: absoluteOffset))]
226 | }
/Users/admin/builder/spi-builder-workspace/.dependencies/checkouts/TPPDF/Source/API/Table/Content/PDFTableContent.swift:93:32: error: cannot find type 'NSAttributedString' in scope
91 |
92 | /// Convenience accessor for casting the ``PDFTableContent/content`` based on the ``PDFTableContent/type``
93 | var attributedStringValue: NSAttributedString? {
| `- error: cannot find type 'NSAttributedString' in scope
94 | type == .attributedString ? content as? NSAttributedString : nil
95 | }
/Users/admin/builder/spi-builder-workspace/.dependencies/checkouts/TPPDF/Source/API/Table/Content/PDFTableContent.swift:98:21: error: cannot find type 'Image' in scope
96 |
97 | /// Convenience accessor for casting the ``PDFTableContent/content`` based on the ``PDFTableContent/type``
98 | var imageValue: Image? {
| `- error: cannot find type 'Image' in scope
99 | type == .image ? content as? Image : nil
100 | }
/Users/admin/builder/spi-builder-workspace/.dependencies/checkouts/TPPDF/Source/API/Table/Content/UIImage+PDFTableContent.swift:16:11: error: cannot find type 'Image' in scope
14 | // MARK: - Image + PDFTableContentable
15 |
16 | extension Image: PDFTableContentable {
| `- error: cannot find type 'Image' in scope
17 | /// Instance of ``PDFTableContent`` holding `self` as the content value
18 | public var asTableContent: PDFTableContent {
/Users/admin/builder/spi-builder-workspace/.dependencies/checkouts/TPPDF/Source/API/Table/PDFTable.swift:31:25: error: cannot find type 'CGFloat' in scope; did you mean to use 'CGFloat'?
29 | * Values are between `0.0` and `1.0` and should sum up to `1.0` (100%)
30 | */
31 | public var widths: [CGFloat] = []
| `- error: cannot find type 'CGFloat' in scope; did you mean to use 'CGFloat'?
32 |
33 | /// Padding is the distance between the cell content and its borders.
/Users/admin/builder/spi-builder-workspace/.dependencies/checkouts/TPPDF/Source/API/Table/PDFTable.swift:34:25: error: cannot find type 'CGFloat' in scope; did you mean to use 'CGFloat'?
32 |
33 | /// Padding is the distance between the cell content and its borders.
34 | public var padding: CGFloat = 0
| `- error: cannot find type 'CGFloat' in scope; did you mean to use 'CGFloat'?
35 |
36 | /// Margin is the distance between the cell borders and other cells
/Users/admin/builder/spi-builder-workspace/.dependencies/checkouts/TPPDF/Source/API/Table/PDFTable.swift:37:24: error: cannot find type 'CGFloat' in scope; did you mean to use 'CGFloat'?
35 |
36 | /// Margin is the distance between the cell borders and other cells
37 | public var margin: CGFloat = 0
| `- error: cannot find type 'CGFloat' in scope; did you mean to use 'CGFloat'?
38 |
39 | /// Header rows will be drawn on every page
/Users/admin/builder/spi-builder-workspace/.dependencies/checkouts/TPPDF/Source/API/Table/Style/PDFTableCellStyle.swift:17:31: error: cannot find type 'Color' in scope
15 | public struct PDFTableCellStyle: Hashable {
16 | /// The cell fill (background) color and the text color
17 | public var colors: (fill: Color, text: Color)
| `- error: cannot find type 'Color' in scope
18 |
19 | /// Custom border styling (see ``PDFTableCellBorders`` for details)
/Users/admin/builder/spi-builder-workspace/.dependencies/checkouts/TPPDF/Source/API/Table/Style/PDFTableCellStyle.swift:17:44: error: cannot find type 'Color' in scope
15 | public struct PDFTableCellStyle: Hashable {
16 | /// The cell fill (background) color and the text color
17 | public var colors: (fill: Color, text: Color)
| `- error: cannot find type 'Color' in scope
18 |
19 | /// Custom border styling (see ``PDFTableCellBorders`` for details)
/Users/admin/builder/spi-builder-workspace/.dependencies/checkouts/TPPDF/Source/API/Table/Style/PDFTableCellStyle.swift:23:22: error: cannot find type 'Font' in scope
21 |
22 | /// Font used for text content in cells
23 | public var font: Font
| `- error: cannot find type 'Font' in scope
24 |
25 | /**
/Users/admin/builder/spi-builder-workspace/.dependencies/checkouts/TPPDF/Source/API/Table/Style/PDFTableCellStyle.swift:34:24: error: cannot find type 'Color' in scope
32 | */
33 | public init(
34 | colors: (fill: Color, text: Color) = (Color.clear, Color.black),
| `- error: cannot find type 'Color' in scope
35 | borders: PDFTableCellBorders = PDFTableCellBorders(),
36 | font: Font = Font.systemFont(ofSize: PDFConstants.defaultFontSize)
/Users/admin/builder/spi-builder-workspace/.dependencies/checkouts/TPPDF/Source/API/Table/Style/PDFTableCellStyle.swift:34:37: error: cannot find type 'Color' in scope
32 | */
33 | public init(
34 | colors: (fill: Color, text: Color) = (Color.clear, Color.black),
| `- error: cannot find type 'Color' in scope
35 | borders: PDFTableCellBorders = PDFTableCellBorders(),
36 | font: Font = Font.systemFont(ofSize: PDFConstants.defaultFontSize)
/Users/admin/builder/spi-builder-workspace/.dependencies/checkouts/TPPDF/Source/API/Table/Style/PDFTableCellStyle.swift:36:15: error: cannot find type 'Font' in scope
34 | colors: (fill: Color, text: Color) = (Color.clear, Color.black),
35 | borders: PDFTableCellBorders = PDFTableCellBorders(),
36 | font: Font = Font.systemFont(ofSize: PDFConstants.defaultFontSize)
| `- error: cannot find type 'Font' in scope
37 | ) {
38 | self.colors = colors
/Users/admin/builder/spi-builder-workspace/.dependencies/checkouts/TPPDF/Source/API/Table/Style/PDFTableCellStyle.swift:73:24: error: cannot find 'Color' in scope
71 | /// Default cell style not displaying any background or borders
72 | static let none = PDFTableCellStyle(
73 | colors: (fill: Color.clear, text: Color.black),
| `- error: cannot find 'Color' in scope
74 | borders: .none,
75 | font: Font.systemFont(ofSize: PDFConstants.defaultFontSize)
/Users/admin/builder/spi-builder-workspace/.dependencies/checkouts/TPPDF/Source/API/Table/Style/PDFTableCellStyle.swift:73:43: error: cannot find 'Color' in scope
71 | /// Default cell style not displaying any background or borders
72 | static let none = PDFTableCellStyle(
73 | colors: (fill: Color.clear, text: Color.black),
| `- error: cannot find 'Color' in scope
74 | borders: .none,
75 | font: Font.systemFont(ofSize: PDFConstants.defaultFontSize)
/Users/admin/builder/spi-builder-workspace/.dependencies/checkouts/TPPDF/Source/API/Table/Style/PDFTableCellStyle.swift:75:15: error: cannot find 'Font' in scope
73 | colors: (fill: Color.clear, text: Color.black),
74 | borders: .none,
75 | font: Font.systemFont(ofSize: PDFConstants.defaultFontSize)
| `- error: cannot find 'Font' in scope
76 | )
77 | }
/Users/admin/builder/spi-builder-workspace/.dependencies/checkouts/TPPDF/Source/API/Text/PDFSimpleText.swift:41:40: error: cannot find type 'CGFloat' in scope; did you mean to use 'CGFloat'?
39 | * - style: Reference to ``PDFTextStyle``, defaults to `nil`
40 | */
41 | public init(text: String, spacing: CGFloat = 0, style: PDFTextStyle? = nil) {
| `- error: cannot find type 'CGFloat' in scope; did you mean to use 'CGFloat'?
42 | self.text = text
43 | self.spacing = spacing
/Users/admin/builder/spi-builder-workspace/.dependencies/checkouts/TPPDF/Source/API/Text/PDFSimpleText.swift:28:25: error: cannot find type 'CGFloat' in scope; did you mean to use 'CGFloat'?
26 |
27 | //// Line spacing if multiple lines
28 | public var spacing: CGFloat
| `- error: cannot find type 'CGFloat' in scope; did you mean to use 'CGFloat'?
29 |
30 | /// Weak reference to style used by this text object
/Users/admin/builder/spi-builder-workspace/.dependencies/checkouts/TPPDF/Source/API/Text/PDFTextStyle.swift:27:22: error: cannot find type 'Font' in scope
25 |
26 | /// Font of the text
27 | public var font: Font?
| `- error: cannot find type 'Font' in scope
28 |
29 | /// Color of the text
/Users/admin/builder/spi-builder-workspace/.dependencies/checkouts/TPPDF/Source/API/Text/PDFTextStyle.swift:30:23: error: cannot find type 'Color' in scope
28 |
29 | /// Color of the text
30 | public var color: Color?
| `- error: cannot find type 'Color' in scope
31 |
32 | /**
/Users/admin/builder/spi-builder-workspace/.dependencies/checkouts/TPPDF/Source/API/Text/PDFTextStyle.swift:43:37: error: cannot find type 'Font' in scope
41 | * - color: Color of text, defaults to `nil`
42 | */
43 | public init(name: String, font: Font? = nil, color: Color? = nil) {
| `- error: cannot find type 'Font' in scope
44 | self.name = name
45 | self.font = font
/Users/admin/builder/spi-builder-workspace/.dependencies/checkouts/TPPDF/Source/API/Text/PDFTextStyle.swift:43:57: error: cannot find type 'Color' in scope
41 | * - color: Color of text, defaults to `nil`
42 | */
43 | public init(name: String, font: Font? = nil, color: Color? = nil) {
| `- error: cannot find type 'Color' in scope
44 | self.name = name
45 | self.font = font
/Users/admin/builder/spi-builder-workspace/.dependencies/checkouts/TPPDF/Source/API/Utils/CrossPlattformGraphics.swift:246:11: error: cannot find type 'CGContext' in scope
244 | #endif
245 |
246 | extension CGContext {
| `- error: cannot find type 'CGContext' in scope
247 | func draw(image: CGImage, in rect: CGRect, flipped: Bool) {
248 | guard flipped else {
/Users/admin/builder/spi-builder-workspace/.dependencies/checkouts/TPPDF/Source/API/Utils/PDFRenderObject.swift:21:16: error: cannot find type 'CGRect' in scope
19 | public class PDFRenderObject: CustomStringConvertible {
20 | /// Frame of this object
21 | var frame: CGRect = .null
| `- error: cannot find type 'CGRect' in scope
22 |
23 | /// Attributes set for this object, and their calculated frame
/Users/admin/builder/spi-builder-workspace/.dependencies/checkouts/TPPDF/Source/API/Utils/PDFRenderObject.swift:24:61: error: cannot find type 'CGRect' in scope
22 |
23 | /// Attributes set for this object, and their calculated frame
24 | var attributes: [(attribute: PDFObjectAttribute, frame: CGRect)] = []
| `- error: cannot find type 'CGRect' in scope
25 |
26 | init(frame: CGRect = .null, attributes: [(attribute: PDFObjectAttribute, frame: CGRect)] = []) {
/Users/admin/builder/spi-builder-workspace/.dependencies/checkouts/TPPDF/Source/API/Utils/PDFRenderObject.swift:26:17: error: cannot find type 'CGRect' in scope
24 | var attributes: [(attribute: PDFObjectAttribute, frame: CGRect)] = []
25 |
26 | init(frame: CGRect = .null, attributes: [(attribute: PDFObjectAttribute, frame: CGRect)] = []) {
| `- error: cannot find type 'CGRect' in scope
27 | self.frame = frame
28 | self.attributes = attributes
/Users/admin/builder/spi-builder-workspace/.dependencies/checkouts/TPPDF/Source/API/Utils/PDFRenderObject.swift:26:85: error: cannot find type 'CGRect' in scope
24 | var attributes: [(attribute: PDFObjectAttribute, frame: CGRect)] = []
25 |
26 | init(frame: CGRect = .null, attributes: [(attribute: PDFObjectAttribute, frame: CGRect)] = []) {
| `- error: cannot find type 'CGRect' in scope
27 | self.frame = frame
28 | self.attributes = attributes
/Users/admin/builder/spi-builder-workspace/.dependencies/checkouts/TPPDF/Source/Internal/External/PDFExternalPageObject.swift:15:15: error: cannot find type 'CGPDFPage' in scope
13 |
14 | class PDFExternalPageObject: PDFRenderObject {
15 | var page: CGPDFPage
| `- error: cannot find type 'CGPDFPage' in scope
16 |
17 | init(page: CGPDFPage) {
/Users/admin/builder/spi-builder-workspace/.dependencies/checkouts/TPPDF/Source/Internal/External/PDFExternalPageObject.swift:17:16: error: cannot find type 'CGPDFPage' in scope
15 | var page: CGPDFPage
16 |
17 | init(page: CGPDFPage) {
| `- error: cannot find type 'CGPDFPage' in scope
18 | self.page = page
19 | }
/Users/admin/builder/spi-builder-workspace/.dependencies/checkouts/TPPDF/Source/Internal/Graphics/PDFContextGraphics.swift:29:68: error: cannot find type 'Image' in scope
27 | }
28 |
29 | static func getImage(from context: CGContext, size: CGSize) -> Image? {
| `- error: cannot find type 'Image' in scope
30 | guard let cgImage = context.makeImage() else {
31 | return nil
/Users/admin/builder/spi-builder-workspace/.dependencies/checkouts/TPPDF/Source/Internal/Graphics/PDFGraphics.swift:36:57: error: cannot find type 'CGPoint' in scope
34 | - Parameter style: Style of drawn line
35 | */
36 | static func drawLine(in context: PDFContext, start: CGPoint, end: CGPoint, style: PDFLineStyle) {
| `- error: cannot find type 'CGPoint' in scope
37 | guard style.type != .none else {
38 | return
/Users/admin/builder/spi-builder-workspace/.dependencies/checkouts/TPPDF/Source/Internal/Graphics/PDFGraphics.swift:36:71: error: cannot find type 'CGPoint' in scope
34 | - Parameter style: Style of drawn line
35 | */
36 | static func drawLine(in context: PDFContext, start: CGPoint, end: CGPoint, style: PDFLineStyle) {
| `- error: cannot find type 'CGPoint' in scope
37 | guard style.type != .none else {
38 | return
/Users/admin/builder/spi-builder-workspace/.dependencies/checkouts/TPPDF/Source/Internal/Graphics/PDFGraphics.swift:59:56: error: cannot find type 'CGRect' in scope
57 | - Parameter fill: Inner color
58 | */
59 | static func drawRect(in context: PDFContext, rect: CGRect, outline: PDFLineStyle, fill: Color = .clear) {
| `- error: cannot find type 'CGRect' in scope
60 | var path = BezierPath(rect: rect)
61 | if let radius = outline.radius {
/Users/admin/builder/spi-builder-workspace/.dependencies/checkouts/TPPDF/Source/Internal/Graphics/PDFGraphics.swift:59:93: error: cannot find type 'Color' in scope
57 | - Parameter fill: Inner color
58 | */
59 | static func drawRect(in context: PDFContext, rect: CGRect, outline: PDFLineStyle, fill: Color = .clear) {
| `- error: cannot find type 'Color' in scope
60 | var path = BezierPath(rect: rect)
61 | if let radius = outline.radius {
/Users/admin/builder/spi-builder-workspace/.dependencies/checkouts/TPPDF/Source/Internal/Graphics/PDFGraphics.swift:76:56: error: cannot find type 'CGRect' in scope
74 | - Parameter fill: Inner color
75 | */
76 | static func drawRect(in context: PDFContext, rect: CGRect, outline: PDFLineStyle, pattern: FillPattern) {
| `- error: cannot find type 'CGRect' in scope
77 | var path = BezierPath(rect: rect)
78 | if let radius = outline.radius {
/Users/admin/builder/spi-builder-workspace/.dependencies/checkouts/TPPDF/Source/Internal/Graphics/PDFGraphics.swift:97:32: error: cannot find type 'BezierPath' in scope
95 | * - fillColor: ``Color`` used to fill the shape
96 | */
97 | static func drawPath(path: BezierPath, in context: PDFContext, outline: PDFLineStyle, fillColor: Color) {
| `- error: cannot find type 'BezierPath' in scope
98 | prepareForDrawingPath(path: path.cgPath, in: context, strokeStyle: outline)
99 | context.setFillColor(fillColor.cgColor)
/Users/admin/builder/spi-builder-workspace/.dependencies/checkouts/TPPDF/Source/Internal/Graphics/PDFGraphics.swift:97:102: error: cannot find type 'Color' in scope
95 | * - fillColor: ``Color`` used to fill the shape
96 | */
97 | static func drawPath(path: BezierPath, in context: PDFContext, outline: PDFLineStyle, fillColor: Color) {
| `- error: cannot find type 'Color' in scope
98 | prepareForDrawingPath(path: path.cgPath, in: context, strokeStyle: outline)
99 | context.setFillColor(fillColor.cgColor)
/Users/admin/builder/spi-builder-workspace/.dependencies/checkouts/TPPDF/Source/Internal/Graphics/PDFGraphics.swift:106:45: error: cannot find type 'CGPath' in scope
104 | * Helper method to prepare the graphics context `context` to draw the given `path`
105 | */
106 | static func prepareForDrawingPath(path: CGPath, in context: PDFContext, strokeStyle: PDFLineStyle) {
| `- error: cannot find type 'CGPath' in scope
107 | context.beginPath()
108 | context.addPath(path)
/Users/admin/builder/spi-builder-workspace/.dependencies/checkouts/TPPDF/Source/Internal/Graphics/PDFGraphics.swift:128:65: error: cannot find type 'CGFloat' in scope; did you mean to use 'CGFloat'?
126 | - Returns: Array with dash values
127 | */
128 | static func createDashes(style: PDFLineStyle) -> (lengths: [CGFloat], cap: CGLineCap)? {
| `- error: cannot find type 'CGFloat' in scope; did you mean to use 'CGFloat'?
129 | switch style.type {
130 | case .dashed:
/Users/admin/builder/spi-builder-workspace/.dependencies/checkouts/TPPDF/Source/Internal/Graphics/PDFGraphics.swift:128:80: error: cannot find type 'CGLineCap' in scope
126 | - Returns: Array with dash values
127 | */
128 | static func createDashes(style: PDFLineStyle) -> (lengths: [CGFloat], cap: CGLineCap)? {
| `- error: cannot find type 'CGLineCap' in scope
129 | switch style.type {
130 | case .dashed:
/Users/admin/builder/spi-builder-workspace/.dependencies/checkouts/TPPDF/Source/Internal/Graphics/PDFGraphics.swift:157:104: error: cannot find type 'Image' in scope
155 | shouldResize: Bool, shouldCompress: Bool,
156 | quality: CGFloat,
157 | roundCorners: RectCorner = [], cornerRadius: CGFloat? = nil) -> Image {
| `- error: cannot find type 'Image' in scope
158 | var finalImage = image
159 |
/Users/admin/builder/spi-builder-workspace/.dependencies/checkouts/TPPDF/Source/Internal/Graphics/PDFGraphics.swift:154:47: error: cannot find type 'Image' in scope
152 | - Returns: Resized, compressed and rounded copy of `image`
153 | */
154 | static func resizeAndCompressImage(image: Image, frame: CGRect,
| `- error: cannot find type 'Image' in scope
155 | shouldResize: Bool, shouldCompress: Bool,
156 | quality: CGFloat,
/Users/admin/builder/spi-builder-workspace/.dependencies/checkouts/TPPDF/Source/Internal/Graphics/PDFGraphics.swift:154:61: error: cannot find type 'CGRect' in scope
152 | - Returns: Resized, compressed and rounded copy of `image`
153 | */
154 | static func resizeAndCompressImage(image: Image, frame: CGRect,
| `- error: cannot find type 'CGRect' in scope
155 | shouldResize: Bool, shouldCompress: Bool,
156 | quality: CGFloat,
/Users/admin/builder/spi-builder-workspace/.dependencies/checkouts/TPPDF/Source/Internal/Graphics/PDFGraphics.swift:156:49: error: cannot find type 'CGFloat' in scope; did you mean to use 'CGFloat'?
154 | static func resizeAndCompressImage(image: Image, frame: CGRect,
155 | shouldResize: Bool, shouldCompress: Bool,
156 | quality: CGFloat,
| `- error: cannot find type 'CGFloat' in scope; did you mean to use 'CGFloat'?
157 | roundCorners: RectCorner = [], cornerRadius: CGFloat? = nil) -> Image {
158 | var finalImage = image
/Users/admin/builder/spi-builder-workspace/.dependencies/checkouts/TPPDF/Source/Internal/Graphics/PDFGraphics.swift:157:54: error: cannot find type 'RectCorner' in scope
155 | shouldResize: Bool, shouldCompress: Bool,
156 | quality: CGFloat,
157 | roundCorners: RectCorner = [], cornerRadius: CGFloat? = nil) -> Image {
| `- error: cannot find type 'RectCorner' in scope
158 | var finalImage = image
159 |
/Users/admin/builder/spi-builder-workspace/.dependencies/checkouts/TPPDF/Source/Internal/Graphics/PDFGraphics.swift:157:85: error: cannot find type 'CGFloat' in scope; did you mean to use 'CGFloat'?
155 | shouldResize: Bool, shouldCompress: Bool,
156 | quality: CGFloat,
157 | roundCorners: RectCorner = [], cornerRadius: CGFloat? = nil) -> Image {
| `- error: cannot find type 'CGFloat' in scope; did you mean to use 'CGFloat'?
158 | var finalImage = image
159 |
/Users/admin/builder/spi-builder-workspace/.dependencies/checkouts/TPPDF/Source/Internal/Graphics/PDFGraphics.swift:182:74: error: cannot find type 'Image' in scope
180 | - Returns: Resized version of `image`
181 | */
182 | static func resize(image: Image, frame: CGRect, quality: CGFloat) -> Image {
| `- error: cannot find type 'Image' in scope
183 | let factor: CGFloat = min(3 * quality, 1)
184 | let resizeFactor = factor.isZero ? 0.2 : factor
/Users/admin/builder/spi-builder-workspace/.dependencies/checkouts/TPPDF/Source/Internal/Graphics/PDFGraphics.swift:182:31: error: cannot find type 'Image' in scope
180 | - Returns: Resized version of `image`
181 | */
182 | static func resize(image: Image, frame: CGRect, quality: CGFloat) -> Image {
| `- error: cannot find type 'Image' in scope
183 | let factor: CGFloat = min(3 * quality, 1)
184 | let resizeFactor = factor.isZero ? 0.2 : factor
/Users/admin/builder/spi-builder-workspace/.dependencies/checkouts/TPPDF/Source/Internal/Graphics/PDFGraphics.swift:182:45: error: cannot find type 'CGRect' in scope
180 | - Returns: Resized version of `image`
181 | */
182 | static func resize(image: Image, frame: CGRect, quality: CGFloat) -> Image {
| `- error: cannot find type 'CGRect' in scope
183 | let factor: CGFloat = min(3 * quality, 1)
184 | let resizeFactor = factor.isZero ? 0.2 : factor
/Users/admin/builder/spi-builder-workspace/.dependencies/checkouts/TPPDF/Source/Internal/Graphics/PDFGraphics.swift:182:62: error: cannot find type 'CGFloat' in scope; did you mean to use 'CGFloat'?
180 | - Returns: Resized version of `image`
181 | */
182 | static func resize(image: Image, frame: CGRect, quality: CGFloat) -> Image {
| `- error: cannot find type 'CGFloat' in scope; did you mean to use 'CGFloat'?
183 | let factor: CGFloat = min(3 * quality, 1)
184 | let resizeFactor = factor.isZero ? 0.2 : factor
/Users/admin/builder/spi-builder-workspace/.dependencies/checkouts/TPPDF/Source/Internal/Graphics/PDFGraphics.swift:217:61: error: cannot find type 'Image' in scope
215 | - Returns: Compressed image
216 | */
217 | static func compress(image: Image, quality: CGFloat) -> Image {
| `- error: cannot find type 'Image' in scope
218 | #if os(iOS) || os(visionOS)
219 | guard let data = image.jpegData(compressionQuality: quality) else {
/Users/admin/builder/spi-builder-workspace/.dependencies/checkouts/TPPDF/Source/Internal/Graphics/PDFGraphics.swift:217:33: error: cannot find type 'Image' in scope
215 | - Returns: Compressed image
216 | */
217 | static func compress(image: Image, quality: CGFloat) -> Image {
| `- error: cannot find type 'Image' in scope
218 | #if os(iOS) || os(visionOS)
219 | guard let data = image.jpegData(compressionQuality: quality) else {
/Users/admin/builder/spi-builder-workspace/.dependencies/checkouts/TPPDF/Source/Internal/Graphics/PDFGraphics.swift:217:49: error: cannot find type 'CGFloat' in scope; did you mean to use 'CGFloat'?
215 | - Returns: Compressed image
216 | */
217 | static func compress(image: Image, quality: CGFloat) -> Image {
| `- error: cannot find type 'CGFloat' in scope; did you mean to use 'CGFloat'?
218 | #if os(iOS) || os(visionOS)
219 | guard let data = image.jpegData(compressionQuality: quality) else {
/Users/admin/builder/spi-builder-workspace/.dependencies/checkouts/TPPDF/Source/Internal/Graphics/PDFGraphics.swift:245:104: error: cannot find type 'Image' in scope
243 | - Returns: Manipulated image
244 | */
245 | static func round(image: Image, frameSize: CGSize, corners: RectCorner, cornerRadius: CGFloat?) -> Image {
| `- error: cannot find type 'Image' in scope
246 | let size = image.size
247 |
/Users/admin/builder/spi-builder-workspace/.dependencies/checkouts/TPPDF/Source/Internal/Graphics/PDFGraphics.swift:245:30: error: cannot find type 'Image' in scope
243 | - Returns: Manipulated image
244 | */
245 | static func round(image: Image, frameSize: CGSize, corners: RectCorner, cornerRadius: CGFloat?) -> Image {
| `- error: cannot find type 'Image' in scope
246 | let size = image.size
247 |
/Users/admin/builder/spi-builder-workspace/.dependencies/checkouts/TPPDF/Source/Internal/Graphics/PDFGraphics.swift:245:48: error: cannot find type 'CGSize' in scope
243 | - Returns: Manipulated image
244 | */
245 | static func round(image: Image, frameSize: CGSize, corners: RectCorner, cornerRadius: CGFloat?) -> Image {
| `- error: cannot find type 'CGSize' in scope
246 | let size = image.size
247 |
/Users/admin/builder/spi-builder-workspace/.dependencies/checkouts/TPPDF/Source/Internal/Graphics/PDFGraphics.swift:245:65: error: cannot find type 'RectCorner' in scope
243 | - Returns: Manipulated image
244 | */
245 | static func round(image: Image, frameSize: CGSize, corners: RectCorner, cornerRadius: CGFloat?) -> Image {
| `- error: cannot find type 'RectCorner' in scope
246 | let size = image.size
247 |
/Users/admin/builder/spi-builder-workspace/.dependencies/checkouts/TPPDF/Source/Internal/Graphics/PDFGraphics.swift:245:91: error: cannot find type 'CGFloat' in scope; did you mean to use 'CGFloat'?
243 | - Returns: Manipulated image
244 | */
245 | static func round(image: Image, frameSize: CGSize, corners: RectCorner, cornerRadius: CGFloat?) -> Image {
| `- error: cannot find type 'CGFloat' in scope; did you mean to use 'CGFloat'?
246 | let size = image.size
247 |
/Users/admin/builder/spi-builder-workspace/.dependencies/checkouts/TPPDF/Source/Internal/Graphics/PDFGraphics.swift:288:32: error: cannot find type 'Color' in scope
286 | */
287 | enum FillPattern {
288 | case dotted(foreColor: Color, backColor: Color)
| `- error: cannot find type 'Color' in scope
289 | func setFill(in context: PDFContext) {
290 | switch self {
/Users/admin/builder/spi-builder-workspace/.dependencies/checkouts/TPPDF/Source/Internal/Graphics/PDFGraphics.swift:288:50: error: cannot find type 'Color' in scope
286 | */
287 | enum FillPattern {
288 | case dotted(foreColor: Color, backColor: Color)
| `- error: cannot find type 'Color' in scope
289 | func setFill(in context: PDFContext) {
290 | switch self {
/Users/admin/builder/spi-builder-workspace/.dependencies/checkouts/TPPDF/Source/Internal/Graphics/PDFLineObject.swift:28:21: error: cannot find type 'CGPoint' in scope
26 | Starting point of line
27 | */
28 | var startPoint: CGPoint
| `- error: cannot find type 'CGPoint' in scope
29 |
30 | /**
/Users/admin/builder/spi-builder-workspace/.dependencies/checkouts/TPPDF/Source/Internal/Graphics/PDFLineObject.swift:33:19: error: cannot find type 'CGPoint' in scope
31 | Ending point of line
32 | */
33 | var endPoint: CGPoint
| `- error: cannot find type 'CGPoint' in scope
34 |
35 | /**
/Users/admin/builder/spi-builder-workspace/.dependencies/checkouts/TPPDF/Source/Internal/Graphics/PDFLineObject.swift:40:60: error: cannot find type 'CGPoint' in scope
38 | - Parameter style: Style of line, defaults to `PDFLineStyle` defaults
39 | */
40 | init(style: PDFLineStyle = PDFLineStyle(), startPoint: CGPoint = CGPoint.zero, endPoint: CGPoint = CGPoint.zero) {
| `- error: cannot find type 'CGPoint' in scope
41 | self.style = style
42 | self.startPoint = startPoint
/Users/admin/builder/spi-builder-workspace/.dependencies/checkouts/TPPDF/Source/Internal/Graphics/PDFLineObject.swift:40:94: error: cannot find type 'CGPoint' in scope
38 | - Parameter style: Style of line, defaults to `PDFLineStyle` defaults
39 | */
40 | init(style: PDFLineStyle = PDFLineStyle(), startPoint: CGPoint = CGPoint.zero, endPoint: CGPoint = CGPoint.zero) {
| `- error: cannot find type 'CGPoint' in scope
41 | self.style = style
42 | self.startPoint = startPoint
/Users/admin/builder/spi-builder-workspace/.dependencies/checkouts/TPPDF/Source/Internal/Graphics/PDFRectangleObject.swift:28:20: error: cannot find type 'Color' in scope
26 | Defines the fill color the rectangle
27 | */
28 | var fillColor: Color
| `- error: cannot find type 'Color' in scope
29 |
30 | /**
/Users/admin/builder/spi-builder-workspace/.dependencies/checkouts/TPPDF/Source/Internal/Graphics/PDFRectangleObject.swift:37:59: error: cannot find type 'CGRect' in scope
35 | - Parameter fillColor: Fill color, defaults to `Color.clear`
36 | */
37 | init(lineStyle: PDFLineStyle = PDFLineStyle(), frame: CGRect = CGRect.zero, fillColor: Color = Color.clear) {
| `- error: cannot find type 'CGRect' in scope
38 | self.lineStyle = lineStyle
39 | self.fillColor = fillColor
/Users/admin/builder/spi-builder-workspace/.dependencies/checkouts/TPPDF/Source/Internal/Graphics/PDFRectangleObject.swift:37:92: error: cannot find type 'Color' in scope
35 | - Parameter fillColor: Fill color, defaults to `Color.clear`
36 | */
37 | init(lineStyle: PDFLineStyle = PDFLineStyle(), frame: CGRect = CGRect.zero, fillColor: Color = Color.clear) {
| `- error: cannot find type 'Color' in scope
38 | self.lineStyle = lineStyle
39 | self.fillColor = fillColor
/Users/admin/builder/spi-builder-workspace/.dependencies/checkouts/TPPDF/Source/Internal/Graphics/UIColor+CloseToEqual.swift:14:11: error: cannot find type 'Color' in scope
12 | #endif
13 |
14 | extension Color {
| `- error: cannot find type 'Color' in scope
15 | /**
16 | Calculates the red, green, blue and alpha values in the range 0...1 and compares the values up to the decimal specified.
/Users/admin/builder/spi-builder-workspace/.dependencies/checkouts/TPPDF/Source/Internal/Group/PDFGroupObject.swift:18:26: error: cannot find type 'Color' in scope
16 | var objects: [(container: PDFGroupContainer, object: PDFRenderObject)]
17 | var isFullPage: Bool
18 | var backgroundColor: Color?
| `- error: cannot find type 'Color' in scope
19 | var backgroundImage: PDFImage?
20 | var backgroundShape: PDFDynamicGeometryShape?
/Users/admin/builder/spi-builder-workspace/.dependencies/checkouts/TPPDF/Source/Internal/Group/PDFGroupObject.swift:22:18: error: cannot find type 'EdgeInsets' in scope
20 | var backgroundShape: PDFDynamicGeometryShape?
21 | var outline: PDFLineStyle
22 | var padding: EdgeInsets
| `- error: cannot find type 'EdgeInsets' in scope
23 |
24 | init(
/Users/admin/builder/spi-builder-workspace/.dependencies/checkouts/TPPDF/Source/Internal/Group/PDFGroupObject.swift:28:26: error: cannot find type 'Color' in scope
26 | allowsBreaks: Bool,
27 | isFullPage: Bool,
28 | backgroundColor: Color?,
| `- error: cannot find type 'Color' in scope
29 | backgroundImage: PDFImage?,
30 | backgroundShape: PDFDynamicGeometryShape?,
/Users/admin/builder/spi-builder-workspace/.dependencies/checkouts/TPPDF/Source/Internal/Group/PDFGroupObject.swift:32:18: error: cannot find type 'EdgeInsets' in scope
30 | backgroundShape: PDFDynamicGeometryShape?,
31 | outline: PDFLineStyle,
32 | padding: EdgeInsets
| `- error: cannot find type 'EdgeInsets' in scope
33 | ) {
34 | self.objects = objects
/Users/admin/builder/spi-builder-workspace/.dependencies/checkouts/TPPDF/Source/Internal/Group/PDFGroupObject.swift:136:67: error: cannot find type 'CGRect' in scope
134 | }
135 |
136 | private func calculateBoundsFrame(generator: PDFGenerator) -> CGRect {
| `- error: cannot find type 'CGRect' in scope
137 | generator.document.layout.bounds.inset(by: generator.layout.margin)
138 | }
/Users/admin/builder/spi-builder-workspace/.dependencies/checkouts/TPPDF/Source/Internal/Group/PDFGroupObject.swift:140:99: error: cannot find type 'CGRect' in scope
138 | }
139 |
140 | private func calculateFrame(objects: [(container: PDFContainer, object: PDFRenderObject)]) -> CGRect {
| `- error: cannot find type 'CGRect' in scope
141 | var resultFrame = CGRect.null
142 | for arg in objects {
/Users/admin/builder/spi-builder-workspace/.dependencies/checkouts/TPPDF/Source/Internal/Image/PDFImageObject.swift:26:25: error: cannot find type 'CGFloat' in scope; did you mean to use 'CGFloat'?
24 | Spacing between image and caption
25 | */
26 | var captionSpacing: CGFloat
| `- error: cannot find type 'CGFloat' in scope; did you mean to use 'CGFloat'?
27 |
28 | /**
/Users/admin/builder/spi-builder-workspace/.dependencies/checkouts/TPPDF/Source/Internal/Image/PDFImageObject.swift:34:43: error: cannot find type 'CGFloat' in scope; did you mean to use 'CGFloat'?
32 | - Parameter captionSpacing: Spacing to caption, defaults to zero
33 | */
34 | init(image: PDFImage, captionSpacing: CGFloat = 0) {
| `- error: cannot find type 'CGFloat' in scope; did you mean to use 'CGFloat'?
35 | self.image = image
36 | self.captionSpacing = captionSpacing
/Users/admin/builder/spi-builder-workspace/.dependencies/checkouts/TPPDF/Source/Internal/Image/PDFImageRowObject.swift:16:18: error: cannot find type 'CGFloat' in scope; did you mean to use 'CGFloat'?
14 | class PDFImageRowObject: PDFRenderObject {
15 | var images: [PDFImage]
16 | var spacing: CGFloat
| `- error: cannot find type 'CGFloat' in scope; did you mean to use 'CGFloat'?
17 | var captionSpacing: CGFloat
18 |
/Users/admin/builder/spi-builder-workspace/.dependencies/checkouts/TPPDF/Source/Internal/Image/PDFImageRowObject.swift:17:25: error: cannot find type 'CGFloat' in scope; did you mean to use 'CGFloat'?
15 | var images: [PDFImage]
16 | var spacing: CGFloat
17 | var captionSpacing: CGFloat
| `- error: cannot find type 'CGFloat' in scope; did you mean to use 'CGFloat'?
18 |
19 | init(images: [PDFImage], spacing: CGFloat = 1.0, captionSpacing: CGFloat = 5.0) {
/Users/admin/builder/spi-builder-workspace/.dependencies/checkouts/TPPDF/Source/Internal/Image/PDFImageRowObject.swift:19:39: error: cannot find type 'CGFloat' in scope; did you mean to use 'CGFloat'?
17 | var captionSpacing: CGFloat
18 |
19 | init(images: [PDFImage], spacing: CGFloat = 1.0, captionSpacing: CGFloat = 5.0) {
| `- error: cannot find type 'CGFloat' in scope; did you mean to use 'CGFloat'?
20 | self.images = images
21 | self.spacing = spacing
/Users/admin/builder/spi-builder-workspace/.dependencies/checkouts/TPPDF/Source/Internal/Image/PDFImageRowObject.swift:19:70: error: cannot find type 'CGFloat' in scope; did you mean to use 'CGFloat'?
17 | var captionSpacing: CGFloat
18 |
19 | init(images: [PDFImage], spacing: CGFloat = 1.0, captionSpacing: CGFloat = 5.0) {
| `- error: cannot find type 'CGFloat' in scope; did you mean to use 'CGFloat'?
20 | self.images = images
21 | self.spacing = spacing
/Users/admin/builder/spi-builder-workspace/.dependencies/checkouts/TPPDF/Source/Internal/Layout/PDFColumnLayoutState.swift:17:47: error: cannot find type 'CGFloat' in scope; did you mean to use 'CGFloat'?
15 | private var maxColumns: [PDFContainer: Int]
16 | private var currentColumn: [PDFContainer: Int]
17 | private var columnWidths: [PDFContainer: [CGFloat]]
| `- error: cannot find type 'CGFloat' in scope; did you mean to use 'CGFloat'?
18 | private var columnSpacings: [PDFContainer: [CGFloat]]
19 | private var wrapColumnsHeight: [PDFContainer: CGFloat]
/Users/admin/builder/spi-builder-workspace/.dependencies/checkouts/TPPDF/Source/Internal/Layout/PDFColumnLayoutState.swift:18:49: error: cannot find type 'CGFloat' in scope; did you mean to use 'CGFloat'?
16 | private var currentColumn: [PDFContainer: Int]
17 | private var columnWidths: [PDFContainer: [CGFloat]]
18 | private var columnSpacings: [PDFContainer: [CGFloat]]
| `- error: cannot find type 'CGFloat' in scope; did you mean to use 'CGFloat'?
19 | private var wrapColumnsHeight: [PDFContainer: CGFloat]
20 | private var inset: [PDFContainer: (left: CGFloat, right: CGFloat)]
/Users/admin/builder/spi-builder-workspace/.dependencies/checkouts/TPPDF/Source/Internal/Layout/PDFColumnLayoutState.swift:19:51: error: cannot find type 'CGFloat' in scope; did you mean to use 'CGFloat'?
17 | private var columnWidths: [PDFContainer: [CGFloat]]
18 | private var columnSpacings: [PDFContainer: [CGFloat]]
19 | private var wrapColumnsHeight: [PDFContainer: CGFloat]
| `- error: cannot find type 'CGFloat' in scope; did you mean to use 'CGFloat'?
20 | private var inset: [PDFContainer: (left: CGFloat, right: CGFloat)]
21 |
/Users/admin/builder/spi-builder-workspace/.dependencies/checkouts/TPPDF/Source/Internal/Layout/PDFColumnLayoutState.swift:20:46: error: cannot find type 'CGFloat' in scope; did you mean to use 'CGFloat'?
18 | private var columnSpacings: [PDFContainer: [CGFloat]]
19 | private var wrapColumnsHeight: [PDFContainer: CGFloat]
20 | private var inset: [PDFContainer: (left: CGFloat, right: CGFloat)]
| `- error: cannot find type 'CGFloat' in scope; did you mean to use 'CGFloat'?
21 |
22 | init() {
/Users/admin/builder/spi-builder-workspace/.dependencies/checkouts/TPPDF/Source/Internal/Layout/PDFColumnLayoutState.swift:20:62: error: cannot find type 'CGFloat' in scope; did you mean to use 'CGFloat'?
18 | private var columnSpacings: [PDFContainer: [CGFloat]]
19 | private var wrapColumnsHeight: [PDFContainer: CGFloat]
20 | private var inset: [PDFContainer: (left: CGFloat, right: CGFloat)]
| `- error: cannot find type 'CGFloat' in scope; did you mean to use 'CGFloat'?
21 |
22 | init() {
/Users/admin/builder/spi-builder-workspace/.dependencies/checkouts/TPPDF/Source/Internal/Layout/PDFColumnLayoutState.swift:106:33: error: cannot find type 'CGFloat' in scope; did you mean to use 'CGFloat'?
104 | }
105 |
106 | func set(wrapColumnsHeight: CGFloat, for container: PDFContainer) {
| `- error: cannot find type 'CGFloat' in scope; did you mean to use 'CGFloat'?
107 | switch container {
108 | case .headerLeft, .headerCenter, .headerRight:
/Users/admin/builder/spi-builder-workspace/.dependencies/checkouts/TPPDF/Source/Internal/Layout/PDFColumnLayoutState.swift:119:63: error: cannot find type 'CGFloat' in scope; did you mean to use 'CGFloat'?
117 | }
118 |
119 | func getWrapColumnsHeight(for container: PDFContainer) -> CGFloat {
| `- error: cannot find type 'CGFloat' in scope; did you mean to use 'CGFloat'?
120 | switch container {
121 | case .headerLeft, .headerCenter, .headerRight:
/Users/admin/builder/spi-builder-workspace/.dependencies/checkouts/TPPDF/Source/Internal/Layout/PDFColumnLayoutState.swift:158:31: error: cannot find type 'CGFloat' in scope; did you mean to use 'CGFloat'?
156 | }
157 |
158 | func set(columnSpacings: [CGFloat], for container: PDFContainer) {
| `- error: cannot find type 'CGFloat' in scope; did you mean to use 'CGFloat'?
159 | switch container {
160 | case .headerLeft, .headerCenter, .headerRight:
/Users/admin/builder/spi-builder-workspace/.dependencies/checkouts/TPPDF/Source/Internal/Layout/PDFColumnLayoutState.swift:171:61: error: cannot find type 'CGFloat' in scope; did you mean to use 'CGFloat'?
169 | }
170 |
171 | func getColumnSpacings(for container: PDFContainer) -> [CGFloat] {
| `- error: cannot find type 'CGFloat' in scope; did you mean to use 'CGFloat'?
172 | switch container {
173 | case .headerLeft, .headerCenter, .headerRight:
/Users/admin/builder/spi-builder-workspace/.dependencies/checkouts/TPPDF/Source/Internal/Layout/PDFColumnLayoutState.swift:184:28: error: cannot find type 'CGFloat' in scope; did you mean to use 'CGFloat'?
182 | }
183 |
184 | func set(inset: (left: CGFloat, right: CGFloat), for container: PDFContainer) {
| `- error: cannot find type 'CGFloat' in scope; did you mean to use 'CGFloat'?
185 | switch container {
186 | case .headerLeft, .headerCenter, .headerRight:
/Users/admin/builder/spi-builder-workspace/.dependencies/checkouts/TPPDF/Source/Internal/Layout/PDFColumnLayoutState.swift:184:44: error: cannot find type 'CGFloat' in scope; did you mean to use 'CGFloat'?
182 | }
183 |
184 | func set(inset: (left: CGFloat, right: CGFloat), for container: PDFContainer) {
| `- error: cannot find type 'CGFloat' in scope; did you mean to use 'CGFloat'?
185 | switch container {
186 | case .headerLeft, .headerCenter, .headerRight:
/Users/admin/builder/spi-builder-workspace/.dependencies/checkouts/TPPDF/Source/Internal/Layout/PDFColumnLayoutState.swift:197:58: error: cannot find type 'CGFloat' in scope; did you mean to use 'CGFloat'?
195 | }
196 |
197 | func getInset(for container: PDFContainer) -> (left: CGFloat, right: CGFloat) {
| `- error: cannot find type 'CGFloat' in scope; did you mean to use 'CGFloat'?
198 | switch container {
199 | case .headerLeft, .headerCenter, .headerRight:
/Users/admin/builder/spi-builder-workspace/.dependencies/checkouts/TPPDF/Source/Internal/Layout/PDFColumnLayoutState.swift:197:74: error: cannot find type 'CGFloat' in scope; did you mean to use 'CGFloat'?
195 | }
196 |
197 | func getInset(for container: PDFContainer) -> (left: CGFloat, right: CGFloat) {
| `- error: cannot find type 'CGFloat' in scope; did you mean to use 'CGFloat'?
198 | switch container {
199 | case .headerLeft, .headerCenter, .headerRight:
/Users/admin/builder/spi-builder-workspace/.dependencies/checkouts/TPPDF/Source/Internal/Layout/PDFColumnLayoutState.swift:210:29: error: cannot find type 'CGFloat' in scope; did you mean to use 'CGFloat'?
208 | }
209 |
210 | func set(columnWidths: [CGFloat], for container: PDFContainer) {
| `- error: cannot find type 'CGFloat' in scope; did you mean to use 'CGFloat'?
211 | switch container {
212 | case .headerLeft, .headerCenter, .headerRight:
/Users/admin/builder/spi-builder-workspace/.dependencies/checkouts/TPPDF/Source/Internal/Layout/PDFColumnLayoutState.swift:223:59: error: cannot find type 'CGFloat' in scope; did you mean to use 'CGFloat'?
221 | }
222 |
223 | func getColumnWidths(for container: PDFContainer) -> [CGFloat] {
| `- error: cannot find type 'CGFloat' in scope; did you mean to use 'CGFloat'?
224 | switch container {
225 | case .headerLeft, .headerCenter, .headerRight:
/Users/admin/builder/spi-builder-workspace/.dependencies/checkouts/TPPDF/Source/Internal/Layout/PDFColumnLayoutState.swift:240:33: error: cannot find type 'NSCopying' in scope
238 |
239 | /// nodoc
240 | extension PDFColumnLayoutState: NSCopying {
| `- error: cannot find type 'NSCopying' in scope
241 | /// nodoc
242 | func copy(with _: NSZone? = nil) -> Any {
/Users/admin/builder/spi-builder-workspace/.dependencies/checkouts/TPPDF/Source/Internal/Layout/PDFColumnLayoutState.swift:242:23: error: cannot find type 'NSZone' in scope
240 | extension PDFColumnLayoutState: NSCopying {
241 | /// nodoc
242 | func copy(with _: NSZone? = nil) -> Any {
| `- error: cannot find type 'NSZone' in scope
243 | let state = PDFColumnLayoutState()
244 | state.maxColumns = maxColumns
/Users/admin/builder/spi-builder-workspace/.dependencies/checkouts/TPPDF/Source/Internal/Layout/PDFIndentationObject.swift:21:22: error: cannot find type 'CGFloat' in scope; did you mean to use 'CGFloat'?
19 | Offset from edge of container
20 | */
21 | var indentation: CGFloat
| `- error: cannot find type 'CGFloat' in scope; did you mean to use 'CGFloat'?
22 |
23 | /**
/Users/admin/builder/spi-builder-workspace/.dependencies/checkouts/TPPDF/Source/Internal/Layout/PDFIndentationObject.swift:40:23: error: cannot find type 'CGFloat' in scope; did you mean to use 'CGFloat'?
38 | - Parameter left: Offset is from left side if `true`, from right if `false`
39 | */
40 | init(indentation: CGFloat, left: Bool, insideSectionColumn: Bool) {
| `- error: cannot find type 'CGFloat' in scope; did you mean to use 'CGFloat'?
41 | self.indentation = indentation
42 | self.left = left
/Users/admin/builder/spi-builder-workspace/.dependencies/checkouts/TPPDF/Source/Internal/Layout/PDFLayoutIndentations.swift:21:24: error: cannot find type 'CGFloat' in scope; did you mean to use 'CGFloat'?
19 | Left and right indentation of header containers
20 | */
21 | var header: (left: CGFloat, right: CGFloat) = (0, 0)
| `- error: cannot find type 'CGFloat' in scope; did you mean to use 'CGFloat'?
22 |
23 | /**
/Users/admin/builder/spi-builder-workspace/.dependencies/checkouts/TPPDF/Source/Internal/Layout/PDFLayoutIndentations.swift:21:40: error: cannot find type 'CGFloat' in scope; did you mean to use 'CGFloat'?
19 | Left and right indentation of header containers
20 | */
21 | var header: (left: CGFloat, right: CGFloat) = (0, 0)
| `- error: cannot find type 'CGFloat' in scope; did you mean to use 'CGFloat'?
22 |
23 | /**
/Users/admin/builder/spi-builder-workspace/.dependencies/checkouts/TPPDF/Source/Internal/Layout/PDFLayoutIndentations.swift:26:25: error: cannot find type 'CGFloat' in scope; did you mean to use 'CGFloat'?
24 | Left and right indentation of content containers
25 | */
26 | var content: (left: CGFloat, right: CGFloat) = (0, 0)
| `- error: cannot find type 'CGFloat' in scope; did you mean to use 'CGFloat'?
27 |
28 | /**
/Users/admin/builder/spi-builder-workspace/.dependencies/checkouts/TPPDF/Source/Internal/Layout/PDFLayoutIndentations.swift:26:41: error: cannot find type 'CGFloat' in scope; did you mean to use 'CGFloat'?
24 | Left and right indentation of content containers
25 | */
26 | var content: (left: CGFloat, right: CGFloat) = (0, 0)
| `- error: cannot find type 'CGFloat' in scope; did you mean to use 'CGFloat'?
27 |
28 | /**
/Users/admin/builder/spi-builder-workspace/.dependencies/checkouts/TPPDF/Source/Internal/Layout/PDFLayoutIndentations.swift:31:24: error: cannot find type 'CGFloat' in scope; did you mean to use 'CGFloat'?
29 | Left and right indentation of footer containers
30 | */
31 | var footer: (left: CGFloat, right: CGFloat) = (0, 0)
| `- error: cannot find type 'CGFloat' in scope; did you mean to use 'CGFloat'?
32 |
33 | // MARK: - INTERNAL FUNCS
/Users/admin/builder/spi-builder-workspace/.dependencies/checkouts/TPPDF/Source/Internal/Layout/PDFLayoutIndentations.swift:31:40: error: cannot find type 'CGFloat' in scope; did you mean to use 'CGFloat'?
29 | Left and right indentation of footer containers
30 | */
31 | var footer: (left: CGFloat, right: CGFloat) = (0, 0)
| `- error: cannot find type 'CGFloat' in scope; did you mean to use 'CGFloat'?
32 |
33 | // MARK: - INTERNAL FUNCS
/Users/admin/builder/spi-builder-workspace/.dependencies/checkouts/TPPDF/Source/Internal/Layout/PDFLayout.swift:20:17: error: cannot find type 'EdgeInsets' in scope
18 | var heights = PDFLayoutHeights()
19 | var indentation = PDFLayoutIndentations()
20 | var margin: EdgeInsets = .zero
| `- error: cannot find type 'EdgeInsets' in scope
21 |
22 | func getContentOffset(in container: PDFContainer) -> CGFloat {
/Users/admin/builder/spi-builder-workspace/.dependencies/checkouts/TPPDF/Source/Internal/Layout/PDFLayout.swift:22:58: error: cannot find type 'CGFloat' in scope; did you mean to use 'CGFloat'?
20 | var margin: EdgeInsets = .zero
21 |
22 | func getContentOffset(in container: PDFContainer) -> CGFloat {
| `- error: cannot find type 'CGFloat' in scope; did you mean to use 'CGFloat'?
23 | if container.isHeader {
24 | return heights.header[container]!
/Users/admin/builder/spi-builder-workspace/.dependencies/checkouts/TPPDF/Source/Internal/Layout/PDFLayout.swift:31:65: error: cannot find type 'CGFloat' in scope; did you mean to use 'CGFloat'?
29 | }
30 |
31 | func setContentOffset(in container: PDFContainer, to value: CGFloat) {
| `- error: cannot find type 'CGFloat' in scope; did you mean to use 'CGFloat'?
32 | if container.isHeader {
33 | heights.header[container] = value
/Users/admin/builder/spi-builder-workspace/.dependencies/checkouts/TPPDF/Source/Internal/Layout/PDFLayoutHeights.swift:15:32: error: cannot find type 'CGFloat' in scope; did you mean to use 'CGFloat'?
13 |
14 | struct PDFLayoutHeights: CustomStringConvertible {
15 | var header: [PDFContainer: CGFloat] = [:]
| `- error: cannot find type 'CGFloat' in scope; did you mean to use 'CGFloat'?
16 | var footer: [PDFContainer: CGFloat] = [:]
17 | var content: CGFloat = 0
/Users/admin/builder/spi-builder-workspace/.dependencies/checkouts/TPPDF/Source/Internal/Layout/PDFLayoutHeights.swift:16:32: error: cannot find type 'CGFloat' in scope; did you mean to use 'CGFloat'?
14 | struct PDFLayoutHeights: CustomStringConvertible {
15 | var header: [PDFContainer: CGFloat] = [:]
16 | var footer: [PDFContainer: CGFloat] = [:]
| `- error: cannot find type 'CGFloat' in scope; did you mean to use 'CGFloat'?
17 | var content: CGFloat = 0
18 |
/Users/admin/builder/spi-builder-workspace/.dependencies/checkouts/TPPDF/Source/Internal/Layout/PDFLayoutHeights.swift:17:18: error: cannot find type 'CGFloat' in scope; did you mean to use 'CGFloat'?
15 | var header: [PDFContainer: CGFloat] = [:]
16 | var footer: [PDFContainer: CGFloat] = [:]
17 | var content: CGFloat = 0
| `- error: cannot find type 'CGFloat' in scope; did you mean to use 'CGFloat'?
18 |
19 | init() {
/Users/admin/builder/spi-builder-workspace/.dependencies/checkouts/TPPDF/Source/Internal/Layout/PDFLayoutHeights.swift:34:32: error: cannot find type 'CGFloat' in scope; did you mean to use 'CGFloat'?
32 | }
33 |
34 | mutating func add(_ value: CGFloat, to container: PDFContainer) {
| `- error: cannot find type 'CGFloat' in scope; did you mean to use 'CGFloat'?
35 | if container.isHeader {
36 | header[container] = (header[container] ?? 0) + value
/Users/admin/builder/spi-builder-workspace/.dependencies/checkouts/TPPDF/Source/Internal/Layout/PDFLayoutHeights.swift:47:31: error: cannot find type 'CGFloat' in scope; did you mean to use 'CGFloat'?
45 | * - Returns: Height of highest header container
46 | */
47 | func maxHeaderHeight() -> CGFloat {
| `- error: cannot find type 'CGFloat' in scope; did you mean to use 'CGFloat'?
48 | header.values.max() ?? 0
49 | }
/Users/admin/builder/spi-builder-workspace/.dependencies/checkouts/TPPDF/Source/Internal/Layout/PDFLayoutHeights.swift:54:31: error: cannot find type 'CGFloat' in scope; did you mean to use 'CGFloat'?
52 | * - Returns: Height of highest footer container
53 | */
54 | func maxFooterHeight() -> CGFloat {
| `- error: cannot find type 'CGFloat' in scope; did you mean to use 'CGFloat'?
55 | footer.values.max() ?? 0
56 | }
/Users/admin/builder/spi-builder-workspace/.dependencies/checkouts/TPPDF/Source/Internal/Layout/PDFLayoutHeights.swift:58:48: error: cannot find type 'CGFloat' in scope; did you mean to use 'CGFloat'?
56 | }
57 |
58 | func value(for container: PDFContainer) -> CGFloat {
| `- error: cannot find type 'CGFloat' in scope; did you mean to use 'CGFloat'?
59 | if container.isHeader {
60 | return header[container] ?? 0
/Users/admin/builder/spi-builder-workspace/.dependencies/checkouts/TPPDF/Source/Internal/Layout/PDFLayoutHeights.swift:68:32: error: cannot find type 'CGFloat' in scope; did you mean to use 'CGFloat'?
66 | }
67 |
68 | mutating func set(_ value: CGFloat, to container: PDFContainer) {
| `- error: cannot find type 'CGFloat' in scope; did you mean to use 'CGFloat'?
69 | if container.isHeader {
70 | header[container] = value
/Users/admin/builder/spi-builder-workspace/.dependencies/checkouts/TPPDF/Source/Internal/Layout/PDFLayoutIndentations.swift:42:45: error: cannot find type 'CGFloat' in scope; did you mean to use 'CGFloat'?
40 | - Returns: Left indentation of given container
41 | */
42 | func leftIn(container: PDFContainer) -> CGFloat {
| `- error: cannot find type 'CGFloat' in scope; did you mean to use 'CGFloat'?
43 | if container.isHeader {
44 | return header.left
/Users/admin/builder/spi-builder-workspace/.dependencies/checkouts/TPPDF/Source/Internal/Layout/PDFLayoutIndentations.swift:58:46: error: cannot find type 'CGFloat' in scope; did you mean to use 'CGFloat'?
56 | - Returns: Right indentation of given container
57 | */
58 | func rightIn(container: PDFContainer) -> CGFloat {
| `- error: cannot find type 'CGFloat' in scope; did you mean to use 'CGFloat'?
59 | if container.isHeader {
60 | return header.right
/Users/admin/builder/spi-builder-workspace/.dependencies/checkouts/TPPDF/Source/Internal/Layout/PDFLayoutIndentations.swift:73:40: error: cannot find type 'CGFloat' in scope; did you mean to use 'CGFloat'?
71 | - Parameter container: Corresponding container
72 | */
73 | mutating func setLeft(indentation: CGFloat, in container: PDFContainer) {
| `- error: cannot find type 'CGFloat' in scope; did you mean to use 'CGFloat'?
74 | if container.isHeader {
75 | header.left = indentation
/Users/admin/builder/spi-builder-workspace/.dependencies/checkouts/TPPDF/Source/Internal/Layout/PDFLayoutIndentations.swift:89:41: error: cannot find type 'CGFloat' in scope; did you mean to use 'CGFloat'?
87 | - Parameter container: Corresponding container
88 | */
89 | mutating func setRight(indentation: CGFloat, in container: PDFContainer) {
| `- error: cannot find type 'CGFloat' in scope; did you mean to use 'CGFloat'?
90 | if container.isHeader {
91 | header.right = indentation
/Users/admin/builder/spi-builder-workspace/.dependencies/checkouts/TPPDF/Source/Internal/Layout/PDFMarginObject.swift:15:24: error: cannot find type 'CGFloat' in scope; did you mean to use 'CGFloat'?
13 |
14 | class PDFMarginObject: PDFRenderObject {
15 | var values: (left: CGFloat?, right: CGFloat?, top: CGFloat?, bottom: CGFloat?)
| `- error: cannot find type 'CGFloat' in scope; did you mean to use 'CGFloat'?
16 | var reset: Bool
17 |
/Users/admin/builder/spi-builder-workspace/.dependencies/checkouts/TPPDF/Source/Internal/Layout/PDFMarginObject.swift:15:41: error: cannot find type 'CGFloat' in scope; did you mean to use 'CGFloat'?
13 |
14 | class PDFMarginObject: PDFRenderObject {
15 | var values: (left: CGFloat?, right: CGFloat?, top: CGFloat?, bottom: CGFloat?)
| `- error: cannot find type 'CGFloat' in scope; did you mean to use 'CGFloat'?
16 | var reset: Bool
17 |
/Users/admin/builder/spi-builder-workspace/.dependencies/checkouts/TPPDF/Source/Internal/Layout/PDFMarginObject.swift:15:56: error: cannot find type 'CGFloat' in scope; did you mean to use 'CGFloat'?
13 |
14 | class PDFMarginObject: PDFRenderObject {
15 | var values: (left: CGFloat?, right: CGFloat?, top: CGFloat?, bottom: CGFloat?)
| `- error: cannot find type 'CGFloat' in scope; did you mean to use 'CGFloat'?
16 | var reset: Bool
17 |
/Users/admin/builder/spi-builder-workspace/.dependencies/checkouts/TPPDF/Source/Internal/Layout/PDFMarginObject.swift:15:74: error: cannot find type 'CGFloat' in scope; did you mean to use 'CGFloat'?
13 |
14 | class PDFMarginObject: PDFRenderObject {
15 | var values: (left: CGFloat?, right: CGFloat?, top: CGFloat?, bottom: CGFloat?)
| `- error: cannot find type 'CGFloat' in scope; did you mean to use 'CGFloat'?
16 | var reset: Bool
17 |
/Users/admin/builder/spi-builder-workspace/.dependencies/checkouts/TPPDF/Source/Internal/Layout/PDFMarginObject.swift:22:28: error: cannot find type 'CGFloat' in scope; did you mean to use 'CGFloat'?
20 | }
21 |
22 | convenience init(left: CGFloat? = nil, right: CGFloat? = nil, top: CGFloat? = nil, bottom: CGFloat? = nil) {
| `- error: cannot find type 'CGFloat' in scope; did you mean to use 'CGFloat'?
23 | self.init(left: left, right: right, top: top, bottom: bottom, reset: false)
24 | }
/Users/admin/builder/spi-builder-workspace/.dependencies/checkouts/TPPDF/Source/Internal/Layout/PDFMarginObject.swift:22:51: error: cannot find type 'CGFloat' in scope; did you mean to use 'CGFloat'?
20 | }
21 |
22 | convenience init(left: CGFloat? = nil, right: CGFloat? = nil, top: CGFloat? = nil, bottom: CGFloat? = nil) {
| `- error: cannot find type 'CGFloat' in scope; did you mean to use 'CGFloat'?
23 | self.init(left: left, right: right, top: top, bottom: bottom, reset: false)
24 | }
/Users/admin/builder/spi-builder-workspace/.dependencies/checkouts/TPPDF/Source/Internal/Layout/PDFMarginObject.swift:22:72: error: cannot find type 'CGFloat' in scope; did you mean to use 'CGFloat'?
20 | }
21 |
22 | convenience init(left: CGFloat? = nil, right: CGFloat? = nil, top: CGFloat? = nil, bottom: CGFloat? = nil) {
| `- error: cannot find type 'CGFloat' in scope; did you mean to use 'CGFloat'?
23 | self.init(left: left, right: right, top: top, bottom: bottom, reset: false)
24 | }
/Users/admin/builder/spi-builder-workspace/.dependencies/checkouts/TPPDF/Source/Internal/Layout/PDFMarginObject.swift:22:96: error: cannot find type 'CGFloat' in scope; did you mean to use 'CGFloat'?
20 | }
21 |
22 | convenience init(left: CGFloat? = nil, right: CGFloat? = nil, top: CGFloat? = nil, bottom: CGFloat? = nil) {
| `- error: cannot find type 'CGFloat' in scope; did you mean to use 'CGFloat'?
23 | self.init(left: left, right: right, top: top, bottom: bottom, reset: false)
24 | }
/Users/admin/builder/spi-builder-workspace/.dependencies/checkouts/TPPDF/Source/Internal/Layout/PDFMarginObject.swift:26:16: error: cannot find type 'CGFloat' in scope; did you mean to use 'CGFloat'?
24 | }
25 |
26 | init(left: CGFloat?, right: CGFloat?, top: CGFloat?, bottom: CGFloat?, reset: Bool) {
| `- error: cannot find type 'CGFloat' in scope; did you mean to use 'CGFloat'?
27 | self.values = (left, right, top, bottom)
28 | self.reset = reset
/Users/admin/builder/spi-builder-workspace/.dependencies/checkouts/TPPDF/Source/Internal/Layout/PDFMarginObject.swift:26:33: error: cannot find type 'CGFloat' in scope; did you mean to use 'CGFloat'?
24 | }
25 |
26 | init(left: CGFloat?, right: CGFloat?, top: CGFloat?, bottom: CGFloat?, reset: Bool) {
| `- error: cannot find type 'CGFloat' in scope; did you mean to use 'CGFloat'?
27 | self.values = (left, right, top, bottom)
28 | self.reset = reset
/Users/admin/builder/spi-builder-workspace/.dependencies/checkouts/TPPDF/Source/Internal/Layout/PDFMarginObject.swift:26:48: error: cannot find type 'CGFloat' in scope; did you mean to use 'CGFloat'?
24 | }
25 |
26 | init(left: CGFloat?, right: CGFloat?, top: CGFloat?, bottom: CGFloat?, reset: Bool) {
| `- error: cannot find type 'CGFloat' in scope; did you mean to use 'CGFloat'?
27 | self.values = (left, right, top, bottom)
28 | self.reset = reset
/Users/admin/builder/spi-builder-workspace/.dependencies/checkouts/TPPDF/Source/Internal/Layout/PDFMarginObject.swift:26:66: error: cannot find type 'CGFloat' in scope; did you mean to use 'CGFloat'?
24 | }
25 |
26 | init(left: CGFloat?, right: CGFloat?, top: CGFloat?, bottom: CGFloat?, reset: Bool) {
| `- error: cannot find type 'CGFloat' in scope; did you mean to use 'CGFloat'?
27 | self.values = (left, right, top, bottom)
28 | self.reset = reset
/Users/admin/builder/spi-builder-workspace/.dependencies/checkouts/TPPDF/Source/Internal/Layout/PDFOffsetObject.swift:21:17: error: cannot find type 'CGFloat' in scope; did you mean to use 'CGFloat'?
19 | Offset from top edge of container
20 | */
21 | var offset: CGFloat
| `- error: cannot find type 'CGFloat' in scope; did you mean to use 'CGFloat'?
22 |
23 | /**
/Users/admin/builder/spi-builder-workspace/.dependencies/checkouts/TPPDF/Source/Internal/Layout/PDFOffsetObject.swift:28:18: error: cannot find type 'CGFloat' in scope; did you mean to use 'CGFloat'?
26 | - Parameter offset: Points from the top edge of the container
27 | */
28 | init(offset: CGFloat) {
| `- error: cannot find type 'CGFloat' in scope; did you mean to use 'CGFloat'?
29 | self.offset = offset
30 | }
/Users/admin/builder/spi-builder-workspace/.dependencies/checkouts/TPPDF/Source/Internal/Layout/PDFSpaceObject.swift:21:16: error: cannot find type 'CGFloat' in scope; did you mean to use 'CGFloat'?
19 | Height of space object in points
20 | */
21 | var space: CGFloat
| `- error: cannot find type 'CGFloat' in scope; did you mean to use 'CGFloat'?
22 |
23 | /**
/Users/admin/builder/spi-builder-workspace/.dependencies/checkouts/TPPDF/Source/Internal/Layout/PDFSpaceObject.swift:28:17: error: cannot find type 'CGFloat' in scope; did you mean to use 'CGFloat'?
26 | - Parameter space: Height of space object
27 | */
28 | init(space: CGFloat) {
| `- error: cannot find type 'CGFloat' in scope; did you mean to use 'CGFloat'?
29 | self.space = space
30 | }
/Users/admin/builder/spi-builder-workspace/.dependencies/checkouts/TPPDF/Source/Internal/Math/CGPoint+Math.swift:14:18: error: cannot find type 'CGPoint' in scope
12 | #endif
13 |
14 | public extension CGPoint {
| `- error: cannot find type 'CGPoint' in scope
15 | /**
16 | Adds a vector to a point
/Users/admin/builder/spi-builder-workspace/.dependencies/checkouts/TPPDF/Source/Internal/Math/CGPoint+Null.swift:14:11: error: cannot find type 'CGPoint' in scope
12 | #endif
13 |
14 | extension CGPoint {
| `- error: cannot find type 'CGPoint' in scope
15 | static var null: CGPoint {
16 | CGPoint(x: CGFloat.infinity, y: CGFloat.infinity)
/Users/admin/builder/spi-builder-workspace/.dependencies/checkouts/TPPDF/Source/Internal/PDFGenerator+Debug.swift:54:79: error: cannot find type 'CGFloat' in scope; did you mean to use 'CGFloat'?
52 | - Parameter positionY: Position in points, from top page edge
53 | */
54 | private func drawHorizontalMarginLines(in context: PDFContext, positionY: CGFloat) {
| `- error: cannot find type 'CGFloat' in scope; did you mean to use 'CGFloat'?
55 | PDFGraphics.drawLine(
56 | in: context,
/Users/admin/builder/spi-builder-workspace/.dependencies/checkouts/TPPDF/Source/Internal/PDFGenerator+Debug.swift:68:77: error: cannot find type 'CGFloat' in scope; did you mean to use 'CGFloat'?
66 | - Parameter positionX: Position in points, from left page edge
67 | */
68 | private func drawVerticalMarginLines(in context: PDFContext, positionX: CGFloat) {
| `- error: cannot find type 'CGFloat' in scope; did you mean to use 'CGFloat'?
69 | PDFGraphics.drawLine(
70 | in: context,
/Users/admin/builder/spi-builder-workspace/.dependencies/checkouts/TPPDF/Source/Internal/PDFGenerator+Layout.swift:25:58: error: cannot find type 'CGFloat' in scope; did you mean to use 'CGFloat'?
23 | * - Returns: Offset in points
24 | */
25 | func getContentOffset(in container: PDFContainer) -> CGFloat {
| `- error: cannot find type 'CGFloat' in scope; did you mean to use 'CGFloat'?
26 | layout.getContentOffset(in: container)
27 | }
/Users/admin/builder/spi-builder-workspace/.dependencies/checkouts/TPPDF/Source/Internal/PDFGenerator+Layout.swift:35:65: error: cannot find type 'CGFloat' in scope; did you mean to use 'CGFloat'?
33 | * - Parameter value: Offset value
34 | */
35 | func setContentOffset(in container: PDFContainer, to value: CGFloat) {
| `- error: cannot find type 'CGFloat' in scope; did you mean to use 'CGFloat'?
36 | layout.setContentOffset(in: container, to: value)
37 | }
/Users/admin/builder/spi-builder-workspace/.dependencies/checkouts/TPPDF/Source/Internal/Section/PDFColumnWrapSectionObject.swift:16:18: error: cannot find type 'CGFloat' in scope; did you mean to use 'CGFloat'?
14 | class PDFColumnWrapSectionObject: PDFRenderObject {
15 | var columns: Int
16 | var widths: [CGFloat]
| `- error: cannot find type 'CGFloat' in scope; did you mean to use 'CGFloat'?
17 | var spacings: [CGFloat]
18 | var isDisable: Bool
/Users/admin/builder/spi-builder-workspace/.dependencies/checkouts/TPPDF/Source/Internal/Section/PDFColumnWrapSectionObject.swift:17:20: error: cannot find type 'CGFloat' in scope; did you mean to use 'CGFloat'?
15 | var columns: Int
16 | var widths: [CGFloat]
17 | var spacings: [CGFloat]
| `- error: cannot find type 'CGFloat' in scope; did you mean to use 'CGFloat'?
18 | var isDisable: Bool
19 | var addPageBreak: Bool
/Users/admin/builder/spi-builder-workspace/.dependencies/checkouts/TPPDF/Source/Internal/Section/PDFColumnWrapSectionObject.swift:21:45: error: cannot find type 'CGFloat' in scope; did you mean to use 'CGFloat'?
19 | var addPageBreak: Bool
20 |
21 | convenience init(columns: Int, widths: [CGFloat], spacings: [CGFloat]) {
| `- error: cannot find type 'CGFloat' in scope; did you mean to use 'CGFloat'?
22 | self.init(columns: columns, widths: widths, spacings: spacings, isDisable: false, addPageBreak: false)
23 | }
/Users/admin/builder/spi-builder-workspace/.dependencies/checkouts/TPPDF/Source/Internal/Section/PDFColumnWrapSectionObject.swift:21:66: error: cannot find type 'CGFloat' in scope; did you mean to use 'CGFloat'?
19 | var addPageBreak: Bool
20 |
21 | convenience init(columns: Int, widths: [CGFloat], spacings: [CGFloat]) {
| `- error: cannot find type 'CGFloat' in scope; did you mean to use 'CGFloat'?
22 | self.init(columns: columns, widths: widths, spacings: spacings, isDisable: false, addPageBreak: false)
23 | }
/Users/admin/builder/spi-builder-workspace/.dependencies/checkouts/TPPDF/Source/Internal/Section/PDFColumnWrapSectionObject.swift:29:33: error: cannot find type 'CGFloat' in scope; did you mean to use 'CGFloat'?
27 | }
28 |
29 | init(columns: Int, widths: [CGFloat], spacings: [CGFloat], isDisable: Bool, addPageBreak: Bool) {
| `- error: cannot find type 'CGFloat' in scope; did you mean to use 'CGFloat'?
30 | self.columns = columns
31 | self.widths = widths
/Users/admin/builder/spi-builder-workspace/.dependencies/checkouts/TPPDF/Source/Internal/Section/PDFColumnWrapSectionObject.swift:29:54: error: cannot find type 'CGFloat' in scope; did you mean to use 'CGFloat'?
27 | }
28 |
29 | init(columns: Int, widths: [CGFloat], spacings: [CGFloat], isDisable: Bool, addPageBreak: Bool) {
| `- error: cannot find type 'CGFloat' in scope; did you mean to use 'CGFloat'?
30 | self.columns = columns
31 | self.widths = widths
/Users/admin/builder/spi-builder-workspace/.dependencies/checkouts/TPPDF/Source/Internal/Section/PDFSectionObject.swift:16:19: error: cannot find type 'CGFloat' in scope; did you mean to use 'CGFloat'?
14 | class PDFSectionObject: PDFRenderObject {
15 | struct PDFSectionColumnMetadata {
16 | let minX: CGFloat
| `- error: cannot find type 'CGFloat' in scope; did you mean to use 'CGFloat'?
17 | let width: CGFloat
18 | let backgroundColor: Color?
/Users/admin/builder/spi-builder-workspace/.dependencies/checkouts/TPPDF/Source/Internal/Section/PDFSectionObject.swift:17:20: error: cannot find type 'CGFloat' in scope; did you mean to use 'CGFloat'?
15 | struct PDFSectionColumnMetadata {
16 | let minX: CGFloat
17 | let width: CGFloat
| `- error: cannot find type 'CGFloat' in scope; did you mean to use 'CGFloat'?
18 | let backgroundColor: Color?
19 | }
/Users/admin/builder/spi-builder-workspace/.dependencies/checkouts/TPPDF/Source/Internal/Section/PDFSectionObject.swift:18:30: error: cannot find type 'Color' in scope
16 | let minX: CGFloat
17 | let width: CGFloat
18 | let backgroundColor: Color?
| `- error: cannot find type 'Color' in scope
19 | }
20 |
/Users/admin/builder/spi-builder-workspace/.dependencies/checkouts/TPPDF/Source/Internal/Table/PDFTableObject.swift:145:28: error: cannot find type 'CGPoint' in scope
143 | style: PDFTableCellStyle,
144 | type: CellType,
145 | origin: CGPoint,
| `- error: cannot find type 'CGPoint' in scope
146 | width: CGFloat) -> PDFTableCalculatedCell {
147 | var frame = PDFTableCalculatedCell(
/Users/admin/builder/spi-builder-workspace/.dependencies/checkouts/TPPDF/Source/Internal/Table/PDFTableObject.swift:146:27: error: cannot find type 'CGFloat' in scope; did you mean to use 'CGFloat'?
144 | type: CellType,
145 | origin: CGPoint,
146 | width: CGFloat) -> PDFTableCalculatedCell {
| `- error: cannot find type 'CGFloat' in scope; did you mean to use 'CGFloat'?
147 | var frame = PDFTableCalculatedCell(
148 | cell: cell,
/Users/admin/builder/spi-builder-workspace/.dependencies/checkouts/TPPDF/Source/Internal/Table/PDFTableObject.swift:192:46: error: cannot find type 'CGRect' in scope
190 | container: PDFContainer,
191 | contentOrigin: CGPoint,
192 | contentWidth: CGFloat) -> CGRect {
| `- error: cannot find type 'CGRect' in scope
193 | if let text = getAttributedStringOfTable(content: content, style: style, alignment: cell.alignment) {
194 | return PDFCalculations
/Users/admin/builder/spi-builder-workspace/.dependencies/checkouts/TPPDF/Source/Internal/Table/PDFTableObject.swift:191:35: error: cannot find type 'CGPoint' in scope
189 | generator: PDFGenerator,
190 | container: PDFContainer,
191 | contentOrigin: CGPoint,
| `- error: cannot find type 'CGPoint' in scope
192 | contentWidth: CGFloat) -> CGRect {
193 | if let text = getAttributedStringOfTable(content: content, style: style, alignment: cell.alignment) {
/Users/admin/builder/spi-builder-workspace/.dependencies/checkouts/TPPDF/Source/Internal/Table/PDFTableObject.swift:192:34: error: cannot find type 'CGFloat' in scope; did you mean to use 'CGFloat'?
190 | container: PDFContainer,
191 | contentOrigin: CGPoint,
192 | contentWidth: CGFloat) -> CGRect {
| `- error: cannot find type 'CGFloat' in scope; did you mean to use 'CGFloat'?
193 | if let text = getAttributedStringOfTable(content: content, style: style, alignment: cell.alignment) {
194 | return PDFCalculations
/Users/admin/builder/spi-builder-workspace/.dependencies/checkouts/TPPDF/Source/Internal/Table/PDFTableObject.swift:213:74: error: cannot find type 'NSAttributedString' in scope
211 | func getAttributedStringOfTable(content: PDFTableContent,
212 | style: PDFTableCellStyle,
213 | alignment: PDFTableCellAlignment) -> NSAttributedString? {
| `- error: cannot find type 'NSAttributedString' in scope
214 | if let stringText = content.stringValue {
215 | return createAttributedCellText(text: stringText, cellStyle: style, alignment: alignment)
/Users/admin/builder/spi-builder-workspace/.dependencies/checkouts/TPPDF/Source/Internal/Table/PDFTableObject.swift:229:68: error: cannot find type 'CGFloat' in scope; did you mean to use 'CGFloat'?
227 | }
228 |
229 | func repositionX(of calculatedCell: PDFTableCalculatedCell) -> CGFloat {
| `- error: cannot find type 'CGFloat' in scope; did you mean to use 'CGFloat'?
230 | let alignment = calculatedCell.cell.alignment
231 | let frame = calculatedCell.frames
/Users/admin/builder/spi-builder-workspace/.dependencies/checkouts/TPPDF/Source/Internal/Table/PDFTableObject.swift:242:68: error: cannot find type 'CGFloat' in scope; did you mean to use 'CGFloat'?
240 | }
241 |
242 | func repositionY(of calculatedCell: PDFTableCalculatedCell) -> CGFloat {
| `- error: cannot find type 'CGFloat' in scope; did you mean to use 'CGFloat'?
243 | let alignment = calculatedCell.cell.alignment
244 | let frame = calculatedCell.frames
/Users/admin/builder/spi-builder-workspace/.dependencies/checkouts/TPPDF/Source/Internal/Table/PDFTableObject.swift:255:116: error: cannot find type 'NSAttributedString' in scope
253 | }
254 |
255 | func createAttributedCellText(text: String, cellStyle: PDFTableCellStyle, alignment: PDFTableCellAlignment) -> NSAttributedString {
| `- error: cannot find type 'NSAttributedString' in scope
256 | let paragraph = NSMutableParagraphStyle()
257 | paragraph.alignment = {
/Users/admin/builder/spi-builder-workspace/.dependencies/checkouts/TPPDF/Source/Internal/Table/PDFTableObject.swift:281:61: error: cannot find type 'CGFloat' in scope; did you mean to use 'CGFloat'?
279 | headerCells: [PDFTableCalculatedCell]?,
280 | headerHeight: CGFloat
281 | ) throws -> (objects: [PDFLocatedRenderObject], offset: CGFloat) {
| `- error: cannot find type 'CGFloat' in scope; did you mean to use 'CGFloat'?
282 | var result: [PDFLocatedRenderObject] = []
283 |
/Users/admin/builder/spi-builder-workspace/.dependencies/checkouts/TPPDF/Source/Internal/Table/PDFTableObject.swift:280:23: error: cannot find type 'CGFloat' in scope; did you mean to use 'CGFloat'?
278 | cells: [PDFTableCalculatedCell],
279 | headerCells: [PDFTableCalculatedCell]?,
280 | headerHeight: CGFloat
| `- error: cannot find type 'CGFloat' in scope; did you mean to use 'CGFloat'?
281 | ) throws -> (objects: [PDFLocatedRenderObject], offset: CGFloat) {
282 | var result: [PDFLocatedRenderObject] = []
/Users/admin/builder/spi-builder-workspace/.dependencies/checkouts/TPPDF/Source/Internal/Table/PDFTableObject.swift:443:20: error: cannot find type 'CGFloat' in scope; did you mean to use 'CGFloat'?
441 | for _: PDFGenerator,
442 | items: [PDFTableCalculatedCell],
443 | minOffset: CGFloat,
| `- error: cannot find type 'CGFloat' in scope; did you mean to use 'CGFloat'?
444 | maxOffset: CGFloat,
445 | shouldSplitCellsOnPageBreak: Bool
/Users/admin/builder/spi-builder-workspace/.dependencies/checkouts/TPPDF/Source/Internal/Table/PDFTableObject.swift:444:20: error: cannot find type 'CGFloat' in scope; did you mean to use 'CGFloat'?
442 | items: [PDFTableCalculatedCell],
443 | minOffset: CGFloat,
444 | maxOffset: CGFloat,
| `- error: cannot find type 'CGFloat' in scope; did you mean to use 'CGFloat'?
445 | shouldSplitCellsOnPageBreak: Bool
446 | ) -> FilteredCells {
/Users/admin/builder/spi-builder-workspace/.dependencies/checkouts/TPPDF/Source/Internal/Table/PDFTableObject.swift:485:68: error: cannot find type 'CGFloat' in scope; did you mean to use 'CGFloat'?
483 | typealias ShiftedCells = [PDFTableCalculatedCell]
484 |
485 | func shiftCellsBy(cells: [PDFTableCalculatedCell], shiftValue: CGFloat) -> ShiftedCells {
| `- error: cannot find type 'CGFloat' in scope; did you mean to use 'CGFloat'?
486 | var shiftedCells: [PDFTableCalculatedCell] = []
487 |
/Users/admin/builder/spi-builder-workspace/.dependencies/checkouts/TPPDF/Source/Internal/Table/PDFTableObject.swift:498:35: error: cannot find type 'CGRect' in scope
496 | }
497 |
498 | func createSliceObject(frame: CGRect, elements: [PDFRenderObject], minOffset: CGFloat, maxOffset: CGFloat) -> PDFSlicedObject {
| `- error: cannot find type 'CGRect' in scope
499 | let sliceObject = PDFSlicedObject(children: elements, frame: frame)
500 | if frame.maxY > maxOffset {
/Users/admin/builder/spi-builder-workspace/.dependencies/checkouts/TPPDF/Source/Internal/Table/PDFTableObject.swift:498:83: error: cannot find type 'CGFloat' in scope; did you mean to use 'CGFloat'?
496 | }
497 |
498 | func createSliceObject(frame: CGRect, elements: [PDFRenderObject], minOffset: CGFloat, maxOffset: CGFloat) -> PDFSlicedObject {
| `- error: cannot find type 'CGFloat' in scope; did you mean to use 'CGFloat'?
499 | let sliceObject = PDFSlicedObject(children: elements, frame: frame)
500 | if frame.maxY > maxOffset {
/Users/admin/builder/spi-builder-workspace/.dependencies/checkouts/TPPDF/Source/Internal/Table/PDFTableObject.swift:498:103: error: cannot find type 'CGFloat' in scope; did you mean to use 'CGFloat'?
496 | }
497 |
498 | func createSliceObject(frame: CGRect, elements: [PDFRenderObject], minOffset: CGFloat, maxOffset: CGFloat) -> PDFSlicedObject {
| `- error: cannot find type 'CGFloat' in scope; did you mean to use 'CGFloat'?
499 | let sliceObject = PDFSlicedObject(children: elements, frame: frame)
500 | if frame.maxY > maxOffset {
/Users/admin/builder/spi-builder-workspace/.dependencies/checkouts/TPPDF/Source/Internal/Table/PDFTableObject.swift:517:70: error: cannot find type 'CGRect' in scope
515 | /// - frame: Frame of cell
516 | /// - Returns: Calculated `PDFRectangleObject`
517 | func createCellBackgroundObject(style: PDFTableCellStyle, frame: CGRect) -> PDFRenderObject {
| `- error: cannot find type 'CGRect' in scope
518 | return PDFRectangleObject(lineStyle: .none, frame: frame, fillColor: style.colors.fill)
519 | }
/Users/admin/builder/spi-builder-workspace/.dependencies/checkouts/TPPDF/Source/Internal/Table/PDFTableObject.swift:525:75: error: cannot find type 'CGRect' in scope
523 | */
524 | func createCellContentObject(content: PDFTableContent?, style: PDFTableCellStyle,
525 | alignment: PDFTableCellAlignment, frame: CGRect) -> PDFRenderObject? {
| `- error: cannot find type 'CGRect' in scope
526 | guard let content = content else {
527 | return nil
/Users/admin/builder/spi-builder-workspace/.dependencies/checkouts/TPPDF/Source/Internal/Table/PDFTableObject.swift:607:72: error: cannot find type 'CGRect' in scope
605 | /// - frame: Frame of rectangle
606 | /// - Returns: Array of `PDFLineObject`
607 | func createCellOutlineObjects(borders: PDFTableCellBorders, frame: CGRect) -> [PDFLineObject] {
| `- error: cannot find type 'CGRect' in scope
608 | [
609 | PDFLineObject(style: borders.top,
/Users/admin/builder/spi-builder-workspace/.dependencies/checkouts/TPPDF/Source/Internal/Table/PDFTableValidator.swift:74:112: error: cannot find type 'CGFloat' in scope; did you mean to use 'CGFloat'?
72 | - data column count and column count do not equal
73 | */
74 | static func validateTableData(data: [[Any?]], alignments: [[PDFTableCellAlignment]]? = nil, columnWidths: [CGFloat]? = nil) throws {
| `- error: cannot find type 'CGFloat' in scope; did you mean to use 'CGFloat'?
75 | // Throw error when empty. Signalizes developer he tries to render an empty table. Might cause format errors
76 | if data.isEmpty {
/Users/admin/builder/spi-builder-workspace/.dependencies/checkouts/TPPDF/Source/Internal/Text/PDFAttributedTextObject.swift:27:27: error: cannot find type 'NSAttributedString' in scope
25 |
26 | /// Attributed string which will be drawn
27 | var attributedString: NSAttributedString!
| `- error: cannot find type 'NSAttributedString' in scope
28 |
29 | /**
/Users/admin/builder/spi-builder-workspace/.dependencies/checkouts/TPPDF/Source/Internal/Text/PDFAttributedTextObject.swift:167:76: error: cannot find type 'NSRange' in scope
165 | }
166 |
167 | private func calculateLinkAttributes(with links: [(url: String, range: NSRange)],
| `- error: cannot find type 'NSRange' in scope
168 | in frameRef: CTFrame,
169 | in _: NSRange,
/Users/admin/builder/spi-builder-workspace/.dependencies/checkouts/TPPDF/Source/Internal/Text/PDFAttributedTextObject.swift:168:55: error: cannot find type 'CTFrame' in scope
166 |
167 | private func calculateLinkAttributes(with links: [(url: String, range: NSRange)],
168 | in frameRef: CTFrame,
| `- error: cannot find type 'CTFrame' in scope
169 | in _: NSRange,
170 | context: PDFContext,
/Users/admin/builder/spi-builder-workspace/.dependencies/checkouts/TPPDF/Source/Internal/Text/PDFAttributedTextObject.swift:169:48: error: cannot find type 'NSRange' in scope
167 | private func calculateLinkAttributes(with links: [(url: String, range: NSRange)],
168 | in frameRef: CTFrame,
169 | in _: NSRange,
| `- error: cannot find type 'NSRange' in scope
170 | context: PDFContext,
171 | debug: Bool) {
/Users/admin/builder/spi-builder-workspace/.dependencies/checkouts/TPPDF/Source/Internal/Text/PDFAttributedTextObject.swift:243:93: error: cannot find type 'NSAttributedString' in scope
241 | from extracted from `PDFAttributedTextObject.attributedText`
242 | */
243 | func generateAttributedText(generator: PDFGenerator, container: PDFContainer) throws -> NSAttributedString {
| `- error: cannot find type 'NSAttributedString' in scope
244 | if let simple = simpleText {
245 | let attributes = PDFAttributedTextObject.generateDefaultTextAttributes(
/Users/admin/builder/spi-builder-workspace/.dependencies/checkouts/TPPDF/Source/Internal/Text/PDFAttributedTextObject.swift:276:73: error: cannot find type 'NSAttributedString' in scope
274 | textColor: inout [PDFContainer: Color],
275 | spacing: CGFloat,
276 | style: PDFTextStyle?) -> [NSAttributedString.Key: NSObject] {
| `- error: cannot find type 'NSAttributedString' in scope
277 | let paragraphStyle = NSMutableParagraphStyle()
278 | if container.isLeft {
/Users/admin/builder/spi-builder-workspace/.dependencies/checkouts/TPPDF/Source/Internal/Text/PDFAttributedTextObject.swift:273:75: error: cannot find type 'Font' in scope
271 | */
272 | static func generateDefaultTextAttributes(container: PDFContainer,
273 | fonts: inout [PDFContainer: Font],
| `- error: cannot find type 'Font' in scope
274 | textColor: inout [PDFContainer: Color],
275 | spacing: CGFloat,
/Users/admin/builder/spi-builder-workspace/.dependencies/checkouts/TPPDF/Source/Internal/Text/PDFAttributedTextObject.swift:274:79: error: cannot find type 'Color' in scope
272 | static func generateDefaultTextAttributes(container: PDFContainer,
273 | fonts: inout [PDFContainer: Font],
274 | textColor: inout [PDFContainer: Color],
| `- error: cannot find type 'Color' in scope
275 | spacing: CGFloat,
276 | style: PDFTextStyle?) -> [NSAttributedString.Key: NSObject] {
/Users/admin/builder/spi-builder-workspace/.dependencies/checkouts/TPPDF/Source/Internal/Text/PDFAttributedTextObject.swift:275:56: error: cannot find type 'CGFloat' in scope; did you mean to use 'CGFloat'?
273 | fonts: inout [PDFContainer: Font],
274 | textColor: inout [PDFContainer: Color],
275 | spacing: CGFloat,
| `- error: cannot find type 'CGFloat' in scope; did you mean to use 'CGFloat'?
276 | style: PDFTextStyle?) -> [NSAttributedString.Key: NSObject] {
277 | let paragraphStyle = NSMutableParagraphStyle()
/Users/admin/builder/spi-builder-workspace/.dependencies/checkouts/TPPDF/Source/Internal/Text/PDFFontObject.swift:21:15: error: cannot find type 'Font' in scope
19 | New font of container after calculation
20 | */
21 | var font: Font
| `- error: cannot find type 'Font' in scope
22 |
23 | /**
/Users/admin/builder/spi-builder-workspace/.dependencies/checkouts/TPPDF/Source/Internal/Text/PDFFontObject.swift:28:16: error: cannot find type 'Font' in scope
26 | - Parameter font: New font
27 | */
28 | init(font: Font) {
| `- error: cannot find type 'Font' in scope
29 | self.font = font
30 | }
/Users/admin/builder/spi-builder-workspace/.dependencies/checkouts/TPPDF/Source/Internal/Text/PDFTextColorObject.swift:21:16: error: cannot find type 'Color' in scope
19 | New text color in container after calculation
20 | */
21 | var color: Color
| `- error: cannot find type 'Color' in scope
22 |
23 | /**
/Users/admin/builder/spi-builder-workspace/.dependencies/checkouts/TPPDF/Source/Internal/Text/PDFTextColorObject.swift:28:17: error: cannot find type 'Color' in scope
26 | - Parameter textColor: New text color
27 | */
28 | init(color: Color) {
| `- error: cannot find type 'Color' in scope
29 | self.color = color
30 | }
/Users/admin/builder/spi-builder-workspace/.dependencies/checkouts/TPPDF/Source/Internal/Utils/PDFCalculations.swift:31:68: error: cannot find type 'CGRect' in scope
29 | static func calculateText(generator: PDFGenerator,
30 | container: PDFContainer,
31 | text: NSAttributedString) -> (frame: CGRect, render: NSAttributedString?, remainder: NSAttributedString?) {
| `- error: cannot find type 'CGRect' in scope
32 | let availableSize = calculateAvailableFrame(for: generator, in: container)
33 | guard availableSize.height > 0 else {
/Users/admin/builder/spi-builder-workspace/.dependencies/checkouts/TPPDF/Source/Internal/Utils/PDFCalculations.swift:31:84: error: cannot find type 'NSAttributedString' in scope
29 | static func calculateText(generator: PDFGenerator,
30 | container: PDFContainer,
31 | text: NSAttributedString) -> (frame: CGRect, render: NSAttributedString?, remainder: NSAttributedString?) {
| `- error: cannot find type 'NSAttributedString' in scope
32 | let availableSize = calculateAvailableFrame(for: generator, in: container)
33 | guard availableSize.height > 0 else {
/Users/admin/builder/spi-builder-workspace/.dependencies/checkouts/TPPDF/Source/Internal/Utils/PDFCalculations.swift:31:116: error: cannot find type 'NSAttributedString' in scope
29 | static func calculateText(generator: PDFGenerator,
30 | container: PDFContainer,
31 | text: NSAttributedString) -> (frame: CGRect, render: NSAttributedString?, remainder: NSAttributedString?) {
| `- error: cannot find type 'NSAttributedString' in scope
32 | let availableSize = calculateAvailableFrame(for: generator, in: container)
33 | guard availableSize.height > 0 else {
/Users/admin/builder/spi-builder-workspace/.dependencies/checkouts/TPPDF/Source/Internal/Utils/PDFCalculations.swift:31:37: error: cannot find type 'NSAttributedString' in scope
29 | static func calculateText(generator: PDFGenerator,
30 | container: PDFContainer,
31 | text: NSAttributedString) -> (frame: CGRect, render: NSAttributedString?, remainder: NSAttributedString?) {
| `- error: cannot find type 'NSAttributedString' in scope
32 | let availableSize = calculateAvailableFrame(for: generator, in: container)
33 | guard availableSize.height > 0 else {
/Users/admin/builder/spi-builder-workspace/.dependencies/checkouts/TPPDF/Source/Internal/Utils/PDFCalculations.swift:47:19: error: cannot find type 'NSAttributedString' in scope
45 |
46 | struct TextCalculationResult {
47 | var text: NSAttributedString
| `- error: cannot find type 'NSAttributedString' in scope
48 | var size: CGSize
49 | var remainder: NSAttributedString?
/Users/admin/builder/spi-builder-workspace/.dependencies/checkouts/TPPDF/Source/Internal/Utils/PDFCalculations.swift:48:19: error: cannot find type 'CGSize' in scope
46 | struct TextCalculationResult {
47 | var text: NSAttributedString
48 | var size: CGSize
| `- error: cannot find type 'CGSize' in scope
49 | var remainder: NSAttributedString?
50 | }
/Users/admin/builder/spi-builder-workspace/.dependencies/checkouts/TPPDF/Source/Internal/Utils/PDFCalculations.swift:49:24: error: cannot find type 'NSAttributedString' in scope
47 | var text: NSAttributedString
48 | var size: CGSize
49 | var remainder: NSAttributedString?
| `- error: cannot find type 'NSAttributedString' in scope
50 | }
51 |
/Users/admin/builder/spi-builder-workspace/.dependencies/checkouts/TPPDF/Source/Internal/Utils/PDFCalculations.swift:60:56: error: cannot find type 'NSAttributedString' in scope
58 | - Returns: Tuple of `text`, real `size of the text and the `remainder`
59 | */
60 | static func calculateTextSizeAndRemainder(of text: NSAttributedString,
| `- error: cannot find type 'NSAttributedString' in scope
61 | in bounds: CGSize) -> TextCalculationResult {
62 | assert(bounds.width > 0 && bounds.height > 0, "Can't render text if no space available")
/Users/admin/builder/spi-builder-workspace/.dependencies/checkouts/TPPDF/Source/Internal/Utils/PDFCalculations.swift:61:58: error: cannot find type 'CGSize' in scope
59 | */
60 | static func calculateTextSizeAndRemainder(of text: NSAttributedString,
61 | in bounds: CGSize) -> TextCalculationResult {
| `- error: cannot find type 'CGSize' in scope
62 | assert(bounds.width > 0 && bounds.height > 0, "Can't render text if no space available")
63 |
/Users/admin/builder/spi-builder-workspace/.dependencies/checkouts/TPPDF/Source/Internal/Utils/PDFCalculations.swift:97:101: error: cannot find type 'CGSize' in scope
95 | - Returns: Available bounds size in points
96 | */
97 | static func calculateAvailableFrame(for generator: PDFGenerator, in container: PDFContainer) -> CGSize {
| `- error: cannot find type 'CGSize' in scope
98 | CGSize(
99 | width: calculateAvailableFrameWidth(for: generator, in: container),
/Users/admin/builder/spi-builder-workspace/.dependencies/checkouts/TPPDF/Source/Internal/Utils/PDFCalculations.swift:112:106: error: cannot find type 'CGFloat' in scope; did you mean to use 'CGFloat'?
110 | - Returns: Available width in points
111 | */
112 | static func calculateAvailableFrameWidth(for generator: PDFGenerator, in container: PDFContainer) -> CGFloat {
| `- error: cannot find type 'CGFloat' in scope; did you mean to use 'CGFloat'?
113 | let columnInset = generator.columnState.getInset(for: container)
114 | return generator.document.layout.width
/Users/admin/builder/spi-builder-workspace/.dependencies/checkouts/TPPDF/Source/Internal/Utils/PDFCalculations.swift:152:107: error: cannot find type 'CGFloat' in scope; did you mean to use 'CGFloat'?
150 | /// - Parameter container: Container in question
151 | /// - Returns: Available height in points
152 | static func calculateAvailableFrameHeight(for generator: PDFGenerator, in container: PDFContainer) -> CGFloat {
| `- error: cannot find type 'CGFloat' in scope; did you mean to use 'CGFloat'?
153 | let pageLayout = generator.document.layout
154 |
/Users/admin/builder/spi-builder-workspace/.dependencies/checkouts/TPPDF/Source/Internal/Utils/PDFCalculations.swift:186:69: error: cannot find type 'CGFloat' in scope; did you mean to use 'CGFloat'?
184 | /// - Parameter generator: Generator currently in use holding information about the document
185 | /// - Returns: Offset from top edge in points
186 | static func calculateTopMinimum(for generator: PDFGenerator) -> CGFloat {
| `- error: cannot find type 'CGFloat' in scope; did you mean to use 'CGFloat'?
187 | let layout = generator.layout
188 | let pageLayout = generator.document.layout
/Users/admin/builder/spi-builder-workspace/.dependencies/checkouts/TPPDF/Source/Internal/Utils/PDFCalculations.swift:223:72: error: cannot find type 'CGFloat' in scope; did you mean to use 'CGFloat'?
221 | /// - Parameter generator: Generator currently in use holding information about the document
222 | /// - Returns: Offset from top edge in points
223 | static func calculateBottomMaximum(for generator: PDFGenerator) -> CGFloat {
| `- error: cannot find type 'CGFloat' in scope; did you mean to use 'CGFloat'?
224 | let layout = generator.layout
225 | let pageLayout = generator.document.layout
/Users/admin/builder/spi-builder-workspace/.dependencies/checkouts/TPPDF/Source/Internal/Utils/PDFCalculations.swift:244:121: error: cannot find type 'CGPoint' in scope
242 | - Returns: Position of element
243 | */
244 | static func calculateElementPosition(for generator: PDFGenerator, in container: PDFContainer, with size: CGSize) -> CGPoint {
| `- error: cannot find type 'CGPoint' in scope
245 | CGPoint(
246 | x: calculatePositionX(for: generator, in: container, with: size),
/Users/admin/builder/spi-builder-workspace/.dependencies/checkouts/TPPDF/Source/Internal/Utils/PDFCalculations.swift:244:110: error: cannot find type 'CGSize' in scope
242 | - Returns: Position of element
243 | */
244 | static func calculateElementPosition(for generator: PDFGenerator, in container: PDFContainer, with size: CGSize) -> CGPoint {
| `- error: cannot find type 'CGSize' in scope
245 | CGPoint(
246 | x: calculatePositionX(for: generator, in: container, with: size),
/Users/admin/builder/spi-builder-workspace/.dependencies/checkouts/TPPDF/Source/Internal/Utils/PDFCalculations.swift:253:123: error: cannot find type 'CGFloat' in scope; did you mean to use 'CGFloat'?
251 | // MARK: - PRIVATE STATIC FUNCS
252 |
253 | private static func calculatePositionX(for generator: PDFGenerator, in container: PDFContainer, with size: CGSize) -> CGFloat {
| `- error: cannot find type 'CGFloat' in scope; did you mean to use 'CGFloat'?
254 | let layout = generator.layout
255 | let columnInset = generator.columnState.getInset(for: container)
/Users/admin/builder/spi-builder-workspace/.dependencies/checkouts/TPPDF/Source/Internal/Utils/PDFCalculations.swift:253:112: error: cannot find type 'CGSize' in scope
251 | // MARK: - PRIVATE STATIC FUNCS
252 |
253 | private static func calculatePositionX(for generator: PDFGenerator, in container: PDFContainer, with size: CGSize) -> CGFloat {
| `- error: cannot find type 'CGSize' in scope
254 | let layout = generator.layout
255 | let columnInset = generator.columnState.getInset(for: container)
/Users/admin/builder/spi-builder-workspace/.dependencies/checkouts/TPPDF/Source/Internal/Utils/PDFCalculations.swift:313:123: error: cannot find type 'CGFloat' in scope; did you mean to use 'CGFloat'?
311 | /// - size: Size of element
312 | /// - Returns: Offset from the top edge
313 | private static func calculatePositionY(for generator: PDFGenerator, in container: PDFContainer, with size: CGSize) -> CGFloat {
| `- error: cannot find type 'CGFloat' in scope; did you mean to use 'CGFloat'?
314 | let layout = generator.layout
315 | let pageLayout = generator.document.layout
/Users/admin/builder/spi-builder-workspace/.dependencies/checkouts/TPPDF/Source/Internal/Utils/PDFCalculations.swift:313:112: error: cannot find type 'CGSize' in scope
311 | /// - size: Size of element
312 | /// - Returns: Offset from the top edge
313 | private static func calculatePositionY(for generator: PDFGenerator, in container: PDFContainer, with size: CGSize) -> CGFloat {
| `- error: cannot find type 'CGSize' in scope
314 | let layout = generator.layout
315 | let pageLayout = generator.document.layout
/Users/admin/builder/spi-builder-workspace/.dependencies/checkouts/TPPDF/Source/Internal/Utils/PDFCalculations.swift:330:129: error: cannot find type 'CGFloat' in scope; did you mean to use 'CGFloat'?
328 | }
329 |
330 | static func calculateContentOffset(for generator: PDFGenerator, of element: PDFRenderObject, in container: PDFContainer) -> CGFloat {
| `- error: cannot find type 'CGFloat' in scope; did you mean to use 'CGFloat'?
331 | let layout = generator.layout
332 | let pageLayout = generator.document.layout
/Users/admin/builder/spi-builder-workspace/.dependencies/checkouts/TPPDF/Source/Internal/Utils/PDFCalculations.swift:347:120: error: cannot find type 'CGFloat' in scope; did you mean to use 'CGFloat'?
345 | }
346 |
347 | static func calculateContentOffset(for generator: PDFGenerator, of offset: CGFloat, in container: PDFContainer) -> CGFloat {
| `- error: cannot find type 'CGFloat' in scope; did you mean to use 'CGFloat'?
348 | let layout = generator.layout
349 | let pageLayout = generator.document.layout
/Users/admin/builder/spi-builder-workspace/.dependencies/checkouts/TPPDF/Source/Internal/Utils/PDFCalculations.swift:347:80: error: cannot find type 'CGFloat' in scope; did you mean to use 'CGFloat'?
345 | }
346 |
347 | static func calculateContentOffset(for generator: PDFGenerator, of offset: CGFloat, in container: PDFContainer) -> CGFloat {
| `- error: cannot find type 'CGFloat' in scope; did you mean to use 'CGFloat'?
348 | let layout = generator.layout
349 | let pageLayout = generator.document.layout
/Users/admin/builder/spi-builder-workspace/.dependencies/checkouts/TPPDF/Source/Internal/Utils/PDFCalculations.swift:371:10: error: cannot find type 'CGRect' in scope
369 | text: NSAttributedString,
370 | alignment: PDFTableCellAlignment
371 | ) -> CGRect {
| `- error: cannot find type 'CGRect' in scope
372 | let textMaxHeight = CGFloat.greatestFiniteMagnitude // PDFCalculations.calculateAvailableFrameHeight(for: generator, in: container)
373 | let frame = CGRect(x: position.origin.x, y: position.origin.y, width: position.width, height: textMaxHeight)
/Users/admin/builder/spi-builder-workspace/.dependencies/checkouts/TPPDF/Source/Internal/Utils/PDFCalculations.swift:368:28: error: cannot find type 'CGPoint' in scope
366 | generator _: PDFGenerator,
367 | container _: PDFContainer,
368 | position: (origin: CGPoint, width: CGFloat),
| `- error: cannot find type 'CGPoint' in scope
369 | text: NSAttributedString,
370 | alignment: PDFTableCellAlignment
/Users/admin/builder/spi-builder-workspace/.dependencies/checkouts/TPPDF/Source/Internal/Utils/PDFCalculations.swift:368:44: error: cannot find type 'CGFloat' in scope; did you mean to use 'CGFloat'?
366 | generator _: PDFGenerator,
367 | container _: PDFContainer,
368 | position: (origin: CGPoint, width: CGFloat),
| `- error: cannot find type 'CGFloat' in scope; did you mean to use 'CGFloat'?
369 | text: NSAttributedString,
370 | alignment: PDFTableCellAlignment
/Users/admin/builder/spi-builder-workspace/.dependencies/checkouts/TPPDF/Source/Internal/Utils/PDFCalculations.swift:369:15: error: cannot find type 'NSAttributedString' in scope
367 | container _: PDFContainer,
368 | position: (origin: CGPoint, width: CGFloat),
369 | text: NSAttributedString,
| `- error: cannot find type 'NSAttributedString' in scope
370 | alignment: PDFTableCellAlignment
371 | ) -> CGRect {
/Users/admin/builder/spi-builder-workspace/.dependencies/checkouts/TPPDF/Source/Internal/Utils/PDFCalculations.swift:390:113: error: cannot find type 'CGRect' in scope
388 | }
389 |
390 | static func calculateCellFrame(generator _: PDFGenerator, origin: CGPoint, width: CGFloat, image: Image) -> CGRect {
| `- error: cannot find type 'CGRect' in scope
391 | let imageSize = image.size
392 | var imageHeight = 0.0
/Users/admin/builder/spi-builder-workspace/.dependencies/checkouts/TPPDF/Source/Internal/Utils/PDFCalculations.swift:390:71: error: cannot find type 'CGPoint' in scope
388 | }
389 |
390 | static func calculateCellFrame(generator _: PDFGenerator, origin: CGPoint, width: CGFloat, image: Image) -> CGRect {
| `- error: cannot find type 'CGPoint' in scope
391 | let imageSize = image.size
392 | var imageHeight = 0.0
/Users/admin/builder/spi-builder-workspace/.dependencies/checkouts/TPPDF/Source/Internal/Utils/PDFCalculations.swift:390:87: error: cannot find type 'CGFloat' in scope; did you mean to use 'CGFloat'?
388 | }
389 |
390 | static func calculateCellFrame(generator _: PDFGenerator, origin: CGPoint, width: CGFloat, image: Image) -> CGRect {
| `- error: cannot find type 'CGFloat' in scope; did you mean to use 'CGFloat'?
391 | let imageSize = image.size
392 | var imageHeight = 0.0
/Users/admin/builder/spi-builder-workspace/.dependencies/checkouts/TPPDF/Source/Internal/Utils/PDFCalculations.swift:390:103: error: cannot find type 'Image' in scope
388 | }
389 |
390 | static func calculateCellFrame(generator _: PDFGenerator, origin: CGPoint, width: CGFloat, image: Image) -> CGRect {
| `- error: cannot find type 'Image' in scope
391 | let imageSize = image.size
392 | var imageHeight = 0.0
/Users/admin/builder/spi-builder-workspace/.dependencies/checkouts/TPPDF/Source/Internal/Utils/PDFCalculations.swift:414:11: error: cannot find type 'CGRect' in scope
412 | currentRange: CFRange,
413 | textMaxWidth: CGFloat
414 | ) -> (CGRect, CTFrame, CGSize) {
| `- error: cannot find type 'CGRect' in scope
415 | let textMaxWidth = (textMaxWidth > 0) ? textMaxWidth : (generator.document.layout.width
416 | - generator.layout.margin.left
/Users/admin/builder/spi-builder-workspace/.dependencies/checkouts/TPPDF/Source/Internal/Utils/PDFCalculations.swift:414:19: error: cannot find type 'CTFrame' in scope
412 | currentRange: CFRange,
413 | textMaxWidth: CGFloat
414 | ) -> (CGRect, CTFrame, CGSize) {
| `- error: cannot find type 'CTFrame' in scope
415 | let textMaxWidth = (textMaxWidth > 0) ? textMaxWidth : (generator.document.layout.width
416 | - generator.layout.margin.left
/Users/admin/builder/spi-builder-workspace/.dependencies/checkouts/TPPDF/Source/Internal/Utils/PDFCalculations.swift:414:28: error: cannot find type 'CGSize' in scope
412 | currentRange: CFRange,
413 | textMaxWidth: CGFloat
414 | ) -> (CGRect, CTFrame, CGSize) {
| `- error: cannot find type 'CGSize' in scope
415 | let textMaxWidth = (textMaxWidth > 0) ? textMaxWidth : (generator.document.layout.width
416 | - generator.layout.margin.left
/Users/admin/builder/spi-builder-workspace/.dependencies/checkouts/TPPDF/Source/Internal/Utils/PDFCalculations.swift:411:15: error: cannot find type 'CFAttributedString' in scope
409 | generator: PDFGenerator,
410 | container: PDFContainer,
411 | text: CFAttributedString,
| `- error: cannot find type 'CFAttributedString' in scope
412 | currentRange: CFRange,
413 | textMaxWidth: CGFloat
/Users/admin/builder/spi-builder-workspace/.dependencies/checkouts/TPPDF/Source/Internal/Utils/PDFCalculations.swift:412:23: error: cannot find type 'CFRange' in scope
410 | container: PDFContainer,
411 | text: CFAttributedString,
412 | currentRange: CFRange,
| `- error: cannot find type 'CFRange' in scope
413 | textMaxWidth: CGFloat
414 | ) -> (CGRect, CTFrame, CGSize) {
/Users/admin/builder/spi-builder-workspace/.dependencies/checkouts/TPPDF/Source/Internal/Utils/PDFCalculations.swift:413:23: error: cannot find type 'CGFloat' in scope; did you mean to use 'CGFloat'?
411 | text: CFAttributedString,
412 | currentRange: CFRange,
413 | textMaxWidth: CGFloat
| `- error: cannot find type 'CGFloat' in scope; did you mean to use 'CGFloat'?
414 | ) -> (CGRect, CTFrame, CGSize) {
415 | let textMaxWidth = (textMaxWidth > 0) ? textMaxWidth : (generator.document.layout.width
/Users/admin/builder/spi-builder-workspace/.dependencies/checkouts/TPPDF/Source/Internal/Utils/PDFCalculations.swift:501:11: error: cannot find type 'CGRect' in scope
499 | text: CFAttributedString,
500 | currentRange: CFRange
501 | ) -> (CGRect, CTFrame, CGSize) {
| `- error: cannot find type 'CGRect' in scope
502 | let framesetter = CTFramesetterCreateWithAttributedString(text)
503 | let framePath = BezierPath(rect: frame).cgPath
/Users/admin/builder/spi-builder-workspace/.dependencies/checkouts/TPPDF/Source/Internal/Utils/PDFCalculations.swift:501:19: error: cannot find type 'CTFrame' in scope
499 | text: CFAttributedString,
500 | currentRange: CFRange
501 | ) -> (CGRect, CTFrame, CGSize) {
| `- error: cannot find type 'CTFrame' in scope
502 | let framesetter = CTFramesetterCreateWithAttributedString(text)
503 | let framePath = BezierPath(rect: frame).cgPath
/Users/admin/builder/spi-builder-workspace/.dependencies/checkouts/TPPDF/Source/Internal/Utils/PDFCalculations.swift:501:28: error: cannot find type 'CGSize' in scope
499 | text: CFAttributedString,
500 | currentRange: CFRange
501 | ) -> (CGRect, CTFrame, CGSize) {
| `- error: cannot find type 'CGSize' in scope
502 | let framesetter = CTFramesetterCreateWithAttributedString(text)
503 | let framePath = BezierPath(rect: frame).cgPath
/Users/admin/builder/spi-builder-workspace/.dependencies/checkouts/TPPDF/Source/Internal/Utils/PDFCalculations.swift:498:16: error: cannot find type 'CGRect' in scope
496 | */
497 | static func calculateTextFrameAndDrawnSizeInOnePage(
498 | frame: CGRect,
| `- error: cannot find type 'CGRect' in scope
499 | text: CFAttributedString,
500 | currentRange: CFRange
/Users/admin/builder/spi-builder-workspace/.dependencies/checkouts/TPPDF/Source/Internal/Utils/PDFCalculations.swift:499:15: error: cannot find type 'CFAttributedString' in scope
497 | static func calculateTextFrameAndDrawnSizeInOnePage(
498 | frame: CGRect,
499 | text: CFAttributedString,
| `- error: cannot find type 'CFAttributedString' in scope
500 | currentRange: CFRange
501 | ) -> (CGRect, CTFrame, CGSize) {
/Users/admin/builder/spi-builder-workspace/.dependencies/checkouts/TPPDF/Source/Internal/Utils/PDFCalculations.swift:500:23: error: cannot find type 'CFRange' in scope
498 | frame: CGRect,
499 | text: CFAttributedString,
500 | currentRange: CFRange
| `- error: cannot find type 'CFRange' in scope
501 | ) -> (CGRect, CTFrame, CGSize) {
502 | let framesetter = CTFramesetterCreateWithAttributedString(text)
/Users/admin/builder/spi-builder-workspace/.dependencies/checkouts/TPPDF/Source/Internal/Utils/PDFCalculations.swift:525:11: error: cannot find type 'CGSize' in scope
523 | size: CGSize,
524 | sizeFit: PDFImageSizeFit
525 | ) -> (CGSize, CGSize) {
| `- error: cannot find type 'CGSize' in scope
526 | /* calculate the aspect size of image */
527 | let size = (size == CGSize.zero) ? image.size : size
/Users/admin/builder/spi-builder-workspace/.dependencies/checkouts/TPPDF/Source/Internal/Utils/PDFCalculations.swift:525:19: error: cannot find type 'CGSize' in scope
523 | size: CGSize,
524 | sizeFit: PDFImageSizeFit
525 | ) -> (CGSize, CGSize) {
| `- error: cannot find type 'CGSize' in scope
526 | /* calculate the aspect size of image */
527 | let size = (size == CGSize.zero) ? image.size : size
/Users/admin/builder/spi-builder-workspace/.dependencies/checkouts/TPPDF/Source/Internal/Utils/PDFCalculations.swift:523:15: error: cannot find type 'CGSize' in scope
521 | container: PDFContainer,
522 | image: PDFImage,
523 | size: CGSize,
| `- error: cannot find type 'CGSize' in scope
524 | sizeFit: PDFImageSizeFit
525 | ) -> (CGSize, CGSize) {
/Users/admin/builder/spi-builder-workspace/.dependencies/checkouts/TPPDF/Source/Internal/Utils/PDFCalculations.swift:557:102: error: cannot find type 'CGFloat' in scope; did you mean to use 'CGFloat'?
555 | }
556 |
557 | static func calculateColumnWrapInset(generator: PDFGenerator, container: PDFContainer) -> (left: CGFloat, right: CGFloat) {
| `- error: cannot find type 'CGFloat' in scope; did you mean to use 'CGFloat'?
558 | guard let maxColumn = generator.columnState.getMaxColumns(for: container) else {
559 | return (0, 0)
/Users/admin/builder/spi-builder-workspace/.dependencies/checkouts/TPPDF/Source/Internal/Utils/PDFCalculations.swift:557:118: error: cannot find type 'CGFloat' in scope; did you mean to use 'CGFloat'?
555 | }
556 |
557 | static func calculateColumnWrapInset(generator: PDFGenerator, container: PDFContainer) -> (left: CGFloat, right: CGFloat) {
| `- error: cannot find type 'CGFloat' in scope; did you mean to use 'CGFloat'?
558 | guard let maxColumn = generator.columnState.getMaxColumns(for: container) else {
559 | return (0, 0)
/Users/admin/builder/spi-builder-workspace/.dependencies/checkouts/TPPDF/Source/Internal/Utils/PDFCalculations.swift:579:104: error: cannot find type 'CGFloat' in scope; did you mean to use 'CGFloat'?
577 | }
578 |
579 | static func calculateColumnWrapSpacing(generator: PDFGenerator, container: PDFContainer) -> (left: CGFloat, right: CGFloat) {
| `- error: cannot find type 'CGFloat' in scope; did you mean to use 'CGFloat'?
580 | guard let maxColumn = generator.columnState.getMaxColumns(for: container) else {
581 | return (0, 0)
/Users/admin/builder/spi-builder-workspace/.dependencies/checkouts/TPPDF/Source/Internal/Utils/PDFCalculations.swift:579:120: error: cannot find type 'CGFloat' in scope; did you mean to use 'CGFloat'?
577 | }
578 |
579 | static func calculateColumnWrapSpacing(generator: PDFGenerator, container: PDFContainer) -> (left: CGFloat, right: CGFloat) {
| `- error: cannot find type 'CGFloat' in scope; did you mean to use 'CGFloat'?
580 | guard let maxColumn = generator.columnState.getMaxColumns(for: container) else {
581 | return (0, 0)
Failed frontend command:
/Applications/Xcode-27.0.0-Release.Candidate.app/Contents/Developer/Toolchains/XcodeDefault.xctoolchain/usr/bin/swift-frontend -frontend -emit-module -experimental-skip-non-inlinable-function-bodies-without-types /Users/admin/builder/spi-builder-workspace/.dependencies/checkouts/TPPDF/Source/API/Delegation/PDFGeneratorDelegate.swift /Users/admin/builder/spi-builder-workspace/.dependencies/checkouts/TPPDF/Source/API/Delegation/PDFGeneratorImageDelegate.swift /Users/admin/builder/spi-builder-workspace/.dependencies/checkouts/TPPDF/Source/API/Document/PDFDocument.swift /Users/admin/builder/spi-builder-workspace/.dependencies/checkouts/TPPDF/Source/API/Document/PDFDocumentBackground.swift /Users/admin/builder/spi-builder-workspace/.dependencies/checkouts/TPPDF/Source/API/External/PDFExternalDocument.swift /Users/admin/builder/spi-builder-workspace/.dependencies/checkouts/TPPDF/Source/API/Graphics/PDFBezierPath+Copying.swift /Users/admin/builder/spi-builder-workspace/.dependencies/checkouts/TPPDF/Source/API/Graphics/PDFBezierPath.swift /Users/admin/builder/spi-builder-workspace/.dependencies/checkouts/TPPDF/Source/API/Graphics/PDFBezierPathVertex.swift /Users/admin/builder/spi-builder-workspace/.dependencies/checkouts/TPPDF/Source/API/Graphics/PDFDynamicGeometryShape.swift /Users/admin/builder/spi-builder-workspace/.dependencies/checkouts/TPPDF/Source/API/Graphics/PDFLineStyle.swift /Users/admin/builder/spi-builder-workspace/.dependencies/checkouts/TPPDF/Source/API/Graphics/PDFLineType.swift /Users/admin/builder/spi-builder-workspace/.dependencies/checkouts/TPPDF/Source/API/Groups/PDFGroup+Objects.swift /Users/admin/builder/spi-builder-workspace/.dependencies/checkouts/TPPDF/Source/API/Groups/PDFGroup.swift /Users/admin/builder/spi-builder-workspace/.dependencies/checkouts/TPPDF/Source/API/Groups/PDFGroupContainer.swift /Users/admin/builder/spi-builder-workspace/.dependencies/checkouts/TPPDF/Source/API/Groups/PDFMasterGroup.swift /Users/admin/builder/spi-builder-workspace/.dependencies/checkouts/TPPDF/Source/API/Image/PDFImage.swift /Users/admin/builder/spi-builder-workspace/.dependencies/checkouts/TPPDF/Source/API/Image/PDFImageOptions.swift /Users/admin/builder/spi-builder-workspace/.dependencies/checkouts/TPPDF/Source/API/Image/PDFImageSizeFit.swift /Users/admin/builder/spi-builder-workspace/.dependencies/checkouts/TPPDF/Source/API/Layout/PDFContainer.swift /Users/admin/builder/spi-builder-workspace/.dependencies/checkouts/TPPDF/Source/API/Layout/PDFPageLayout.swift /Users/admin/builder/spi-builder-workspace/.dependencies/checkouts/TPPDF/Source/API/List/PDFList.swift /Users/admin/builder/spi-builder-workspace/.dependencies/checkouts/TPPDF/Source/API/List/PDFListItem.swift /Users/admin/builder/spi-builder-workspace/.dependencies/checkouts/TPPDF/Source/API/List/PDFListItemSymbol.swift /Users/admin/builder/spi-builder-workspace/.dependencies/checkouts/TPPDF/Source/API/Metadata/PDFInfo+Equatable.swift /Users/admin/builder/spi-builder-workspace/.dependencies/checkouts/TPPDF/Source/API/Metadata/PDFInfo.swift /Users/admin/builder/spi-builder-workspace/.dependencies/checkouts/TPPDF/Source/API/PDFGenerator+Generation.swift /Users/admin/builder/spi-builder-workspace/.dependencies/checkouts/TPPDF/Source/API/PDFGenerator.swift /Users/admin/builder/spi-builder-workspace/.dependencies/checkouts/TPPDF/Source/API/PDFGeneratorProtocol.swift /Users/admin/builder/spi-builder-workspace/.dependencies/checkouts/TPPDF/Source/API/PDFMultiDocumentGenerator.swift /Users/admin/builder/spi-builder-workspace/.dependencies/checkouts/TPPDF/Source/API/Page\ Format/PDFPageFormat+Layout.swift /Users/admin/builder/spi-builder-workspace/.dependencies/checkouts/TPPDF/Source/API/Page\ Format/PDFPageFormat+NameConstants.swift /Users/admin/builder/spi-builder-workspace/.dependencies/checkouts/TPPDF/Source/API/Page\ Format/PDFPageFormat+SizeConstants.swift /Users/admin/builder/spi-builder-workspace/.dependencies/checkouts/TPPDF/Source/API/Page\ Format/PDFPageFormat.swift /Users/admin/builder/spi-builder-workspace/.dependencies/checkouts/TPPDF/Source/API/Pagination/PDFPagination+Equatable.swift /Users/admin/builder/spi-builder-workspace/.dependencies/checkouts/TPPDF/Source/API/Pagination/PDFPagination.swift /Users/admin/builder/spi-builder-workspace/.dependencies/checkouts/TPPDF/Source/API/Pagination/PDFPaginationClosure.swift /Users/admin/builder/spi-builder-workspace/.dependencies/checkouts/TPPDF/Source/API/Pagination/PDFPaginationStyle+Equatable.swift /Users/admin/builder/spi-builder-workspace/.dependencies/checkouts/TPPDF/Source/API/Pagination/PDFPaginationStyle.swift /Users/admin/builder/spi-builder-workspace/.dependencies/checkouts/TPPDF/Source/API/Section/PDFSection.swift /Users/admin/builder/spi-builder-workspace/.dependencies/checkouts/TPPDF/Source/API/Section/PDFSectionColumn.swift /Users/admin/builder/spi-builder-workspace/.dependencies/checkouts/TPPDF/Source/API/Table\ Of\ Content/PDFTableOfContent.swift /Users/admin/builder/spi-builder-workspace/.dependencies/checkouts/TPPDF/Source/API/Table/Content/NSAttributedString+PDFTableContent.swift /Users/admin/builder/spi-builder-workspace/.dependencies/checkouts/TPPDF/Source/API/Table/Content/Number+PDFTableContentable.swift /Users/admin/builder/spi-builder-workspace/.dependencies/checkouts/TPPDF/Source/API/Table/Content/PDFTableContent+ContentType.swift /Users/admin/builder/spi-builder-workspace/.dependencies/checkouts/TPPDF/Source/API/Table/Content/PDFTableContent.swift /Users/admin/builder/spi-builder-workspace/.dependencies/checkouts/TPPDF/Source/API/Table/Content/PDFTableContentable.swift /Users/admin/builder/spi-builder-workspace/.dependencies/checkouts/TPPDF/Source/API/Table/Content/String+PDFTableContent.swift /Users/admin/builder/spi-builder-workspace/.dependencies/checkouts/TPPDF/Source/API/Table/Content/UIImage+PDFTableContent.swift /Users/admin/builder/spi-builder-workspace/.dependencies/checkouts/TPPDF/Source/API/Table/PDFTable.swift /Users/admin/builder/spi-builder-workspace/.dependencies/checkouts/TPPDF/Source/API/Table/PDFTableCell.swift /Users/admin/builder/spi-builder-workspace/.dependencies/checkouts/TPPDF/Source/API/Table/PDFTableCellAlignment.swift /Users/admin/builder/spi-builder-workspace/.dependencies/checkouts/TPPDF/Source/API/Table/PDFTableCellPosition.swift /Users/admin/builder/spi-builder-workspace/.dependencies/checkouts/TPPDF/Source/API/Table/Sections/PDFTable+CellSubscripts.swift /Users/admin/builder/spi-builder-workspace/.dependencies/checkouts/TPPDF/Source/API/Table/Sections/PDFTable+ColumnSubscripts.swift /Users/admin/builder/spi-builder-workspace/.dependencies/checkouts/TPPDF/Source/API/Table/Sections/PDFTable+RowSubscripts.swift /Users/admin/builder/spi-builder-workspace/.dependencies/checkouts/TPPDF/Source/API/Table/Sections/PDFTable+SectionSubscripts.swift /Users/admin/builder/spi-builder-workspace/.dependencies/checkouts/TPPDF/Source/API/Table/Sections/PDFTableColumn.swift /Users/admin/builder/spi-builder-workspace/.dependencies/checkouts/TPPDF/Source/API/Table/Sections/PDFTableColumns.swift /Users/admin/builder/spi-builder-workspace/.dependencies/checkouts/TPPDF/Source/API/Table/Sections/PDFTableMergeable.swift /Users/admin/builder/spi-builder-workspace/.dependencies/checkouts/TPPDF/Source/API/Table/Sections/PDFTableRow.swift /Users/admin/builder/spi-builder-workspace/.dependencies/checkouts/TPPDF/Source/API/Table/Sections/PDFTableRows.swift /Users/admin/builder/spi-builder-workspace/.dependencies/checkouts/TPPDF/Source/API/Table/Sections/PDFTableSection.swift /Users/admin/builder/spi-builder-workspace/.dependencies/checkouts/TPPDF/Source/API/Table/Style/PDFTableCellBorders.swift /Users/admin/builder/spi-builder-workspace/.dependencies/checkouts/TPPDF/Source/API/Table/Style/PDFTableCellPosition+Equatable-Hashable.swift /Users/admin/builder/spi-builder-workspace/.dependencies/checkouts/TPPDF/Source/API/Table/Style/PDFTableCellStyle.swift /Users/admin/builder/spi-builder-workspace/.dependencies/checkouts/TPPDF/Source/API/Table/Style/PDFTableStyle+Defaults.swift /Users/admin/builder/spi-builder-workspace/.dependencies/checkouts/TPPDF/Source/API/Table/Style/PDFTableStyle+Equatable.swift /Users/admin/builder/spi-builder-workspace/.dependencies/checkouts/TPPDF/Source/API/Table/Style/PDFTableStyle.swift /Users/admin/builder/spi-builder-workspace/.dependencies/checkouts/TPPDF/Source/API/Text/PDFAttributedText.swift /Users/admin/builder/spi-builder-workspace/.dependencies/checkouts/TPPDF/Source/API/Text/PDFSimpleText+Equatable.swift /Users/admin/builder/spi-builder-workspace/.dependencies/checkouts/TPPDF/Source/API/Text/PDFSimpleText.swift /Users/admin/builder/spi-builder-workspace/.dependencies/checkouts/TPPDF/Source/API/Text/PDFText.swift /Users/admin/builder/spi-builder-workspace/.dependencies/checkouts/TPPDF/Source/API/Text/PDFTextStyle.swift /Users/admin/builder/spi-builder-workspace/.dependencies/checkouts/TPPDF/Source/API/Utils/CrossPlattformGraphics.swift /Users/admin/builder/spi-builder-workspace/.dependencies/checkouts/TPPDF/Source/API/Utils/PDFConstants.swift /Users/admin/builder/spi-builder-workspace/.dependencies/checkouts/TPPDF/Source/API/Utils/PDFCopy.swift /Users/admin/builder/spi-builder-workspace/.dependencies/checkouts/TPPDF/Source/API/Utils/PDFDocumentObject.swift /Users/admin/builder/spi-builder-workspace/.dependencies/checkouts/TPPDF/Source/API/Utils/PDFError.swift /Users/admin/builder/spi-builder-workspace/.dependencies/checkouts/TPPDF/Source/API/Utils/PDFRenderObject.swift /Users/admin/builder/spi-builder-workspace/.dependencies/checkouts/TPPDF/Source/API/Utils/PDFTaggableObject.swift /Users/admin/builder/spi-builder-workspace/.dependencies/checkouts/TPPDF/Source/Internal/External/PDFExternalDocumentObject.swift /Users/admin/builder/spi-builder-workspace/.dependencies/checkouts/TPPDF/Source/Internal/External/PDFExternalPageObject.swift /Users/admin/builder/spi-builder-workspace/.dependencies/checkouts/TPPDF/Source/Internal/Graphics/PDFContext.swift /Users/admin/builder/spi-builder-workspace/.dependencies/checkouts/TPPDF/Source/Internal/Graphics/PDFContextGraphics.swift /Users/admin/builder/spi-builder-workspace/.dependencies/checkouts/TPPDF/Source/Internal/Graphics/PDFGraphics.swift /Users/admin/builder/spi-builder-workspace/.dependencies/checkouts/TPPDF/Source/Internal/Graphics/PDFLineObject.swift /Users/admin/builder/spi-builder-workspace/.dependencies/checkouts/TPPDF/Source/Internal/Graphics/PDFLineSeparatorObject+Equatable.swift /Users/admin/builder/spi-builder-workspace/.dependencies/checkouts/TPPDF/Source/Internal/Graphics/PDFLineSeparatorObject.swift /Users/admin/builder/spi-builder-workspace/.dependencies/checkouts/TPPDF/Source/Internal/Graphics/PDFRectangleObject.swift /Users/admin/builder/spi-builder-workspace/.dependencies/checkouts/TPPDF/Source/Internal/Graphics/UIColor+CloseToEqual.swift /Users/admin/builder/spi-builder-workspace/.dependencies/checkouts/TPPDF/Source/Internal/Group/PDFGroupObject.swift /Users/admin/builder/spi-builder-workspace/.dependencies/checkouts/TPPDF/Source/Internal/Image/PDFImageObject.swift /Users/admin/builder/spi-builder-workspace/.dependencies/checkouts/TPPDF/Source/Internal/Image/PDFImageRowObject.swift /Users/admin/builder/spi-builder-workspace/.dependencies/checkouts/TPPDF/Source/Internal/Layout/PDFColumnLayoutState.swift /Users/admin/builder/spi-builder-workspace/.dependencies/checkouts/TPPDF/Source/Internal/Layout/PDFIndentationObject+Equatable.swift /Users/admin/builder/spi-builder-workspace/.dependencies/checkouts/TPPDF/Source/Internal/Layout/PDFIndentationObject.swift /Users/admin/builder/spi-builder-workspace/.dependencies/checkouts/TPPDF/Source/Internal/Layout/PDFLayout+Equatable.swift /Users/admin/builder/spi-builder-workspace/.dependencies/checkouts/TPPDF/Source/Internal/Layout/PDFLayout.swift /Users/admin/builder/spi-builder-workspace/.dependencies/checkouts/TPPDF/Source/Internal/Layout/PDFLayoutHeights+Equatable.swift /Users/admin/builder/spi-builder-workspace/.dependencies/checkouts/TPPDF/Source/Internal/Layout/PDFLayoutHeights.swift /Users/admin/builder/spi-builder-workspace/.dependencies/checkouts/TPPDF/Source/Internal/Layout/PDFLayoutIndentations+Equatable.swift /Users/admin/builder/spi-builder-workspace/.dependencies/checkouts/TPPDF/Source/Internal/Layout/PDFLayoutIndentations.swift /Users/admin/builder/spi-builder-workspace/.dependencies/checkouts/TPPDF/Source/Internal/Layout/PDFMarginObject.swift /Users/admin/builder/spi-builder-workspace/.dependencies/checkouts/TPPDF/Source/Internal/Layout/PDFOffsetObject+Equatable.swift /Users/admin/builder/spi-builder-workspace/.dependencies/checkouts/TPPDF/Source/Internal/Layout/PDFOffsetObject.swift /Users/admin/builder/spi-builder-workspace/.dependencies/checkouts/TPPDF/Source/Internal/Layout/PDFPageBreakObject+Equatable.swift /Users/admin/builder/spi-builder-workspace/.dependencies/checkouts/TPPDF/Source/Internal/Layout/PDFPageBreakObject.swift /Users/admin/builder/spi-builder-workspace/.dependencies/checkouts/TPPDF/Source/Internal/Layout/PDFPageLayout+Equatable.swift /Users/admin/builder/spi-builder-workspace/.dependencies/checkouts/TPPDF/Source/Internal/Layout/PDFSectionColumnContainer.swift /Users/admin/builder/spi-builder-workspace/.dependencies/checkouts/TPPDF/Source/Internal/Layout/PDFSpaceObject.swift /Users/admin/builder/spi-builder-workspace/.dependencies/checkouts/TPPDF/Source/Internal/List/PDFListObject.swift /Users/admin/builder/spi-builder-workspace/.dependencies/checkouts/TPPDF/Source/Internal/Math/CGPoint+Math.swift /Users/admin/builder/spi-builder-workspace/.dependencies/checkouts/TPPDF/Source/Internal/Math/CGPoint+Null.swift /Users/admin/builder/spi-builder-workspace/.dependencies/checkouts/TPPDF/Source/Internal/PDFGenerator+Debug.swift /Users/admin/builder/spi-builder-workspace/.dependencies/checkouts/TPPDF/Source/Internal/PDFGenerator+Layout.swift /Users/admin/builder/spi-builder-workspace/.dependencies/checkouts/TPPDF/Source/Internal/Section/PDFColumnWrapSectionObject.swift /Users/admin/builder/spi-builder-workspace/.dependencies/checkouts/TPPDF/Source/Internal/Section/PDFSectionColumnObject.swift /Users/admin/builder/spi-builder-workspace/.dependencies/checkouts/TPPDF/Source/Internal/Section/PDFSectionObject.swift /Users/admin/builder/spi-builder-workspace/.dependencies/checkouts/TPPDF/Source/Internal/Table\ Of\ Content/PDFTableOfContentObject.swift /Users/admin/builder/spi-builder-workspace/.dependencies/checkouts/TPPDF/Source/Internal/Table/PDFTableCalculatedCell.swift /Users/admin/builder/spi-builder-workspace/.dependencies/checkouts/TPPDF/Source/Internal/Table/PDFTableMergeUtil.swift /Users/admin/builder/spi-builder-workspace/.dependencies/checkouts/TPPDF/Source/Internal/Table/PDFTableNode.swift /Users/admin/builder/spi-builder-workspace/.dependencies/checkouts/TPPDF/Source/Internal/Table/PDFTableObject.swift /Users/admin/builder/spi-builder-workspace/.dependencies/checkouts/TPPDF/Source/Internal/Table/PDFTableValidator.swift /Users/admin/builder/spi-builder-workspace/.dependencies/checkouts/TPPDF/Source/Internal/Text/PDFAttributedTextObject.swift /Users/admin/builder/spi-builder-workspace/.dependencies/checkouts/TPPDF/Source/Internal/Text/PDFFontObject.swift /Users/admin/builder/spi-builder-workspace/.dependencies/checkouts/TPPDF/Source/Internal/Text/PDFTextColorObject.swift /Users/admin/builder/spi-builder-workspace/.dependencies/checkouts/TPPDF/Source/Internal/Utils/Attributes/PDFAttributableObject.swift /Users/admin/builder/spi-builder-workspace/.dependencies/checkouts/TPPDF/Source/Internal/Utils/Attributes/PDFObjectAttribute.swift /Users/admin/builder/spi-builder-workspace/.dependencies/checkouts/TPPDF/Source/Internal/Utils/CustomStringConvertible+AutoDescribing.swift /Users/admin/builder/spi-builder-workspace/.dependencies/checkouts/TPPDF/Source/Internal/Utils/FileManager+TemporaryFiles.swift /Users/admin/builder/spi-builder-workspace/.dependencies/checkouts/TPPDF/Source/Internal/Utils/Int+RomanNumerals.swift /Users/admin/builder/spi-builder-workspace/.dependencies/checkouts/TPPDF/Source/Internal/Utils/PDFCalculations.swift /Users/admin/builder/spi-builder-workspace/.dependencies/checkouts/TPPDF/Source/Internal/Utils/PDFLocatedRenderObject.swift /Users/admin/builder/spi-builder-workspace/.dependencies/checkouts/TPPDF/Source/Internal/Utils/PDFSlicedObject.swift /Users/admin/builder/spi-builder-workspace/.dependencies/checkouts/TPPDF/Source/Internal/Utils/Stack.swift /Users/admin/builder/spi-builder-workspace/.dependencies/checkouts/TPPDF/Source/Internal/Utils/WeakRef.swift -target arm64_32-apple-watchos9.0 -disable-cross-import-overlay-search -load-resolved-plugin /Applications/Xcode-27.0.0-Release.Candidate.app/Contents/Developer/Platforms/WatchOS.platform/Developer/usr/lib/swift/host/plugins/libFoundationMacros.dylib\#/Applications/Xcode-27.0.0-Release.Candidate.app/Contents/Developer/Platforms/WatchOS.platform/Developer/usr/bin/swift-plugin-server\#FoundationMacros -load-resolved-plugin /Applications/Xcode-27.0.0-Release.Candidate.app/Contents/Developer/Platforms/WatchOS.platform/Developer/usr/lib/swift/host/plugins/libObservationMacros.dylib\#/Applications/Xcode-27.0.0-Release.Candidate.app/Contents/Developer/Platforms/WatchOS.platform/Developer/usr/bin/swift-plugin-server\#ObservationMacros -load-resolved-plugin /Applications/Xcode-27.0.0-Release.Candidate.app/Contents/Developer/Platforms/WatchOS.platform/Developer/usr/lib/swift/host/plugins/libSwiftMacros.dylib\#/Applications/Xcode-27.0.0-Release.Candidate.app/Contents/Developer/Platforms/WatchOS.platform/Developer/usr/bin/swift-plugin-server\#SwiftMacros -disable-implicit-swift-modules -Xcc -fno-implicit-modules -Xcc -fno-implicit-module-maps -explicit-swift-module-map-file /Users/admin/builder/spi-builder-workspace/.derivedData/Build/Intermediates.noindex/TPPDF.build/Debug-watchos/TPPDF-t.build/Objects-normal/arm64_32/TPPDF-dependencies-1.json -enable-objc-interop -sdk /Applications/Xcode-27.0.0-Release.Candidate.app/Contents/Developer/Platforms/WatchOS.platform/Developer/SDKs/WatchOS27.0.sdk -I /Users/admin/builder/spi-builder-workspace/.derivedData/Build/Products/Debug-watchos -Isystem /Applications/Xcode-27.0.0-Release.Candidate.app/Contents/Developer/Platforms/WatchOS.platform/Developer/usr/lib -F /Users/admin/builder/spi-builder-workspace/.derivedData/Build/Products/Debug-watchos -F /Applications/Xcode-27.0.0-Release.Candidate.app/Contents/Developer/Platforms/WatchOS.platform/Developer/Library/Frameworks -F /Applications/Xcode-27.0.0-Release.Candidate.app/Contents/Developer/Platforms/WatchOS.platform/Developer/SDKs/WatchOS27.0.sdk/Developer/Library/Frameworks -module-cache-path /Users/admin/builder/spi-builder-workspace/.derivedData/Build/Intermediates.noindex/SwiftExplicitPrecompiledModules -no-color-diagnostics -Xcc -fno-color-diagnostics -enable-testing -g -debug-info-format\=dwarf -dwarf-version\=4 -suppress-warnings -profile-generate -profile-coverage-mapping -swift-version 5 -Onone -D SWIFT_PACKAGE -D DEBUG -D SWIFT_MODULE_RESOURCE_BUNDLE_UNAVAILABLE -D Xcode -serialize-debugging-options -enable-experimental-feature DebugDescriptionMacro -empty-abi-descriptor -validate-clang-modules-once -clang-build-session-file /Users/admin/builder/spi-builder-workspace/.derivedData/ModuleCache.noindex/Session.modulevalidation -Xcc -working-directory -Xcc /Users/admin/builder/spi-builder-workspace/.swiftpm/xcode -enable-anonymous-context-mangled-names -file-compilation-dir /Users/admin/builder/spi-builder-workspace/.swiftpm/xcode -Xcc -D_LIBCPP_HARDENING_MODE\=_LIBCPP_HARDENING_MODE_DEBUG -Xcc -ivfsstatcache -Xcc /Users/admin/builder/spi-builder-workspace/.derivedData/SDKStatCaches.noindex/watchos27.0-24R360-e829b21a6f8c9b70876ba0858053c04477534ef55a1706bf4c1112bbb242f0a2.sdkstatcache -Xcc -fmodules-prune-interval\=86400 -Xcc -fmodules-prune-after\=345600 -Xcc -I/Users/admin/builder/spi-builder-workspace/.derivedData/Build/Products/Debug-watchos/include -Xcc -I/Users/admin/builder/spi-builder-workspace/.derivedData/Build/Intermediates.noindex/TPPDF.build/Debug-watchos/TPPDF-t.build/DerivedSources-normal/arm64_32 -Xcc -I/Users/admin/builder/spi-builder-workspace/.derivedData/Build/Intermediates.noindex/TPPDF.build/Debug-watchos/TPPDF-t.build/DerivedSources/arm64_32 -Xcc -I/Users/admin/builder/spi-builder-workspace/.derivedData/Build/Intermediates.noindex/TPPDF.build/Debug-watchos/TPPDF-t.build/DerivedSources -Xcc -DSWIFT_PACKAGE -Xcc -DDEBUG\=1 -no-auto-bridging-header-chaining -module-name TPPDF -package-name tppdf -const-gather-protocols-file /Users/admin/builder/spi-builder-workspace/.derivedData/Build/Intermediates.noindex/TPPDF.build/Debug-watchos/TPPDF-t.build/Objects-normal/arm64_32/TPPDF_const_extract_protocols.json -disable-clang-spi -clang-target arm64_32-apple-watchos27.0 -target-sdk-version 27.0 -target-sdk-name watchos27.0 -in-process-plugin-server-path /Applications/Xcode-27.0.0-Release.Candidate.app/Contents/Developer/Toolchains/XcodeDefault.xctoolchain/usr/lib/swift/host/libSwiftInProcPluginServer.dylib -emit-module-doc-path /Users/admin/builder/spi-builder-workspace/.derivedData/Build/Intermediates.noindex/TPPDF.build/Debug-watchos/TPPDF-t.build/Objects-normal/arm64_32/TPPDF.swiftdoc -emit-module-source-info-path /Users/admin/builder/spi-builder-workspace/.derivedData/Build/Intermediates.noindex/TPPDF.build/Debug-watchos/TPPDF-t.build/Objects-normal/arm64_32/TPPDF.swiftsourceinfo -emit-objc-header-path /Users/admin/builder/spi-builder-workspace/.derivedData/Build/Intermediates.noindex/TPPDF.build/Debug-watchos/TPPDF-t.build/Objects-normal/arm64_32/TPPDF-Swift.h -serialize-diagnostics-path /Users/admin/builder/spi-builder-workspace/.derivedData/Build/Intermediates.noindex/TPPDF.build/Debug-watchos/TPPDF-t.build/Objects-normal/arm64_32/TPPDF-primary-emit-module.dia -emit-dependencies-path /Users/admin/builder/spi-builder-workspace/.derivedData/Build/Intermediates.noindex/TPPDF.build/Debug-watchos/TPPDF-t.build/Objects-normal/arm64_32/TPPDF-primary-emit-module.d -parse-as-library -o /Users/admin/builder/spi-builder-workspace/.derivedData/Build/Intermediates.noindex/TPPDF.build/Debug-watchos/TPPDF-t.build/Objects-normal/arm64_32/TPPDF.swiftmodule -emit-abi-descriptor-path /Users/admin/builder/spi-builder-workspace/.derivedData/Build/Intermediates.noindex/TPPDF.build/Debug-watchos/TPPDF-t.build/Objects-normal/arm64_32/TPPDF.abi.json
SwiftCompile normal arm64_32 (in target 'TPPDF' from project 'TPPDF')
cd /Users/admin/builder/spi-builder-workspace/.swiftpm/xcode
SwiftExplicitDependencyGeneratePcm arm64 /Users/admin/builder/spi-builder-workspace/.derivedData/SDKExplicitPrecompiledModules/_Builtin_inttypes-37XCVH5VBBKV194SOPJI496A2.pcm
CompileC /Users/admin/builder/spi-builder-workspace/.derivedData/Build/Intermediates.noindex/leveldb.build/Debug-watchos/leveldb-t.build/Objects-normal/arm64_32/filter_policy.o /Users/admin/builder/spi-builder-workspace/.dependencies/checkouts/leveldb/util/filter_policy.cc normal arm64_32 c++ com.apple.compilers.llvm.clang.1_0.compiler (in target 'leveldb' from project 'leveldb')
cd /Users/admin/builder/spi-builder-workspace/.swiftpm/xcode
Using response file: /Users/admin/builder/spi-builder-workspace/.derivedData/Build/Intermediates.noindex/leveldb.build/Debug-watchos/leveldb-t.build/Objects-normal/arm64_32/82b82416624d2658e5098eb0a28c15c5-common-args.resp
/Applications/Xcode-27.0.0-Release.Candidate.app/Contents/Developer/Toolchains/XcodeDefault.xctoolchain/usr/bin/clang -x c++ -ivfsstatcache /Users/admin/builder/spi-builder-workspace/.derivedData/SDKStatCaches.noindex/watchos27.0-24R360-e829b21a6f8c9b70876ba0858053c04477534ef55a1706bf4c1112bbb242f0a2.sdkstatcache -target arm64_32-apple-watchos9.0 -fmessage-length\=0 -fdiagnostics-show-note-include-stack -fmacro-backtrace-limit\=0 -fno-color-diagnostics -fmodules-prune-interval\=86400 -fmodules-prune-after\=345600 -fbuild-session-file\=/Users/admin/builder/spi-builder-workspace/.derivedData/ModuleCache.noindex/Session.modulevalidation -fmodules-validate-once-per-build-session -Wnon-modular-include-in-framework-module -Werror\=non-modular-include-in-framework-module -Wno-trigraphs -Wno-missing-field-initializers -Wno-missing-prototypes -Wno-return-type -Wno-non-virtual-dtor -Wno-overloaded-virtual -Wno-exit-time-destructors -Wno-missing-braces -Wparentheses -Wswitch -Wno-unused-function -Wno-unused-label -Wno-unused-parameter -Wno-unused-variable -Wunused-value -Wno-empty-body -Wno-uninitialized -Wno-unknown-pragmas -w -Wno-shadow -Wno-four-char-constants -Wno-conversion -Wno-constant-conversion -Wno-int-conversion -Wno-bool-conversion -Wno-enum-conversion -Wno-float-conversion -Wno-non-literal-null-conversion -Wno-objc-literal-conversion -Wno-shorten-64-to-32 -Wno-newline-eof -Wno-c++11-extensions -Wno-implicit-fallthrough -isysroot /Applications/Xcode-27.0.0-Release.Candidate.app/Contents/Developer/Platforms/WatchOS.platform/Developer/SDKs/WatchOS27.0.sdk -fstrict-aliasing -Wdeprecated-declarations -Winvalid-offsetof -Wno-sign-conversion -Wno-infinite-recursion -Wno-move -Wno-comma -Wno-block-capture-autoreleasing -Wno-strict-prototypes -Wno-range-loop-analysis -Wno-semicolon-before-method-body -index-store-path /Users/admin/builder/spi-builder-workspace/.derivedData/Index.noindex/DataStore @/Users/admin/builder/spi-builder-workspace/.derivedData/Build/Intermediates.noindex/leveldb.build/Debug-watchos/leveldb-t.build/Objects-normal/arm64_32/82b82416624d2658e5098eb0a28c15c5-common-args.resp -MMD -MT dependencies -MF /Users/admin/builder/spi-builder-workspace/.derivedData/Build/Intermediates.noindex/leveldb.build/Debug-watchos/leveldb-t.build/Objects-normal/arm64_32/filter_policy.d --serialize-diagnostics /Users/admin/builder/spi-builder-workspace/.derivedData/Build/Intermediates.noindex/leveldb.build/Debug-watchos/leveldb-t.build/Objects-normal/arm64_32/filter_policy.dia -c /Users/admin/builder/spi-builder-workspace/.dependencies/checkouts/leveldb/util/filter_policy.cc -o /Users/admin/builder/spi-builder-workspace/.derivedData/Build/Intermediates.noindex/leveldb.build/Debug-watchos/leveldb-t.build/Objects-normal/arm64_32/filter_policy.o -index-unit-output-path /leveldb.build/Debug-watchos/leveldb-t.build/Objects-normal/arm64_32/filter_policy.o
SwiftExplicitDependencyGeneratePcm arm64_32 /Users/admin/builder/spi-builder-workspace/.derivedData/SDKExplicitPrecompiledModules/CoreMedia-CU8J9TNJY5EX43FQOPTAAHU29.pcm
SwiftExplicitDependencyGeneratePcm arm64 /Users/admin/builder/spi-builder-workspace/.derivedData/SDKExplicitPrecompiledModules/Darwin-2FNGWJZ2V5M66ITEAXIL5OBWM.pcm
SwiftExplicitDependencyGeneratePcm x86_64 /Users/admin/builder/spi-builder-workspace/.derivedData/SDKExplicitPrecompiledModules/os_object-7PXR9Y9PCUONUNOP23TNPXB02.pcm
SwiftExplicitDependencyGeneratePcm arm64_32 /Users/admin/builder/spi-builder-workspace/.derivedData/SDKExplicitPrecompiledModules/QuartzCore-72UYR37X0O2APTD1XMSJ20X5X.pcm
CompileC /Users/admin/builder/spi-builder-workspace/.derivedData/Build/Intermediates.noindex/leveldb.build/Debug-watchos/leveldb-t.build/Objects-normal/arm64_32/filter_block.o /Users/admin/builder/spi-builder-workspace/.dependencies/checkouts/leveldb/table/filter_block.cc normal arm64_32 c++ com.apple.compilers.llvm.clang.1_0.compiler (in target 'leveldb' from project 'leveldb')
cd /Users/admin/builder/spi-builder-workspace/.swiftpm/xcode
Using response file: /Users/admin/builder/spi-builder-workspace/.derivedData/Build/Intermediates.noindex/leveldb.build/Debug-watchos/leveldb-t.build/Objects-normal/arm64_32/82b82416624d2658e5098eb0a28c15c5-common-args.resp
/Applications/Xcode-27.0.0-Release.Candidate.app/Contents/Developer/Toolchains/XcodeDefault.xctoolchain/usr/bin/clang -x c++ -ivfsstatcache /Users/admin/builder/spi-builder-workspace/.derivedData/SDKStatCaches.noindex/watchos27.0-24R360-e829b21a6f8c9b70876ba0858053c04477534ef55a1706bf4c1112bbb242f0a2.sdkstatcache -target arm64_32-apple-watchos9.0 -fmessage-length\=0 -fdiagnostics-show-note-include-stack -fmacro-backtrace-limit\=0 -fno-color-diagnostics -fmodules-prune-interval\=86400 -fmodules-prune-after\=345600 -fbuild-session-file\=/Users/admin/builder/spi-builder-workspace/.derivedData/ModuleCache.noindex/Session.modulevalidation -fmodules-validate-once-per-build-session -Wnon-modular-include-in-framework-module -Werror\=non-modular-include-in-framework-module -Wno-trigraphs -Wno-missing-field-initializers -Wno-missing-prototypes -Wno-return-type -Wno-non-virtual-dtor -Wno-overloaded-virtual -Wno-exit-time-destructors -Wno-missing-braces -Wparentheses -Wswitch -Wno-unused-function -Wno-unused-label -Wno-unused-parameter -Wno-unused-variable -Wunused-value -Wno-empty-body -Wno-uninitialized -Wno-unknown-pragmas -w -Wno-shadow -Wno-four-char-constants -Wno-conversion -Wno-constant-conversion -Wno-int-conversion -Wno-bool-conversion -Wno-enum-conversion -Wno-float-conversion -Wno-non-literal-null-conversion -Wno-objc-literal-conversion -Wno-shorten-64-to-32 -Wno-newline-eof -Wno-c++11-extensions -Wno-implicit-fallthrough -isysroot /Applications/Xcode-27.0.0-Release.Candidate.app/Contents/Developer/Platforms/WatchOS.platform/Developer/SDKs/WatchOS27.0.sdk -fstrict-aliasing -Wdeprecated-declarations -Winvalid-offsetof -Wno-sign-conversion -Wno-infinite-recursion -Wno-move -Wno-comma -Wno-block-capture-autoreleasing -Wno-strict-prototypes -Wno-range-loop-analysis -Wno-semicolon-before-method-body -index-store-path /Users/admin/builder/spi-builder-workspace/.derivedData/Index.noindex/DataStore @/Users/admin/builder/spi-builder-workspace/.derivedData/Build/Intermediates.noindex/leveldb.build/Debug-watchos/leveldb-t.build/Objects-normal/arm64_32/82b82416624d2658e5098eb0a28c15c5-common-args.resp -MMD -MT dependencies -MF /Users/admin/builder/spi-builder-workspace/.derivedData/Build/Intermediates.noindex/leveldb.build/Debug-watchos/leveldb-t.build/Objects-normal/arm64_32/filter_block.d --serialize-diagnostics /Users/admin/builder/spi-builder-workspace/.derivedData/Build/Intermediates.noindex/leveldb.build/Debug-watchos/leveldb-t.build/Objects-normal/arm64_32/filter_block.dia -c /Users/admin/builder/spi-builder-workspace/.dependencies/checkouts/leveldb/table/filter_block.cc -o /Users/admin/builder/spi-builder-workspace/.derivedData/Build/Intermediates.noindex/leveldb.build/Debug-watchos/leveldb-t.build/Objects-normal/arm64_32/filter_block.o -index-unit-output-path /leveldb.build/Debug-watchos/leveldb-t.build/Objects-normal/arm64_32/filter_block.o
CompileC /Users/admin/builder/spi-builder-workspace/.derivedData/Build/Intermediates.noindex/leveldb.build/Debug-watchos/leveldb-t.build/Objects-normal/arm64_32/filename.o /Users/admin/builder/spi-builder-workspace/.dependencies/checkouts/leveldb/db/filename.cc normal arm64_32 c++ com.apple.compilers.llvm.clang.1_0.compiler (in target 'leveldb' from project 'leveldb')
cd /Users/admin/builder/spi-builder-workspace/.swiftpm/xcode
Using response file: /Users/admin/builder/spi-builder-workspace/.derivedData/Build/Intermediates.noindex/leveldb.build/Debug-watchos/leveldb-t.build/Objects-normal/arm64_32/82b82416624d2658e5098eb0a28c15c5-common-args.resp
/Applications/Xcode-27.0.0-Release.Candidate.app/Contents/Developer/Toolchains/XcodeDefault.xctoolchain/usr/bin/clang -x c++ -ivfsstatcache /Users/admin/builder/spi-builder-workspace/.derivedData/SDKStatCaches.noindex/watchos27.0-24R360-e829b21a6f8c9b70876ba0858053c04477534ef55a1706bf4c1112bbb242f0a2.sdkstatcache -target arm64_32-apple-watchos9.0 -fmessage-length\=0 -fdiagnostics-show-note-include-stack -fmacro-backtrace-limit\=0 -fno-color-diagnostics -fmodules-prune-interval\=86400 -fmodules-prune-after\=345600 -fbuild-session-file\=/Users/admin/builder/spi-builder-workspace/.derivedData/ModuleCache.noindex/Session.modulevalidation -fmodules-validate-once-per-build-session -Wnon-modular-include-in-framework-module -Werror\=non-modular-include-in-framework-module -Wno-trigraphs -Wno-missing-field-initializers -Wno-missing-prototypes -Wno-return-type -Wno-non-virtual-dtor -Wno-overloaded-virtual -Wno-exit-time-destructors -Wno-missing-braces -Wparentheses -Wswitch -Wno-unused-function -Wno-unused-label -Wno-unused-parameter -Wno-unused-variable -Wunused-value -Wno-empty-body -Wno-uninitialized -Wno-unknown-pragmas -w -Wno-shadow -Wno-four-char-constants -Wno-conversion -Wno-constant-conversion -Wno-int-conversion -Wno-bool-conversion -Wno-enum-conversion -Wno-float-conversion -Wno-non-literal-null-conversion -Wno-objc-literal-conversion -Wno-shorten-64-to-32 -Wno-newline-eof -Wno-c++11-extensions -Wno-implicit-fallthrough -isysroot /Applications/Xcode-27.0.0-Release.Candidate.app/Contents/Developer/Platforms/WatchOS.platform/Developer/SDKs/WatchOS27.0.sdk -fstrict-aliasing -Wdeprecated-declarations -Winvalid-offsetof -Wno-sign-conversion -Wno-infinite-recursion -Wno-move -Wno-comma -Wno-block-capture-autoreleasing -Wno-strict-prototypes -Wno-range-loop-analysis -Wno-semicolon-before-method-body -index-store-path /Users/admin/builder/spi-builder-workspace/.derivedData/Index.noindex/DataStore @/Users/admin/builder/spi-builder-workspace/.derivedData/Build/Intermediates.noindex/leveldb.build/Debug-watchos/leveldb-t.build/Objects-normal/arm64_32/82b82416624d2658e5098eb0a28c15c5-common-args.resp -MMD -MT dependencies -MF /Users/admin/builder/spi-builder-workspace/.derivedData/Build/Intermediates.noindex/leveldb.build/Debug-watchos/leveldb-t.build/Objects-normal/arm64_32/filename.d --serialize-diagnostics /Users/admin/builder/spi-builder-workspace/.derivedData/Build/Intermediates.noindex/leveldb.build/Debug-watchos/leveldb-t.build/Objects-normal/arm64_32/filename.dia -c /Users/admin/builder/spi-builder-workspace/.dependencies/checkouts/leveldb/db/filename.cc -o /Users/admin/builder/spi-builder-workspace/.derivedData/Build/Intermediates.noindex/leveldb.build/Debug-watchos/leveldb-t.build/Objects-normal/arm64_32/filename.o -index-unit-output-path /leveldb.build/Debug-watchos/leveldb-t.build/Objects-normal/arm64_32/filename.o
CompileC /Users/admin/builder/spi-builder-workspace/.derivedData/Build/Intermediates.noindex/leveldb.build/Debug-watchos/leveldb-t.build/Objects-normal/arm64_32/env_posix.o /Users/admin/builder/spi-builder-workspace/.dependencies/checkouts/leveldb/util/env_posix.cc normal arm64_32 c++ com.apple.compilers.llvm.clang.1_0.compiler (in target 'leveldb' from project 'leveldb')
cd /Users/admin/builder/spi-builder-workspace/.swiftpm/xcode
Using response file: /Users/admin/builder/spi-builder-workspace/.derivedData/Build/Intermediates.noindex/leveldb.build/Debug-watchos/leveldb-t.build/Objects-normal/arm64_32/82b82416624d2658e5098eb0a28c15c5-common-args.resp
/Applications/Xcode-27.0.0-Release.Candidate.app/Contents/Developer/Toolchains/XcodeDefault.xctoolchain/usr/bin/clang -x c++ -ivfsstatcache /Users/admin/builder/spi-builder-workspace/.derivedData/SDKStatCaches.noindex/watchos27.0-24R360-e829b21a6f8c9b70876ba0858053c04477534ef55a1706bf4c1112bbb242f0a2.sdkstatcache -target arm64_32-apple-watchos9.0 -fmessage-length\=0 -fdiagnostics-show-note-include-stack -fmacro-backtrace-limit\=0 -fno-color-diagnostics -fmodules-prune-interval\=86400 -fmodules-prune-after\=345600 -fbuild-session-file\=/Users/admin/builder/spi-builder-workspace/.derivedData/ModuleCache.noindex/Session.modulevalidation -fmodules-validate-once-per-build-session -Wnon-modular-include-in-framework-module -Werror\=non-modular-include-in-framework-module -Wno-trigraphs -Wno-missing-field-initializers -Wno-missing-prototypes -Wno-return-type -Wno-non-virtual-dtor -Wno-overloaded-virtual -Wno-exit-time-destructors -Wno-missing-braces -Wparentheses -Wswitch -Wno-unused-function -Wno-unused-label -Wno-unused-parameter -Wno-unused-variable -Wunused-value -Wno-empty-body -Wno-uninitialized -Wno-unknown-pragmas -w -Wno-shadow -Wno-four-char-constants -Wno-conversion -Wno-constant-conversion -Wno-int-conversion -Wno-bool-conversion -Wno-enum-conversion -Wno-float-conversion -Wno-non-literal-null-conversion -Wno-objc-literal-conversion -Wno-shorten-64-to-32 -Wno-newline-eof -Wno-c++11-extensions -Wno-implicit-fallthrough -isysroot /Applications/Xcode-27.0.0-Release.Candidate.app/Contents/Developer/Platforms/WatchOS.platform/Developer/SDKs/WatchOS27.0.sdk -fstrict-aliasing -Wdeprecated-declarations -Winvalid-offsetof -Wno-sign-conversion -Wno-infinite-recursion -Wno-move -Wno-comma -Wno-block-capture-autoreleasing -Wno-strict-prototypes -Wno-range-loop-analysis -Wno-semicolon-before-method-body -index-store-path /Users/admin/builder/spi-builder-workspace/.derivedData/Index.noindex/DataStore @/Users/admin/builder/spi-builder-workspace/.derivedData/Build/Intermediates.noindex/leveldb.build/Debug-watchos/leveldb-t.build/Objects-normal/arm64_32/82b82416624d2658e5098eb0a28c15c5-common-args.resp -MMD -MT dependencies -MF /Users/admin/builder/spi-builder-workspace/.derivedData/Build/Intermediates.noindex/leveldb.build/Debug-watchos/leveldb-t.build/Objects-normal/arm64_32/env_posix.d --serialize-diagnostics /Users/admin/builder/spi-builder-workspace/.derivedData/Build/Intermediates.noindex/leveldb.build/Debug-watchos/leveldb-t.build/Objects-normal/arm64_32/env_posix.dia -c /Users/admin/builder/spi-builder-workspace/.dependencies/checkouts/leveldb/util/env_posix.cc -o /Users/admin/builder/spi-builder-workspace/.derivedData/Build/Intermediates.noindex/leveldb.build/Debug-watchos/leveldb-t.build/Objects-normal/arm64_32/env_posix.o -index-unit-output-path /leveldb.build/Debug-watchos/leveldb-t.build/Objects-normal/arm64_32/env_posix.o
SwiftExplicitDependencyGeneratePcm x86_64 /Users/admin/builder/spi-builder-workspace/.derivedData/SDKExplicitPrecompiledModules/os_workgroup-EHP9VFS05ZKMSL8I3XDJD2CMG.pcm
CompileC /Users/admin/builder/spi-builder-workspace/.derivedData/Build/Intermediates.noindex/leveldb.build/Debug-watchos/leveldb-t.build/Objects-normal/arm64_32/env.o /Users/admin/builder/spi-builder-workspace/.dependencies/checkouts/leveldb/util/env.cc normal arm64_32 c++ com.apple.compilers.llvm.clang.1_0.compiler (in target 'leveldb' from project 'leveldb')
cd /Users/admin/builder/spi-builder-workspace/.swiftpm/xcode
Using response file: /Users/admin/builder/spi-builder-workspace/.derivedData/Build/Intermediates.noindex/leveldb.build/Debug-watchos/leveldb-t.build/Objects-normal/arm64_32/82b82416624d2658e5098eb0a28c15c5-common-args.resp
/Applications/Xcode-27.0.0-Release.Candidate.app/Contents/Developer/Toolchains/XcodeDefault.xctoolchain/usr/bin/clang -x c++ -ivfsstatcache /Users/admin/builder/spi-builder-workspace/.derivedData/SDKStatCaches.noindex/watchos27.0-24R360-e829b21a6f8c9b70876ba0858053c04477534ef55a1706bf4c1112bbb242f0a2.sdkstatcache -target arm64_32-apple-watchos9.0 -fmessage-length\=0 -fdiagnostics-show-note-include-stack -fmacro-backtrace-limit\=0 -fno-color-diagnostics -fmodules-prune-interval\=86400 -fmodules-prune-after\=345600 -fbuild-session-file\=/Users/admin/builder/spi-builder-workspace/.derivedData/ModuleCache.noindex/Session.modulevalidation -fmodules-validate-once-per-build-session -Wnon-modular-include-in-framework-module -Werror\=non-modular-include-in-framework-module -Wno-trigraphs -Wno-missing-field-initializers -Wno-missing-prototypes -Wno-return-type -Wno-non-virtual-dtor -Wno-overloaded-virtual -Wno-exit-time-destructors -Wno-missing-braces -Wparentheses -Wswitch -Wno-unused-function -Wno-unused-label -Wno-unused-parameter -Wno-unused-variable -Wunused-value -Wno-empty-body -Wno-uninitialized -Wno-unknown-pragmas -w -Wno-shadow -Wno-four-char-constants -Wno-conversion -Wno-constant-conversion -Wno-int-conversion -Wno-bool-conversion -Wno-enum-conversion -Wno-float-conversion -Wno-non-literal-null-conversion -Wno-objc-literal-conversion -Wno-shorten-64-to-32 -Wno-newline-eof -Wno-c++11-extensions -Wno-implicit-fallthrough -isysroot /Applications/Xcode-27.0.0-Release.Candidate.app/Contents/Developer/Platforms/WatchOS.platform/Developer/SDKs/WatchOS27.0.sdk -fstrict-aliasing -Wdeprecated-declarations -Winvalid-offsetof -Wno-sign-conversion -Wno-infinite-recursion -Wno-move -Wno-comma -Wno-block-capture-autoreleasing -Wno-strict-prototypes -Wno-range-loop-analysis -Wno-semicolon-before-method-body -index-store-path /Users/admin/builder/spi-builder-workspace/.derivedData/Index.noindex/DataStore @/Users/admin/builder/spi-builder-workspace/.derivedData/Build/Intermediates.noindex/leveldb.build/Debug-watchos/leveldb-t.build/Objects-normal/arm64_32/82b82416624d2658e5098eb0a28c15c5-common-args.resp -MMD -MT dependencies -MF /Users/admin/builder/spi-builder-workspace/.derivedData/Build/Intermediates.noindex/leveldb.build/Debug-watchos/leveldb-t.build/Objects-normal/arm64_32/env.d --serialize-diagnostics /Users/admin/builder/spi-builder-workspace/.derivedData/Build/Intermediates.noindex/leveldb.build/Debug-watchos/leveldb-t.build/Objects-normal/arm64_32/env.dia -c /Users/admin/builder/spi-builder-workspace/.dependencies/checkouts/leveldb/util/env.cc -o /Users/admin/builder/spi-builder-workspace/.derivedData/Build/Intermediates.noindex/leveldb.build/Debug-watchos/leveldb-t.build/Objects-normal/arm64_32/env.o -index-unit-output-path /leveldb.build/Debug-watchos/leveldb-t.build/Objects-normal/arm64_32/env.o
SwiftExplicitDependencyGeneratePcm arm64_32 /Users/admin/builder/spi-builder-workspace/.derivedData/SDKExplicitPrecompiledModules/SwiftUICore-TURER010MQ2QH6SN4BGDJJKP.pcm
SwiftExplicitDependencyGeneratePcm x86_64 /Users/admin/builder/spi-builder-workspace/.derivedData/SDKExplicitPrecompiledModules/Dispatch-E3LMZYTBEZ1OQTB077TJH76FD.pcm
SwiftExplicitDependencyGeneratePcm arm64_32 /Users/admin/builder/spi-builder-workspace/.derivedData/SDKExplicitPrecompiledModules/UIKit-BGAQE5HOOTG6M9C46O1HHPCDR.pcm
SwiftExplicitDependencyGeneratePcm x86_64 /Users/admin/builder/spi-builder-workspace/.derivedData/SDKExplicitPrecompiledModules/XPC-8F18SOJYIFEKRR6MT396BA6KI.pcm
SwiftExplicitDependencyGeneratePcm x86_64 /Users/admin/builder/spi-builder-workspace/.derivedData/SDKExplicitPrecompiledModules/CoreFoundation-4Q0LSKYDEZ8K5M33ZPMW9EHC5.pcm
PruneExplicitPrecompiledModules /Users/admin/builder/spi-builder-workspace/.derivedData/Build/Intermediates.noindex/SwiftExplicitPrecompiledModules
PruneExplicitPrecompiledModules /Users/admin/builder/spi-builder-workspace/.derivedData/Build/Intermediates.noindex/ExplicitPrecompiledModules
PruneExplicitPrecompiledModules /Users/admin/builder/spi-builder-workspace/.derivedData/SDKExplicitPrecompiledModules
2026-10-02 19:22:22.005 xcodebuild[3601:18337] [MT] IDERunDestination: Supported platforms for the buildables in the current scheme is empty.
2026-10-02 19:22:22.123 xcodebuild[3601:18337] [MT] IDERunDestination: Supported platforms for the buildables in the current scheme is empty.
** BUILD FAILED **
The following build commands failed:
SwiftEmitModule normal arm64 Emitting\ module\ for\ TPPDF (in target 'TPPDF' from project 'TPPDF')
SwiftCompile normal arm64 (in target 'TPPDF' from project 'TPPDF')
SwiftEmitModule normal arm64_32 Emitting\ module\ for\ TPPDF (in target 'TPPDF' from project 'TPPDF')
SwiftCompile normal arm64_32 (in target 'TPPDF' from project 'TPPDF')
Building workspace Spezi with scheme Spezi-Package
(5 failures)
BUILD FAILURE 6.4 watchOS