Build Information
Failed to build swift-binary-parsing, reference main (ca80b3), with Swift 6.4 for watchOS using Xcode 27.0 on 23 Sep 2026 11:37:36 UTC.
Build Command
env DEVELOPER_DIR=/Applications/Xcode-27.0.0-Release.Candidate.app xcrun xcodebuild -IDEClonedSourcePackagesDirPathOverride=$PWD/.dependencies -skipMacroValidation -skipPackagePluginValidation -derivedDataPath $PWD/.derivedData build -scheme swift-binary-parsing-Package -destination generic/platform=watchOSBuild Log
Copy /Users/admin/builder/spi-builder-workspace/.derivedData/Build/Products/Debug-watchos/ArgumentParser.swiftmodule/arm64-apple-watchos.abi.json /Users/admin/builder/spi-builder-workspace/.derivedData/Build/Intermediates.noindex/swift-argument-parser.build/Debug-watchos/ArgumentParser-t.build/Objects-normal/arm64/ArgumentParser.abi.json (in target 'ArgumentParser' from project 'swift-argument-parser')
cd /Users/admin/builder/spi-builder-workspace/.dependencies/checkouts/swift-argument-parser
builtin-copy -exclude .DS_Store -exclude CVS -exclude .svn -exclude .git -exclude .hg -resolve-src-symlinks -rename /Users/admin/builder/spi-builder-workspace/.derivedData/Build/Intermediates.noindex/swift-argument-parser.build/Debug-watchos/ArgumentParser-t.build/Objects-normal/arm64/ArgumentParser.abi.json /Users/admin/builder/spi-builder-workspace/.derivedData/Build/Products/Debug-watchos/ArgumentParser.swiftmodule/arm64-apple-watchos.abi.json
Copy /Users/admin/builder/spi-builder-workspace/.derivedData/Build/Products/Debug-watchos/ArgumentParser.swiftmodule/Project/arm64-apple-watchos.swiftsourceinfo /Users/admin/builder/spi-builder-workspace/.derivedData/Build/Intermediates.noindex/swift-argument-parser.build/Debug-watchos/ArgumentParser-t.build/Objects-normal/arm64/ArgumentParser.swiftsourceinfo (in target 'ArgumentParser' from project 'swift-argument-parser')
cd /Users/admin/builder/spi-builder-workspace/.dependencies/checkouts/swift-argument-parser
builtin-copy -exclude .DS_Store -exclude CVS -exclude .svn -exclude .git -exclude .hg -resolve-src-symlinks -rename /Users/admin/builder/spi-builder-workspace/.derivedData/Build/Intermediates.noindex/swift-argument-parser.build/Debug-watchos/ArgumentParser-t.build/Objects-normal/arm64/ArgumentParser.swiftsourceinfo /Users/admin/builder/spi-builder-workspace/.derivedData/Build/Products/Debug-watchos/ArgumentParser.swiftmodule/Project/arm64-apple-watchos.swiftsourceinfo
SwiftCompile normal arm64 Compiling\ ArgumentDecoder.swift,\ ArgumentDefinition.swift,\ ArgumentSet.swift,\ CommandParser.swift,\ InputKey.swift /Users/admin/builder/spi-builder-workspace/.dependencies/checkouts/swift-argument-parser/Sources/ArgumentParser/Parsing/ArgumentDecoder.swift /Users/admin/builder/spi-builder-workspace/.dependencies/checkouts/swift-argument-parser/Sources/ArgumentParser/Parsing/ArgumentDefinition.swift /Users/admin/builder/spi-builder-workspace/.dependencies/checkouts/swift-argument-parser/Sources/ArgumentParser/Parsing/ArgumentSet.swift /Users/admin/builder/spi-builder-workspace/.dependencies/checkouts/swift-argument-parser/Sources/ArgumentParser/Parsing/CommandParser.swift /Users/admin/builder/spi-builder-workspace/.dependencies/checkouts/swift-argument-parser/Sources/ArgumentParser/Parsing/InputKey.swift (in target 'ArgumentParser' from project 'swift-argument-parser')
SwiftCompile normal arm64 /Users/admin/builder/spi-builder-workspace/.dependencies/checkouts/swift-argument-parser/Sources/ArgumentParser/Parsing/ArgumentDecoder.swift (in target 'ArgumentParser' from project 'swift-argument-parser')
cd /Users/admin/builder/spi-builder-workspace/.swiftpm/xcode
builtin-SwiftPerFileCompile ArgumentDecoder.swift
SwiftCompile normal arm64 /Users/admin/builder/spi-builder-workspace/.dependencies/checkouts/swift-argument-parser/Sources/ArgumentParser/Parsing/ArgumentDefinition.swift (in target 'ArgumentParser' from project 'swift-argument-parser')
cd /Users/admin/builder/spi-builder-workspace/.swiftpm/xcode
builtin-SwiftPerFileCompile ArgumentDefinition.swift
SwiftCompile normal arm64 /Users/admin/builder/spi-builder-workspace/.dependencies/checkouts/swift-argument-parser/Sources/ArgumentParser/Parsing/ArgumentSet.swift (in target 'ArgumentParser' from project 'swift-argument-parser')
cd /Users/admin/builder/spi-builder-workspace/.swiftpm/xcode
builtin-SwiftPerFileCompile ArgumentSet.swift
SwiftCompile normal arm64 /Users/admin/builder/spi-builder-workspace/.dependencies/checkouts/swift-argument-parser/Sources/ArgumentParser/Parsing/CommandParser.swift (in target 'ArgumentParser' from project 'swift-argument-parser')
cd /Users/admin/builder/spi-builder-workspace/.swiftpm/xcode
builtin-SwiftPerFileCompile CommandParser.swift
SwiftCompile normal arm64 /Users/admin/builder/spi-builder-workspace/.dependencies/checkouts/swift-argument-parser/Sources/ArgumentParser/Parsing/InputKey.swift (in target 'ArgumentParser' from project 'swift-argument-parser')
cd /Users/admin/builder/spi-builder-workspace/.swiftpm/xcode
builtin-SwiftPerFileCompile InputKey.swift
SwiftCompile normal arm64 Compiling\ InputOrigin.swift,\ Name.swift,\ Parsed.swift,\ ParsedValues.swift,\ ParserError.swift /Users/admin/builder/spi-builder-workspace/.dependencies/checkouts/swift-argument-parser/Sources/ArgumentParser/Parsing/InputOrigin.swift /Users/admin/builder/spi-builder-workspace/.dependencies/checkouts/swift-argument-parser/Sources/ArgumentParser/Parsing/Name.swift /Users/admin/builder/spi-builder-workspace/.dependencies/checkouts/swift-argument-parser/Sources/ArgumentParser/Parsing/Parsed.swift /Users/admin/builder/spi-builder-workspace/.dependencies/checkouts/swift-argument-parser/Sources/ArgumentParser/Parsing/ParsedValues.swift /Users/admin/builder/spi-builder-workspace/.dependencies/checkouts/swift-argument-parser/Sources/ArgumentParser/Parsing/ParserError.swift (in target 'ArgumentParser' from project 'swift-argument-parser')
SwiftCompile normal arm64 /Users/admin/builder/spi-builder-workspace/.dependencies/checkouts/swift-argument-parser/Sources/ArgumentParser/Parsing/InputOrigin.swift (in target 'ArgumentParser' from project 'swift-argument-parser')
cd /Users/admin/builder/spi-builder-workspace/.swiftpm/xcode
builtin-SwiftPerFileCompile InputOrigin.swift
SwiftCompile normal arm64 /Users/admin/builder/spi-builder-workspace/.dependencies/checkouts/swift-argument-parser/Sources/ArgumentParser/Parsing/Name.swift (in target 'ArgumentParser' from project 'swift-argument-parser')
cd /Users/admin/builder/spi-builder-workspace/.swiftpm/xcode
builtin-SwiftPerFileCompile Name.swift
SwiftCompile normal arm64 /Users/admin/builder/spi-builder-workspace/.dependencies/checkouts/swift-argument-parser/Sources/ArgumentParser/Parsing/Parsed.swift (in target 'ArgumentParser' from project 'swift-argument-parser')
cd /Users/admin/builder/spi-builder-workspace/.swiftpm/xcode
builtin-SwiftPerFileCompile Parsed.swift
SwiftCompile normal arm64 /Users/admin/builder/spi-builder-workspace/.dependencies/checkouts/swift-argument-parser/Sources/ArgumentParser/Parsing/ParsedValues.swift (in target 'ArgumentParser' from project 'swift-argument-parser')
cd /Users/admin/builder/spi-builder-workspace/.swiftpm/xcode
builtin-SwiftPerFileCompile ParsedValues.swift
SwiftCompile normal arm64 /Users/admin/builder/spi-builder-workspace/.dependencies/checkouts/swift-argument-parser/Sources/ArgumentParser/Parsing/ParserError.swift (in target 'ArgumentParser' from project 'swift-argument-parser')
cd /Users/admin/builder/spi-builder-workspace/.swiftpm/xcode
builtin-SwiftPerFileCompile ParserError.swift
SwiftDriverJobDiscovery normal arm64 Compiling CodingKeyValidator.swift, NonsenseFlagsValidator.swift, ParsableArgumentsValidation.swift, PositionalArgumentsValidator.swift, UniqueNamesValidator.swift (in target 'ArgumentParser' from project 'swift-argument-parser')
SwiftDriverJobDiscovery normal arm64_32 Compiling BashCompletionsGenerator.swift, CompletionsGenerator.swift, FishCompletionsGenerator.swift, ZshCompletionsGenerator.swift, Argument.swift, ArgumentDiscussion.swift (in target 'ArgumentParser' from project 'swift-argument-parser')
SwiftCompile normal arm64 Compiling\ UsageGenerator.swift,\ CollectionExtensions.swift,\ Foundation.swift,\ Mutex.swift,\ Platform.swift /Users/admin/builder/spi-builder-workspace/.dependencies/checkouts/swift-argument-parser/Sources/ArgumentParser/Usage/UsageGenerator.swift /Users/admin/builder/spi-builder-workspace/.dependencies/checkouts/swift-argument-parser/Sources/ArgumentParser/Utilities/CollectionExtensions.swift /Users/admin/builder/spi-builder-workspace/.dependencies/checkouts/swift-argument-parser/Sources/ArgumentParser/Utilities/Foundation.swift /Users/admin/builder/spi-builder-workspace/.dependencies/checkouts/swift-argument-parser/Sources/ArgumentParser/Utilities/Mutex.swift /Users/admin/builder/spi-builder-workspace/.dependencies/checkouts/swift-argument-parser/Sources/ArgumentParser/Utilities/Platform.swift (in target 'ArgumentParser' from project 'swift-argument-parser')
SwiftCompile normal arm64 /Users/admin/builder/spi-builder-workspace/.dependencies/checkouts/swift-argument-parser/Sources/ArgumentParser/Usage/UsageGenerator.swift (in target 'ArgumentParser' from project 'swift-argument-parser')
cd /Users/admin/builder/spi-builder-workspace/.swiftpm/xcode
builtin-SwiftPerFileCompile UsageGenerator.swift
SwiftCompile normal arm64 /Users/admin/builder/spi-builder-workspace/.dependencies/checkouts/swift-argument-parser/Sources/ArgumentParser/Utilities/CollectionExtensions.swift (in target 'ArgumentParser' from project 'swift-argument-parser')
cd /Users/admin/builder/spi-builder-workspace/.swiftpm/xcode
builtin-SwiftPerFileCompile CollectionExtensions.swift
SwiftCompile normal arm64 /Users/admin/builder/spi-builder-workspace/.dependencies/checkouts/swift-argument-parser/Sources/ArgumentParser/Utilities/Foundation.swift (in target 'ArgumentParser' from project 'swift-argument-parser')
cd /Users/admin/builder/spi-builder-workspace/.swiftpm/xcode
builtin-SwiftPerFileCompile Foundation.swift
SwiftCompile normal arm64 /Users/admin/builder/spi-builder-workspace/.dependencies/checkouts/swift-argument-parser/Sources/ArgumentParser/Utilities/Mutex.swift (in target 'ArgumentParser' from project 'swift-argument-parser')
cd /Users/admin/builder/spi-builder-workspace/.swiftpm/xcode
builtin-SwiftPerFileCompile Mutex.swift
SwiftCompile normal arm64 /Users/admin/builder/spi-builder-workspace/.dependencies/checkouts/swift-argument-parser/Sources/ArgumentParser/Utilities/Platform.swift (in target 'ArgumentParser' from project 'swift-argument-parser')
cd /Users/admin/builder/spi-builder-workspace/.swiftpm/xcode
builtin-SwiftPerFileCompile Platform.swift
SwiftDriverJobDiscovery normal arm64_32 Compiling SplitArguments.swift, DumpHelpGenerator.swift, HelpCommand.swift, HelpGenerator.swift, MessageInfo.swift (in target 'ArgumentParser' from project 'swift-argument-parser')
SwiftCompile normal arm64_32 Compiling\ UsageGenerator.swift,\ CollectionExtensions.swift,\ Foundation.swift,\ Mutex.swift,\ Platform.swift /Users/admin/builder/spi-builder-workspace/.dependencies/checkouts/swift-argument-parser/Sources/ArgumentParser/Usage/UsageGenerator.swift /Users/admin/builder/spi-builder-workspace/.dependencies/checkouts/swift-argument-parser/Sources/ArgumentParser/Utilities/CollectionExtensions.swift /Users/admin/builder/spi-builder-workspace/.dependencies/checkouts/swift-argument-parser/Sources/ArgumentParser/Utilities/Foundation.swift /Users/admin/builder/spi-builder-workspace/.dependencies/checkouts/swift-argument-parser/Sources/ArgumentParser/Utilities/Mutex.swift /Users/admin/builder/spi-builder-workspace/.dependencies/checkouts/swift-argument-parser/Sources/ArgumentParser/Utilities/Platform.swift (in target 'ArgumentParser' from project 'swift-argument-parser')
SwiftCompile normal arm64_32 /Users/admin/builder/spi-builder-workspace/.dependencies/checkouts/swift-argument-parser/Sources/ArgumentParser/Usage/UsageGenerator.swift (in target 'ArgumentParser' from project 'swift-argument-parser')
cd /Users/admin/builder/spi-builder-workspace/.swiftpm/xcode
builtin-SwiftPerFileCompile UsageGenerator.swift
SwiftCompile normal arm64_32 /Users/admin/builder/spi-builder-workspace/.dependencies/checkouts/swift-argument-parser/Sources/ArgumentParser/Utilities/CollectionExtensions.swift (in target 'ArgumentParser' from project 'swift-argument-parser')
cd /Users/admin/builder/spi-builder-workspace/.swiftpm/xcode
builtin-SwiftPerFileCompile CollectionExtensions.swift
SwiftCompile normal arm64_32 /Users/admin/builder/spi-builder-workspace/.dependencies/checkouts/swift-argument-parser/Sources/ArgumentParser/Utilities/Foundation.swift (in target 'ArgumentParser' from project 'swift-argument-parser')
cd /Users/admin/builder/spi-builder-workspace/.swiftpm/xcode
builtin-SwiftPerFileCompile Foundation.swift
SwiftCompile normal arm64_32 /Users/admin/builder/spi-builder-workspace/.dependencies/checkouts/swift-argument-parser/Sources/ArgumentParser/Utilities/Mutex.swift (in target 'ArgumentParser' from project 'swift-argument-parser')
cd /Users/admin/builder/spi-builder-workspace/.swiftpm/xcode
builtin-SwiftPerFileCompile Mutex.swift
SwiftCompile normal arm64_32 /Users/admin/builder/spi-builder-workspace/.dependencies/checkouts/swift-argument-parser/Sources/ArgumentParser/Utilities/Platform.swift (in target 'ArgumentParser' from project 'swift-argument-parser')
cd /Users/admin/builder/spi-builder-workspace/.swiftpm/xcode
builtin-SwiftPerFileCompile Platform.swift
SwiftCompile normal arm64 Compiling\ CommandGroup.swift,\ EnumerableFlag.swift,\ ExpressibleByArgument.swift,\ ParsableArguments.swift,\ ParsableCommand.swift /Users/admin/builder/spi-builder-workspace/.dependencies/checkouts/swift-argument-parser/Sources/ArgumentParser/Parsable\ Types/CommandGroup.swift /Users/admin/builder/spi-builder-workspace/.dependencies/checkouts/swift-argument-parser/Sources/ArgumentParser/Parsable\ Types/EnumerableFlag.swift /Users/admin/builder/spi-builder-workspace/.dependencies/checkouts/swift-argument-parser/Sources/ArgumentParser/Parsable\ Types/ExpressibleByArgument.swift /Users/admin/builder/spi-builder-workspace/.dependencies/checkouts/swift-argument-parser/Sources/ArgumentParser/Parsable\ Types/ParsableArguments.swift /Users/admin/builder/spi-builder-workspace/.dependencies/checkouts/swift-argument-parser/Sources/ArgumentParser/Parsable\ Types/ParsableCommand.swift (in target 'ArgumentParser' from project 'swift-argument-parser')
SwiftCompile normal arm64 /Users/admin/builder/spi-builder-workspace/.dependencies/checkouts/swift-argument-parser/Sources/ArgumentParser/Parsable\ Types/CommandGroup.swift (in target 'ArgumentParser' from project 'swift-argument-parser')
cd /Users/admin/builder/spi-builder-workspace/.swiftpm/xcode
builtin-SwiftPerFileCompile CommandGroup.swift
SwiftCompile normal arm64 /Users/admin/builder/spi-builder-workspace/.dependencies/checkouts/swift-argument-parser/Sources/ArgumentParser/Parsable\ Types/EnumerableFlag.swift (in target 'ArgumentParser' from project 'swift-argument-parser')
cd /Users/admin/builder/spi-builder-workspace/.swiftpm/xcode
builtin-SwiftPerFileCompile EnumerableFlag.swift
SwiftCompile normal arm64 /Users/admin/builder/spi-builder-workspace/.dependencies/checkouts/swift-argument-parser/Sources/ArgumentParser/Parsable\ Types/ExpressibleByArgument.swift (in target 'ArgumentParser' from project 'swift-argument-parser')
cd /Users/admin/builder/spi-builder-workspace/.swiftpm/xcode
builtin-SwiftPerFileCompile ExpressibleByArgument.swift
SwiftCompile normal arm64 /Users/admin/builder/spi-builder-workspace/.dependencies/checkouts/swift-argument-parser/Sources/ArgumentParser/Parsable\ Types/ParsableArguments.swift (in target 'ArgumentParser' from project 'swift-argument-parser')
cd /Users/admin/builder/spi-builder-workspace/.swiftpm/xcode
builtin-SwiftPerFileCompile ParsableArguments.swift
SwiftCompile normal arm64 /Users/admin/builder/spi-builder-workspace/.dependencies/checkouts/swift-argument-parser/Sources/ArgumentParser/Parsable\ Types/ParsableCommand.swift (in target 'ArgumentParser' from project 'swift-argument-parser')
cd /Users/admin/builder/spi-builder-workspace/.swiftpm/xcode
builtin-SwiftPerFileCompile ParsableCommand.swift
SwiftExplicitDependencyGeneratePcm arm64 /Users/admin/builder/spi-builder-workspace/.derivedData/SDKExplicitPrecompiledModules/launch-EFXL3YL04KHGWJLOU1XU768V7.pcm
SwiftDriverJobDiscovery normal arm64 Compiling SequenceExtensions.swift, StringExtensions.swift, SwiftExtensions.swift, Tree.swift, AsyncCompletionsValidator.swift (in target 'ArgumentParser' from project 'swift-argument-parser')
SwiftExplicitDependencyGeneratePcm arm64 /Users/admin/builder/spi-builder-workspace/.derivedData/SDKExplicitPrecompiledModules/MachO-4D0HJWYC59S7APTHBHDUKR7KJ.pcm
SwiftDriverJobDiscovery normal arm64 Compiling ArgumentHelp.swift, ArgumentVisibility.swift, CompletionKind.swift, Errors.swift, Flag.swift, NameSpecification.swift (in target 'ArgumentParser' from project 'swift-argument-parser')
SwiftCompile normal arm64_32 Compiling\ CommandGroup.swift,\ EnumerableFlag.swift,\ ExpressibleByArgument.swift,\ ParsableArguments.swift,\ ParsableCommand.swift /Users/admin/builder/spi-builder-workspace/.dependencies/checkouts/swift-argument-parser/Sources/ArgumentParser/Parsable\ Types/CommandGroup.swift /Users/admin/builder/spi-builder-workspace/.dependencies/checkouts/swift-argument-parser/Sources/ArgumentParser/Parsable\ Types/EnumerableFlag.swift /Users/admin/builder/spi-builder-workspace/.dependencies/checkouts/swift-argument-parser/Sources/ArgumentParser/Parsable\ Types/ExpressibleByArgument.swift /Users/admin/builder/spi-builder-workspace/.dependencies/checkouts/swift-argument-parser/Sources/ArgumentParser/Parsable\ Types/ParsableArguments.swift /Users/admin/builder/spi-builder-workspace/.dependencies/checkouts/swift-argument-parser/Sources/ArgumentParser/Parsable\ Types/ParsableCommand.swift (in target 'ArgumentParser' from project 'swift-argument-parser')
SwiftCompile normal arm64_32 /Users/admin/builder/spi-builder-workspace/.dependencies/checkouts/swift-argument-parser/Sources/ArgumentParser/Parsable\ Types/CommandGroup.swift (in target 'ArgumentParser' from project 'swift-argument-parser')
cd /Users/admin/builder/spi-builder-workspace/.swiftpm/xcode
builtin-SwiftPerFileCompile CommandGroup.swift
SwiftCompile normal arm64_32 /Users/admin/builder/spi-builder-workspace/.dependencies/checkouts/swift-argument-parser/Sources/ArgumentParser/Parsable\ Types/EnumerableFlag.swift (in target 'ArgumentParser' from project 'swift-argument-parser')
cd /Users/admin/builder/spi-builder-workspace/.swiftpm/xcode
builtin-SwiftPerFileCompile EnumerableFlag.swift
SwiftCompile normal arm64_32 /Users/admin/builder/spi-builder-workspace/.dependencies/checkouts/swift-argument-parser/Sources/ArgumentParser/Parsable\ Types/ExpressibleByArgument.swift (in target 'ArgumentParser' from project 'swift-argument-parser')
cd /Users/admin/builder/spi-builder-workspace/.swiftpm/xcode
builtin-SwiftPerFileCompile ExpressibleByArgument.swift
SwiftCompile normal arm64_32 /Users/admin/builder/spi-builder-workspace/.dependencies/checkouts/swift-argument-parser/Sources/ArgumentParser/Parsable\ Types/ParsableArguments.swift (in target 'ArgumentParser' from project 'swift-argument-parser')
cd /Users/admin/builder/spi-builder-workspace/.swiftpm/xcode
builtin-SwiftPerFileCompile ParsableArguments.swift
SwiftCompile normal arm64_32 /Users/admin/builder/spi-builder-workspace/.dependencies/checkouts/swift-argument-parser/Sources/ArgumentParser/Parsable\ Types/ParsableCommand.swift (in target 'ArgumentParser' from project 'swift-argument-parser')
cd /Users/admin/builder/spi-builder-workspace/.swiftpm/xcode
builtin-SwiftPerFileCompile ParsableCommand.swift
SwiftCompile normal arm64 Compiling\ Option.swift,\ OptionGroup.swift,\ ParentCommand.swift,\ AsyncParsableCommand.swift,\ CommandConfiguration.swift /Users/admin/builder/spi-builder-workspace/.dependencies/checkouts/swift-argument-parser/Sources/ArgumentParser/Parsable\ Properties/Option.swift /Users/admin/builder/spi-builder-workspace/.dependencies/checkouts/swift-argument-parser/Sources/ArgumentParser/Parsable\ Properties/OptionGroup.swift /Users/admin/builder/spi-builder-workspace/.dependencies/checkouts/swift-argument-parser/Sources/ArgumentParser/Parsable\ Properties/ParentCommand.swift /Users/admin/builder/spi-builder-workspace/.dependencies/checkouts/swift-argument-parser/Sources/ArgumentParser/Parsable\ Types/AsyncParsableCommand.swift /Users/admin/builder/spi-builder-workspace/.dependencies/checkouts/swift-argument-parser/Sources/ArgumentParser/Parsable\ Types/CommandConfiguration.swift (in target 'ArgumentParser' from project 'swift-argument-parser')
SwiftCompile normal arm64 /Users/admin/builder/spi-builder-workspace/.dependencies/checkouts/swift-argument-parser/Sources/ArgumentParser/Parsable\ Properties/Option.swift (in target 'ArgumentParser' from project 'swift-argument-parser')
cd /Users/admin/builder/spi-builder-workspace/.swiftpm/xcode
builtin-SwiftPerFileCompile Option.swift
SwiftCompile normal arm64 /Users/admin/builder/spi-builder-workspace/.dependencies/checkouts/swift-argument-parser/Sources/ArgumentParser/Parsable\ Properties/OptionGroup.swift (in target 'ArgumentParser' from project 'swift-argument-parser')
cd /Users/admin/builder/spi-builder-workspace/.swiftpm/xcode
builtin-SwiftPerFileCompile OptionGroup.swift
SwiftCompile normal arm64 /Users/admin/builder/spi-builder-workspace/.dependencies/checkouts/swift-argument-parser/Sources/ArgumentParser/Parsable\ Properties/ParentCommand.swift (in target 'ArgumentParser' from project 'swift-argument-parser')
cd /Users/admin/builder/spi-builder-workspace/.swiftpm/xcode
builtin-SwiftPerFileCompile ParentCommand.swift
SwiftCompile normal arm64 /Users/admin/builder/spi-builder-workspace/.dependencies/checkouts/swift-argument-parser/Sources/ArgumentParser/Parsable\ Types/AsyncParsableCommand.swift (in target 'ArgumentParser' from project 'swift-argument-parser')
cd /Users/admin/builder/spi-builder-workspace/.swiftpm/xcode
builtin-SwiftPerFileCompile AsyncParsableCommand.swift
SwiftCompile normal arm64 /Users/admin/builder/spi-builder-workspace/.dependencies/checkouts/swift-argument-parser/Sources/ArgumentParser/Parsable\ Types/CommandConfiguration.swift (in target 'ArgumentParser' from project 'swift-argument-parser')
cd /Users/admin/builder/spi-builder-workspace/.swiftpm/xcode
builtin-SwiftPerFileCompile CommandConfiguration.swift
SwiftExplicitDependencyGeneratePcm arm64 /Users/admin/builder/spi-builder-workspace/.derivedData/SDKExplicitPrecompiledModules/ObjectiveC-5UUM8AH9LJRERY99K1GUBURMO.pcm
SwiftDriverJobDiscovery normal arm64 Compiling InputOrigin.swift, Name.swift, Parsed.swift, ParsedValues.swift, ParserError.swift (in target 'ArgumentParser' from project 'swift-argument-parser')
SwiftDriverJobDiscovery normal arm64_32 Compiling ArgumentDecoder.swift, ArgumentDefinition.swift, ArgumentSet.swift, CommandParser.swift, InputKey.swift (in target 'ArgumentParser' from project 'swift-argument-parser')
SwiftExplicitDependencyGeneratePcm arm64 /Users/admin/builder/spi-builder-workspace/.derivedData/SDKExplicitPrecompiledModules/os_object-BTDIN6QZYDLDQ14FCV3ILP969.pcm
SwiftDriverJobDiscovery normal arm64 Compiling BashCompletionsGenerator.swift, CompletionsGenerator.swift, FishCompletionsGenerator.swift, ZshCompletionsGenerator.swift, Argument.swift, ArgumentDiscussion.swift (in target 'ArgumentParser' from project 'swift-argument-parser')
SwiftExplicitDependencyGeneratePcm arm64 /Users/admin/builder/spi-builder-workspace/.derivedData/SDKExplicitPrecompiledModules/os_workgroup-5KW4GI1VTT4BL3CP7IBC3MXQT.pcm
SwiftDriverJobDiscovery normal arm64 Compiling SplitArguments.swift, DumpHelpGenerator.swift, HelpCommand.swift, HelpGenerator.swift, MessageInfo.swift (in target 'ArgumentParser' from project 'swift-argument-parser')
SwiftExplicitDependencyGeneratePcm arm64 /Users/admin/builder/spi-builder-workspace/.derivedData/SDKExplicitPrecompiledModules/Dispatch-6G7SC7DNRDQILDZM7AA5CBO9R.pcm
SwiftDriverJobDiscovery normal arm64 Compiling CommandGroup.swift, EnumerableFlag.swift, ExpressibleByArgument.swift, ParsableArguments.swift, ParsableCommand.swift (in target 'ArgumentParser' from project 'swift-argument-parser')
SwiftExplicitDependencyGeneratePcm arm64 /Users/admin/builder/spi-builder-workspace/.derivedData/SDKExplicitPrecompiledModules/XPC-BCOQO9UGC7BBHCJY0IGQSWASH.pcm
SwiftDriverJobDiscovery normal arm64_32 Compiling CommandGroup.swift, EnumerableFlag.swift, ExpressibleByArgument.swift, ParsableArguments.swift, ParsableCommand.swift (in target 'ArgumentParser' from project 'swift-argument-parser')
SwiftExplicitDependencyGeneratePcm arm64 /Users/admin/builder/spi-builder-workspace/.derivedData/SDKExplicitPrecompiledModules/os-C7U69HZXFHL69YJDFLWT0U3FZ.pcm
SwiftCompile normal arm64 Compiling\ SyntaxVisitorPredicate.swift /Users/admin/builder/spi-builder-workspace/Sources/BinaryParsingMacros/SyntaxVisitorPredicate.swift (in target 'BinaryParsingMacros' from project 'swift-binary-parsing')
SwiftCompile normal arm64 /Users/admin/builder/spi-builder-workspace/Sources/BinaryParsingMacros/SyntaxVisitorPredicate.swift (in target 'BinaryParsingMacros' from project 'swift-binary-parsing')
cd /Users/admin/builder/spi-builder-workspace/.swiftpm/xcode
builtin-SwiftPerFileCompile SyntaxVisitorPredicate.swift
SwiftEmitModule normal arm64 Emitting\ module\ for\ BinaryParsingMacros (in target 'BinaryParsingMacros' from project 'swift-binary-parsing')
SwiftCompile normal arm64 (in target 'BinaryParsingMacros' from project 'swift-binary-parsing')
cd /Users/admin/builder/spi-builder-workspace/.swiftpm/xcode
SwiftCompile normal arm64 Compiling\ Extensions.swift /Users/admin/builder/spi-builder-workspace/Sources/BinaryParsingMacros/Extensions.swift (in target 'BinaryParsingMacros' from project 'swift-binary-parsing')
SwiftCompile normal arm64 /Users/admin/builder/spi-builder-workspace/Sources/BinaryParsingMacros/Extensions.swift (in target 'BinaryParsingMacros' from project 'swift-binary-parsing')
cd /Users/admin/builder/spi-builder-workspace/.swiftpm/xcode
builtin-SwiftPerFileCompile Extensions.swift
SwiftCompile normal arm64 Compiling\ ParserMacroRegexes.swift /Users/admin/builder/spi-builder-workspace/Sources/BinaryParsingMacros/ParserMacro/ParserMacroRegexes.swift (in target 'BinaryParsingMacros' from project 'swift-binary-parsing')
SwiftCompile normal arm64 /Users/admin/builder/spi-builder-workspace/Sources/BinaryParsingMacros/ParserMacro/ParserMacroRegexes.swift (in target 'BinaryParsingMacros' from project 'swift-binary-parsing')
cd /Users/admin/builder/spi-builder-workspace/.swiftpm/xcode
builtin-SwiftPerFileCompile ParserMacroRegexes.swift
SwiftCompile normal arm64 Compiling\ MagicNumberStringMacro.swift /Users/admin/builder/spi-builder-workspace/Sources/BinaryParsingMacros/MagicNumberStringMacro.swift (in target 'BinaryParsingMacros' from project 'swift-binary-parsing')
SwiftCompile normal arm64 /Users/admin/builder/spi-builder-workspace/Sources/BinaryParsingMacros/MagicNumberStringMacro.swift (in target 'BinaryParsingMacros' from project 'swift-binary-parsing')
cd /Users/admin/builder/spi-builder-workspace/.swiftpm/xcode
builtin-SwiftPerFileCompile MagicNumberStringMacro.swift
SwiftCompile normal arm64 Compiling\ ParserMacro.swift /Users/admin/builder/spi-builder-workspace/Sources/BinaryParsingMacros/ParserMacro/ParserMacro.swift (in target 'BinaryParsingMacros' from project 'swift-binary-parsing')
SwiftCompile normal arm64 /Users/admin/builder/spi-builder-workspace/Sources/BinaryParsingMacros/ParserMacro/ParserMacro.swift (in target 'BinaryParsingMacros' from project 'swift-binary-parsing')
cd /Users/admin/builder/spi-builder-workspace/.swiftpm/xcode
builtin-SwiftPerFileCompile ParserMacro.swift
SwiftCompile normal arm64 Compiling\ ParserMacroRewriters.swift /Users/admin/builder/spi-builder-workspace/Sources/BinaryParsingMacros/ParserMacro/ParserMacroRewriters.swift (in target 'BinaryParsingMacros' from project 'swift-binary-parsing')
SwiftCompile normal arm64 /Users/admin/builder/spi-builder-workspace/Sources/BinaryParsingMacros/ParserMacro/ParserMacroRewriters.swift (in target 'BinaryParsingMacros' from project 'swift-binary-parsing')
cd /Users/admin/builder/spi-builder-workspace/.swiftpm/xcode
builtin-SwiftPerFileCompile ParserMacroRewriters.swift
SwiftDriverJobDiscovery normal arm64 Compiling Option.swift, OptionGroup.swift, ParentCommand.swift, AsyncParsableCommand.swift, CommandConfiguration.swift (in target 'ArgumentParser' from project 'swift-argument-parser')
SwiftCompile normal arm64 Compiling\ Plugin.swift /Users/admin/builder/spi-builder-workspace/Sources/BinaryParsingMacros/Plugin.swift (in target 'BinaryParsingMacros' from project 'swift-binary-parsing')
SwiftCompile normal arm64 /Users/admin/builder/spi-builder-workspace/Sources/BinaryParsingMacros/Plugin.swift (in target 'BinaryParsingMacros' from project 'swift-binary-parsing')
cd /Users/admin/builder/spi-builder-workspace/.swiftpm/xcode
builtin-SwiftPerFileCompile Plugin.swift
SwiftDriverJobDiscovery normal arm64 Compiling ArgumentDecoder.swift, ArgumentDefinition.swift, ArgumentSet.swift, CommandParser.swift, InputKey.swift (in target 'ArgumentParser' from project 'swift-argument-parser')
SwiftCompile normal arm64 Compiling\ ParserMacroVisitors.swift /Users/admin/builder/spi-builder-workspace/Sources/BinaryParsingMacros/ParserMacro/ParserMacroVisitors.swift (in target 'BinaryParsingMacros' from project 'swift-binary-parsing')
SwiftCompile normal arm64 /Users/admin/builder/spi-builder-workspace/Sources/BinaryParsingMacros/ParserMacro/ParserMacroVisitors.swift (in target 'BinaryParsingMacros' from project 'swift-binary-parsing')
cd /Users/admin/builder/spi-builder-workspace/.swiftpm/xcode
builtin-SwiftPerFileCompile ParserMacroVisitors.swift
SwiftDriverJobDiscovery normal arm64 Compiling Plugin.swift (in target 'BinaryParsingMacros' from project 'swift-binary-parsing')
SwiftDriverJobDiscovery normal arm64 Compiling Extensions.swift (in target 'BinaryParsingMacros' from project 'swift-binary-parsing')
SwiftDriverJobDiscovery normal arm64 Emitting module for BinaryParsingMacros (in target 'BinaryParsingMacros' from project 'swift-binary-parsing')
SwiftDriver\ Compilation\ Requirements BinaryParsingMacros normal arm64 com.apple.xcode.tools.swift.compiler (in target 'BinaryParsingMacros' from project 'swift-binary-parsing')
cd /Users/admin/builder/spi-builder-workspace/.swiftpm/xcode
builtin-Swift-Compilation-Requirements -- /Applications/Xcode-27.0.0-Release.Candidate.app/Contents/Developer/Toolchains/XcodeDefault.xctoolchain/usr/bin/swiftc -parse-as-library -module-name BinaryParsingMacros -Onone @/Users/admin/builder/spi-builder-workspace/.derivedData/Build/Intermediates.noindex/swift-binary-parsing.build/Debug/BinaryParsingMacros-t.build/Objects-normal/arm64/BinaryParsingMacros.SwiftFileList -DSWIFT_PACKAGE -DDEBUG -DXcode -enable-experimental-feature FreestandingMacros -enable-upcoming-feature MemberImportVisibility -I /Users/admin/builder/spi-builder-workspace/.dependencies/prebuilts/swift-syntax/602.0.0/swiftlang-6.4.0.34.1-macosx27.0-MacroSupport/Modules -I /Users/admin/builder/spi-builder-workspace/.dependencies/checkouts/swift-syntax/Sources/_SwiftLibraryPluginProviderCShims/include -I /Users/admin/builder/spi-builder-workspace/.dependencies/checkouts/swift-syntax/Sources/_SwiftSyntaxCShims/include -plugin-path /Applications/Xcode-27.0.0-Release.Candidate.app/Contents/Developer/Toolchains/XcodeDefault.xctoolchain/usr/lib/swift/host/plugins/testing -enable-experimental-feature DebugDescriptionMacro -sdk /Applications/Xcode-27.0.0-Release.Candidate.app/Contents/Developer/Platforms/MacOSX.platform/Developer/SDKs/MacOSX27.0.sdk -target arm64-apple-macos13.0 -g -module-cache-path /Users/admin/builder/spi-builder-workspace/.derivedData/ModuleCache.noindex -Xfrontend -serialize-debugging-options -profile-coverage-mapping -profile-generate -enable-testing -index-store-path /Users/admin/builder/spi-builder-workspace/.derivedData/Index.noindex/DataStore -Xcc -D_LIBCPP_HARDENING_MODE\=_LIBCPP_HARDENING_MODE_DEBUG -swift-version 6 -I /Users/admin/builder/spi-builder-workspace/.derivedData/Build/Products/Debug -Isystem /Applications/Xcode-27.0.0-Release.Candidate.app/Contents/Developer/Platforms/MacOSX.platform/Developer/usr/lib -F /Users/admin/builder/spi-builder-workspace/.derivedData/Build/Products/Debug -F /Applications/Xcode-27.0.0-Release.Candidate.app/Contents/Developer/Platforms/MacOSX.platform/Developer/Library/Frameworks -c -j10 -enable-batch-mode -incremental -Xcc -ivfsstatcache -Xcc /Users/admin/builder/spi-builder-workspace/.derivedData/SDKStatCaches.noindex/macosx27.0-26A425-e829b21a6f8c9b70876ba0858053c0446a22442a12e9d48fe1a705f55a1adfc4.sdkstatcache -output-file-map /Users/admin/builder/spi-builder-workspace/.derivedData/Build/Intermediates.noindex/swift-binary-parsing.build/Debug/BinaryParsingMacros-t.build/Objects-normal/arm64/BinaryParsingMacros-OutputFileMap.json -save-temps -no-color-diagnostics -explicit-module-build -module-cache-path /Users/admin/builder/spi-builder-workspace/.derivedData/Build/Intermediates.noindex/SwiftExplicitPrecompiledModules -clang-scanner-module-cache-path /Users/admin/builder/spi-builder-workspace/.derivedData/ModuleCache.noindex -sdk-module-cache-path /Users/admin/builder/spi-builder-workspace/.derivedData/SDKExplicitPrecompiledModules -emit-dependencies -emit-module -emit-module-path /Users/admin/builder/spi-builder-workspace/.derivedData/Build/Intermediates.noindex/swift-binary-parsing.build/Debug/BinaryParsingMacros-t.build/Objects-normal/arm64/BinaryParsingMacros.swiftmodule -serialize-diagnostics -dependency-scan-serialize-diagnostics-path /Users/admin/builder/spi-builder-workspace/.derivedData/Build/Intermediates.noindex/swift-binary-parsing.build/Debug/BinaryParsingMacros-t.build/Objects-normal/arm64/BinaryParsingMacros-dependency-scan.dia -validate-clang-modules-once -clang-build-session-file /Users/admin/builder/spi-builder-workspace/.derivedData/ModuleCache.noindex/Session.modulevalidation -Xcc -fmodules-prune-interval\=86400 -Xcc -fmodules-prune-after\=345600 -package-name spi_builder_workspace -emit-const-values -const-gather-protocols-list /Users/admin/builder/spi-builder-workspace/.derivedData/Build/Intermediates.noindex/swift-binary-parsing.build/Debug/BinaryParsingMacros-t.build/Objects-normal/arm64/BinaryParsingMacros_const_extract_protocols.json -Xcc -I/Users/admin/builder/spi-builder-workspace/.derivedData/Build/Products/Debug/include -Xcc -I/Users/admin/builder/spi-builder-workspace/.derivedData/Build/Intermediates.noindex/swift-binary-parsing.build/Debug/BinaryParsingMacros-t.build/DerivedSources-normal/arm64 -Xcc -I/Users/admin/builder/spi-builder-workspace/.derivedData/Build/Intermediates.noindex/swift-binary-parsing.build/Debug/BinaryParsingMacros-t.build/DerivedSources/arm64 -Xcc -I/Users/admin/builder/spi-builder-workspace/.derivedData/Build/Intermediates.noindex/swift-binary-parsing.build/Debug/BinaryParsingMacros-t.build/DerivedSources -Xcc -DSWIFT_PACKAGE -Xcc -DDEBUG\=1 -working-directory /Users/admin/builder/spi-builder-workspace/.swiftpm/xcode -experimental-emit-module-separately -disable-cmo
SwiftDriverJobDiscovery normal arm64 Compiling SyntaxVisitorPredicate.swift (in target 'BinaryParsingMacros' from project 'swift-binary-parsing')
SwiftDriverJobDiscovery normal arm64 Compiling MagicNumberStringMacro.swift (in target 'BinaryParsingMacros' from project 'swift-binary-parsing')
SwiftDriverJobDiscovery normal arm64 Compiling ParserMacroRegexes.swift (in target 'BinaryParsingMacros' from project 'swift-binary-parsing')
SwiftDriverJobDiscovery normal arm64 Compiling ParserMacroRewriters.swift (in target 'BinaryParsingMacros' from project 'swift-binary-parsing')
SwiftDriverJobDiscovery normal arm64 Compiling ParserMacro.swift (in target 'BinaryParsingMacros' from project 'swift-binary-parsing')
SwiftDriverJobDiscovery normal arm64 Compiling UsageGenerator.swift, CollectionExtensions.swift, Foundation.swift, Mutex.swift, Platform.swift (in target 'ArgumentParser' from project 'swift-argument-parser')
SwiftDriverJobDiscovery normal arm64_32 Compiling UsageGenerator.swift, CollectionExtensions.swift, Foundation.swift, Mutex.swift, Platform.swift (in target 'ArgumentParser' from project 'swift-argument-parser')
SwiftDriver\ Compilation ArgumentParser normal arm64 com.apple.xcode.tools.swift.compiler (in target 'ArgumentParser' from project 'swift-argument-parser')
cd /Users/admin/builder/spi-builder-workspace/.swiftpm/xcode
builtin-Swift-Compilation -- /Applications/Xcode-27.0.0-Release.Candidate.app/Contents/Developer/Toolchains/XcodeDefault.xctoolchain/usr/bin/swiftc -parse-as-library -module-name ArgumentParser -Onone @/Users/admin/builder/spi-builder-workspace/.derivedData/Build/Intermediates.noindex/swift-argument-parser.build/Debug-watchos/ArgumentParser-t.build/Objects-normal/arm64/ArgumentParser.SwiftFileList -DSWIFT_PACKAGE -DDEBUG -DSWIFT_MODULE_RESOURCE_BUNDLE_UNAVAILABLE -DXcode -plugin-path /Applications/Xcode-27.0.0-Release.Candidate.app/Contents/Developer/Toolchains/XcodeDefault.xctoolchain/usr/lib/swift/host/plugins/testing -enable-experimental-feature DebugDescriptionMacro -sdk /Applications/Xcode-27.0.0-Release.Candidate.app/Contents/Developer/Platforms/WatchOS.platform/Developer/SDKs/WatchOS27.0.sdk -target arm64-apple-watchos9.0 -g -module-cache-path /Users/admin/builder/spi-builder-workspace/.derivedData/ModuleCache.noindex -Xfrontend -serialize-debugging-options -profile-coverage-mapping -profile-generate -enable-testing -suppress-warnings -index-store-path /Users/admin/builder/spi-builder-workspace/.derivedData/Index.noindex/DataStore -Xcc -D_LIBCPP_HARDENING_MODE\=_LIBCPP_HARDENING_MODE_DEBUG -swift-version 6 -I /Users/admin/builder/spi-builder-workspace/.derivedData/Build/Products/Debug-watchos -Isystem /Applications/Xcode-27.0.0-Release.Candidate.app/Contents/Developer/Platforms/WatchOS.platform/Developer/usr/lib -F /Users/admin/builder/spi-builder-workspace/.derivedData/Build/Products/Debug-watchos/PackageFrameworks -F /Users/admin/builder/spi-builder-workspace/.derivedData/Build/Products/Debug-watchos -F /Applications/Xcode-27.0.0-Release.Candidate.app/Contents/Developer/Platforms/WatchOS.platform/Developer/Library/Frameworks -F /Applications/Xcode-27.0.0-Release.Candidate.app/Contents/Developer/Platforms/WatchOS.platform/Developer/SDKs/WatchOS27.0.sdk/Developer/Library/Frameworks -c -j10 -enable-batch-mode -incremental -Xcc -ivfsstatcache -Xcc /Users/admin/builder/spi-builder-workspace/.derivedData/SDKStatCaches.noindex/watchos27.0-24R360-e829b21a6f8c9b70876ba0858053c04477534ef55a1706bf4c1112bbb242f0a2.sdkstatcache -output-file-map /Users/admin/builder/spi-builder-workspace/.derivedData/Build/Intermediates.noindex/swift-argument-parser.build/Debug-watchos/ArgumentParser-t.build/Objects-normal/arm64/ArgumentParser-OutputFileMap.json -save-temps -no-color-diagnostics -explicit-module-build -module-cache-path /Users/admin/builder/spi-builder-workspace/.derivedData/Build/Intermediates.noindex/SwiftExplicitPrecompiledModules -clang-scanner-module-cache-path /Users/admin/builder/spi-builder-workspace/.derivedData/ModuleCache.noindex -sdk-module-cache-path /Users/admin/builder/spi-builder-workspace/.derivedData/SDKExplicitPrecompiledModules -emit-dependencies -emit-module -emit-module-path /Users/admin/builder/spi-builder-workspace/.derivedData/Build/Intermediates.noindex/swift-argument-parser.build/Debug-watchos/ArgumentParser-t.build/Objects-normal/arm64/ArgumentParser.swiftmodule -serialize-diagnostics -dependency-scan-serialize-diagnostics-path /Users/admin/builder/spi-builder-workspace/.derivedData/Build/Intermediates.noindex/swift-argument-parser.build/Debug-watchos/ArgumentParser-t.build/Objects-normal/arm64/ArgumentParser-dependency-scan.dia -user-module-version 1.8.2 -validate-clang-modules-once -clang-build-session-file /Users/admin/builder/spi-builder-workspace/.derivedData/ModuleCache.noindex/Session.modulevalidation -Xcc -fmodules-prune-interval\=86400 -Xcc -fmodules-prune-after\=345600 -package-name swift_argument_parser -emit-const-values -const-gather-protocols-list /Users/admin/builder/spi-builder-workspace/.derivedData/Build/Intermediates.noindex/swift-argument-parser.build/Debug-watchos/ArgumentParser-t.build/Objects-normal/arm64/ArgumentParser_const_extract_protocols.json -Xcc -I/Users/admin/builder/spi-builder-workspace/.derivedData/Build/Products/Debug-watchos/include -Xcc -I/Users/admin/builder/spi-builder-workspace/.derivedData/Build/Intermediates.noindex/swift-argument-parser.build/Debug-watchos/ArgumentParser-t.build/DerivedSources-normal/arm64 -Xcc -I/Users/admin/builder/spi-builder-workspace/.derivedData/Build/Intermediates.noindex/swift-argument-parser.build/Debug-watchos/ArgumentParser-t.build/DerivedSources/arm64 -Xcc -I/Users/admin/builder/spi-builder-workspace/.derivedData/Build/Intermediates.noindex/swift-argument-parser.build/Debug-watchos/ArgumentParser-t.build/DerivedSources -Xcc -DSWIFT_PACKAGE -Xcc -DDEBUG\=1 -emit-objc-header -emit-objc-header-path /Users/admin/builder/spi-builder-workspace/.derivedData/Build/Intermediates.noindex/swift-argument-parser.build/Debug-watchos/ArgumentParser-t.build/Objects-normal/arm64/ArgumentParser-Swift.h -working-directory /Users/admin/builder/spi-builder-workspace/.swiftpm/xcode -experimental-emit-module-separately -disable-cmo
SwiftDriver\ Compilation ArgumentParser normal arm64_32 com.apple.xcode.tools.swift.compiler (in target 'ArgumentParser' from project 'swift-argument-parser')
cd /Users/admin/builder/spi-builder-workspace/.swiftpm/xcode
builtin-Swift-Compilation -- /Applications/Xcode-27.0.0-Release.Candidate.app/Contents/Developer/Toolchains/XcodeDefault.xctoolchain/usr/bin/swiftc -parse-as-library -module-name ArgumentParser -Onone @/Users/admin/builder/spi-builder-workspace/.derivedData/Build/Intermediates.noindex/swift-argument-parser.build/Debug-watchos/ArgumentParser-t.build/Objects-normal/arm64_32/ArgumentParser.SwiftFileList -DSWIFT_PACKAGE -DDEBUG -DSWIFT_MODULE_RESOURCE_BUNDLE_UNAVAILABLE -DXcode -plugin-path /Applications/Xcode-27.0.0-Release.Candidate.app/Contents/Developer/Toolchains/XcodeDefault.xctoolchain/usr/lib/swift/host/plugins/testing -enable-experimental-feature DebugDescriptionMacro -sdk /Applications/Xcode-27.0.0-Release.Candidate.app/Contents/Developer/Platforms/WatchOS.platform/Developer/SDKs/WatchOS27.0.sdk -target arm64_32-apple-watchos9.0 -g -module-cache-path /Users/admin/builder/spi-builder-workspace/.derivedData/ModuleCache.noindex -Xfrontend -serialize-debugging-options -profile-coverage-mapping -profile-generate -enable-testing -suppress-warnings -index-store-path /Users/admin/builder/spi-builder-workspace/.derivedData/Index.noindex/DataStore -Xcc -D_LIBCPP_HARDENING_MODE\=_LIBCPP_HARDENING_MODE_DEBUG -swift-version 6 -I /Users/admin/builder/spi-builder-workspace/.derivedData/Build/Products/Debug-watchos -Isystem /Applications/Xcode-27.0.0-Release.Candidate.app/Contents/Developer/Platforms/WatchOS.platform/Developer/usr/lib -F /Users/admin/builder/spi-builder-workspace/.derivedData/Build/Products/Debug-watchos/PackageFrameworks -F /Users/admin/builder/spi-builder-workspace/.derivedData/Build/Products/Debug-watchos -F /Applications/Xcode-27.0.0-Release.Candidate.app/Contents/Developer/Platforms/WatchOS.platform/Developer/Library/Frameworks -F /Applications/Xcode-27.0.0-Release.Candidate.app/Contents/Developer/Platforms/WatchOS.platform/Developer/SDKs/WatchOS27.0.sdk/Developer/Library/Frameworks -c -j10 -enable-batch-mode -incremental -Xcc -ivfsstatcache -Xcc /Users/admin/builder/spi-builder-workspace/.derivedData/SDKStatCaches.noindex/watchos27.0-24R360-e829b21a6f8c9b70876ba0858053c04477534ef55a1706bf4c1112bbb242f0a2.sdkstatcache -output-file-map /Users/admin/builder/spi-builder-workspace/.derivedData/Build/Intermediates.noindex/swift-argument-parser.build/Debug-watchos/ArgumentParser-t.build/Objects-normal/arm64_32/ArgumentParser-OutputFileMap.json -save-temps -no-color-diagnostics -explicit-module-build -module-cache-path /Users/admin/builder/spi-builder-workspace/.derivedData/Build/Intermediates.noindex/SwiftExplicitPrecompiledModules -clang-scanner-module-cache-path /Users/admin/builder/spi-builder-workspace/.derivedData/ModuleCache.noindex -sdk-module-cache-path /Users/admin/builder/spi-builder-workspace/.derivedData/SDKExplicitPrecompiledModules -emit-dependencies -emit-module -emit-module-path /Users/admin/builder/spi-builder-workspace/.derivedData/Build/Intermediates.noindex/swift-argument-parser.build/Debug-watchos/ArgumentParser-t.build/Objects-normal/arm64_32/ArgumentParser.swiftmodule -serialize-diagnostics -dependency-scan-serialize-diagnostics-path /Users/admin/builder/spi-builder-workspace/.derivedData/Build/Intermediates.noindex/swift-argument-parser.build/Debug-watchos/ArgumentParser-t.build/Objects-normal/arm64_32/ArgumentParser-dependency-scan.dia -user-module-version 1.8.2 -validate-clang-modules-once -clang-build-session-file /Users/admin/builder/spi-builder-workspace/.derivedData/ModuleCache.noindex/Session.modulevalidation -Xcc -fmodules-prune-interval\=86400 -Xcc -fmodules-prune-after\=345600 -package-name swift_argument_parser -emit-const-values -const-gather-protocols-list /Users/admin/builder/spi-builder-workspace/.derivedData/Build/Intermediates.noindex/swift-argument-parser.build/Debug-watchos/ArgumentParser-t.build/Objects-normal/arm64_32/ArgumentParser_const_extract_protocols.json -Xcc -I/Users/admin/builder/spi-builder-workspace/.derivedData/Build/Products/Debug-watchos/include -Xcc -I/Users/admin/builder/spi-builder-workspace/.derivedData/Build/Intermediates.noindex/swift-argument-parser.build/Debug-watchos/ArgumentParser-t.build/DerivedSources-normal/arm64_32 -Xcc -I/Users/admin/builder/spi-builder-workspace/.derivedData/Build/Intermediates.noindex/swift-argument-parser.build/Debug-watchos/ArgumentParser-t.build/DerivedSources/arm64_32 -Xcc -I/Users/admin/builder/spi-builder-workspace/.derivedData/Build/Intermediates.noindex/swift-argument-parser.build/Debug-watchos/ArgumentParser-t.build/DerivedSources -Xcc -DSWIFT_PACKAGE -Xcc -DDEBUG\=1 -emit-objc-header -emit-objc-header-path /Users/admin/builder/spi-builder-workspace/.derivedData/Build/Intermediates.noindex/swift-argument-parser.build/Debug-watchos/ArgumentParser-t.build/Objects-normal/arm64_32/ArgumentParser-Swift.h -working-directory /Users/admin/builder/spi-builder-workspace/.swiftpm/xcode -experimental-emit-module-separately -disable-cmo
Ld /Users/admin/builder/spi-builder-workspace/.derivedData/Build/Intermediates.noindex/swift-argument-parser.build/Debug-watchos/ArgumentParser-t.build/Objects-normal/arm64/Binary/ArgumentParser.o normal arm64 (in target 'ArgumentParser' from project 'swift-argument-parser')
cd /Users/admin/builder/spi-builder-workspace/.dependencies/checkouts/swift-argument-parser
/Applications/Xcode-27.0.0-Release.Candidate.app/Contents/Developer/Toolchains/XcodeDefault.xctoolchain/usr/bin/clang -Xlinker -reproducible -target arm64-apple-watchos9.0 -r -isysroot /Applications/Xcode-27.0.0-Release.Candidate.app/Contents/Developer/Platforms/WatchOS.platform/Developer/SDKs/WatchOS27.0.sdk -O0 -w -Xlinker -no_warn_duplicate_libraries -F/Users/admin/builder/spi-builder-workspace/.derivedData/Build/Intermediates.noindex/EagerLinkingTBDs/Debug-watchos -F/Users/admin/builder/spi-builder-workspace/.derivedData/Build/Products/Debug-watchos/PackageFrameworks -F/Users/admin/builder/spi-builder-workspace/.derivedData/Build/Products/Debug-watchos -iframework /Applications/Xcode-27.0.0-Release.Candidate.app/Contents/Developer/Platforms/WatchOS.platform/Developer/Library/Frameworks -iframework /Applications/Xcode-27.0.0-Release.Candidate.app/Contents/Developer/Platforms/WatchOS.platform/Developer/SDKs/WatchOS27.0.sdk/Developer/Library/Frameworks -filelist /Users/admin/builder/spi-builder-workspace/.derivedData/Build/Intermediates.noindex/swift-argument-parser.build/Debug-watchos/ArgumentParser-t.build/Objects-normal/arm64/ArgumentParser.LinkFileList -nostdlib -Xlinker -object_path_lto -Xlinker /Users/admin/builder/spi-builder-workspace/.derivedData/Build/Intermediates.noindex/swift-argument-parser.build/Debug-watchos/ArgumentParser-t.build/Objects-normal/arm64/ArgumentParser_lto.o -Xlinker -no_deduplicate -Xlinker -debug_variant -Xlinker -dependency_info -Xlinker /Users/admin/builder/spi-builder-workspace/.derivedData/Build/Intermediates.noindex/swift-argument-parser.build/Debug-watchos/ArgumentParser-t.build/Objects-normal/arm64/ArgumentParser_dependency_info.dat -fobjc-link-runtime -L/Applications/Xcode-27.0.0-Release.Candidate.app/Contents/Developer/Toolchains/XcodeDefault.xctoolchain/usr/lib/swift/watchos -L/usr/lib/swift -Xlinker -add_ast_path -Xlinker /Users/admin/builder/spi-builder-workspace/.derivedData/Build/Intermediates.noindex/swift-argument-parser.build/Debug-watchos/ArgumentParser-t.build/Objects-normal/arm64/ArgumentParser.swiftmodule -o /Users/admin/builder/spi-builder-workspace/.derivedData/Build/Intermediates.noindex/swift-argument-parser.build/Debug-watchos/ArgumentParser-t.build/Objects-normal/arm64/Binary/ArgumentParser.o
Ld /Users/admin/builder/spi-builder-workspace/.derivedData/Build/Intermediates.noindex/swift-argument-parser.build/Debug-watchos/ArgumentParser-t.build/Objects-normal/arm64_32/Binary/ArgumentParser.o normal arm64_32 (in target 'ArgumentParser' from project 'swift-argument-parser')
cd /Users/admin/builder/spi-builder-workspace/.dependencies/checkouts/swift-argument-parser
/Applications/Xcode-27.0.0-Release.Candidate.app/Contents/Developer/Toolchains/XcodeDefault.xctoolchain/usr/bin/clang -Xlinker -reproducible -target arm64_32-apple-watchos9.0 -r -isysroot /Applications/Xcode-27.0.0-Release.Candidate.app/Contents/Developer/Platforms/WatchOS.platform/Developer/SDKs/WatchOS27.0.sdk -O0 -w -Xlinker -no_warn_duplicate_libraries -F/Users/admin/builder/spi-builder-workspace/.derivedData/Build/Intermediates.noindex/EagerLinkingTBDs/Debug-watchos -F/Users/admin/builder/spi-builder-workspace/.derivedData/Build/Products/Debug-watchos/PackageFrameworks -F/Users/admin/builder/spi-builder-workspace/.derivedData/Build/Products/Debug-watchos -iframework /Applications/Xcode-27.0.0-Release.Candidate.app/Contents/Developer/Platforms/WatchOS.platform/Developer/Library/Frameworks -iframework /Applications/Xcode-27.0.0-Release.Candidate.app/Contents/Developer/Platforms/WatchOS.platform/Developer/SDKs/WatchOS27.0.sdk/Developer/Library/Frameworks -filelist /Users/admin/builder/spi-builder-workspace/.derivedData/Build/Intermediates.noindex/swift-argument-parser.build/Debug-watchos/ArgumentParser-t.build/Objects-normal/arm64_32/ArgumentParser.LinkFileList -nostdlib -Xlinker -object_path_lto -Xlinker /Users/admin/builder/spi-builder-workspace/.derivedData/Build/Intermediates.noindex/swift-argument-parser.build/Debug-watchos/ArgumentParser-t.build/Objects-normal/arm64_32/ArgumentParser_lto.o -Xlinker -no_deduplicate -Xlinker -debug_variant -Xlinker -dependency_info -Xlinker /Users/admin/builder/spi-builder-workspace/.derivedData/Build/Intermediates.noindex/swift-argument-parser.build/Debug-watchos/ArgumentParser-t.build/Objects-normal/arm64_32/ArgumentParser_dependency_info.dat -fobjc-link-runtime -L/Applications/Xcode-27.0.0-Release.Candidate.app/Contents/Developer/Toolchains/XcodeDefault.xctoolchain/usr/lib/swift/watchos -L/usr/lib/swift -Xlinker -add_ast_path -Xlinker /Users/admin/builder/spi-builder-workspace/.derivedData/Build/Intermediates.noindex/swift-argument-parser.build/Debug-watchos/ArgumentParser-t.build/Objects-normal/arm64_32/ArgumentParser.swiftmodule -o /Users/admin/builder/spi-builder-workspace/.derivedData/Build/Intermediates.noindex/swift-argument-parser.build/Debug-watchos/ArgumentParser-t.build/Objects-normal/arm64_32/Binary/ArgumentParser.o
SwiftDriverJobDiscovery normal arm64 Compiling ParserMacroVisitors.swift (in target 'BinaryParsingMacros' from project 'swift-binary-parsing')
SwiftDriver\ Compilation BinaryParsingMacros normal arm64 com.apple.xcode.tools.swift.compiler (in target 'BinaryParsingMacros' from project 'swift-binary-parsing')
cd /Users/admin/builder/spi-builder-workspace/.swiftpm/xcode
builtin-Swift-Compilation -- /Applications/Xcode-27.0.0-Release.Candidate.app/Contents/Developer/Toolchains/XcodeDefault.xctoolchain/usr/bin/swiftc -parse-as-library -module-name BinaryParsingMacros -Onone @/Users/admin/builder/spi-builder-workspace/.derivedData/Build/Intermediates.noindex/swift-binary-parsing.build/Debug/BinaryParsingMacros-t.build/Objects-normal/arm64/BinaryParsingMacros.SwiftFileList -DSWIFT_PACKAGE -DDEBUG -DXcode -enable-experimental-feature FreestandingMacros -enable-upcoming-feature MemberImportVisibility -I /Users/admin/builder/spi-builder-workspace/.dependencies/prebuilts/swift-syntax/602.0.0/swiftlang-6.4.0.34.1-macosx27.0-MacroSupport/Modules -I /Users/admin/builder/spi-builder-workspace/.dependencies/checkouts/swift-syntax/Sources/_SwiftLibraryPluginProviderCShims/include -I /Users/admin/builder/spi-builder-workspace/.dependencies/checkouts/swift-syntax/Sources/_SwiftSyntaxCShims/include -plugin-path /Applications/Xcode-27.0.0-Release.Candidate.app/Contents/Developer/Toolchains/XcodeDefault.xctoolchain/usr/lib/swift/host/plugins/testing -enable-experimental-feature DebugDescriptionMacro -sdk /Applications/Xcode-27.0.0-Release.Candidate.app/Contents/Developer/Platforms/MacOSX.platform/Developer/SDKs/MacOSX27.0.sdk -target arm64-apple-macos13.0 -g -module-cache-path /Users/admin/builder/spi-builder-workspace/.derivedData/ModuleCache.noindex -Xfrontend -serialize-debugging-options -profile-coverage-mapping -profile-generate -enable-testing -index-store-path /Users/admin/builder/spi-builder-workspace/.derivedData/Index.noindex/DataStore -Xcc -D_LIBCPP_HARDENING_MODE\=_LIBCPP_HARDENING_MODE_DEBUG -swift-version 6 -I /Users/admin/builder/spi-builder-workspace/.derivedData/Build/Products/Debug -Isystem /Applications/Xcode-27.0.0-Release.Candidate.app/Contents/Developer/Platforms/MacOSX.platform/Developer/usr/lib -F /Users/admin/builder/spi-builder-workspace/.derivedData/Build/Products/Debug -F /Applications/Xcode-27.0.0-Release.Candidate.app/Contents/Developer/Platforms/MacOSX.platform/Developer/Library/Frameworks -c -j10 -enable-batch-mode -incremental -Xcc -ivfsstatcache -Xcc /Users/admin/builder/spi-builder-workspace/.derivedData/SDKStatCaches.noindex/macosx27.0-26A425-e829b21a6f8c9b70876ba0858053c0446a22442a12e9d48fe1a705f55a1adfc4.sdkstatcache -output-file-map /Users/admin/builder/spi-builder-workspace/.derivedData/Build/Intermediates.noindex/swift-binary-parsing.build/Debug/BinaryParsingMacros-t.build/Objects-normal/arm64/BinaryParsingMacros-OutputFileMap.json -save-temps -no-color-diagnostics -explicit-module-build -module-cache-path /Users/admin/builder/spi-builder-workspace/.derivedData/Build/Intermediates.noindex/SwiftExplicitPrecompiledModules -clang-scanner-module-cache-path /Users/admin/builder/spi-builder-workspace/.derivedData/ModuleCache.noindex -sdk-module-cache-path /Users/admin/builder/spi-builder-workspace/.derivedData/SDKExplicitPrecompiledModules -emit-dependencies -emit-module -emit-module-path /Users/admin/builder/spi-builder-workspace/.derivedData/Build/Intermediates.noindex/swift-binary-parsing.build/Debug/BinaryParsingMacros-t.build/Objects-normal/arm64/BinaryParsingMacros.swiftmodule -serialize-diagnostics -dependency-scan-serialize-diagnostics-path /Users/admin/builder/spi-builder-workspace/.derivedData/Build/Intermediates.noindex/swift-binary-parsing.build/Debug/BinaryParsingMacros-t.build/Objects-normal/arm64/BinaryParsingMacros-dependency-scan.dia -validate-clang-modules-once -clang-build-session-file /Users/admin/builder/spi-builder-workspace/.derivedData/ModuleCache.noindex/Session.modulevalidation -Xcc -fmodules-prune-interval\=86400 -Xcc -fmodules-prune-after\=345600 -package-name spi_builder_workspace -emit-const-values -const-gather-protocols-list /Users/admin/builder/spi-builder-workspace/.derivedData/Build/Intermediates.noindex/swift-binary-parsing.build/Debug/BinaryParsingMacros-t.build/Objects-normal/arm64/BinaryParsingMacros_const_extract_protocols.json -Xcc -I/Users/admin/builder/spi-builder-workspace/.derivedData/Build/Products/Debug/include -Xcc -I/Users/admin/builder/spi-builder-workspace/.derivedData/Build/Intermediates.noindex/swift-binary-parsing.build/Debug/BinaryParsingMacros-t.build/DerivedSources-normal/arm64 -Xcc -I/Users/admin/builder/spi-builder-workspace/.derivedData/Build/Intermediates.noindex/swift-binary-parsing.build/Debug/BinaryParsingMacros-t.build/DerivedSources/arm64 -Xcc -I/Users/admin/builder/spi-builder-workspace/.derivedData/Build/Intermediates.noindex/swift-binary-parsing.build/Debug/BinaryParsingMacros-t.build/DerivedSources -Xcc -DSWIFT_PACKAGE -Xcc -DDEBUG\=1 -working-directory /Users/admin/builder/spi-builder-workspace/.swiftpm/xcode -experimental-emit-module-separately -disable-cmo
CreateUniversalBinary /Users/admin/builder/spi-builder-workspace/.derivedData/Build/Products/Debug-watchos/ArgumentParser.o normal arm64\ arm64_32 (in target 'ArgumentParser' from project 'swift-argument-parser')
cd /Users/admin/builder/spi-builder-workspace/.dependencies/checkouts/swift-argument-parser
/Applications/Xcode-27.0.0-Release.Candidate.app/Contents/Developer/Toolchains/XcodeDefault.xctoolchain/usr/bin/lipo -create /Users/admin/builder/spi-builder-workspace/.derivedData/Build/Intermediates.noindex/swift-argument-parser.build/Debug-watchos/ArgumentParser-t.build/Objects-normal/arm64/Binary/ArgumentParser.o /Users/admin/builder/spi-builder-workspace/.derivedData/Build/Intermediates.noindex/swift-argument-parser.build/Debug-watchos/ArgumentParser-t.build/Objects-normal/arm64_32/Binary/ArgumentParser.o -output /Users/admin/builder/spi-builder-workspace/.derivedData/Build/Products/Debug-watchos/ArgumentParser.o
Ld /Users/admin/builder/spi-builder-workspace/.derivedData/Build/Products/Debug/BinaryParsingMacros normal (in target 'BinaryParsingMacros' from project 'swift-binary-parsing')
cd /Users/admin/builder/spi-builder-workspace
/Applications/Xcode-27.0.0-Release.Candidate.app/Contents/Developer/Toolchains/XcodeDefault.xctoolchain/usr/bin/swiftc -Xlinker -reproducible -target arm64-apple-macos13.0 -emit-executable -sdk /Applications/Xcode-27.0.0-Release.Candidate.app/Contents/Developer/Platforms/MacOSX.platform/Developer/SDKs/MacOSX27.0.sdk -Xlinker -no_warn_duplicate_libraries -L/Users/admin/builder/spi-builder-workspace/.derivedData/Build/Intermediates.noindex/EagerLinkingTBDs/Debug -L/Users/admin/builder/spi-builder-workspace/.derivedData/Build/Products/Debug -L/Users/admin/builder/spi-builder-workspace/.dependencies/prebuilts/swift-syntax/602.0.0/swiftlang-6.4.0.34.1-macosx27.0-MacroSupport/lib -L/Applications/Xcode-27.0.0-Release.Candidate.app/Contents/Developer/Platforms/MacOSX.platform/Developer/usr/lib -F/Users/admin/builder/spi-builder-workspace/.derivedData/Build/Intermediates.noindex/EagerLinkingTBDs/Debug -F/Users/admin/builder/spi-builder-workspace/.derivedData/Build/Products/Debug -Fsystem /Applications/Xcode-27.0.0-Release.Candidate.app/Contents/Developer/Platforms/MacOSX.platform/Developer/Library/Frameworks @/Users/admin/builder/spi-builder-workspace/.derivedData/Build/Intermediates.noindex/swift-binary-parsing.build/Debug/BinaryParsingMacros-t.build/Objects-normal/arm64/BinaryParsingMacros.LinkFileList -Xlinker -rpath -Xlinker /usr/lib/swift -Xlinker -object_path_lto -Xlinker /Users/admin/builder/spi-builder-workspace/.derivedData/Build/Intermediates.noindex/swift-binary-parsing.build/Debug/BinaryParsingMacros-t.build/Objects-normal/arm64/BinaryParsingMacros_lto.o -Xclang-linker -rdynamic -Xlinker -no_deduplicate -Xlinker -debug_variant -Xlinker -dependency_info -Xlinker /Users/admin/builder/spi-builder-workspace/.derivedData/Build/Intermediates.noindex/swift-binary-parsing.build/Debug/BinaryParsingMacros-t.build/Objects-normal/arm64/BinaryParsingMacros_dependency_info.dat -link-objc-runtime -profile-generate -L/Applications/Xcode-27.0.0-Release.Candidate.app/Contents/Developer/Toolchains/XcodeDefault.xctoolchain/usr/lib/swift/macosx -L/usr/lib/swift -Xlinker -add_ast_path -Xlinker /Users/admin/builder/spi-builder-workspace/.derivedData/Build/Intermediates.noindex/swift-binary-parsing.build/Debug/BinaryParsingMacros-t.build/Objects-normal/arm64/BinaryParsingMacros.swiftmodule -lMacroSupport -o /Users/admin/builder/spi-builder-workspace/.derivedData/Build/Products/Debug/BinaryParsingMacros -no-stdlib-rpath
ExtractAppIntentsMetadata (in target 'ArgumentParser' from project 'swift-argument-parser')
cd /Users/admin/builder/spi-builder-workspace/.dependencies/checkouts/swift-argument-parser
/Applications/Xcode-27.0.0-Release.Candidate.app/Contents/Developer/Toolchains/XcodeDefault.xctoolchain/usr/bin/appintentsmetadataprocessor --toolchain-dir /var/run/com.apple.security.cryptexd/mnt/com.apple.MobileAsset.MetalToolchain-v27.1.266.1.v2deqz/Metal.xctoolchain --module-name ArgumentParser --sdk-root /Applications/Xcode-27.0.0-Release.Candidate.app/Contents/Developer/Platforms/WatchOS.platform/Developer/SDKs/WatchOS27.0.sdk --xcode-version 27A266a --platform-family watchOS --deployment-target 9.0 --bundle-identifier swift-argument-parser.ArgumentParser --output /Users/admin/builder/spi-builder-workspace/.derivedData/Build/Products/Debug-watchos/ArgumentParser.appintents --target-triple arm64-apple-watchos9.0 --target-triple arm64_32-apple-watchos9.0 --binary-file /Users/admin/builder/spi-builder-workspace/.derivedData/Build/Products/Debug-watchos/ArgumentParser.o --dependency-file /Users/admin/builder/spi-builder-workspace/.derivedData/Build/Intermediates.noindex/swift-argument-parser.build/Debug-watchos/ArgumentParser-t.build/Objects-normal/arm64/ArgumentParser_dependency_info.dat --dependency-file /Users/admin/builder/spi-builder-workspace/.derivedData/Build/Intermediates.noindex/swift-argument-parser.build/Debug-watchos/ArgumentParser-t.build/Objects-normal/arm64_32/ArgumentParser_dependency_info.dat --stringsdata-file /Users/admin/builder/spi-builder-workspace/.derivedData/Build/Intermediates.noindex/swift-argument-parser.build/Debug-watchos/ArgumentParser-t.build/Objects-normal/arm64/ExtractedAppShortcutsMetadata.stringsdata --stringsdata-file /Users/admin/builder/spi-builder-workspace/.derivedData/Build/Intermediates.noindex/swift-argument-parser.build/Debug-watchos/ArgumentParser-t.build/Objects-normal/arm64_32/ExtractedAppShortcutsMetadata.stringsdata --source-file-list /Users/admin/builder/spi-builder-workspace/.derivedData/Build/Intermediates.noindex/swift-argument-parser.build/Debug-watchos/ArgumentParser-t.build/Objects-normal/arm64/ArgumentParser.SwiftFileList --source-file-list /Users/admin/builder/spi-builder-workspace/.derivedData/Build/Intermediates.noindex/swift-argument-parser.build/Debug-watchos/ArgumentParser-t.build/Objects-normal/arm64_32/ArgumentParser.SwiftFileList --metadata-file-list /Users/admin/builder/spi-builder-workspace/.derivedData/Build/Intermediates.noindex/swift-argument-parser.build/Debug-watchos/ArgumentParser-t.build/ArgumentParser.DependencyMetadataFileList --static-metadata-file-list /Users/admin/builder/spi-builder-workspace/.derivedData/Build/Intermediates.noindex/swift-argument-parser.build/Debug-watchos/ArgumentParser-t.build/ArgumentParser.DependencyStaticMetadataFileList --swift-const-vals-list /Users/admin/builder/spi-builder-workspace/.derivedData/Build/Intermediates.noindex/swift-argument-parser.build/Debug-watchos/ArgumentParser-t.build/Objects-normal/arm64/ArgumentParser.SwiftConstValuesFileList --swift-const-vals-list /Users/admin/builder/spi-builder-workspace/.derivedData/Build/Intermediates.noindex/swift-argument-parser.build/Debug-watchos/ArgumentParser-t.build/Objects-normal/arm64_32/ArgumentParser.SwiftConstValuesFileList --force --compile-time-extraction --deployment-aware-processing --no-app-shortcuts-localization
2026-09-23 07:37:06.763 appintentsmetadataprocessor[1468:8485] Starting appintentsmetadataprocessor export
2026-09-23 07:37:06.825 appintentsmetadataprocessor[1468:8485] Extracted no relevant App Intents symbols, skipping writing output
RegisterExecutionPolicyException /Users/admin/builder/spi-builder-workspace/.derivedData/Build/Products/Debug/BinaryParsingMacros (in target 'BinaryParsingMacros' from project 'swift-binary-parsing')
cd /Users/admin/builder/spi-builder-workspace
builtin-RegisterExecutionPolicyException /Users/admin/builder/spi-builder-workspace/.derivedData/Build/Products/Debug/BinaryParsingMacros
SwiftDriver BinaryParsing normal arm64_32 com.apple.xcode.tools.swift.compiler (in target 'BinaryParsing' from project 'swift-binary-parsing')
cd /Users/admin/builder/spi-builder-workspace/.swiftpm/xcode
builtin-SwiftDriver -- /Applications/Xcode-27.0.0-Release.Candidate.app/Contents/Developer/Toolchains/XcodeDefault.xctoolchain/usr/bin/swiftc -parse-as-library -module-name BinaryParsing -Onone @/Users/admin/builder/spi-builder-workspace/.derivedData/Build/Intermediates.noindex/swift-binary-parsing.build/Debug-watchos/BinaryParsing-t.build/Objects-normal/arm64_32/BinaryParsing.SwiftFileList -DSWIFT_PACKAGE -DDEBUG -DSWIFT_MODULE_RESOURCE_BUNDLE_UNAVAILABLE -DXcode -enable-experimental-feature ValueGenerics -enable-experimental-feature Lifetimes -strict-memory-safety -plugin-path /Applications/Xcode-27.0.0-Release.Candidate.app/Contents/Developer/Toolchains/XcodeDefault.xctoolchain/usr/lib/swift/host/plugins/testing -enable-experimental-feature DebugDescriptionMacro -sdk /Applications/Xcode-27.0.0-Release.Candidate.app/Contents/Developer/Platforms/WatchOS.platform/Developer/SDKs/WatchOS27.0.sdk -target arm64_32-apple-watchos9.0 -g -module-cache-path /Users/admin/builder/spi-builder-workspace/.derivedData/ModuleCache.noindex -Xfrontend -serialize-debugging-options -profile-coverage-mapping -profile-generate -enable-testing -index-store-path /Users/admin/builder/spi-builder-workspace/.derivedData/Index.noindex/DataStore -Xcc -D_LIBCPP_HARDENING_MODE\=_LIBCPP_HARDENING_MODE_DEBUG -swift-version 6 -I /Users/admin/builder/spi-builder-workspace/.derivedData/Build/Products/Debug-watchos -Isystem /Applications/Xcode-27.0.0-Release.Candidate.app/Contents/Developer/Platforms/WatchOS.platform/Developer/usr/lib -F /Users/admin/builder/spi-builder-workspace/.derivedData/Build/Products/Debug-watchos -F /Applications/Xcode-27.0.0-Release.Candidate.app/Contents/Developer/Platforms/WatchOS.platform/Developer/Library/Frameworks -F /Applications/Xcode-27.0.0-Release.Candidate.app/Contents/Developer/Platforms/WatchOS.platform/Developer/SDKs/WatchOS27.0.sdk/Developer/Library/Frameworks -Xfrontend -load-plugin-executable -Xfrontend /Users/admin/builder/spi-builder-workspace/.derivedData/Build/Products/Debug/BinaryParsingMacros\#BinaryParsingMacros -c -j10 -enable-batch-mode -incremental -Xcc -ivfsstatcache -Xcc /Users/admin/builder/spi-builder-workspace/.derivedData/SDKStatCaches.noindex/watchos27.0-24R360-e829b21a6f8c9b70876ba0858053c04477534ef55a1706bf4c1112bbb242f0a2.sdkstatcache -output-file-map /Users/admin/builder/spi-builder-workspace/.derivedData/Build/Intermediates.noindex/swift-binary-parsing.build/Debug-watchos/BinaryParsing-t.build/Objects-normal/arm64_32/BinaryParsing-OutputFileMap.json -save-temps -no-color-diagnostics -explicit-module-build -module-cache-path /Users/admin/builder/spi-builder-workspace/.derivedData/Build/Intermediates.noindex/SwiftExplicitPrecompiledModules -clang-scanner-module-cache-path /Users/admin/builder/spi-builder-workspace/.derivedData/ModuleCache.noindex -sdk-module-cache-path /Users/admin/builder/spi-builder-workspace/.derivedData/SDKExplicitPrecompiledModules -emit-dependencies -emit-module -emit-module-path /Users/admin/builder/spi-builder-workspace/.derivedData/Build/Intermediates.noindex/swift-binary-parsing.build/Debug-watchos/BinaryParsing-t.build/Objects-normal/arm64_32/BinaryParsing.swiftmodule -serialize-diagnostics -dependency-scan-serialize-diagnostics-path /Users/admin/builder/spi-builder-workspace/.derivedData/Build/Intermediates.noindex/swift-binary-parsing.build/Debug-watchos/BinaryParsing-t.build/Objects-normal/arm64_32/BinaryParsing-dependency-scan.dia -validate-clang-modules-once -clang-build-session-file /Users/admin/builder/spi-builder-workspace/.derivedData/ModuleCache.noindex/Session.modulevalidation -Xcc -fmodules-prune-interval\=86400 -Xcc -fmodules-prune-after\=345600 -package-name spi_builder_workspace -emit-const-values -const-gather-protocols-list /Users/admin/builder/spi-builder-workspace/.derivedData/Build/Intermediates.noindex/swift-binary-parsing.build/Debug-watchos/BinaryParsing-t.build/Objects-normal/arm64_32/BinaryParsing_const_extract_protocols.json -Xcc -I/Users/admin/builder/spi-builder-workspace/.derivedData/Build/Products/Debug-watchos/include -Xcc -I/Users/admin/builder/spi-builder-workspace/.derivedData/Build/Intermediates.noindex/swift-binary-parsing.build/Debug-watchos/BinaryParsing-t.build/DerivedSources-normal/arm64_32 -Xcc -I/Users/admin/builder/spi-builder-workspace/.derivedData/Build/Intermediates.noindex/swift-binary-parsing.build/Debug-watchos/BinaryParsing-t.build/DerivedSources/arm64_32 -Xcc -I/Users/admin/builder/spi-builder-workspace/.derivedData/Build/Intermediates.noindex/swift-binary-parsing.build/Debug-watchos/BinaryParsing-t.build/DerivedSources -Xcc -DSWIFT_PACKAGE -Xcc -DDEBUG\=1 -emit-objc-header -emit-objc-header-path /Users/admin/builder/spi-builder-workspace/.derivedData/Build/Intermediates.noindex/swift-binary-parsing.build/Debug-watchos/BinaryParsing-t.build/Objects-normal/arm64_32/BinaryParsing-Swift.h -working-directory /Users/admin/builder/spi-builder-workspace/.swiftpm/xcode -experimental-emit-module-separately -disable-cmo
SwiftDriver BinaryParsing normal arm64 com.apple.xcode.tools.swift.compiler (in target 'BinaryParsing' from project 'swift-binary-parsing')
cd /Users/admin/builder/spi-builder-workspace/.swiftpm/xcode
builtin-SwiftDriver -- /Applications/Xcode-27.0.0-Release.Candidate.app/Contents/Developer/Toolchains/XcodeDefault.xctoolchain/usr/bin/swiftc -parse-as-library -module-name BinaryParsing -Onone @/Users/admin/builder/spi-builder-workspace/.derivedData/Build/Intermediates.noindex/swift-binary-parsing.build/Debug-watchos/BinaryParsing-t.build/Objects-normal/arm64/BinaryParsing.SwiftFileList -DSWIFT_PACKAGE -DDEBUG -DSWIFT_MODULE_RESOURCE_BUNDLE_UNAVAILABLE -DXcode -enable-experimental-feature ValueGenerics -enable-experimental-feature Lifetimes -strict-memory-safety -plugin-path /Applications/Xcode-27.0.0-Release.Candidate.app/Contents/Developer/Toolchains/XcodeDefault.xctoolchain/usr/lib/swift/host/plugins/testing -enable-experimental-feature DebugDescriptionMacro -sdk /Applications/Xcode-27.0.0-Release.Candidate.app/Contents/Developer/Platforms/WatchOS.platform/Developer/SDKs/WatchOS27.0.sdk -target arm64-apple-watchos9.0 -g -module-cache-path /Users/admin/builder/spi-builder-workspace/.derivedData/ModuleCache.noindex -Xfrontend -serialize-debugging-options -profile-coverage-mapping -profile-generate -enable-testing -index-store-path /Users/admin/builder/spi-builder-workspace/.derivedData/Index.noindex/DataStore -Xcc -D_LIBCPP_HARDENING_MODE\=_LIBCPP_HARDENING_MODE_DEBUG -swift-version 6 -I /Users/admin/builder/spi-builder-workspace/.derivedData/Build/Products/Debug-watchos -Isystem /Applications/Xcode-27.0.0-Release.Candidate.app/Contents/Developer/Platforms/WatchOS.platform/Developer/usr/lib -F /Users/admin/builder/spi-builder-workspace/.derivedData/Build/Products/Debug-watchos -F /Applications/Xcode-27.0.0-Release.Candidate.app/Contents/Developer/Platforms/WatchOS.platform/Developer/Library/Frameworks -F /Applications/Xcode-27.0.0-Release.Candidate.app/Contents/Developer/Platforms/WatchOS.platform/Developer/SDKs/WatchOS27.0.sdk/Developer/Library/Frameworks -Xfrontend -load-plugin-executable -Xfrontend /Users/admin/builder/spi-builder-workspace/.derivedData/Build/Products/Debug/BinaryParsingMacros\#BinaryParsingMacros -c -j10 -enable-batch-mode -incremental -Xcc -ivfsstatcache -Xcc /Users/admin/builder/spi-builder-workspace/.derivedData/SDKStatCaches.noindex/watchos27.0-24R360-e829b21a6f8c9b70876ba0858053c04477534ef55a1706bf4c1112bbb242f0a2.sdkstatcache -output-file-map /Users/admin/builder/spi-builder-workspace/.derivedData/Build/Intermediates.noindex/swift-binary-parsing.build/Debug-watchos/BinaryParsing-t.build/Objects-normal/arm64/BinaryParsing-OutputFileMap.json -save-temps -no-color-diagnostics -explicit-module-build -module-cache-path /Users/admin/builder/spi-builder-workspace/.derivedData/Build/Intermediates.noindex/SwiftExplicitPrecompiledModules -clang-scanner-module-cache-path /Users/admin/builder/spi-builder-workspace/.derivedData/ModuleCache.noindex -sdk-module-cache-path /Users/admin/builder/spi-builder-workspace/.derivedData/SDKExplicitPrecompiledModules -emit-dependencies -emit-module -emit-module-path /Users/admin/builder/spi-builder-workspace/.derivedData/Build/Intermediates.noindex/swift-binary-parsing.build/Debug-watchos/BinaryParsing-t.build/Objects-normal/arm64/BinaryParsing.swiftmodule -serialize-diagnostics -dependency-scan-serialize-diagnostics-path /Users/admin/builder/spi-builder-workspace/.derivedData/Build/Intermediates.noindex/swift-binary-parsing.build/Debug-watchos/BinaryParsing-t.build/Objects-normal/arm64/BinaryParsing-dependency-scan.dia -validate-clang-modules-once -clang-build-session-file /Users/admin/builder/spi-builder-workspace/.derivedData/ModuleCache.noindex/Session.modulevalidation -Xcc -fmodules-prune-interval\=86400 -Xcc -fmodules-prune-after\=345600 -package-name spi_builder_workspace -emit-const-values -const-gather-protocols-list /Users/admin/builder/spi-builder-workspace/.derivedData/Build/Intermediates.noindex/swift-binary-parsing.build/Debug-watchos/BinaryParsing-t.build/Objects-normal/arm64/BinaryParsing_const_extract_protocols.json -Xcc -I/Users/admin/builder/spi-builder-workspace/.derivedData/Build/Products/Debug-watchos/include -Xcc -I/Users/admin/builder/spi-builder-workspace/.derivedData/Build/Intermediates.noindex/swift-binary-parsing.build/Debug-watchos/BinaryParsing-t.build/DerivedSources-normal/arm64 -Xcc -I/Users/admin/builder/spi-builder-workspace/.derivedData/Build/Intermediates.noindex/swift-binary-parsing.build/Debug-watchos/BinaryParsing-t.build/DerivedSources/arm64 -Xcc -I/Users/admin/builder/spi-builder-workspace/.derivedData/Build/Intermediates.noindex/swift-binary-parsing.build/Debug-watchos/BinaryParsing-t.build/DerivedSources -Xcc -DSWIFT_PACKAGE -Xcc -DDEBUG\=1 -emit-objc-header -emit-objc-header-path /Users/admin/builder/spi-builder-workspace/.derivedData/Build/Intermediates.noindex/swift-binary-parsing.build/Debug-watchos/BinaryParsing-t.build/Objects-normal/arm64/BinaryParsing-Swift.h -working-directory /Users/admin/builder/spi-builder-workspace/.swiftpm/xcode -experimental-emit-module-separately -disable-cmo
SwiftCompile normal arm64 Compiling\ Macros.swift,\ MagicNumber.swift /Users/admin/builder/spi-builder-workspace/Sources/BinaryParsing/Macros/Macros.swift /Users/admin/builder/spi-builder-workspace/Sources/BinaryParsing/Macros/MagicNumber.swift (in target 'BinaryParsing' from project 'swift-binary-parsing')
SwiftCompile normal arm64 /Users/admin/builder/spi-builder-workspace/Sources/BinaryParsing/Macros/Macros.swift (in target 'BinaryParsing' from project 'swift-binary-parsing')
cd /Users/admin/builder/spi-builder-workspace/.swiftpm/xcode
builtin-SwiftPerFileCompile Macros.swift
SwiftCompile normal arm64 /Users/admin/builder/spi-builder-workspace/Sources/BinaryParsing/Macros/MagicNumber.swift (in target 'BinaryParsing' from project 'swift-binary-parsing')
cd /Users/admin/builder/spi-builder-workspace/.swiftpm/xcode
builtin-SwiftPerFileCompile MagicNumber.swift
SwiftCompile normal arm64 Compiling\ ParserRange.swift,\ ParserSource.swift /Users/admin/builder/spi-builder-workspace/Sources/BinaryParsing/Parser\ Types/ParserRange.swift /Users/admin/builder/spi-builder-workspace/Sources/BinaryParsing/Parser\ Types/ParserSource.swift (in target 'BinaryParsing' from project 'swift-binary-parsing')
SwiftCompile normal arm64 /Users/admin/builder/spi-builder-workspace/Sources/BinaryParsing/Parser\ Types/ParserRange.swift (in target 'BinaryParsing' from project 'swift-binary-parsing')
cd /Users/admin/builder/spi-builder-workspace/.swiftpm/xcode
builtin-SwiftPerFileCompile ParserRange.swift
SwiftCompile normal arm64 /Users/admin/builder/spi-builder-workspace/Sources/BinaryParsing/Parser\ Types/ParserSource.swift (in target 'BinaryParsing' from project 'swift-binary-parsing')
cd /Users/admin/builder/spi-builder-workspace/.swiftpm/xcode
builtin-SwiftPerFileCompile ParserSource.swift
SwiftCompile normal arm64 Compiling\ OptionalOperations.swift,\ Optionators.swift /Users/admin/builder/spi-builder-workspace/Sources/BinaryParsing/Operations/OptionalOperations.swift /Users/admin/builder/spi-builder-workspace/Sources/BinaryParsing/Operations/Optionators.swift (in target 'BinaryParsing' from project 'swift-binary-parsing')
/Users/admin/builder/spi-builder-workspace/Sources/BinaryParsing/Parsers/Integer.swift:39:4: error: invalid lifetime dependence on an Escapable result
37 | @unsafe
38 | @inlinable
39 | @_lifetime(&input)
| `- error: invalid lifetime dependence on an Escapable result
40 | init(
41 | _unchecked _: Void,
/Users/admin/builder/spi-builder-workspace/Sources/BinaryParsing/Parsers/Integer.swift:48:4: error: invalid lifetime dependence on an Escapable result
46 |
47 | @inlinable
48 | @_lifetime(&input)
| `- error: invalid lifetime dependence on an Escapable result
49 | init(
50 | _parsingBigEndian input: inout ParserSpan
/Users/admin/builder/spi-builder-workspace/Sources/BinaryParsing/Parsers/Integer.swift:58:4: error: invalid lifetime dependence on an Escapable result
56 | @unsafe
57 | @inlinable
58 | @_lifetime(&input)
| `- error: invalid lifetime dependence on an Escapable result
59 | init(
60 | _unchecked _: Void,
/Users/admin/builder/spi-builder-workspace/Sources/BinaryParsing/Parsers/Integer.swift:67:4: error: invalid lifetime dependence on an Escapable result
65 |
66 | @inlinable
67 | @_lifetime(&input)
| `- error: invalid lifetime dependence on an Escapable result
68 | init(_parsingLittleEndian input: inout ParserSpan) throws(ParsingError) {
69 | try input._checkCount(minimum: MemoryLayout<Self>.size)
/Users/admin/builder/spi-builder-workspace/Sources/BinaryParsing/Parsers/Integer.swift:75:4: error: invalid lifetime dependence on an Escapable result
73 | @unsafe
74 | @inlinable
75 | @_lifetime(&input)
| `- error: invalid lifetime dependence on an Escapable result
76 | init(
77 | _unchecked _: Void,
/Users/admin/builder/spi-builder-workspace/Sources/BinaryParsing/Parsers/Integer.swift:113:4: error: invalid lifetime dependence on an Escapable result
111 | @unsafe
112 | @inlinable
113 | @_lifetime(&input)
| `- error: invalid lifetime dependence on an Escapable result
114 | init(
115 | _unchecked _: Void,
/Users/admin/builder/spi-builder-workspace/Sources/BinaryParsing/Parsers/Integer.swift:136:4: error: invalid lifetime dependence on an Escapable result
134 | @unsafe
135 | @inlinable
136 | @_lifetime(&input)
| `- error: invalid lifetime dependence on an Escapable result
137 | init(
138 | _unchecked _: Void,
/Users/admin/builder/spi-builder-workspace/Sources/BinaryParsing/Parsers/Integer.swift:198:4: error: invalid lifetime dependence on an Escapable result
196 | @unsafe
197 | @inlinable
198 | @_lifetime(&input)
| `- error: invalid lifetime dependence on an Escapable result
199 | init(
200 | _unchecked _: Void,
/Users/admin/builder/spi-builder-workspace/Sources/BinaryParsing/Parsers/Integer.swift:235:4: error: invalid lifetime dependence on an Escapable result
233 | @unsafe
234 | @inlinable
235 | @_lifetime(&input)
| `- error: invalid lifetime dependence on an Escapable result
236 | init(
237 | _unchecked _: Void,
/Users/admin/builder/spi-builder-workspace/Sources/BinaryParsing/Parsers/Integer.swift:265:4: error: invalid lifetime dependence on an Escapable result
263 |
264 | @inlinable
265 | @_lifetime(&input)
| `- error: invalid lifetime dependence on an Escapable result
266 | init(
267 | _parsing input: inout ParserSpan,
/Users/admin/builder/spi-builder-workspace/Sources/BinaryParsing/Parsers/Integer.swift:399:4: error: invalid lifetime dependence on an Escapable result
397 | @unsafe
398 | @inlinable
399 | @_lifetime(&input)
| `- error: invalid lifetime dependence on an Escapable result
400 | public init(
401 | _unchecked _: Void, parsingBigEndian input: inout ParserSpan, byteCount: Int
/Users/admin/builder/spi-builder-workspace/Sources/BinaryParsing/Parsers/Integer.swift:423:4: error: invalid lifetime dependence on an Escapable result
421 | /// bytes, or if the parsed value overflows this integer type.
422 | @inlinable
423 | @_lifetime(&input)
| `- error: invalid lifetime dependence on an Escapable result
424 | public init(parsingBigEndian input: inout ParserSpan, byteCount: Int)
425 | throws(ParsingError)
/Users/admin/builder/spi-builder-workspace/Sources/BinaryParsing/Parsers/Integer.swift:432:4: error: invalid lifetime dependence on an Escapable result
430 | @unsafe
431 | @inlinable
432 | @_lifetime(&input)
| `- error: invalid lifetime dependence on an Escapable result
433 | public init(
434 | _unchecked _: Void, parsingLittleEndian input: inout ParserSpan,
/Users/admin/builder/spi-builder-workspace/Sources/BinaryParsing/Parsers/Integer.swift:458:4: error: invalid lifetime dependence on an Escapable result
456 | /// bytes, or if the parsed value overflows this integer type.
457 | @inlinable
458 | @_lifetime(&input)
| `- error: invalid lifetime dependence on an Escapable result
459 | public init(parsingLittleEndian input: inout ParserSpan, byteCount: Int)
460 | throws(ParsingError)
/Users/admin/builder/spi-builder-workspace/Sources/BinaryParsing/Parsers/Integer.swift:467:4: error: invalid lifetime dependence on an Escapable result
465 | @unsafe
466 | @inlinable
467 | @_lifetime(&input)
| `- error: invalid lifetime dependence on an Escapable result
468 | public init(
469 | _unchecked _: Void, parsing input: inout ParserSpan, endianness: Endianness,
/Users/admin/builder/spi-builder-workspace/Sources/BinaryParsing/Parsers/Integer.swift:495:4: error: invalid lifetime dependence on an Escapable result
493 | /// padding bytes are invalid.
494 | @inlinable
495 | @_lifetime(&input)
| `- error: invalid lifetime dependence on an Escapable result
496 | public init(
497 | parsing input: inout ParserSpan, endianness: Endianness, byteCount: Int
/Users/admin/builder/spi-builder-workspace/Sources/BinaryParsing/Parsers/Integer.swift:505:4: error: invalid lifetime dependence on an Escapable result
503 | @unsafe
504 | @inlinable
505 | @_lifetime(&input)
| `- error: invalid lifetime dependence on an Escapable result
506 | public init<T: MultiByteInteger>(
507 | _unchecked _: Void,
SwiftCompile normal arm64 /Users/admin/builder/spi-builder-workspace/Sources/BinaryParsing/Operations/OptionalOperations.swift (in target 'BinaryParsing' from project 'swift-binary-parsing')
cd /Users/admin/builder/spi-builder-workspace/.swiftpm/xcode
builtin-SwiftPerFileCompile OptionalOperations.swift
SwiftCompile normal arm64 /Users/admin/builder/spi-builder-workspace/Sources/BinaryParsing/Operations/Optionators.swift (in target 'BinaryParsing' from project 'swift-binary-parsing')
cd /Users/admin/builder/spi-builder-workspace/.swiftpm/xcode
builtin-SwiftPerFileCompile Optionators.swift
SwiftCompile normal arm64 Compiling\ Array.swift,\ Data.swift /Users/admin/builder/spi-builder-workspace/Sources/BinaryParsing/Parsers/Array.swift /Users/admin/builder/spi-builder-workspace/Sources/BinaryParsing/Parsers/Data.swift (in target 'BinaryParsing' from project 'swift-binary-parsing')
/Users/admin/builder/spi-builder-workspace/Sources/BinaryParsing/Parsers/Array.swift:20:4: error: invalid lifetime dependence on an Escapable result
18 | /// - Parameter input: The `ParserSpan` to consume.
19 | @inlinable
20 | @_lifetime(&input)
| `- error: invalid lifetime dependence on an Escapable result
21 | public init(parsingRemainingBytes input: inout ParserSpan) {
22 | defer { _ = input.divide(atOffset: input.count) }
/Users/admin/builder/spi-builder-workspace/Sources/BinaryParsing/Parsers/Array.swift:37:4: error: invalid lifetime dependence on an Escapable result
35 | /// bytes remaining.
36 | @inlinable
37 | @_lifetime(&input)
| `- error: invalid lifetime dependence on an Escapable result
38 | public init(parsing input: inout ParserSpan, byteCount: Int)
39 | throws(ParsingError)
/Users/admin/builder/spi-builder-workspace/Sources/BinaryParsing/Parsers/Array.swift:77:4: error: invalid lifetime dependence on an Escapable result
75 | /// representable.
76 | @inlinable
77 | @_lifetime(&input)
| `- error: invalid lifetime dependence on an Escapable result
78 | public init(
79 | parsing input: inout ParserSpan,
/Users/admin/builder/spi-builder-workspace/Sources/BinaryParsing/Parsers/Array.swift:122:4: error: invalid lifetime dependence on an Escapable result
120 | /// - Throws: An error if one is thrown from `parser`.
121 | @inlinable
122 | @_lifetime(&input)
| `- error: invalid lifetime dependence on an Escapable result
123 | public init(
124 | parsing input: inout ParserSpan,
/Users/admin/builder/spi-builder-workspace/Sources/BinaryParsing/Parsers/Array.swift:164:4: error: invalid lifetime dependence on an Escapable result
162 | /// - Throws: An error if one is thrown from `parser`.
163 | @inlinable
164 | @_lifetime(&input)
| `- error: invalid lifetime dependence on an Escapable result
165 | public init<E>(
166 | parsingAll input: inout ParserSpan,
/Users/admin/builder/spi-builder-workspace/Sources/BinaryParsing/Parsers/Integer.swift:39:4: error: invalid lifetime dependence on an Escapable result
37 | @unsafe
38 | @inlinable
39 | @_lifetime(&input)
| `- error: invalid lifetime dependence on an Escapable result
40 | init(
41 | _unchecked _: Void,
/Users/admin/builder/spi-builder-workspace/Sources/BinaryParsing/Parsers/Integer.swift:48:4: error: invalid lifetime dependence on an Escapable result
46 |
47 | @inlinable
48 | @_lifetime(&input)
| `- error: invalid lifetime dependence on an Escapable result
49 | init(
50 | _parsingBigEndian input: inout ParserSpan
/Users/admin/builder/spi-builder-workspace/Sources/BinaryParsing/Parsers/Integer.swift:58:4: error: invalid lifetime dependence on an Escapable result
56 | @unsafe
57 | @inlinable
58 | @_lifetime(&input)
| `- error: invalid lifetime dependence on an Escapable result
59 | init(
60 | _unchecked _: Void,
/Users/admin/builder/spi-builder-workspace/Sources/BinaryParsing/Parsers/Integer.swift:67:4: error: invalid lifetime dependence on an Escapable result
65 |
66 | @inlinable
67 | @_lifetime(&input)
| `- error: invalid lifetime dependence on an Escapable result
68 | init(_parsingLittleEndian input: inout ParserSpan) throws(ParsingError) {
69 | try input._checkCount(minimum: MemoryLayout<Self>.size)
/Users/admin/builder/spi-builder-workspace/Sources/BinaryParsing/Parsers/Integer.swift:75:4: error: invalid lifetime dependence on an Escapable result
73 | @unsafe
74 | @inlinable
75 | @_lifetime(&input)
| `- error: invalid lifetime dependence on an Escapable result
76 | init(
77 | _unchecked _: Void,
/Users/admin/builder/spi-builder-workspace/Sources/BinaryParsing/Parsers/Integer.swift:113:4: error: invalid lifetime dependence on an Escapable result
111 | @unsafe
112 | @inlinable
113 | @_lifetime(&input)
| `- error: invalid lifetime dependence on an Escapable result
114 | init(
115 | _unchecked _: Void,
/Users/admin/builder/spi-builder-workspace/Sources/BinaryParsing/Parsers/Integer.swift:136:4: error: invalid lifetime dependence on an Escapable result
134 | @unsafe
135 | @inlinable
136 | @_lifetime(&input)
| `- error: invalid lifetime dependence on an Escapable result
137 | init(
138 | _unchecked _: Void,
/Users/admin/builder/spi-builder-workspace/Sources/BinaryParsing/Parsers/Integer.swift:198:4: error: invalid lifetime dependence on an Escapable result
196 | @unsafe
197 | @inlinable
198 | @_lifetime(&input)
| `- error: invalid lifetime dependence on an Escapable result
199 | init(
200 | _unchecked _: Void,
/Users/admin/builder/spi-builder-workspace/Sources/BinaryParsing/Parsers/Integer.swift:235:4: error: invalid lifetime dependence on an Escapable result
233 | @unsafe
234 | @inlinable
235 | @_lifetime(&input)
| `- error: invalid lifetime dependence on an Escapable result
236 | init(
237 | _unchecked _: Void,
/Users/admin/builder/spi-builder-workspace/Sources/BinaryParsing/Parsers/Integer.swift:265:4: error: invalid lifetime dependence on an Escapable result
263 |
264 | @inlinable
265 | @_lifetime(&input)
| `- error: invalid lifetime dependence on an Escapable result
266 | init(
267 | _parsing input: inout ParserSpan,
/Users/admin/builder/spi-builder-workspace/Sources/BinaryParsing/Parsers/Integer.swift:399:4: error: invalid lifetime dependence on an Escapable result
397 | @unsafe
398 | @inlinable
399 | @_lifetime(&input)
| `- error: invalid lifetime dependence on an Escapable result
400 | public init(
401 | _unchecked _: Void, parsingBigEndian input: inout ParserSpan, byteCount: Int
/Users/admin/builder/spi-builder-workspace/Sources/BinaryParsing/Parsers/Integer.swift:423:4: error: invalid lifetime dependence on an Escapable result
421 | /// bytes, or if the parsed value overflows this integer type.
422 | @inlinable
423 | @_lifetime(&input)
| `- error: invalid lifetime dependence on an Escapable result
424 | public init(parsingBigEndian input: inout ParserSpan, byteCount: Int)
425 | throws(ParsingError)
/Users/admin/builder/spi-builder-workspace/Sources/BinaryParsing/Parsers/Integer.swift:432:4: error: invalid lifetime dependence on an Escapable result
430 | @unsafe
431 | @inlinable
432 | @_lifetime(&input)
| `- error: invalid lifetime dependence on an Escapable result
433 | public init(
434 | _unchecked _: Void, parsingLittleEndian input: inout ParserSpan,
/Users/admin/builder/spi-builder-workspace/Sources/BinaryParsing/Parsers/Integer.swift:458:4: error: invalid lifetime dependence on an Escapable result
456 | /// bytes, or if the parsed value overflows this integer type.
457 | @inlinable
458 | @_lifetime(&input)
| `- error: invalid lifetime dependence on an Escapable result
459 | public init(parsingLittleEndian input: inout ParserSpan, byteCount: Int)
460 | throws(ParsingError)
/Users/admin/builder/spi-builder-workspace/Sources/BinaryParsing/Parsers/Integer.swift:467:4: error: invalid lifetime dependence on an Escapable result
465 | @unsafe
466 | @inlinable
467 | @_lifetime(&input)
| `- error: invalid lifetime dependence on an Escapable result
468 | public init(
469 | _unchecked _: Void, parsing input: inout ParserSpan, endianness: Endianness,
SwiftCompile normal arm64 /Users/admin/builder/spi-builder-workspace/Sources/BinaryParsing/Parsers/Array.swift (in target 'BinaryParsing' from project 'swift-binary-parsing')
cd /Users/admin/builder/spi-builder-workspace/.swiftpm/xcode
builtin-SwiftPerFileCompile Array.swift
SwiftCompile normal arm64 /Users/admin/builder/spi-builder-workspace/Sources/BinaryParsing/Parsers/Data.swift (in target 'BinaryParsing' from project 'swift-binary-parsing')
cd /Users/admin/builder/spi-builder-workspace/.swiftpm/xcode
builtin-SwiftPerFileCompile Data.swift
SwiftCompile normal arm64 Compiling\ ThrowingOperations.swift,\ Endianness.swift /Users/admin/builder/spi-builder-workspace/Sources/BinaryParsing/Operations/ThrowingOperations.swift /Users/admin/builder/spi-builder-workspace/Sources/BinaryParsing/Parser\ Types/Endianness.swift (in target 'BinaryParsing' from project 'swift-binary-parsing')
SwiftCompile normal arm64 /Users/admin/builder/spi-builder-workspace/Sources/BinaryParsing/Operations/ThrowingOperations.swift (in target 'BinaryParsing' from project 'swift-binary-parsing')
cd /Users/admin/builder/spi-builder-workspace/.swiftpm/xcode
builtin-SwiftPerFileCompile ThrowingOperations.swift
SwiftCompile normal arm64 /Users/admin/builder/spi-builder-workspace/Sources/BinaryParsing/Parser\ Types/Endianness.swift (in target 'BinaryParsing' from project 'swift-binary-parsing')
cd /Users/admin/builder/spi-builder-workspace/.swiftpm/xcode
builtin-SwiftPerFileCompile Endianness.swift
SwiftCompile normal arm64 Compiling\ String.swift /Users/admin/builder/spi-builder-workspace/Sources/BinaryParsing/Parsers/String.swift (in target 'BinaryParsing' from project 'swift-binary-parsing')
/Users/admin/builder/spi-builder-workspace/Sources/BinaryParsing/Parsers/String.swift:18:4: error: invalid lifetime dependence on an Escapable result
16 | /// initializer throws an error if `input` does not contain a NUL byte.
17 | @inlinable
18 | @_lifetime(&input)
| `- error: invalid lifetime dependence on an Escapable result
19 | public init(parsingNulTerminated input: inout ParserSpan) throws(ParsingError)
20 | {
/Users/admin/builder/spi-builder-workspace/Sources/BinaryParsing/Parsers/String.swift:38:4: error: invalid lifetime dependence on an Escapable result
36 | /// character `U+FFFD`.
37 | @inlinable
38 | @_lifetime(&input)
| `- error: invalid lifetime dependence on an Escapable result
39 | public init(parsingUTF8 input: inout ParserSpan) {
40 | let stringBytes = input.divide(at: input.endPosition)
/Users/admin/builder/spi-builder-workspace/Sources/BinaryParsing/Parsers/String.swift:53:4: error: invalid lifetime dependence on an Escapable result
51 | /// replacing with the Unicode replacement character `U+FFFD`.
52 | @inlinable
53 | @_lifetime(&input)
| `- error: invalid lifetime dependence on an Escapable result
54 | public init(parsingUTF8 input: inout ParserSpan, count: Int)
55 | throws(ParsingError)
/Users/admin/builder/spi-builder-workspace/Sources/BinaryParsing/Parsers/String.swift:63:4: error: invalid lifetime dependence on an Escapable result
61 | @unsafe
62 | @inlinable
63 | @_lifetime(&input)
| `- error: invalid lifetime dependence on an Escapable result
64 | internal init(_uncheckedParsingUTF16 input: inout ParserSpan)
65 | throws(ParsingError)
/Users/admin/builder/spi-builder-workspace/Sources/BinaryParsing/Parsers/String.swift:81:4: error: invalid lifetime dependence on an Escapable result
79 | /// Unicode replacement character `U+FFFD`.
80 | @inlinable
81 | @_lifetime(&input)
| `- error: invalid lifetime dependence on an Escapable result
82 | public init(parsingUTF16 input: inout ParserSpan) throws(ParsingError) {
83 | guard input.count.isMultiple(of: 2) else {
/Users/admin/builder/spi-builder-workspace/Sources/BinaryParsing/Parsers/String.swift:104:4: error: invalid lifetime dependence on an Escapable result
102 | /// `2 * codeUnitCount` bytes remaining.
103 | @inlinable
104 | @_lifetime(&input)
| `- error: invalid lifetime dependence on an Escapable result
105 | public init(parsingUTF16 input: inout ParserSpan, codeUnitCount: Int)
106 | throws(ParsingError)
/Users/admin/builder/spi-builder-workspace/Sources/BinaryParsing/Parser Types/ParserSpan.swift:183:4: error: invalid lifetime dependence on an Escapable result
181 | @unsafe
182 | @inlinable
183 | @_lifetime(copy self)
| `- error: invalid lifetime dependence on an Escapable result
184 | mutating func consumeUnchecked(type: UInt8.Type = UInt8.self) -> UInt8 {
185 | defer { _lowerBound &+= 1 }
/Users/admin/builder/spi-builder-workspace/Sources/BinaryParsing/Parser Types/ParserSpan.swift:193:4: error: invalid lifetime dependence on an Escapable result
191 | @unsafe
192 | @inlinable
193 | @_lifetime(copy self)
| `- error: invalid lifetime dependence on an Escapable result
194 | mutating func consumeUnchecked<T: FixedWidthInteger & BitwiseCopyable>(
195 | type: T.Type
Failed frontend command:
/Applications/Xcode-27.0.0-Release.Candidate.app/Contents/Developer/Toolchains/XcodeDefault.xctoolchain/usr/bin/swift-frontend -frontend -c /Users/admin/builder/spi-builder-workspace/Sources/BinaryParsing/Macros/Macros.swift /Users/admin/builder/spi-builder-workspace/Sources/BinaryParsing/Macros/MagicNumber.swift /Users/admin/builder/spi-builder-workspace/Sources/BinaryParsing/Operations/OptionalOperations.swift /Users/admin/builder/spi-builder-workspace/Sources/BinaryParsing/Operations/Optionators.swift /Users/admin/builder/spi-builder-workspace/Sources/BinaryParsing/Operations/ThrowingOperations.swift /Users/admin/builder/spi-builder-workspace/Sources/BinaryParsing/Parser\ Types/Endianness.swift /Users/admin/builder/spi-builder-workspace/Sources/BinaryParsing/Parser\ Types/ParserRange.swift /Users/admin/builder/spi-builder-workspace/Sources/BinaryParsing/Parser\ Types/ParserSource.swift /Users/admin/builder/spi-builder-workspace/Sources/BinaryParsing/Parser\ Types/ParserSpan.swift /Users/admin/builder/spi-builder-workspace/Sources/BinaryParsing/Parser\ Types/ParsingError.swift /Users/admin/builder/spi-builder-workspace/Sources/BinaryParsing/Parser\ Types/Seeking.swift /Users/admin/builder/spi-builder-workspace/Sources/BinaryParsing/Parser\ Types/Slicing.swift /Users/admin/builder/spi-builder-workspace/Sources/BinaryParsing/Parsers/Array.swift /Users/admin/builder/spi-builder-workspace/Sources/BinaryParsing/Parsers/Data.swift /Users/admin/builder/spi-builder-workspace/Sources/BinaryParsing/Parsers/InlineArray.swift /Users/admin/builder/spi-builder-workspace/Sources/BinaryParsing/Parsers/Integer.swift /Users/admin/builder/spi-builder-workspace/Sources/BinaryParsing/Parsers/IntegerProtocols.swift /Users/admin/builder/spi-builder-workspace/Sources/BinaryParsing/Parsers/Range.swift -primary-file /Users/admin/builder/spi-builder-workspace/Sources/BinaryParsing/Parsers/String.swift -emit-dependencies-path /Users/admin/builder/spi-builder-workspace/.derivedData/Build/Intermediates.noindex/swift-binary-parsing.build/Debug-watchos/BinaryParsing-t.build/Objects-normal/arm64/String.d -emit-const-values-path /Users/admin/builder/spi-builder-workspace/.derivedData/Build/Intermediates.noindex/swift-binary-parsing.build/Debug-watchos/BinaryParsing-t.build/Objects-normal/arm64/String.swiftconstvalues -emit-reference-dependencies-path /Users/admin/builder/spi-builder-workspace/.derivedData/Build/Intermediates.noindex/swift-binary-parsing.build/Debug-watchos/BinaryParsing-t.build/Objects-normal/arm64/String.swiftdeps -serialize-diagnostics-path /Users/admin/builder/spi-builder-workspace/.derivedData/Build/Intermediates.noindex/swift-binary-parsing.build/Debug-watchos/BinaryParsing-t.build/Objects-normal/arm64/String.dia -target arm64-apple-watchos9.0 -module-can-import-version Foundation 5027.0.69 5027.0.69 -disable-cross-import-overlay-search -load-resolved-plugin \#/Users/admin/builder/spi-builder-workspace/.derivedData/Build/Products/Debug/BinaryParsingMacros\#BinaryParsingMacros -load-resolved-plugin /Applications/Xcode-27.0.0-Release.Candidate.app/Contents/Developer/Platforms/WatchOS.platform/Developer/usr/lib/swift/host/plugins/libFoundationMacros.dylib\#/Applications/Xcode-27.0.0-Release.Candidate.app/Contents/Developer/Platforms/WatchOS.platform/Developer/usr/bin/swift-plugin-server\#FoundationMacros -load-resolved-plugin /Applications/Xcode-27.0.0-Release.Candidate.app/Contents/Developer/Platforms/WatchOS.platform/Developer/usr/lib/swift/host/plugins/libObservationMacros.dylib\#/Applications/Xcode-27.0.0-Release.Candidate.app/Contents/Developer/Platforms/WatchOS.platform/Developer/usr/bin/swift-plugin-server\#ObservationMacros -load-resolved-plugin /Applications/Xcode-27.0.0-Release.Candidate.app/Contents/Developer/Platforms/WatchOS.platform/Developer/usr/lib/swift/host/plugins/libSwiftMacros.dylib\#/Applications/Xcode-27.0.0-Release.Candidate.app/Contents/Developer/Platforms/WatchOS.platform/Developer/usr/bin/swift-plugin-server\#SwiftMacros -disable-implicit-swift-modules -Xcc -fno-implicit-modules -Xcc -fno-implicit-module-maps -explicit-swift-module-map-file /Users/admin/builder/spi-builder-workspace/.derivedData/Build/Intermediates.noindex/swift-binary-parsing.build/Debug-watchos/BinaryParsing-t.build/Objects-normal/arm64/BinaryParsing-dependencies-1.json -Xllvm -aarch64-use-tbi -enable-objc-interop -stack-check -sdk /Applications/Xcode-27.0.0-Release.Candidate.app/Contents/Developer/Platforms/WatchOS.platform/Developer/SDKs/WatchOS27.0.sdk -I /Users/admin/builder/spi-builder-workspace/.derivedData/Build/Products/Debug-watchos -Isystem /Applications/Xcode-27.0.0-Release.Candidate.app/Contents/Developer/Platforms/WatchOS.platform/Developer/usr/lib -F /Users/admin/builder/spi-builder-workspace/.derivedData/Build/Products/Debug-watchos -F /Applications/Xcode-27.0.0-Release.Candidate.app/Contents/Developer/Platforms/WatchOS.platform/Developer/Library/Frameworks -F /Applications/Xcode-27.0.0-Release.Candidate.app/Contents/Developer/Platforms/WatchOS.platform/Developer/SDKs/WatchOS27.0.sdk/Developer/Library/Frameworks -module-cache-path /Users/admin/builder/spi-builder-workspace/.derivedData/Build/Intermediates.noindex/SwiftExplicitPrecompiledModules -no-color-diagnostics -Xcc -fno-color-diagnostics -enable-testing -g -debug-info-format\=dwarf -dwarf-version\=4 -profile-generate -profile-coverage-mapping -swift-version 6 -Onone -D SWIFT_PACKAGE -D DEBUG -D SWIFT_MODULE_RESOURCE_BUNDLE_UNAVAILABLE -D Xcode -serialize-debugging-options -load-plugin-executable /Users/admin/builder/spi-builder-workspace/.derivedData/Build/Products/Debug/BinaryParsingMacros\#BinaryParsingMacros -enable-experimental-feature ValueGenerics -enable-experimental-feature Lifetimes -enable-experimental-feature DebugDescriptionMacro -strict-memory-safety -empty-abi-descriptor -validate-clang-modules-once -clang-build-session-file /Users/admin/builder/spi-builder-workspace/.derivedData/ModuleCache.noindex/Session.modulevalidation -Xcc -working-directory -Xcc /Users/admin/builder/spi-builder-workspace/.swiftpm/xcode -enable-anonymous-context-mangled-names -file-compilation-dir /Users/admin/builder/spi-builder-workspace/.swiftpm/xcode -Xcc -D_LIBCPP_HARDENING_MODE\=_LIBCPP_HARDENING_MODE_DEBUG -Xcc -ivfsstatcache -Xcc /Users/admin/builder/spi-builder-workspace/.derivedData/SDKStatCaches.noindex/watchos27.0-24R360-e829b21a6f8c9b70876ba0858053c04477534ef55a1706bf4c1112bbb242f0a2.sdkstatcache -Xcc -fmodules-prune-interval\=86400 -Xcc -fmodules-prune-after\=345600 -Xcc -I/Users/admin/builder/spi-builder-workspace/.derivedData/Build/Products/Debug-watchos/include -Xcc -I/Users/admin/builder/spi-builder-workspace/.derivedData/Build/Intermediates.noindex/swift-binary-parsing.build/Debug-watchos/BinaryParsing-t.build/DerivedSources-normal/arm64 -Xcc -I/Users/admin/builder/spi-builder-workspace/.derivedData/Build/Intermediates.noindex/swift-binary-parsing.build/Debug-watchos/BinaryParsing-t.build/DerivedSources/arm64 -Xcc -I/Users/admin/builder/spi-builder-workspace/.derivedData/Build/Intermediates.noindex/swift-binary-parsing.build/Debug-watchos/BinaryParsing-t.build/DerivedSources -Xcc -DSWIFT_PACKAGE -Xcc -DDEBUG\=1 -no-auto-bridging-header-chaining -module-name BinaryParsing -package-name spi_builder_workspace -const-gather-protocols-file /Users/admin/builder/spi-builder-workspace/.derivedData/Build/Intermediates.noindex/swift-binary-parsing.build/Debug-watchos/BinaryParsing-t.build/Objects-normal/arm64/BinaryParsing_const_extract_protocols.json -disable-clang-spi -clang-target arm64-apple-watchos27.0 -target-sdk-version 27.0 -target-sdk-name watchos27.0 -in-process-plugin-server-path /Applications/Xcode-27.0.0-Release.Candidate.app/Contents/Developer/Toolchains/XcodeDefault.xctoolchain/usr/lib/swift/host/libSwiftInProcPluginServer.dylib -parse-as-library -o /Users/admin/builder/spi-builder-workspace/.derivedData/Build/Intermediates.noindex/swift-binary-parsing.build/Debug-watchos/BinaryParsing-t.build/Objects-normal/arm64/String.o -debug-module-path /Users/admin/builder/spi-builder-workspace/.derivedData/Build/Intermediates.noindex/swift-binary-parsing.build/Debug-watchos/BinaryParsing-t.build/Objects-normal/arm64/BinaryParsing.swiftmodule -index-unit-output-path /swift-binary-parsing.build/Debug-watchos/BinaryParsing-t.build/Objects-normal/arm64/String.o -index-store-path /Users/admin/builder/spi-builder-workspace/.derivedData/Index.noindex/DataStore -index-system-modules
SwiftCompile normal arm64 /Users/admin/builder/spi-builder-workspace/Sources/BinaryParsing/Parsers/String.swift (in target 'BinaryParsing' from project 'swift-binary-parsing')
cd /Users/admin/builder/spi-builder-workspace/.swiftpm/xcode
builtin-SwiftPerFileCompile String.swift
SwiftEmitModule normal arm64 Emitting\ module\ for\ BinaryParsing (in target 'BinaryParsing' from project 'swift-binary-parsing')
SwiftCompile normal arm64 (in target 'BinaryParsing' from project 'swift-binary-parsing')
cd /Users/admin/builder/spi-builder-workspace/.swiftpm/xcode
SwiftCompile normal arm64 Compiling\ ParserSpan.swift,\ ParsingError.swift /Users/admin/builder/spi-builder-workspace/Sources/BinaryParsing/Parser\ Types/ParserSpan.swift /Users/admin/builder/spi-builder-workspace/Sources/BinaryParsing/Parser\ Types/ParsingError.swift (in target 'BinaryParsing' from project 'swift-binary-parsing')
/Users/admin/builder/spi-builder-workspace/Sources/BinaryParsing/Parser Types/ParserSpan.swift:183:4: error: invalid lifetime dependence on an Escapable result
181 | @unsafe
182 | @inlinable
183 | @_lifetime(copy self)
| `- error: invalid lifetime dependence on an Escapable result
184 | mutating func consumeUnchecked(type: UInt8.Type = UInt8.self) -> UInt8 {
185 | defer { _lowerBound &+= 1 }
/Users/admin/builder/spi-builder-workspace/Sources/BinaryParsing/Parser Types/ParserSpan.swift:193:4: error: invalid lifetime dependence on an Escapable result
191 | @unsafe
192 | @inlinable
193 | @_lifetime(copy self)
| `- error: invalid lifetime dependence on an Escapable result
194 | mutating func consumeUnchecked<T: FixedWidthInteger & BitwiseCopyable>(
195 | type: T.Type
/Users/admin/builder/spi-builder-workspace/Sources/BinaryParsing/Parser Types/ParserSpan.swift:212:4: error: invalid lifetime dependence on an Escapable result
210 | /// `atomically` guarantees that the input span isn't modified in that case.
211 | @inlinable
212 | @_lifetime(&self)
| `- error: invalid lifetime dependence on an Escapable result
213 | public mutating func atomically<T, E>(
214 | _ body: (inout ParserSpan) throws(E) -> T
/Users/admin/builder/spi-builder-workspace/Sources/BinaryParsing/Parsers/Range.swift:28:4: error: invalid lifetime dependence on an Escapable result
26 | /// - parser: The closure to use when parsing the start and count.
27 | /// - Throws: An error if `parser` throws an error.
28 | @_lifetime(&input)
| `- error: invalid lifetime dependence on an Escapable result
29 | public init(
30 | parsingStartAndCount input: inout ParserSpan,
/Users/admin/builder/spi-builder-workspace/Sources/BinaryParsing/Parsers/Range.swift:56:4: error: invalid lifetime dependence on an Escapable result
54 | /// - parser: The closure to use when parsing the start and count.
55 | /// - Throws: An error if `parser` throws an error.
56 | @_lifetime(&input)
| `- error: invalid lifetime dependence on an Escapable result
57 | public init(
58 | parsingStartAndCount input: inout ParserSpan,
/Users/admin/builder/spi-builder-workspace/Sources/BinaryParsing/Parsers/Range.swift:132:4: error: invalid lifetime dependence on an Escapable result
130 | /// - parser: The closure to use when parsing the start and end.
131 | /// - Throws: An error if `parser` throws an error.
132 | @_lifetime(&input)
| `- error: invalid lifetime dependence on an Escapable result
133 | public init(
134 | parsingStartAndEnd input: inout ParserSpan,
SwiftCompile normal arm64 /Users/admin/builder/spi-builder-workspace/Sources/BinaryParsing/Parser\ Types/ParserSpan.swift (in target 'BinaryParsing' from project 'swift-binary-parsing')
cd /Users/admin/builder/spi-builder-workspace/.swiftpm/xcode
builtin-SwiftPerFileCompile ParserSpan.swift
SwiftCompile normal arm64 /Users/admin/builder/spi-builder-workspace/Sources/BinaryParsing/Parser\ Types/ParsingError.swift (in target 'BinaryParsing' from project 'swift-binary-parsing')
cd /Users/admin/builder/spi-builder-workspace/.swiftpm/xcode
builtin-SwiftPerFileCompile ParsingError.swift
SwiftCompile normal arm64 Compiling\ Seeking.swift,\ Slicing.swift /Users/admin/builder/spi-builder-workspace/Sources/BinaryParsing/Parser\ Types/Seeking.swift /Users/admin/builder/spi-builder-workspace/Sources/BinaryParsing/Parser\ Types/Slicing.swift (in target 'BinaryParsing' from project 'swift-binary-parsing')
/Users/admin/builder/spi-builder-workspace/Sources/BinaryParsing/Parser Types/Seeking.swift:167:4: error: invalid lifetime dependence on an Escapable result
165 | /// - Throws: A `ParsingError` if `range` is out of bounds for this span.
166 | @inlinable
167 | @_lifetime(&self)
| `- error: invalid lifetime dependence on an Escapable result
168 | public mutating func seek(toRange range: ParserRange) throws(ParsingError) {
169 | guard (0..._bytes.byteCount).contains(range.lowerBound),
/Users/admin/builder/spi-builder-workspace/Sources/BinaryParsing/Parser Types/Seeking.swift:207:4: error: invalid lifetime dependence on an Escapable result
205 | /// `0...count`.
206 | @inlinable
207 | @_lifetime(&self)
| `- error: invalid lifetime dependence on an Escapable result
208 | public mutating func seek(toRelativeOffset offset: some FixedWidthInteger)
209 | throws(ParsingError)
/Users/admin/builder/spi-builder-workspace/Sources/BinaryParsing/Parser Types/Seeking.swift:252:4: error: invalid lifetime dependence on an Escapable result
250 | /// `0...bytes.count`.
251 | @inlinable
252 | @_lifetime(&self)
| `- error: invalid lifetime dependence on an Escapable result
253 | public mutating func seek(toAbsoluteOffset offset: some FixedWidthInteger)
254 | throws(ParsingError)
/Users/admin/builder/spi-builder-workspace/Sources/BinaryParsing/Parser Types/Seeking.swift:296:4: error: invalid lifetime dependence on an Escapable result
294 | /// `0...count`.
295 | @inlinable
296 | @_lifetime(&self)
| `- error: invalid lifetime dependence on an Escapable result
297 | public mutating func seek(toOffsetFromEnd offset: some FixedWidthInteger)
298 | throws(ParsingError)
/Users/admin/builder/spi-builder-workspace/Sources/BinaryParsing/Parsers/Integer.swift:39:4: error: invalid lifetime dependence on an Escapable result
37 | @unsafe
38 | @inlinable
39 | @_lifetime(&input)
| `- error: invalid lifetime dependence on an Escapable result
40 | init(
41 | _unchecked _: Void,
/Users/admin/builder/spi-builder-workspace/Sources/BinaryParsing/Parsers/Integer.swift:48:4: error: invalid lifetime dependence on an Escapable result
46 |
47 | @inlinable
48 | @_lifetime(&input)
| `- error: invalid lifetime dependence on an Escapable result
49 | init(
50 | _parsingBigEndian input: inout ParserSpan
/Users/admin/builder/spi-builder-workspace/Sources/BinaryParsing/Parsers/Integer.swift:58:4: error: invalid lifetime dependence on an Escapable result
56 | @unsafe
57 | @inlinable
58 | @_lifetime(&input)
| `- error: invalid lifetime dependence on an Escapable result
59 | init(
60 | _unchecked _: Void,
/Users/admin/builder/spi-builder-workspace/Sources/BinaryParsing/Parsers/Integer.swift:67:4: error: invalid lifetime dependence on an Escapable result
65 |
66 | @inlinable
67 | @_lifetime(&input)
| `- error: invalid lifetime dependence on an Escapable result
68 | init(_parsingLittleEndian input: inout ParserSpan) throws(ParsingError) {
69 | try input._checkCount(minimum: MemoryLayout<Self>.size)
/Users/admin/builder/spi-builder-workspace/Sources/BinaryParsing/Parsers/Integer.swift:75:4: error: invalid lifetime dependence on an Escapable result
73 | @unsafe
74 | @inlinable
75 | @_lifetime(&input)
| `- error: invalid lifetime dependence on an Escapable result
76 | init(
77 | _unchecked _: Void,
/Users/admin/builder/spi-builder-workspace/Sources/BinaryParsing/Parsers/Integer.swift:113:4: error: invalid lifetime dependence on an Escapable result
111 | @unsafe
112 | @inlinable
113 | @_lifetime(&input)
| `- error: invalid lifetime dependence on an Escapable result
114 | init(
115 | _unchecked _: Void,
/Users/admin/builder/spi-builder-workspace/Sources/BinaryParsing/Parsers/Integer.swift:136:4: error: invalid lifetime dependence on an Escapable result
134 | @unsafe
135 | @inlinable
136 | @_lifetime(&input)
| `- error: invalid lifetime dependence on an Escapable result
137 | init(
138 | _unchecked _: Void,
/Users/admin/builder/spi-builder-workspace/Sources/BinaryParsing/Parsers/Integer.swift:198:4: error: invalid lifetime dependence on an Escapable result
196 | @unsafe
197 | @inlinable
198 | @_lifetime(&input)
| `- error: invalid lifetime dependence on an Escapable result
199 | init(
200 | _unchecked _: Void,
/Users/admin/builder/spi-builder-workspace/Sources/BinaryParsing/Parsers/Integer.swift:235:4: error: invalid lifetime dependence on an Escapable result
233 | @unsafe
234 | @inlinable
235 | @_lifetime(&input)
| `- error: invalid lifetime dependence on an Escapable result
236 | init(
237 | _unchecked _: Void,
/Users/admin/builder/spi-builder-workspace/Sources/BinaryParsing/Parsers/Integer.swift:265:4: error: invalid lifetime dependence on an Escapable result
263 |
264 | @inlinable
265 | @_lifetime(&input)
| `- error: invalid lifetime dependence on an Escapable result
266 | init(
267 | _parsing input: inout ParserSpan,
/Users/admin/builder/spi-builder-workspace/Sources/BinaryParsing/Parsers/Integer.swift:399:4: error: invalid lifetime dependence on an Escapable result
397 | @unsafe
398 | @inlinable
399 | @_lifetime(&input)
| `- error: invalid lifetime dependence on an Escapable result
400 | public init(
401 | _unchecked _: Void, parsingBigEndian input: inout ParserSpan, byteCount: Int
/Users/admin/builder/spi-builder-workspace/Sources/BinaryParsing/Parsers/Integer.swift:423:4: error: invalid lifetime dependence on an Escapable result
421 | /// bytes, or if the parsed value overflows this integer type.
422 | @inlinable
423 | @_lifetime(&input)
| `- error: invalid lifetime dependence on an Escapable result
424 | public init(parsingBigEndian input: inout ParserSpan, byteCount: Int)
425 | throws(ParsingError)
/Users/admin/builder/spi-builder-workspace/Sources/BinaryParsing/Parsers/Integer.swift:432:4: error: invalid lifetime dependence on an Escapable result
430 | @unsafe
431 | @inlinable
432 | @_lifetime(&input)
| `- error: invalid lifetime dependence on an Escapable result
433 | public init(
434 | _unchecked _: Void, parsingLittleEndian input: inout ParserSpan,
/Users/admin/builder/spi-builder-workspace/Sources/BinaryParsing/Parsers/Integer.swift:458:4: error: invalid lifetime dependence on an Escapable result
456 | /// bytes, or if the parsed value overflows this integer type.
457 | @inlinable
458 | @_lifetime(&input)
| `- error: invalid lifetime dependence on an Escapable result
459 | public init(parsingLittleEndian input: inout ParserSpan, byteCount: Int)
460 | throws(ParsingError)
/Users/admin/builder/spi-builder-workspace/Sources/BinaryParsing/Parsers/Integer.swift:467:4: error: invalid lifetime dependence on an Escapable result
465 | @unsafe
466 | @inlinable
467 | @_lifetime(&input)
| `- error: invalid lifetime dependence on an Escapable result
468 | public init(
469 | _unchecked _: Void, parsing input: inout ParserSpan, endianness: Endianness,
SwiftCompile normal arm64 /Users/admin/builder/spi-builder-workspace/Sources/BinaryParsing/Parser\ Types/Seeking.swift (in target 'BinaryParsing' from project 'swift-binary-parsing')
cd /Users/admin/builder/spi-builder-workspace/.swiftpm/xcode
builtin-SwiftPerFileCompile Seeking.swift
SwiftCompile normal arm64 /Users/admin/builder/spi-builder-workspace/Sources/BinaryParsing/Parser\ Types/Slicing.swift (in target 'BinaryParsing' from project 'swift-binary-parsing')
cd /Users/admin/builder/spi-builder-workspace/.swiftpm/xcode
builtin-SwiftPerFileCompile Slicing.swift
SwiftCompile normal arm64 Compiling\ IntegerProtocols.swift,\ Range.swift /Users/admin/builder/spi-builder-workspace/Sources/BinaryParsing/Parsers/IntegerProtocols.swift /Users/admin/builder/spi-builder-workspace/Sources/BinaryParsing/Parsers/Range.swift (in target 'BinaryParsing' from project 'swift-binary-parsing')
/Users/admin/builder/spi-builder-workspace/Sources/BinaryParsing/Parsers/Range.swift:28:4: error: invalid lifetime dependence on an Escapable result
26 | /// - parser: The closure to use when parsing the start and count.
27 | /// - Throws: An error if `parser` throws an error.
28 | @_lifetime(&input)
| `- error: invalid lifetime dependence on an Escapable result
29 | public init(
30 | parsingStartAndCount input: inout ParserSpan,
/Users/admin/builder/spi-builder-workspace/Sources/BinaryParsing/Parsers/Range.swift:56:4: error: invalid lifetime dependence on an Escapable result
54 | /// - parser: The closure to use when parsing the start and count.
55 | /// - Throws: An error if `parser` throws an error.
56 | @_lifetime(&input)
| `- error: invalid lifetime dependence on an Escapable result
57 | public init(
58 | parsingStartAndCount input: inout ParserSpan,
/Users/admin/builder/spi-builder-workspace/Sources/BinaryParsing/Parsers/Range.swift:79:4: error: invalid lifetime dependence on an Escapable result
77 | "The behavior of this parser is unintuitive; instead, parse the start and count separately, then form the end of the closed range."
78 | )
79 | @_lifetime(&_input)
| `- error: invalid lifetime dependence on an Escapable result
80 | public init(
81 | parsingStartAndCount _input: inout ParserSpan,
/Users/admin/builder/spi-builder-workspace/Sources/BinaryParsing/Parsers/Range.swift:100:4: error: invalid lifetime dependence on an Escapable result
98 | "The behavior of this parser is unintuitive; instead, parse the start and count separately, then form the end of the closed range."
99 | )
100 | @_lifetime(&_input)
| `- error: invalid lifetime dependence on an Escapable result
101 | public init(
102 | parsingStartAndCount _input: inout ParserSpan,
/Users/admin/builder/spi-builder-workspace/Sources/BinaryParsing/Parsers/Range.swift:132:4: error: invalid lifetime dependence on an Escapable result
130 | /// - parser: The closure to use when parsing the start and end.
131 | /// - Throws: An error if `parser` throws an error.
132 | @_lifetime(&input)
| `- error: invalid lifetime dependence on an Escapable result
133 | public init(
134 | parsingStartAndEnd input: inout ParserSpan,
/Users/admin/builder/spi-builder-workspace/Sources/BinaryParsing/Parsers/Range.swift:160:4: error: invalid lifetime dependence on an Escapable result
158 | /// - parser: The closure to use when parsing the start and end.
159 | /// - Throws: An error if `parser` throws an error.
160 | @_lifetime(&input)
| `- error: invalid lifetime dependence on an Escapable result
161 | public init(
162 | parsingStartAndEnd input: inout ParserSpan,
/Users/admin/builder/spi-builder-workspace/Sources/BinaryParsing/Parsers/Range.swift:190:4: error: invalid lifetime dependence on an Escapable result
188 | /// - parser: The closure to use when parsing the start and end.
189 | /// - Throws: An error if `parser` throws an error.
190 | @_lifetime(&input)
| `- error: invalid lifetime dependence on an Escapable result
191 | public init(
192 | parsingStartAndEnd input: inout ParserSpan,
SwiftCompile normal arm64 /Users/admin/builder/spi-builder-workspace/Sources/BinaryParsing/Parsers/IntegerProtocols.swift (in target 'BinaryParsing' from project 'swift-binary-parsing')
cd /Users/admin/builder/spi-builder-workspace/.swiftpm/xcode
builtin-SwiftPerFileCompile IntegerProtocols.swift
SwiftCompile normal arm64 /Users/admin/builder/spi-builder-workspace/Sources/BinaryParsing/Parsers/Range.swift (in target 'BinaryParsing' from project 'swift-binary-parsing')
cd /Users/admin/builder/spi-builder-workspace/.swiftpm/xcode
builtin-SwiftPerFileCompile Range.swift
PruneExplicitPrecompiledModules /Users/admin/builder/spi-builder-workspace/.derivedData/Build/Intermediates.noindex/SwiftExplicitPrecompiledModules
PruneExplicitPrecompiledModules /Users/admin/builder/spi-builder-workspace/.derivedData/SDKExplicitPrecompiledModules
PruneExplicitPrecompiledModules /Users/admin/builder/spi-builder-workspace/.derivedData/Build/Intermediates.noindex/ExplicitPrecompiledModules
2026-09-23 07:36:51.406 xcodebuild[1138:6728] [MT] IDERunDestination: Supported platforms for the buildables in the current scheme is empty.
** BUILD FAILED **
The following build commands failed:
SwiftCompile normal arm64 Compiling\ String.swift /Users/admin/builder/spi-builder-workspace/Sources/BinaryParsing/Parsers/String.swift (in target 'BinaryParsing' from project 'swift-binary-parsing')
SwiftCompile normal arm64 /Users/admin/builder/spi-builder-workspace/Sources/BinaryParsing/Parsers/String.swift (in target 'BinaryParsing' from project 'swift-binary-parsing')
Building workspace swift-binary-parsing with scheme swift-binary-parsing-Package
(3 failures)
Command line invocation:
/Applications/Xcode-27.0.0-Release.Candidate.app/Contents/Developer/usr/bin/xcodebuild -IDEClonedSourcePackagesDirPathOverride=/Users/admin/builder/spi-builder-workspace/.dependencies -resolvePackageDependencies
Resolve Package Graph
Resolved source packages:
swift-issue-reporting: https://github.com/pointfreeco/swift-issue-reporting @ 2.1.1
swift-syntax: https://github.com/swiftlang/swift-syntax.git @ 602.0.0
swift-snapshot-testing: https://github.com/pointfreeco/swift-snapshot-testing @ 1.19.6
swift-custom-dump: https://github.com/pointfreeco/swift-custom-dump @ 1.7.3
swift-argument-parser: https://github.com/apple/swift-argument-parser @ 1.8.2
SymbolKit: https://github.com/swiftlang/swift-docc-symbolkit @ 1.0.0
swift-binary-parsing: /Users/admin/builder/spi-builder-workspace
swift-macro-testing: https://github.com/pointfreeco/swift-macro-testing.git @ 0.7.0
SwiftDocCPlugin: https://github.com/swiftlang/swift-docc-plugin @ 1.5.0
resolved source packages: swift-issue-reporting, swift-syntax, swift-snapshot-testing, swift-custom-dump, swift-argument-parser, SymbolKit, swift-binary-parsing, swift-macro-testing, SwiftDocCPlugin
2026-09-23 07:37:16.733 xcodebuild[1502:8666] [MT] IDERunDestination: Supported platforms for the buildables in the current scheme is empty.
{
"dependencies" : [
{
"identity" : "swift-argument-parser",
"requirement" : {
"range" : [
{
"lower_bound" : "1.3.0",
"upper_bound" : "2.0.0"
}
]
},
"type" : "sourceControl",
"url" : "https://github.com/apple/swift-argument-parser"
},
{
"identity" : "swift-syntax",
"requirement" : {
"range" : [
{
"lower_bound" : "602.0.0",
"upper_bound" : "603.0.0"
}
]
},
"type" : "sourceControl",
"url" : "https://github.com/swiftlang/swift-syntax.git"
},
{
"identity" : "swift-macro-testing",
"requirement" : {
"range" : [
{
"lower_bound" : "0.6.4",
"upper_bound" : "1.0.0"
}
]
},
"type" : "sourceControl",
"url" : "https://github.com/pointfreeco/swift-macro-testing.git"
},
{
"identity" : "swift-docc-plugin",
"requirement" : {
"range" : [
{
"lower_bound" : "1.0.0",
"upper_bound" : "2.0.0"
}
]
},
"type" : "sourceControl",
"url" : "https://github.com/swiftlang/swift-docc-plugin"
}
],
"manifest_display_name" : "swift-binary-parsing",
"name" : "swift-binary-parsing",
"path" : "/Users/admin/builder/spi-builder-workspace",
"platforms" : [
{
"name" : "macos",
"version" : "13.0"
},
{
"name" : "ios",
"version" : "16.0"
},
{
"name" : "watchos",
"version" : "9.0"
},
{
"name" : "tvos",
"version" : "16.0"
},
{
"name" : "visionos",
"version" : "1.0"
}
],
"products" : [
{
"name" : "BinaryParsing",
"targets" : [
"BinaryParsing"
],
"type" : {
"library" : [
"automatic"
]
}
},
{
"name" : "parser-test",
"targets" : [
"parser-test"
],
"type" : {
"executable" : null
}
},
{
"name" : "BinaryParsingMacros",
"targets" : [
"BinaryParsingMacros"
],
"type" : {
"macro" : null
}
}
],
"targets" : [
{
"c99name" : "parser_test",
"module_type" : "SwiftTarget",
"name" : "parser-test",
"path" : "Sources/parser-test",
"product_dependencies" : [
"ArgumentParser"
],
"product_memberships" : [
"parser-test"
],
"sources" : [
"ParserTest.swift"
],
"target_dependencies" : [
"BinaryParsing",
"ParserTest"
],
"type" : "executable"
},
{
"c99name" : "TestData",
"module_type" : "SwiftTarget",
"name" : "TestData",
"path" : "Sources/TestData",
"resources" : [
{
"path" : "/Users/admin/builder/spi-builder-workspace/Sources/TestData/Data",
"rule" : {
"copy" : {
}
}
}
],
"sources" : [
"LoadTestData.swift"
],
"type" : "library"
},
{
"c99name" : "ParserTest",
"module_type" : "SwiftTarget",
"name" : "ParserTest",
"path" : "Examples",
"product_memberships" : [
"parser-test"
],
"sources" : [
"BPListParser/BinaryPList.swift",
"BPListParser/Deferred.swift",
"ELFParser/ELF+Parsing.swift",
"ELFParser/ELF.swift",
"LZ4Parser/LZ4.swift",
"Misc.swift",
"PCAPNGParser/Blocks/Block.swift",
"PCAPNGParser/Blocks/BlockOption.swift",
"PCAPNGParser/Blocks/EnhancedPacket.swift",
"PCAPNGParser/Blocks/InterfaceDescription.swift",
"PCAPNGParser/Blocks/SectionHeader.swift",
"PCAPNGParser/PCAPNG.swift",
"PNGParser/Chunks/Chunk.swift",
"PNGParser/Chunks/Header.swift",
"PNGParser/Chunks/InternationalText.swift",
"PNGParser/Chunks/PixelDimensions.swift",
"PNGParser/PNG.swift",
"PNGParser/PNGParserState.swift",
"QOIParser/QOI.swift",
"RawParser/Raw.swift"
],
"target_dependencies" : [
"BinaryParsing"
],
"type" : "library"
},
{
"c99name" : "ExampleParserTests",
"module_type" : "SwiftTarget",
"name" : "ExampleParserTests",
"path" : "Tests/ExampleParserTests",
"sources" : [
"TestELF.swift",
"TestLZ4.swift",
"TestPCAP.swift",
"TestPList.swift",
"TestPNG.swift",
"TestQOI.swift"
],
"target_dependencies" : [
"BinaryParsing",
"ParserTest",
"TestData"
],
"type" : "test"
},
{
"c99name" : "BinaryParsingTests",
"module_type" : "SwiftTarget",
"name" : "BinaryParsingTests",
"path" : "Tests/BinaryParsingTests",
"sources" : [
"ArrayParsingTests.swift",
"DataParsingTests.swift",
"EndiannessTests.swift",
"ExtractingTests.swift",
"InlineArrayParsingTests.swift",
"IntegerParsingTests.swift",
"OptimizationTests.swift",
"OptionalOperationsTests.swift",
"RangeParsingTests.swift",
"SeekingTests.swift",
"SlicingTests.swift",
"StringParsingTests.swift",
"TestingSupport.swift",
"ThrowingOperationsTests.swift"
],
"target_dependencies" : [
"BinaryParsing"
],
"type" : "test"
},
{
"c99name" : "BinaryParsingMacrosTests",
"module_type" : "SwiftTarget",
"name" : "BinaryParsingMacrosTests",
"path" : "Tests/BinaryParsingMacrosTests",
"product_dependencies" : [
"SwiftSyntax",
"SwiftSyntaxMacros",
"SwiftSyntaxMacroExpansion",
"SwiftCompilerPlugin",
"MacroTesting"
],
"sources" : [
"ParserMacroTests.swift"
],
"target_dependencies" : [
"BinaryParsingMacros"
],
"type" : "test"
},
{
"c99name" : "BinaryParsingMacros",
"module_type" : "SwiftTarget",
"name" : "BinaryParsingMacros",
"path" : "Sources/BinaryParsingMacros",
"product_dependencies" : [
"SwiftSyntax",
"SwiftSyntaxMacros",
"SwiftSyntaxBuilder",
"SwiftCompilerPlugin"
],
"product_memberships" : [
"BinaryParsing",
"parser-test",
"BinaryParsingMacros"
],
"sources" : [
"Extensions.swift",
"MagicNumberStringMacro.swift",
"ParserMacro/ParserMacro.swift",
"ParserMacro/ParserMacroRegexes.swift",
"ParserMacro/ParserMacroRewriters.swift",
"ParserMacro/ParserMacroVisitors.swift",
"Plugin.swift",
"SyntaxVisitorPredicate.swift"
],
"type" : "macro"
},
{
"c99name" : "BinaryParsing",
"module_type" : "SwiftTarget",
"name" : "BinaryParsing",
"path" : "Sources/BinaryParsing",
"product_memberships" : [
"BinaryParsing",
"parser-test"
],
"sources" : [
"Macros/Macros.swift",
"Macros/MagicNumber.swift",
"Operations/OptionalOperations.swift",
"Operations/Optionators.swift",
"Operations/ThrowingOperations.swift",
"Parser Types/Endianness.swift",
"Parser Types/ParserRange.swift",
"Parser Types/ParserSource.swift",
"Parser Types/ParserSpan.swift",
"Parser Types/ParsingError.swift",
"Parser Types/Seeking.swift",
"Parser Types/Slicing.swift",
"Parsers/Array.swift",
"Parsers/Data.swift",
"Parsers/InlineArray.swift",
"Parsers/Integer.swift",
"Parsers/IntegerProtocols.swift",
"Parsers/Range.swift",
"Parsers/String.swift"
],
"target_dependencies" : [
"BinaryParsingMacros"
],
"type" : "library"
}
],
"tools_version" : "6.2"
}
{
"workspace" : {
"name" : "swift-binary-parsing",
"schemes" : [
"BinaryParsing",
"parser-test",
"swift-binary-parsing-Package"
]
}
}
2026-09-23 07:37:25.741 xcodebuild[1569:9113] [MT] IDERunDestination: Supported platforms for the buildables in the current scheme is empty.
Running build ...
env DEVELOPER_DIR=/Applications/Xcode-27.0.0-Release.Candidate.app xcrun xcodebuild -IDEClonedSourcePackagesDirPathOverride=$PWD/.dependencies -skipMacroValidation -skipPackagePluginValidation -derivedDataPath $PWD/.derivedData build -scheme swift-binary-parsing-Package -destination generic/platform=watchOS
Command line invocation:
/Applications/Xcode-27.0.0-Release.Candidate.app/Contents/Developer/usr/bin/xcodebuild -IDEClonedSourcePackagesDirPathOverride=/Users/admin/builder/spi-builder-workspace/.dependencies -skipMacroValidation -skipPackagePluginValidation -derivedDataPath /Users/admin/builder/spi-builder-workspace/.derivedData build -scheme swift-binary-parsing-Package -destination generic/platform=watchOS
Resolve Package Graph
Resolved source packages:
SymbolKit: https://github.com/swiftlang/swift-docc-symbolkit @ 1.0.0
SwiftDocCPlugin: https://github.com/swiftlang/swift-docc-plugin @ 1.5.0
swift-argument-parser: https://github.com/apple/swift-argument-parser @ 1.8.2
swift-macro-testing: https://github.com/pointfreeco/swift-macro-testing.git @ 0.7.0
swift-syntax: https://github.com/swiftlang/swift-syntax.git @ 602.0.0
swift-custom-dump: https://github.com/pointfreeco/swift-custom-dump @ 1.7.3
swift-issue-reporting: https://github.com/pointfreeco/swift-issue-reporting @ 2.1.1
swift-snapshot-testing: https://github.com/pointfreeco/swift-snapshot-testing @ 1.19.6
swift-binary-parsing: /Users/admin/builder/spi-builder-workspace
ComputePackagePrebuildTargetDependencyGraph
Prepare packages
CreateBuildRequest
SendProjectDescription
CreateBuildOperation
ComputeTargetDependencyGraph
note: Building targets in dependency order
note: Target dependency graph (8 targets)
Target 'parser-test-product' in project 'swift-binary-parsing'
➜ Explicit dependency on target 'BinaryParsingMacros' in project 'swift-binary-parsing'
➜ Explicit dependency on target 'BinaryParsing' in project 'swift-binary-parsing'
➜ Explicit dependency on target 'ParserTest' in project 'swift-binary-parsing'
➜ Explicit dependency on target 'ArgumentParser-product' in project 'swift-argument-parser'
Target 'ArgumentParser-product' in project 'swift-argument-parser'
➜ Explicit dependency on target 'ArgumentParser' in project 'swift-argument-parser'
➜ Explicit dependency on target 'ArgumentParserToolInfo' in project 'swift-argument-parser'
Target 'ArgumentParser' in project 'swift-argument-parser'
➜ Explicit dependency on target 'ArgumentParserToolInfo' in project 'swift-argument-parser'
Target 'ArgumentParserToolInfo' in project 'swift-argument-parser' (no dependencies)
Target 'ParserTest' in project 'swift-binary-parsing'
➜ Explicit dependency on target 'BinaryParsingMacros' in project 'swift-binary-parsing'
➜ Explicit dependency on target 'BinaryParsing' in project 'swift-binary-parsing'
Target 'BinaryParsing-product' in project 'swift-binary-parsing'
➜ Explicit dependency on target 'BinaryParsing' in project 'swift-binary-parsing'
➜ Explicit dependency on target 'BinaryParsingMacros' in project 'swift-binary-parsing'
Target 'BinaryParsing' in project 'swift-binary-parsing'
➜ Explicit dependency on target 'BinaryParsingMacros' in project 'swift-binary-parsing'
Target 'BinaryParsingMacros' in project 'swift-binary-parsing' (no dependencies)
GatherProvisioningInputs
CreateBuildDescription
ClangStatCache /Applications/Xcode-27.0.0-Release.Candidate.app/Contents/Developer/Toolchains/XcodeDefault.xctoolchain/usr/bin/clang-stat-cache /Applications/Xcode-27.0.0-Release.Candidate.app/Contents/Developer/Platforms/WatchOS.platform/Developer/SDKs/WatchOS27.0.sdk /Users/admin/builder/spi-builder-workspace/.derivedData/SDKStatCaches.noindex/watchos27.0-24R360-e829b21a6f8c9b70876ba0858053c04477534ef55a1706bf4c1112bbb242f0a2.sdkstatcache
cd /Users/admin/builder/spi-builder-workspace/.swiftpm/xcode
/Applications/Xcode-27.0.0-Release.Candidate.app/Contents/Developer/Toolchains/XcodeDefault.xctoolchain/usr/bin/clang-stat-cache /Applications/Xcode-27.0.0-Release.Candidate.app/Contents/Developer/Platforms/WatchOS.platform/Developer/SDKs/WatchOS27.0.sdk -o /Users/admin/builder/spi-builder-workspace/.derivedData/SDKStatCaches.noindex/watchos27.0-24R360-e829b21a6f8c9b70876ba0858053c04477534ef55a1706bf4c1112bbb242f0a2.sdkstatcache
ClangStatCache /Applications/Xcode-27.0.0-Release.Candidate.app/Contents/Developer/Toolchains/XcodeDefault.xctoolchain/usr/bin/clang-stat-cache /Applications/Xcode-27.0.0-Release.Candidate.app/Contents/Developer/Platforms/MacOSX.platform/Developer/SDKs/MacOSX27.0.sdk /Users/admin/builder/spi-builder-workspace/.derivedData/SDKStatCaches.noindex/macosx27.0-26A425-e829b21a6f8c9b70876ba0858053c0446a22442a12e9d48fe1a705f55a1adfc4.sdkstatcache
cd /Users/admin/builder/spi-builder-workspace/.swiftpm/xcode
/Applications/Xcode-27.0.0-Release.Candidate.app/Contents/Developer/Toolchains/XcodeDefault.xctoolchain/usr/bin/clang-stat-cache /Applications/Xcode-27.0.0-Release.Candidate.app/Contents/Developer/Platforms/MacOSX.platform/Developer/SDKs/MacOSX27.0.sdk -o /Users/admin/builder/spi-builder-workspace/.derivedData/SDKStatCaches.noindex/macosx27.0-26A425-e829b21a6f8c9b70876ba0858053c0446a22442a12e9d48fe1a705f55a1adfc4.sdkstatcache
SwiftDriver BinaryParsing normal arm64_32 com.apple.xcode.tools.swift.compiler (in target 'BinaryParsing' from project 'swift-binary-parsing')
cd /Users/admin/builder/spi-builder-workspace/.swiftpm/xcode
builtin-SwiftDriver -- /Applications/Xcode-27.0.0-Release.Candidate.app/Contents/Developer/Toolchains/XcodeDefault.xctoolchain/usr/bin/swiftc -parse-as-library -module-name BinaryParsing -Onone @/Users/admin/builder/spi-builder-workspace/.derivedData/Build/Intermediates.noindex/swift-binary-parsing.build/Debug-watchos/BinaryParsing-t.build/Objects-normal/arm64_32/BinaryParsing.SwiftFileList -DSWIFT_PACKAGE -DDEBUG -DSWIFT_MODULE_RESOURCE_BUNDLE_UNAVAILABLE -DXcode -enable-experimental-feature ValueGenerics -enable-experimental-feature Lifetimes -strict-memory-safety -plugin-path /Applications/Xcode-27.0.0-Release.Candidate.app/Contents/Developer/Toolchains/XcodeDefault.xctoolchain/usr/lib/swift/host/plugins/testing -enable-experimental-feature DebugDescriptionMacro -sdk /Applications/Xcode-27.0.0-Release.Candidate.app/Contents/Developer/Platforms/WatchOS.platform/Developer/SDKs/WatchOS27.0.sdk -target arm64_32-apple-watchos9.0 -g -module-cache-path /Users/admin/builder/spi-builder-workspace/.derivedData/ModuleCache.noindex -Xfrontend -serialize-debugging-options -profile-coverage-mapping -profile-generate -enable-testing -index-store-path /Users/admin/builder/spi-builder-workspace/.derivedData/Index.noindex/DataStore -Xcc -D_LIBCPP_HARDENING_MODE\=_LIBCPP_HARDENING_MODE_DEBUG -swift-version 6 -I /Users/admin/builder/spi-builder-workspace/.derivedData/Build/Products/Debug-watchos -Isystem /Applications/Xcode-27.0.0-Release.Candidate.app/Contents/Developer/Platforms/WatchOS.platform/Developer/usr/lib -F /Users/admin/builder/spi-builder-workspace/.derivedData/Build/Products/Debug-watchos -F /Applications/Xcode-27.0.0-Release.Candidate.app/Contents/Developer/Platforms/WatchOS.platform/Developer/Library/Frameworks -F /Applications/Xcode-27.0.0-Release.Candidate.app/Contents/Developer/Platforms/WatchOS.platform/Developer/SDKs/WatchOS27.0.sdk/Developer/Library/Frameworks -Xfrontend -load-plugin-executable -Xfrontend /Users/admin/builder/spi-builder-workspace/.derivedData/Build/Products/Debug/BinaryParsingMacros\#BinaryParsingMacros -c -j10 -enable-batch-mode -incremental -Xcc -ivfsstatcache -Xcc /Users/admin/builder/spi-builder-workspace/.derivedData/SDKStatCaches.noindex/watchos27.0-24R360-e829b21a6f8c9b70876ba0858053c04477534ef55a1706bf4c1112bbb242f0a2.sdkstatcache -output-file-map /Users/admin/builder/spi-builder-workspace/.derivedData/Build/Intermediates.noindex/swift-binary-parsing.build/Debug-watchos/BinaryParsing-t.build/Objects-normal/arm64_32/BinaryParsing-OutputFileMap.json -save-temps -no-color-diagnostics -explicit-module-build -module-cache-path /Users/admin/builder/spi-builder-workspace/.derivedData/Build/Intermediates.noindex/SwiftExplicitPrecompiledModules -clang-scanner-module-cache-path /Users/admin/builder/spi-builder-workspace/.derivedData/ModuleCache.noindex -sdk-module-cache-path /Users/admin/builder/spi-builder-workspace/.derivedData/SDKExplicitPrecompiledModules -emit-dependencies -emit-module -emit-module-path /Users/admin/builder/spi-builder-workspace/.derivedData/Build/Intermediates.noindex/swift-binary-parsing.build/Debug-watchos/BinaryParsing-t.build/Objects-normal/arm64_32/BinaryParsing.swiftmodule -serialize-diagnostics -dependency-scan-serialize-diagnostics-path /Users/admin/builder/spi-builder-workspace/.derivedData/Build/Intermediates.noindex/swift-binary-parsing.build/Debug-watchos/BinaryParsing-t.build/Objects-normal/arm64_32/BinaryParsing-dependency-scan.dia -validate-clang-modules-once -clang-build-session-file /Users/admin/builder/spi-builder-workspace/.derivedData/ModuleCache.noindex/Session.modulevalidation -Xcc -fmodules-prune-interval\=86400 -Xcc -fmodules-prune-after\=345600 -package-name spi_builder_workspace -emit-const-values -const-gather-protocols-list /Users/admin/builder/spi-builder-workspace/.derivedData/Build/Intermediates.noindex/swift-binary-parsing.build/Debug-watchos/BinaryParsing-t.build/Objects-normal/arm64_32/BinaryParsing_const_extract_protocols.json -Xcc -I/Users/admin/builder/spi-builder-workspace/.derivedData/Build/Products/Debug-watchos/include -Xcc -I/Users/admin/builder/spi-builder-workspace/.derivedData/Build/Intermediates.noindex/swift-binary-parsing.build/Debug-watchos/BinaryParsing-t.build/DerivedSources-normal/arm64_32 -Xcc -I/Users/admin/builder/spi-builder-workspace/.derivedData/Build/Intermediates.noindex/swift-binary-parsing.build/Debug-watchos/BinaryParsing-t.build/DerivedSources/arm64_32 -Xcc -I/Users/admin/builder/spi-builder-workspace/.derivedData/Build/Intermediates.noindex/swift-binary-parsing.build/Debug-watchos/BinaryParsing-t.build/DerivedSources -Xcc -DSWIFT_PACKAGE -Xcc -DDEBUG\=1 -emit-objc-header -emit-objc-header-path /Users/admin/builder/spi-builder-workspace/.derivedData/Build/Intermediates.noindex/swift-binary-parsing.build/Debug-watchos/BinaryParsing-t.build/Objects-normal/arm64_32/BinaryParsing-Swift.h -working-directory /Users/admin/builder/spi-builder-workspace/.swiftpm/xcode -experimental-emit-module-separately -disable-cmo
SwiftDriver BinaryParsing normal arm64 com.apple.xcode.tools.swift.compiler (in target 'BinaryParsing' from project 'swift-binary-parsing')
cd /Users/admin/builder/spi-builder-workspace/.swiftpm/xcode
builtin-SwiftDriver -- /Applications/Xcode-27.0.0-Release.Candidate.app/Contents/Developer/Toolchains/XcodeDefault.xctoolchain/usr/bin/swiftc -parse-as-library -module-name BinaryParsing -Onone @/Users/admin/builder/spi-builder-workspace/.derivedData/Build/Intermediates.noindex/swift-binary-parsing.build/Debug-watchos/BinaryParsing-t.build/Objects-normal/arm64/BinaryParsing.SwiftFileList -DSWIFT_PACKAGE -DDEBUG -DSWIFT_MODULE_RESOURCE_BUNDLE_UNAVAILABLE -DXcode -enable-experimental-feature ValueGenerics -enable-experimental-feature Lifetimes -strict-memory-safety -plugin-path /Applications/Xcode-27.0.0-Release.Candidate.app/Contents/Developer/Toolchains/XcodeDefault.xctoolchain/usr/lib/swift/host/plugins/testing -enable-experimental-feature DebugDescriptionMacro -sdk /Applications/Xcode-27.0.0-Release.Candidate.app/Contents/Developer/Platforms/WatchOS.platform/Developer/SDKs/WatchOS27.0.sdk -target arm64-apple-watchos9.0 -g -module-cache-path /Users/admin/builder/spi-builder-workspace/.derivedData/ModuleCache.noindex -Xfrontend -serialize-debugging-options -profile-coverage-mapping -profile-generate -enable-testing -index-store-path /Users/admin/builder/spi-builder-workspace/.derivedData/Index.noindex/DataStore -Xcc -D_LIBCPP_HARDENING_MODE\=_LIBCPP_HARDENING_MODE_DEBUG -swift-version 6 -I /Users/admin/builder/spi-builder-workspace/.derivedData/Build/Products/Debug-watchos -Isystem /Applications/Xcode-27.0.0-Release.Candidate.app/Contents/Developer/Platforms/WatchOS.platform/Developer/usr/lib -F /Users/admin/builder/spi-builder-workspace/.derivedData/Build/Products/Debug-watchos -F /Applications/Xcode-27.0.0-Release.Candidate.app/Contents/Developer/Platforms/WatchOS.platform/Developer/Library/Frameworks -F /Applications/Xcode-27.0.0-Release.Candidate.app/Contents/Developer/Platforms/WatchOS.platform/Developer/SDKs/WatchOS27.0.sdk/Developer/Library/Frameworks -Xfrontend -load-plugin-executable -Xfrontend /Users/admin/builder/spi-builder-workspace/.derivedData/Build/Products/Debug/BinaryParsingMacros\#BinaryParsingMacros -c -j10 -enable-batch-mode -incremental -Xcc -ivfsstatcache -Xcc /Users/admin/builder/spi-builder-workspace/.derivedData/SDKStatCaches.noindex/watchos27.0-24R360-e829b21a6f8c9b70876ba0858053c04477534ef55a1706bf4c1112bbb242f0a2.sdkstatcache -output-file-map /Users/admin/builder/spi-builder-workspace/.derivedData/Build/Intermediates.noindex/swift-binary-parsing.build/Debug-watchos/BinaryParsing-t.build/Objects-normal/arm64/BinaryParsing-OutputFileMap.json -save-temps -no-color-diagnostics -explicit-module-build -module-cache-path /Users/admin/builder/spi-builder-workspace/.derivedData/Build/Intermediates.noindex/SwiftExplicitPrecompiledModules -clang-scanner-module-cache-path /Users/admin/builder/spi-builder-workspace/.derivedData/ModuleCache.noindex -sdk-module-cache-path /Users/admin/builder/spi-builder-workspace/.derivedData/SDKExplicitPrecompiledModules -emit-dependencies -emit-module -emit-module-path /Users/admin/builder/spi-builder-workspace/.derivedData/Build/Intermediates.noindex/swift-binary-parsing.build/Debug-watchos/BinaryParsing-t.build/Objects-normal/arm64/BinaryParsing.swiftmodule -serialize-diagnostics -dependency-scan-serialize-diagnostics-path /Users/admin/builder/spi-builder-workspace/.derivedData/Build/Intermediates.noindex/swift-binary-parsing.build/Debug-watchos/BinaryParsing-t.build/Objects-normal/arm64/BinaryParsing-dependency-scan.dia -validate-clang-modules-once -clang-build-session-file /Users/admin/builder/spi-builder-workspace/.derivedData/ModuleCache.noindex/Session.modulevalidation -Xcc -fmodules-prune-interval\=86400 -Xcc -fmodules-prune-after\=345600 -package-name spi_builder_workspace -emit-const-values -const-gather-protocols-list /Users/admin/builder/spi-builder-workspace/.derivedData/Build/Intermediates.noindex/swift-binary-parsing.build/Debug-watchos/BinaryParsing-t.build/Objects-normal/arm64/BinaryParsing_const_extract_protocols.json -Xcc -I/Users/admin/builder/spi-builder-workspace/.derivedData/Build/Products/Debug-watchos/include -Xcc -I/Users/admin/builder/spi-builder-workspace/.derivedData/Build/Intermediates.noindex/swift-binary-parsing.build/Debug-watchos/BinaryParsing-t.build/DerivedSources-normal/arm64 -Xcc -I/Users/admin/builder/spi-builder-workspace/.derivedData/Build/Intermediates.noindex/swift-binary-parsing.build/Debug-watchos/BinaryParsing-t.build/DerivedSources/arm64 -Xcc -I/Users/admin/builder/spi-builder-workspace/.derivedData/Build/Intermediates.noindex/swift-binary-parsing.build/Debug-watchos/BinaryParsing-t.build/DerivedSources -Xcc -DSWIFT_PACKAGE -Xcc -DDEBUG\=1 -emit-objc-header -emit-objc-header-path /Users/admin/builder/spi-builder-workspace/.derivedData/Build/Intermediates.noindex/swift-binary-parsing.build/Debug-watchos/BinaryParsing-t.build/Objects-normal/arm64/BinaryParsing-Swift.h -working-directory /Users/admin/builder/spi-builder-workspace/.swiftpm/xcode -experimental-emit-module-separately -disable-cmo
SwiftEmitModule normal arm64_32 Emitting\ module\ for\ BinaryParsing (in target 'BinaryParsing' from project 'swift-binary-parsing')
SwiftCompile normal arm64_32 (in target 'BinaryParsing' from project 'swift-binary-parsing')
cd /Users/admin/builder/spi-builder-workspace/.swiftpm/xcode
SwiftCompile normal arm64_32 Compiling\ Seeking.swift,\ Slicing.swift /Users/admin/builder/spi-builder-workspace/Sources/BinaryParsing/Parser\ Types/Seeking.swift /Users/admin/builder/spi-builder-workspace/Sources/BinaryParsing/Parser\ Types/Slicing.swift (in target 'BinaryParsing' from project 'swift-binary-parsing')
SwiftCompile normal arm64_32 /Users/admin/builder/spi-builder-workspace/Sources/BinaryParsing/Parser\ Types/Seeking.swift (in target 'BinaryParsing' from project 'swift-binary-parsing')
cd /Users/admin/builder/spi-builder-workspace/.swiftpm/xcode
builtin-SwiftPerFileCompile Seeking.swift
SwiftCompile normal arm64_32 /Users/admin/builder/spi-builder-workspace/Sources/BinaryParsing/Parser\ Types/Slicing.swift (in target 'BinaryParsing' from project 'swift-binary-parsing')
cd /Users/admin/builder/spi-builder-workspace/.swiftpm/xcode
builtin-SwiftPerFileCompile Slicing.swift
/Users/admin/builder/spi-builder-workspace/Sources/BinaryParsing/Parser Types/Seeking.swift:167:4: error: invalid lifetime dependence on an Escapable result
165 | /// - Throws: A `ParsingError` if `range` is out of bounds for this span.
166 | @inlinable
167 | @_lifetime(&self)
| `- error: invalid lifetime dependence on an Escapable result
168 | public mutating func seek(toRange range: ParserRange) throws(ParsingError) {
169 | guard (0..._bytes.byteCount).contains(range.lowerBound),
/Users/admin/builder/spi-builder-workspace/Sources/BinaryParsing/Parser Types/Seeking.swift:207:4: error: invalid lifetime dependence on an Escapable result
205 | /// `0...count`.
206 | @inlinable
207 | @_lifetime(&self)
| `- error: invalid lifetime dependence on an Escapable result
208 | public mutating func seek(toRelativeOffset offset: some FixedWidthInteger)
209 | throws(ParsingError)
/Users/admin/builder/spi-builder-workspace/Sources/BinaryParsing/Parser Types/Seeking.swift:252:4: error: invalid lifetime dependence on an Escapable result
250 | /// `0...bytes.count`.
251 | @inlinable
252 | @_lifetime(&self)
| `- error: invalid lifetime dependence on an Escapable result
253 | public mutating func seek(toAbsoluteOffset offset: some FixedWidthInteger)
254 | throws(ParsingError)
/Users/admin/builder/spi-builder-workspace/Sources/BinaryParsing/Parser Types/Seeking.swift:296:4: error: invalid lifetime dependence on an Escapable result
294 | /// `0...count`.
295 | @inlinable
296 | @_lifetime(&self)
| `- error: invalid lifetime dependence on an Escapable result
297 | public mutating func seek(toOffsetFromEnd offset: some FixedWidthInteger)
298 | throws(ParsingError)
/Users/admin/builder/spi-builder-workspace/Sources/BinaryParsing/Parsers/Integer.swift:39:4: error: invalid lifetime dependence on an Escapable result
37 | @unsafe
38 | @inlinable
39 | @_lifetime(&input)
| `- error: invalid lifetime dependence on an Escapable result
40 | init(
41 | _unchecked _: Void,
/Users/admin/builder/spi-builder-workspace/Sources/BinaryParsing/Parsers/Integer.swift:48:4: error: invalid lifetime dependence on an Escapable result
46 |
47 | @inlinable
48 | @_lifetime(&input)
| `- error: invalid lifetime dependence on an Escapable result
49 | init(
50 | _parsingBigEndian input: inout ParserSpan
/Users/admin/builder/spi-builder-workspace/Sources/BinaryParsing/Parsers/Integer.swift:58:4: error: invalid lifetime dependence on an Escapable result
56 | @unsafe
57 | @inlinable
58 | @_lifetime(&input)
| `- error: invalid lifetime dependence on an Escapable result
59 | init(
60 | _unchecked _: Void,
/Users/admin/builder/spi-builder-workspace/Sources/BinaryParsing/Parsers/Integer.swift:67:4: error: invalid lifetime dependence on an Escapable result
65 |
66 | @inlinable
67 | @_lifetime(&input)
| `- error: invalid lifetime dependence on an Escapable result
68 | init(_parsingLittleEndian input: inout ParserSpan) throws(ParsingError) {
69 | try input._checkCount(minimum: MemoryLayout<Self>.size)
/Users/admin/builder/spi-builder-workspace/Sources/BinaryParsing/Parsers/Integer.swift:75:4: error: invalid lifetime dependence on an Escapable result
73 | @unsafe
74 | @inlinable
75 | @_lifetime(&input)
| `- error: invalid lifetime dependence on an Escapable result
76 | init(
77 | _unchecked _: Void,
/Users/admin/builder/spi-builder-workspace/Sources/BinaryParsing/Parsers/Integer.swift:113:4: error: invalid lifetime dependence on an Escapable result
111 | @unsafe
112 | @inlinable
113 | @_lifetime(&input)
| `- error: invalid lifetime dependence on an Escapable result
114 | init(
115 | _unchecked _: Void,
/Users/admin/builder/spi-builder-workspace/Sources/BinaryParsing/Parsers/Integer.swift:136:4: error: invalid lifetime dependence on an Escapable result
134 | @unsafe
135 | @inlinable
136 | @_lifetime(&input)
| `- error: invalid lifetime dependence on an Escapable result
137 | init(
138 | _unchecked _: Void,
/Users/admin/builder/spi-builder-workspace/Sources/BinaryParsing/Parsers/Integer.swift:198:4: error: invalid lifetime dependence on an Escapable result
196 | @unsafe
197 | @inlinable
198 | @_lifetime(&input)
| `- error: invalid lifetime dependence on an Escapable result
199 | init(
200 | _unchecked _: Void,
/Users/admin/builder/spi-builder-workspace/Sources/BinaryParsing/Parsers/Integer.swift:235:4: error: invalid lifetime dependence on an Escapable result
233 | @unsafe
234 | @inlinable
235 | @_lifetime(&input)
| `- error: invalid lifetime dependence on an Escapable result
236 | init(
237 | _unchecked _: Void,
/Users/admin/builder/spi-builder-workspace/Sources/BinaryParsing/Parsers/Integer.swift:265:4: error: invalid lifetime dependence on an Escapable result
263 |
264 | @inlinable
265 | @_lifetime(&input)
| `- error: invalid lifetime dependence on an Escapable result
266 | init(
267 | _parsing input: inout ParserSpan,
/Users/admin/builder/spi-builder-workspace/Sources/BinaryParsing/Parsers/Integer.swift:399:4: error: invalid lifetime dependence on an Escapable result
397 | @unsafe
398 | @inlinable
399 | @_lifetime(&input)
| `- error: invalid lifetime dependence on an Escapable result
400 | public init(
401 | _unchecked _: Void, parsingBigEndian input: inout ParserSpan, byteCount: Int
/Users/admin/builder/spi-builder-workspace/Sources/BinaryParsing/Parsers/Integer.swift:423:4: error: invalid lifetime dependence on an Escapable result
421 | /// bytes, or if the parsed value overflows this integer type.
422 | @inlinable
423 | @_lifetime(&input)
| `- error: invalid lifetime dependence on an Escapable result
424 | public init(parsingBigEndian input: inout ParserSpan, byteCount: Int)
425 | throws(ParsingError)
/Users/admin/builder/spi-builder-workspace/Sources/BinaryParsing/Parsers/Integer.swift:432:4: error: invalid lifetime dependence on an Escapable result
430 | @unsafe
431 | @inlinable
432 | @_lifetime(&input)
| `- error: invalid lifetime dependence on an Escapable result
433 | public init(
434 | _unchecked _: Void, parsingLittleEndian input: inout ParserSpan,
/Users/admin/builder/spi-builder-workspace/Sources/BinaryParsing/Parsers/Integer.swift:458:4: error: invalid lifetime dependence on an Escapable result
456 | /// bytes, or if the parsed value overflows this integer type.
457 | @inlinable
458 | @_lifetime(&input)
| `- error: invalid lifetime dependence on an Escapable result
459 | public init(parsingLittleEndian input: inout ParserSpan, byteCount: Int)
460 | throws(ParsingError)
/Users/admin/builder/spi-builder-workspace/Sources/BinaryParsing/Parsers/Integer.swift:467:4: error: invalid lifetime dependence on an Escapable result
465 | @unsafe
466 | @inlinable
467 | @_lifetime(&input)
| `- error: invalid lifetime dependence on an Escapable result
468 | public init(
469 | _unchecked _: Void, parsing input: inout ParserSpan, endianness: Endianness,
/Users/admin/builder/spi-builder-workspace/Sources/BinaryParsing/Parsers/Integer.swift:495:4: error: invalid lifetime dependence on an Escapable result
493 | /// padding bytes are invalid.
494 | @inlinable
495 | @_lifetime(&input)
| `- error: invalid lifetime dependence on an Escapable result
496 | public init(
497 | parsing input: inout ParserSpan, endianness: Endianness, byteCount: Int
/Users/admin/builder/spi-builder-workspace/Sources/BinaryParsing/Parsers/Integer.swift:505:4: error: invalid lifetime dependence on an Escapable result
503 | @unsafe
504 | @inlinable
505 | @_lifetime(&input)
| `- error: invalid lifetime dependence on an Escapable result
506 | public init<T: MultiByteInteger>(
507 | _unchecked _: Void,
/Users/admin/builder/spi-builder-workspace/Sources/BinaryParsing/Parsers/Integer.swift:540:4: error: invalid lifetime dependence on an Escapable result
538 | /// overflows.
539 | @inlinable
540 | @_lifetime(&input)
| `- error: invalid lifetime dependence on an Escapable result
541 | public init<T: MultiByteInteger>(
542 | parsing input: inout ParserSpan,
/Users/admin/builder/spi-builder-workspace/Sources/BinaryParsing/Parsers/Integer.swift:551:4: error: invalid lifetime dependence on an Escapable result
549 | @unsafe
550 | @inlinable
551 | @_lifetime(&input)
| `- error: invalid lifetime dependence on an Escapable result
552 | public init<T: MultiByteInteger>(
553 | _unchecked _: Void,
SwiftCompile normal arm64_32 Compiling\ Array.swift,\ Data.swift /Users/admin/builder/spi-builder-workspace/Sources/BinaryParsing/Parsers/Array.swift /Users/admin/builder/spi-builder-workspace/Sources/BinaryParsing/Parsers/Data.swift (in target 'BinaryParsing' from project 'swift-binary-parsing')
/Users/admin/builder/spi-builder-workspace/Sources/BinaryParsing/Parsers/Array.swift:20:4: error: invalid lifetime dependence on an Escapable result
18 | /// - Parameter input: The `ParserSpan` to consume.
19 | @inlinable
20 | @_lifetime(&input)
| `- error: invalid lifetime dependence on an Escapable result
21 | public init(parsingRemainingBytes input: inout ParserSpan) {
22 | defer { _ = input.divide(atOffset: input.count) }
/Users/admin/builder/spi-builder-workspace/Sources/BinaryParsing/Parsers/Array.swift:37:4: error: invalid lifetime dependence on an Escapable result
35 | /// bytes remaining.
36 | @inlinable
37 | @_lifetime(&input)
| `- error: invalid lifetime dependence on an Escapable result
38 | public init(parsing input: inout ParserSpan, byteCount: Int)
39 | throws(ParsingError)
/Users/admin/builder/spi-builder-workspace/Sources/BinaryParsing/Parsers/Array.swift:77:4: error: invalid lifetime dependence on an Escapable result
75 | /// representable.
76 | @inlinable
77 | @_lifetime(&input)
| `- error: invalid lifetime dependence on an Escapable result
78 | public init(
79 | parsing input: inout ParserSpan,
/Users/admin/builder/spi-builder-workspace/Sources/BinaryParsing/Parsers/Array.swift:122:4: error: invalid lifetime dependence on an Escapable result
120 | /// - Throws: An error if one is thrown from `parser`.
121 | @inlinable
122 | @_lifetime(&input)
| `- error: invalid lifetime dependence on an Escapable result
123 | public init(
124 | parsing input: inout ParserSpan,
/Users/admin/builder/spi-builder-workspace/Sources/BinaryParsing/Parsers/Array.swift:164:4: error: invalid lifetime dependence on an Escapable result
162 | /// - Throws: An error if one is thrown from `parser`.
163 | @inlinable
164 | @_lifetime(&input)
| `- error: invalid lifetime dependence on an Escapable result
165 | public init<E>(
166 | parsingAll input: inout ParserSpan,
/Users/admin/builder/spi-builder-workspace/Sources/BinaryParsing/Parsers/Integer.swift:39:4: error: invalid lifetime dependence on an Escapable result
37 | @unsafe
38 | @inlinable
39 | @_lifetime(&input)
| `- error: invalid lifetime dependence on an Escapable result
40 | init(
41 | _unchecked _: Void,
/Users/admin/builder/spi-builder-workspace/Sources/BinaryParsing/Parsers/Integer.swift:48:4: error: invalid lifetime dependence on an Escapable result
46 |
47 | @inlinable
48 | @_lifetime(&input)
| `- error: invalid lifetime dependence on an Escapable result
49 | init(
50 | _parsingBigEndian input: inout ParserSpan
/Users/admin/builder/spi-builder-workspace/Sources/BinaryParsing/Parsers/Integer.swift:58:4: error: invalid lifetime dependence on an Escapable result
56 | @unsafe
57 | @inlinable
58 | @_lifetime(&input)
| `- error: invalid lifetime dependence on an Escapable result
59 | init(
60 | _unchecked _: Void,
/Users/admin/builder/spi-builder-workspace/Sources/BinaryParsing/Parsers/Integer.swift:67:4: error: invalid lifetime dependence on an Escapable result
65 |
66 | @inlinable
67 | @_lifetime(&input)
| `- error: invalid lifetime dependence on an Escapable result
68 | init(_parsingLittleEndian input: inout ParserSpan) throws(ParsingError) {
69 | try input._checkCount(minimum: MemoryLayout<Self>.size)
/Users/admin/builder/spi-builder-workspace/Sources/BinaryParsing/Parsers/Integer.swift:75:4: error: invalid lifetime dependence on an Escapable result
73 | @unsafe
74 | @inlinable
75 | @_lifetime(&input)
| `- error: invalid lifetime dependence on an Escapable result
76 | init(
77 | _unchecked _: Void,
/Users/admin/builder/spi-builder-workspace/Sources/BinaryParsing/Parsers/Integer.swift:113:4: error: invalid lifetime dependence on an Escapable result
111 | @unsafe
112 | @inlinable
113 | @_lifetime(&input)
| `- error: invalid lifetime dependence on an Escapable result
114 | init(
115 | _unchecked _: Void,
/Users/admin/builder/spi-builder-workspace/Sources/BinaryParsing/Parsers/Integer.swift:136:4: error: invalid lifetime dependence on an Escapable result
134 | @unsafe
135 | @inlinable
136 | @_lifetime(&input)
| `- error: invalid lifetime dependence on an Escapable result
137 | init(
138 | _unchecked _: Void,
/Users/admin/builder/spi-builder-workspace/Sources/BinaryParsing/Parsers/Integer.swift:198:4: error: invalid lifetime dependence on an Escapable result
196 | @unsafe
197 | @inlinable
198 | @_lifetime(&input)
| `- error: invalid lifetime dependence on an Escapable result
199 | init(
200 | _unchecked _: Void,
/Users/admin/builder/spi-builder-workspace/Sources/BinaryParsing/Parsers/Integer.swift:235:4: error: invalid lifetime dependence on an Escapable result
233 | @unsafe
234 | @inlinable
235 | @_lifetime(&input)
| `- error: invalid lifetime dependence on an Escapable result
236 | init(
237 | _unchecked _: Void,
/Users/admin/builder/spi-builder-workspace/Sources/BinaryParsing/Parsers/Integer.swift:265:4: error: invalid lifetime dependence on an Escapable result
263 |
264 | @inlinable
265 | @_lifetime(&input)
| `- error: invalid lifetime dependence on an Escapable result
266 | init(
267 | _parsing input: inout ParserSpan,
/Users/admin/builder/spi-builder-workspace/Sources/BinaryParsing/Parsers/Integer.swift:399:4: error: invalid lifetime dependence on an Escapable result
397 | @unsafe
398 | @inlinable
399 | @_lifetime(&input)
| `- error: invalid lifetime dependence on an Escapable result
400 | public init(
401 | _unchecked _: Void, parsingBigEndian input: inout ParserSpan, byteCount: Int
/Users/admin/builder/spi-builder-workspace/Sources/BinaryParsing/Parsers/Integer.swift:423:4: error: invalid lifetime dependence on an Escapable result
421 | /// bytes, or if the parsed value overflows this integer type.
422 | @inlinable
423 | @_lifetime(&input)
| `- error: invalid lifetime dependence on an Escapable result
424 | public init(parsingBigEndian input: inout ParserSpan, byteCount: Int)
425 | throws(ParsingError)
/Users/admin/builder/spi-builder-workspace/Sources/BinaryParsing/Parsers/Integer.swift:432:4: error: invalid lifetime dependence on an Escapable result
430 | @unsafe
431 | @inlinable
432 | @_lifetime(&input)
| `- error: invalid lifetime dependence on an Escapable result
433 | public init(
434 | _unchecked _: Void, parsingLittleEndian input: inout ParserSpan,
/Users/admin/builder/spi-builder-workspace/Sources/BinaryParsing/Parsers/Integer.swift:458:4: error: invalid lifetime dependence on an Escapable result
456 | /// bytes, or if the parsed value overflows this integer type.
457 | @inlinable
458 | @_lifetime(&input)
| `- error: invalid lifetime dependence on an Escapable result
459 | public init(parsingLittleEndian input: inout ParserSpan, byteCount: Int)
460 | throws(ParsingError)
/Users/admin/builder/spi-builder-workspace/Sources/BinaryParsing/Parsers/Integer.swift:467:4: error: invalid lifetime dependence on an Escapable result
465 | @unsafe
466 | @inlinable
467 | @_lifetime(&input)
| `- error: invalid lifetime dependence on an Escapable result
468 | public init(
469 | _unchecked _: Void, parsing input: inout ParserSpan, endianness: Endianness,
/Users/admin/builder/spi-builder-workspace/Sources/BinaryParsing/Parsers/Integer.swift:495:4: error: invalid lifetime dependence on an Escapable result
493 | /// padding bytes are invalid.
494 | @inlinable
495 | @_lifetime(&input)
| `- error: invalid lifetime dependence on an Escapable result
496 | public init(
497 | parsing input: inout ParserSpan, endianness: Endianness, byteCount: Int
/Users/admin/builder/spi-builder-workspace/Sources/BinaryParsing/Parsers/Integer.swift:505:4: error: invalid lifetime dependence on an Escapable result
503 | @unsafe
504 | @inlinable
505 | @_lifetime(&input)
| `- error: invalid lifetime dependence on an Escapable result
506 | public init<T: MultiByteInteger>(
507 | _unchecked _: Void,
/Users/admin/builder/spi-builder-workspace/Sources/BinaryParsing/Parsers/Integer.swift:540:4: error: invalid lifetime dependence on an Escapable result
538 | /// overflows.
539 | @inlinable
540 | @_lifetime(&input)
| `- error: invalid lifetime dependence on an Escapable result
541 | public init<T: MultiByteInteger>(
542 | parsing input: inout ParserSpan,
/Users/admin/builder/spi-builder-workspace/Sources/BinaryParsing/Parsers/Integer.swift:551:4: error: invalid lifetime dependence on an Escapable result
549 | @unsafe
550 | @inlinable
551 | @_lifetime(&input)
| `- error: invalid lifetime dependence on an Escapable result
552 | public init<T: MultiByteInteger>(
553 | _unchecked _: Void,
SwiftCompile normal arm64_32 /Users/admin/builder/spi-builder-workspace/Sources/BinaryParsing/Parsers/Array.swift (in target 'BinaryParsing' from project 'swift-binary-parsing')
cd /Users/admin/builder/spi-builder-workspace/.swiftpm/xcode
builtin-SwiftPerFileCompile Array.swift
SwiftCompile normal arm64_32 /Users/admin/builder/spi-builder-workspace/Sources/BinaryParsing/Parsers/Data.swift (in target 'BinaryParsing' from project 'swift-binary-parsing')
cd /Users/admin/builder/spi-builder-workspace/.swiftpm/xcode
builtin-SwiftPerFileCompile Data.swift
SwiftCompile normal arm64_32 Compiling\ InlineArray.swift,\ Integer.swift /Users/admin/builder/spi-builder-workspace/Sources/BinaryParsing/Parsers/InlineArray.swift /Users/admin/builder/spi-builder-workspace/Sources/BinaryParsing/Parsers/Integer.swift (in target 'BinaryParsing' from project 'swift-binary-parsing')
/Users/admin/builder/spi-builder-workspace/Sources/BinaryParsing/Parsers/InlineArray.swift:21:4: error: invalid lifetime dependence on an Escapable result
19 | /// bytes remaining.
20 | @inlinable
21 | @_lifetime(&input)
| `- error: invalid lifetime dependence on an Escapable result
22 | public init(parsing input: inout ParserSpan) throws {
23 | let slice = try input._divide(atByteOffset: Self.count)
/Users/admin/builder/spi-builder-workspace/Sources/BinaryParsing/Parsers/InlineArray.swift:56:4: error: invalid lifetime dependence on an Escapable result
54 | /// - Throws: An error if one is thrown from `parser`.
55 | @inlinable
56 | @_lifetime(&input)
| `- error: invalid lifetime dependence on an Escapable result
57 | public init(
58 | parsing input: inout ParserSpan,
/Users/admin/builder/spi-builder-workspace/Sources/BinaryParsing/Parsers/Integer.swift:39:4: error: invalid lifetime dependence on an Escapable result
37 | @unsafe
38 | @inlinable
39 | @_lifetime(&input)
| `- error: invalid lifetime dependence on an Escapable result
40 | init(
41 | _unchecked _: Void,
/Users/admin/builder/spi-builder-workspace/Sources/BinaryParsing/Parsers/Integer.swift:48:4: error: invalid lifetime dependence on an Escapable result
46 |
47 | @inlinable
48 | @_lifetime(&input)
| `- error: invalid lifetime dependence on an Escapable result
49 | init(
50 | _parsingBigEndian input: inout ParserSpan
/Users/admin/builder/spi-builder-workspace/Sources/BinaryParsing/Parsers/Integer.swift:58:4: error: invalid lifetime dependence on an Escapable result
56 | @unsafe
57 | @inlinable
58 | @_lifetime(&input)
| `- error: invalid lifetime dependence on an Escapable result
59 | init(
60 | _unchecked _: Void,
/Users/admin/builder/spi-builder-workspace/Sources/BinaryParsing/Parsers/Integer.swift:67:4: error: invalid lifetime dependence on an Escapable result
65 |
66 | @inlinable
67 | @_lifetime(&input)
| `- error: invalid lifetime dependence on an Escapable result
68 | init(_parsingLittleEndian input: inout ParserSpan) throws(ParsingError) {
69 | try input._checkCount(minimum: MemoryLayout<Self>.size)
/Users/admin/builder/spi-builder-workspace/Sources/BinaryParsing/Parsers/Integer.swift:75:4: error: invalid lifetime dependence on an Escapable result
73 | @unsafe
74 | @inlinable
75 | @_lifetime(&input)
| `- error: invalid lifetime dependence on an Escapable result
76 | init(
77 | _unchecked _: Void,
/Users/admin/builder/spi-builder-workspace/Sources/BinaryParsing/Parsers/Integer.swift:113:4: error: invalid lifetime dependence on an Escapable result
111 | @unsafe
112 | @inlinable
113 | @_lifetime(&input)
| `- error: invalid lifetime dependence on an Escapable result
114 | init(
115 | _unchecked _: Void,
/Users/admin/builder/spi-builder-workspace/Sources/BinaryParsing/Parsers/Integer.swift:136:4: error: invalid lifetime dependence on an Escapable result
134 | @unsafe
135 | @inlinable
136 | @_lifetime(&input)
| `- error: invalid lifetime dependence on an Escapable result
137 | init(
138 | _unchecked _: Void,
/Users/admin/builder/spi-builder-workspace/Sources/BinaryParsing/Parsers/Integer.swift:198:4: error: invalid lifetime dependence on an Escapable result
196 | @unsafe
197 | @inlinable
198 | @_lifetime(&input)
| `- error: invalid lifetime dependence on an Escapable result
199 | init(
200 | _unchecked _: Void,
/Users/admin/builder/spi-builder-workspace/Sources/BinaryParsing/Parsers/Integer.swift:235:4: error: invalid lifetime dependence on an Escapable result
233 | @unsafe
234 | @inlinable
235 | @_lifetime(&input)
| `- error: invalid lifetime dependence on an Escapable result
236 | init(
237 | _unchecked _: Void,
/Users/admin/builder/spi-builder-workspace/Sources/BinaryParsing/Parsers/Integer.swift:265:4: error: invalid lifetime dependence on an Escapable result
263 |
264 | @inlinable
265 | @_lifetime(&input)
| `- error: invalid lifetime dependence on an Escapable result
266 | init(
267 | _parsing input: inout ParserSpan,
/Users/admin/builder/spi-builder-workspace/Sources/BinaryParsing/Parsers/Integer.swift:286:4: error: invalid lifetime dependence on an Escapable result
284 | @unsafe
285 | @inlinable
286 | @_lifetime(&input)
| `- error: invalid lifetime dependence on an Escapable result
287 | public init(_unchecked _: Void, parsingBigEndian input: inout ParserSpan) {
288 | unsafe self.init(_unchecked: (), _parsingBigEndian: &input)
/Users/admin/builder/spi-builder-workspace/Sources/BinaryParsing/Parsers/Integer.swift:300:4: error: invalid lifetime dependence on an Escapable result
298 | /// this integer type.
299 | @inlinable
300 | @_lifetime(&input)
| `- error: invalid lifetime dependence on an Escapable result
301 | public init(parsingBigEndian input: inout ParserSpan) throws(ParsingError) {
302 | try self.init(_parsingBigEndian: &input)
/Users/admin/builder/spi-builder-workspace/Sources/BinaryParsing/Parsers/Integer.swift:307:4: error: invalid lifetime dependence on an Escapable result
305 | @unsafe
306 | @inlinable
307 | @_lifetime(&input)
| `- error: invalid lifetime dependence on an Escapable result
308 | public init(_unchecked _: Void, parsingLittleEndian input: inout ParserSpan) {
309 | unsafe self.init(_unchecked: (), _parsingLittleEndian: &input)
/Users/admin/builder/spi-builder-workspace/Sources/BinaryParsing/Parsers/Integer.swift:321:4: error: invalid lifetime dependence on an Escapable result
319 | /// this integer type.
320 | @inlinable
321 | @_lifetime(&input)
| `- error: invalid lifetime dependence on an Escapable result
322 | public init(parsingLittleEndian input: inout ParserSpan) throws(ParsingError)
323 | {
/Users/admin/builder/spi-builder-workspace/Sources/BinaryParsing/Parsers/Integer.swift:329:4: error: invalid lifetime dependence on an Escapable result
327 | @unsafe
328 | @inlinable
329 | @_lifetime(&input)
| `- error: invalid lifetime dependence on an Escapable result
330 | public init(
331 | _unchecked _: Void, parsing input: inout ParserSpan, endianness: Endianness
SwiftCompile normal arm64_32 /Users/admin/builder/spi-builder-workspace/Sources/BinaryParsing/Parsers/InlineArray.swift (in target 'BinaryParsing' from project 'swift-binary-parsing')
cd /Users/admin/builder/spi-builder-workspace/.swiftpm/xcode
builtin-SwiftPerFileCompile InlineArray.swift
SwiftCompile normal arm64_32 /Users/admin/builder/spi-builder-workspace/Sources/BinaryParsing/Parsers/Integer.swift (in target 'BinaryParsing' from project 'swift-binary-parsing')
cd /Users/admin/builder/spi-builder-workspace/.swiftpm/xcode
builtin-SwiftPerFileCompile Integer.swift
SwiftCompile normal arm64_32 Compiling\ IntegerProtocols.swift,\ Range.swift /Users/admin/builder/spi-builder-workspace/Sources/BinaryParsing/Parsers/IntegerProtocols.swift /Users/admin/builder/spi-builder-workspace/Sources/BinaryParsing/Parsers/Range.swift (in target 'BinaryParsing' from project 'swift-binary-parsing')
SwiftCompile normal arm64_32 /Users/admin/builder/spi-builder-workspace/Sources/BinaryParsing/Parsers/IntegerProtocols.swift (in target 'BinaryParsing' from project 'swift-binary-parsing')
cd /Users/admin/builder/spi-builder-workspace/.swiftpm/xcode
builtin-SwiftPerFileCompile IntegerProtocols.swift
SwiftCompile normal arm64_32 /Users/admin/builder/spi-builder-workspace/Sources/BinaryParsing/Parsers/Range.swift (in target 'BinaryParsing' from project 'swift-binary-parsing')
cd /Users/admin/builder/spi-builder-workspace/.swiftpm/xcode
builtin-SwiftPerFileCompile Range.swift
/Users/admin/builder/spi-builder-workspace/Sources/BinaryParsing/Parsers/Range.swift:28:4: error: invalid lifetime dependence on an Escapable result
26 | /// - parser: The closure to use when parsing the start and count.
27 | /// - Throws: An error if `parser` throws an error.
28 | @_lifetime(&input)
| `- error: invalid lifetime dependence on an Escapable result
29 | public init(
30 | parsingStartAndCount input: inout ParserSpan,
/Users/admin/builder/spi-builder-workspace/Sources/BinaryParsing/Parsers/Range.swift:56:4: error: invalid lifetime dependence on an Escapable result
54 | /// - parser: The closure to use when parsing the start and count.
55 | /// - Throws: An error if `parser` throws an error.
56 | @_lifetime(&input)
| `- error: invalid lifetime dependence on an Escapable result
57 | public init(
58 | parsingStartAndCount input: inout ParserSpan,
/Users/admin/builder/spi-builder-workspace/Sources/BinaryParsing/Parsers/Range.swift:79:4: error: invalid lifetime dependence on an Escapable result
77 | "The behavior of this parser is unintuitive; instead, parse the start and count separately, then form the end of the closed range."
78 | )
79 | @_lifetime(&_input)
| `- error: invalid lifetime dependence on an Escapable result
80 | public init(
81 | parsingStartAndCount _input: inout ParserSpan,
/Users/admin/builder/spi-builder-workspace/Sources/BinaryParsing/Parsers/Range.swift:100:4: error: invalid lifetime dependence on an Escapable result
98 | "The behavior of this parser is unintuitive; instead, parse the start and count separately, then form the end of the closed range."
99 | )
100 | @_lifetime(&_input)
| `- error: invalid lifetime dependence on an Escapable result
101 | public init(
102 | parsingStartAndCount _input: inout ParserSpan,
/Users/admin/builder/spi-builder-workspace/Sources/BinaryParsing/Parsers/Range.swift:132:4: error: invalid lifetime dependence on an Escapable result
130 | /// - parser: The closure to use when parsing the start and end.
131 | /// - Throws: An error if `parser` throws an error.
132 | @_lifetime(&input)
| `- error: invalid lifetime dependence on an Escapable result
133 | public init(
134 | parsingStartAndEnd input: inout ParserSpan,
/Users/admin/builder/spi-builder-workspace/Sources/BinaryParsing/Parsers/Range.swift:160:4: error: invalid lifetime dependence on an Escapable result
158 | /// - parser: The closure to use when parsing the start and end.
159 | /// - Throws: An error if `parser` throws an error.
160 | @_lifetime(&input)
| `- error: invalid lifetime dependence on an Escapable result
161 | public init(
162 | parsingStartAndEnd input: inout ParserSpan,
/Users/admin/builder/spi-builder-workspace/Sources/BinaryParsing/Parsers/Range.swift:190:4: error: invalid lifetime dependence on an Escapable result
188 | /// - parser: The closure to use when parsing the start and end.
189 | /// - Throws: An error if `parser` throws an error.
190 | @_lifetime(&input)
| `- error: invalid lifetime dependence on an Escapable result
191 | public init(
192 | parsingStartAndEnd input: inout ParserSpan,
SwiftCompile normal arm64 Compiling\ Macros.swift,\ MagicNumber.swift /Users/admin/builder/spi-builder-workspace/Sources/BinaryParsing/Macros/Macros.swift /Users/admin/builder/spi-builder-workspace/Sources/BinaryParsing/Macros/MagicNumber.swift (in target 'BinaryParsing' from project 'swift-binary-parsing')
SwiftCompile normal arm64 /Users/admin/builder/spi-builder-workspace/Sources/BinaryParsing/Macros/Macros.swift (in target 'BinaryParsing' from project 'swift-binary-parsing')
cd /Users/admin/builder/spi-builder-workspace/.swiftpm/xcode
builtin-SwiftPerFileCompile Macros.swift
SwiftCompile normal arm64 /Users/admin/builder/spi-builder-workspace/Sources/BinaryParsing/Macros/MagicNumber.swift (in target 'BinaryParsing' from project 'swift-binary-parsing')
cd /Users/admin/builder/spi-builder-workspace/.swiftpm/xcode
builtin-SwiftPerFileCompile MagicNumber.swift
SwiftCompile normal arm64_32 Compiling\ ThrowingOperations.swift,\ Endianness.swift /Users/admin/builder/spi-builder-workspace/Sources/BinaryParsing/Operations/ThrowingOperations.swift /Users/admin/builder/spi-builder-workspace/Sources/BinaryParsing/Parser\ Types/Endianness.swift (in target 'BinaryParsing' from project 'swift-binary-parsing')
SwiftCompile normal arm64_32 /Users/admin/builder/spi-builder-workspace/Sources/BinaryParsing/Operations/ThrowingOperations.swift (in target 'BinaryParsing' from project 'swift-binary-parsing')
cd /Users/admin/builder/spi-builder-workspace/.swiftpm/xcode
builtin-SwiftPerFileCompile ThrowingOperations.swift
SwiftCompile normal arm64_32 /Users/admin/builder/spi-builder-workspace/Sources/BinaryParsing/Parser\ Types/Endianness.swift (in target 'BinaryParsing' from project 'swift-binary-parsing')
cd /Users/admin/builder/spi-builder-workspace/.swiftpm/xcode
builtin-SwiftPerFileCompile Endianness.swift
SwiftCompile normal arm64_32 Compiling\ ParserSpan.swift,\ ParsingError.swift /Users/admin/builder/spi-builder-workspace/Sources/BinaryParsing/Parser\ Types/ParserSpan.swift /Users/admin/builder/spi-builder-workspace/Sources/BinaryParsing/Parser\ Types/ParsingError.swift (in target 'BinaryParsing' from project 'swift-binary-parsing')
/Users/admin/builder/spi-builder-workspace/Sources/BinaryParsing/Parser Types/ParserSpan.swift:183:4: error: invalid lifetime dependence on an Escapable result
181 | @unsafe
182 | @inlinable
183 | @_lifetime(copy self)
| `- error: invalid lifetime dependence on an Escapable result
184 | mutating func consumeUnchecked(type: UInt8.Type = UInt8.self) -> UInt8 {
185 | defer { _lowerBound &+= 1 }
/Users/admin/builder/spi-builder-workspace/Sources/BinaryParsing/Parser Types/ParserSpan.swift:193:4: error: invalid lifetime dependence on an Escapable result
191 | @unsafe
192 | @inlinable
193 | @_lifetime(copy self)
| `- error: invalid lifetime dependence on an Escapable result
194 | mutating func consumeUnchecked<T: FixedWidthInteger & BitwiseCopyable>(
195 | type: T.Type
/Users/admin/builder/spi-builder-workspace/Sources/BinaryParsing/Parser Types/ParserSpan.swift:212:4: error: invalid lifetime dependence on an Escapable result
210 | /// `atomically` guarantees that the input span isn't modified in that case.
211 | @inlinable
212 | @_lifetime(&self)
| `- error: invalid lifetime dependence on an Escapable result
213 | public mutating func atomically<T, E>(
214 | _ body: (inout ParserSpan) throws(E) -> T
/Users/admin/builder/spi-builder-workspace/Sources/BinaryParsing/Parsers/Range.swift:28:4: error: invalid lifetime dependence on an Escapable result
26 | /// - parser: The closure to use when parsing the start and count.
27 | /// - Throws: An error if `parser` throws an error.
28 | @_lifetime(&input)
| `- error: invalid lifetime dependence on an Escapable result
29 | public init(
30 | parsingStartAndCount input: inout ParserSpan,
/Users/admin/builder/spi-builder-workspace/Sources/BinaryParsing/Parsers/Range.swift:56:4: error: invalid lifetime dependence on an Escapable result
54 | /// - parser: The closure to use when parsing the start and count.
55 | /// - Throws: An error if `parser` throws an error.
56 | @_lifetime(&input)
| `- error: invalid lifetime dependence on an Escapable result
57 | public init(
58 | parsingStartAndCount input: inout ParserSpan,
/Users/admin/builder/spi-builder-workspace/Sources/BinaryParsing/Parsers/Range.swift:132:4: error: invalid lifetime dependence on an Escapable result
130 | /// - parser: The closure to use when parsing the start and end.
131 | /// - Throws: An error if `parser` throws an error.
132 | @_lifetime(&input)
| `- error: invalid lifetime dependence on an Escapable result
133 | public init(
134 | parsingStartAndEnd input: inout ParserSpan,
SwiftCompile normal arm64_32 /Users/admin/builder/spi-builder-workspace/Sources/BinaryParsing/Parser\ Types/ParserSpan.swift (in target 'BinaryParsing' from project 'swift-binary-parsing')
cd /Users/admin/builder/spi-builder-workspace/.swiftpm/xcode
builtin-SwiftPerFileCompile ParserSpan.swift
SwiftCompile normal arm64_32 /Users/admin/builder/spi-builder-workspace/Sources/BinaryParsing/Parser\ Types/ParsingError.swift (in target 'BinaryParsing' from project 'swift-binary-parsing')
cd /Users/admin/builder/spi-builder-workspace/.swiftpm/xcode
builtin-SwiftPerFileCompile ParsingError.swift
SwiftCompile normal arm64_32 Compiling\ String.swift /Users/admin/builder/spi-builder-workspace/Sources/BinaryParsing/Parsers/String.swift (in target 'BinaryParsing' from project 'swift-binary-parsing')
/Users/admin/builder/spi-builder-workspace/Sources/BinaryParsing/Parsers/String.swift:18:4: error: invalid lifetime dependence on an Escapable result
16 | /// initializer throws an error if `input` does not contain a NUL byte.
17 | @inlinable
18 | @_lifetime(&input)
| `- error: invalid lifetime dependence on an Escapable result
19 | public init(parsingNulTerminated input: inout ParserSpan) throws(ParsingError)
20 | {
/Users/admin/builder/spi-builder-workspace/Sources/BinaryParsing/Parsers/String.swift:38:4: error: invalid lifetime dependence on an Escapable result
36 | /// character `U+FFFD`.
37 | @inlinable
38 | @_lifetime(&input)
| `- error: invalid lifetime dependence on an Escapable result
39 | public init(parsingUTF8 input: inout ParserSpan) {
40 | let stringBytes = input.divide(at: input.endPosition)
/Users/admin/builder/spi-builder-workspace/Sources/BinaryParsing/Parsers/String.swift:53:4: error: invalid lifetime dependence on an Escapable result
51 | /// replacing with the Unicode replacement character `U+FFFD`.
52 | @inlinable
53 | @_lifetime(&input)
| `- error: invalid lifetime dependence on an Escapable result
54 | public init(parsingUTF8 input: inout ParserSpan, count: Int)
55 | throws(ParsingError)
/Users/admin/builder/spi-builder-workspace/Sources/BinaryParsing/Parsers/String.swift:63:4: error: invalid lifetime dependence on an Escapable result
61 | @unsafe
62 | @inlinable
63 | @_lifetime(&input)
| `- error: invalid lifetime dependence on an Escapable result
64 | internal init(_uncheckedParsingUTF16 input: inout ParserSpan)
65 | throws(ParsingError)
/Users/admin/builder/spi-builder-workspace/Sources/BinaryParsing/Parsers/String.swift:81:4: error: invalid lifetime dependence on an Escapable result
79 | /// Unicode replacement character `U+FFFD`.
80 | @inlinable
81 | @_lifetime(&input)
| `- error: invalid lifetime dependence on an Escapable result
82 | public init(parsingUTF16 input: inout ParserSpan) throws(ParsingError) {
83 | guard input.count.isMultiple(of: 2) else {
/Users/admin/builder/spi-builder-workspace/Sources/BinaryParsing/Parsers/String.swift:104:4: error: invalid lifetime dependence on an Escapable result
102 | /// `2 * codeUnitCount` bytes remaining.
103 | @inlinable
104 | @_lifetime(&input)
| `- error: invalid lifetime dependence on an Escapable result
105 | public init(parsingUTF16 input: inout ParserSpan, codeUnitCount: Int)
106 | throws(ParsingError)
/Users/admin/builder/spi-builder-workspace/Sources/BinaryParsing/Parser Types/ParserSpan.swift:183:4: error: invalid lifetime dependence on an Escapable result
181 | @unsafe
182 | @inlinable
183 | @_lifetime(copy self)
| `- error: invalid lifetime dependence on an Escapable result
184 | mutating func consumeUnchecked(type: UInt8.Type = UInt8.self) -> UInt8 {
185 | defer { _lowerBound &+= 1 }
/Users/admin/builder/spi-builder-workspace/Sources/BinaryParsing/Parser Types/ParserSpan.swift:193:4: error: invalid lifetime dependence on an Escapable result
191 | @unsafe
192 | @inlinable
193 | @_lifetime(copy self)
| `- error: invalid lifetime dependence on an Escapable result
194 | mutating func consumeUnchecked<T: FixedWidthInteger & BitwiseCopyable>(
195 | type: T.Type
Failed frontend command:
/Applications/Xcode-27.0.0-Release.Candidate.app/Contents/Developer/Toolchains/XcodeDefault.xctoolchain/usr/bin/swift-frontend -frontend -c /Users/admin/builder/spi-builder-workspace/Sources/BinaryParsing/Macros/Macros.swift /Users/admin/builder/spi-builder-workspace/Sources/BinaryParsing/Macros/MagicNumber.swift /Users/admin/builder/spi-builder-workspace/Sources/BinaryParsing/Operations/OptionalOperations.swift /Users/admin/builder/spi-builder-workspace/Sources/BinaryParsing/Operations/Optionators.swift /Users/admin/builder/spi-builder-workspace/Sources/BinaryParsing/Operations/ThrowingOperations.swift /Users/admin/builder/spi-builder-workspace/Sources/BinaryParsing/Parser\ Types/Endianness.swift /Users/admin/builder/spi-builder-workspace/Sources/BinaryParsing/Parser\ Types/ParserRange.swift /Users/admin/builder/spi-builder-workspace/Sources/BinaryParsing/Parser\ Types/ParserSource.swift /Users/admin/builder/spi-builder-workspace/Sources/BinaryParsing/Parser\ Types/ParserSpan.swift /Users/admin/builder/spi-builder-workspace/Sources/BinaryParsing/Parser\ Types/ParsingError.swift /Users/admin/builder/spi-builder-workspace/Sources/BinaryParsing/Parser\ Types/Seeking.swift /Users/admin/builder/spi-builder-workspace/Sources/BinaryParsing/Parser\ Types/Slicing.swift /Users/admin/builder/spi-builder-workspace/Sources/BinaryParsing/Parsers/Array.swift /Users/admin/builder/spi-builder-workspace/Sources/BinaryParsing/Parsers/Data.swift /Users/admin/builder/spi-builder-workspace/Sources/BinaryParsing/Parsers/InlineArray.swift /Users/admin/builder/spi-builder-workspace/Sources/BinaryParsing/Parsers/Integer.swift /Users/admin/builder/spi-builder-workspace/Sources/BinaryParsing/Parsers/IntegerProtocols.swift /Users/admin/builder/spi-builder-workspace/Sources/BinaryParsing/Parsers/Range.swift -primary-file /Users/admin/builder/spi-builder-workspace/Sources/BinaryParsing/Parsers/String.swift -emit-dependencies-path /Users/admin/builder/spi-builder-workspace/.derivedData/Build/Intermediates.noindex/swift-binary-parsing.build/Debug-watchos/BinaryParsing-t.build/Objects-normal/arm64_32/String.d -emit-const-values-path /Users/admin/builder/spi-builder-workspace/.derivedData/Build/Intermediates.noindex/swift-binary-parsing.build/Debug-watchos/BinaryParsing-t.build/Objects-normal/arm64_32/String.swiftconstvalues -emit-reference-dependencies-path /Users/admin/builder/spi-builder-workspace/.derivedData/Build/Intermediates.noindex/swift-binary-parsing.build/Debug-watchos/BinaryParsing-t.build/Objects-normal/arm64_32/String.swiftdeps -serialize-diagnostics-path /Users/admin/builder/spi-builder-workspace/.derivedData/Build/Intermediates.noindex/swift-binary-parsing.build/Debug-watchos/BinaryParsing-t.build/Objects-normal/arm64_32/String.dia -target arm64_32-apple-watchos9.0 -module-can-import-version Foundation 5027.0.69 5027.0.69 -disable-cross-import-overlay-search -load-resolved-plugin \#/Users/admin/builder/spi-builder-workspace/.derivedData/Build/Products/Debug/BinaryParsingMacros\#BinaryParsingMacros -load-resolved-plugin /Applications/Xcode-27.0.0-Release.Candidate.app/Contents/Developer/Platforms/WatchOS.platform/Developer/usr/lib/swift/host/plugins/libFoundationMacros.dylib\#/Applications/Xcode-27.0.0-Release.Candidate.app/Contents/Developer/Platforms/WatchOS.platform/Developer/usr/bin/swift-plugin-server\#FoundationMacros -load-resolved-plugin /Applications/Xcode-27.0.0-Release.Candidate.app/Contents/Developer/Platforms/WatchOS.platform/Developer/usr/lib/swift/host/plugins/libObservationMacros.dylib\#/Applications/Xcode-27.0.0-Release.Candidate.app/Contents/Developer/Platforms/WatchOS.platform/Developer/usr/bin/swift-plugin-server\#ObservationMacros -load-resolved-plugin /Applications/Xcode-27.0.0-Release.Candidate.app/Contents/Developer/Platforms/WatchOS.platform/Developer/usr/lib/swift/host/plugins/libSwiftMacros.dylib\#/Applications/Xcode-27.0.0-Release.Candidate.app/Contents/Developer/Platforms/WatchOS.platform/Developer/usr/bin/swift-plugin-server\#SwiftMacros -disable-implicit-swift-modules -Xcc -fno-implicit-modules -Xcc -fno-implicit-module-maps -explicit-swift-module-map-file /Users/admin/builder/spi-builder-workspace/.derivedData/Build/Intermediates.noindex/swift-binary-parsing.build/Debug-watchos/BinaryParsing-t.build/Objects-normal/arm64_32/BinaryParsing-dependencies-2.json -enable-objc-interop -sdk /Applications/Xcode-27.0.0-Release.Candidate.app/Contents/Developer/Platforms/WatchOS.platform/Developer/SDKs/WatchOS27.0.sdk -I /Users/admin/builder/spi-builder-workspace/.derivedData/Build/Products/Debug-watchos -Isystem /Applications/Xcode-27.0.0-Release.Candidate.app/Contents/Developer/Platforms/WatchOS.platform/Developer/usr/lib -F /Users/admin/builder/spi-builder-workspace/.derivedData/Build/Products/Debug-watchos -F /Applications/Xcode-27.0.0-Release.Candidate.app/Contents/Developer/Platforms/WatchOS.platform/Developer/Library/Frameworks -F /Applications/Xcode-27.0.0-Release.Candidate.app/Contents/Developer/Platforms/WatchOS.platform/Developer/SDKs/WatchOS27.0.sdk/Developer/Library/Frameworks -module-cache-path /Users/admin/builder/spi-builder-workspace/.derivedData/Build/Intermediates.noindex/SwiftExplicitPrecompiledModules -no-color-diagnostics -Xcc -fno-color-diagnostics -enable-testing -g -debug-info-format\=dwarf -dwarf-version\=4 -profile-generate -profile-coverage-mapping -swift-version 6 -Onone -D SWIFT_PACKAGE -D DEBUG -D SWIFT_MODULE_RESOURCE_BUNDLE_UNAVAILABLE -D Xcode -serialize-debugging-options -load-plugin-executable /Users/admin/builder/spi-builder-workspace/.derivedData/Build/Products/Debug/BinaryParsingMacros\#BinaryParsingMacros -enable-experimental-feature ValueGenerics -enable-experimental-feature Lifetimes -enable-experimental-feature DebugDescriptionMacro -strict-memory-safety -empty-abi-descriptor -validate-clang-modules-once -clang-build-session-file /Users/admin/builder/spi-builder-workspace/.derivedData/ModuleCache.noindex/Session.modulevalidation -Xcc -working-directory -Xcc /Users/admin/builder/spi-builder-workspace/.swiftpm/xcode -enable-anonymous-context-mangled-names -file-compilation-dir /Users/admin/builder/spi-builder-workspace/.swiftpm/xcode -Xcc -D_LIBCPP_HARDENING_MODE\=_LIBCPP_HARDENING_MODE_DEBUG -Xcc -ivfsstatcache -Xcc /Users/admin/builder/spi-builder-workspace/.derivedData/SDKStatCaches.noindex/watchos27.0-24R360-e829b21a6f8c9b70876ba0858053c04477534ef55a1706bf4c1112bbb242f0a2.sdkstatcache -Xcc -fmodules-prune-interval\=86400 -Xcc -fmodules-prune-after\=345600 -Xcc -I/Users/admin/builder/spi-builder-workspace/.derivedData/Build/Products/Debug-watchos/include -Xcc -I/Users/admin/builder/spi-builder-workspace/.derivedData/Build/Intermediates.noindex/swift-binary-parsing.build/Debug-watchos/BinaryParsing-t.build/DerivedSources-normal/arm64_32 -Xcc -I/Users/admin/builder/spi-builder-workspace/.derivedData/Build/Intermediates.noindex/swift-binary-parsing.build/Debug-watchos/BinaryParsing-t.build/DerivedSources/arm64_32 -Xcc -I/Users/admin/builder/spi-builder-workspace/.derivedData/Build/Intermediates.noindex/swift-binary-parsing.build/Debug-watchos/BinaryParsing-t.build/DerivedSources -Xcc -DSWIFT_PACKAGE -Xcc -DDEBUG\=1 -no-auto-bridging-header-chaining -module-name BinaryParsing -package-name spi_builder_workspace -const-gather-protocols-file /Users/admin/builder/spi-builder-workspace/.derivedData/Build/Intermediates.noindex/swift-binary-parsing.build/Debug-watchos/BinaryParsing-t.build/Objects-normal/arm64_32/BinaryParsing_const_extract_protocols.json -disable-clang-spi -clang-target arm64_32-apple-watchos27.0 -target-sdk-version 27.0 -target-sdk-name watchos27.0 -in-process-plugin-server-path /Applications/Xcode-27.0.0-Release.Candidate.app/Contents/Developer/Toolchains/XcodeDefault.xctoolchain/usr/lib/swift/host/libSwiftInProcPluginServer.dylib -parse-as-library -o /Users/admin/builder/spi-builder-workspace/.derivedData/Build/Intermediates.noindex/swift-binary-parsing.build/Debug-watchos/BinaryParsing-t.build/Objects-normal/arm64_32/String.o -debug-module-path /Users/admin/builder/spi-builder-workspace/.derivedData/Build/Intermediates.noindex/swift-binary-parsing.build/Debug-watchos/BinaryParsing-t.build/Objects-normal/arm64_32/BinaryParsing.swiftmodule -index-unit-output-path /swift-binary-parsing.build/Debug-watchos/BinaryParsing-t.build/Objects-normal/arm64_32/String.o -index-store-path /Users/admin/builder/spi-builder-workspace/.derivedData/Index.noindex/DataStore -index-system-modules
SwiftCompile normal arm64_32 /Users/admin/builder/spi-builder-workspace/Sources/BinaryParsing/Parsers/String.swift (in target 'BinaryParsing' from project 'swift-binary-parsing')
cd /Users/admin/builder/spi-builder-workspace/.swiftpm/xcode
builtin-SwiftPerFileCompile String.swift
SwiftCompile normal arm64_32 Compiling\ Macros.swift,\ MagicNumber.swift /Users/admin/builder/spi-builder-workspace/Sources/BinaryParsing/Macros/Macros.swift /Users/admin/builder/spi-builder-workspace/Sources/BinaryParsing/Macros/MagicNumber.swift (in target 'BinaryParsing' from project 'swift-binary-parsing')
SwiftCompile normal arm64_32 /Users/admin/builder/spi-builder-workspace/Sources/BinaryParsing/Macros/Macros.swift (in target 'BinaryParsing' from project 'swift-binary-parsing')
cd /Users/admin/builder/spi-builder-workspace/.swiftpm/xcode
builtin-SwiftPerFileCompile Macros.swift
SwiftCompile normal arm64_32 /Users/admin/builder/spi-builder-workspace/Sources/BinaryParsing/Macros/MagicNumber.swift (in target 'BinaryParsing' from project 'swift-binary-parsing')
cd /Users/admin/builder/spi-builder-workspace/.swiftpm/xcode
builtin-SwiftPerFileCompile MagicNumber.swift
SwiftEmitModule normal arm64 Emitting\ module\ for\ BinaryParsing (in target 'BinaryParsing' from project 'swift-binary-parsing')
SwiftCompile normal arm64 (in target 'BinaryParsing' from project 'swift-binary-parsing')
cd /Users/admin/builder/spi-builder-workspace/.swiftpm/xcode
PruneExplicitPrecompiledModules /Users/admin/builder/spi-builder-workspace/.derivedData/SDKExplicitPrecompiledModules
PruneExplicitPrecompiledModules /Users/admin/builder/spi-builder-workspace/.derivedData/Build/Intermediates.noindex/ExplicitPrecompiledModules
PruneExplicitPrecompiledModules /Users/admin/builder/spi-builder-workspace/.derivedData/Build/Intermediates.noindex/SwiftExplicitPrecompiledModules
2026-09-23 07:37:34.433 xcodebuild[1629:9535] [MT] IDERunDestination: Supported platforms for the buildables in the current scheme is empty.
** BUILD FAILED **
The following build commands failed:
SwiftCompile normal arm64_32 Compiling\ String.swift /Users/admin/builder/spi-builder-workspace/Sources/BinaryParsing/Parsers/String.swift (in target 'BinaryParsing' from project 'swift-binary-parsing')
SwiftCompile normal arm64_32 /Users/admin/builder/spi-builder-workspace/Sources/BinaryParsing/Parsers/String.swift (in target 'BinaryParsing' from project 'swift-binary-parsing')
Building workspace swift-binary-parsing with scheme swift-binary-parsing-Package
(3 failures)
BUILD FAILURE 6.4 watchOS