Build Information
Failed to build swift-format, reference master (e0d014), with Swift 6.4 for watchOS using Xcode 27.0 on 20 Sep 2026 02:08:23 UTC.
Build Command
env DEVELOPER_DIR=/Applications/Xcode-27.0.0-Release.Candidate.app xcrun xcodebuild -IDEClonedSourcePackagesDirPathOverride=$PWD/.dependencies -skipMacroValidation -skipPackagePluginValidation -derivedDataPath $PWD/.derivedData build -scheme swift-format-Package -destination generic/platform=watchOSBuild Log
Copy /Users/admin/builder/spi-builder-workspace/.derivedData/Build/Products/Debug-watchos/SwiftOperators.swiftmodule/arm64-apple-watchos.abi.json /Users/admin/builder/spi-builder-workspace/.derivedData/Build/Intermediates.noindex/swift-syntax.build/Debug-watchos/SwiftOperators-t.build/Objects-normal/arm64/SwiftOperators.abi.json (in target 'SwiftOperators' from project 'swift-syntax')
cd /Users/admin/builder/spi-builder-workspace/.dependencies/checkouts/swift-syntax
builtin-copy -exclude .DS_Store -exclude CVS -exclude .svn -exclude .git -exclude .hg -resolve-src-symlinks -rename /Users/admin/builder/spi-builder-workspace/.derivedData/Build/Intermediates.noindex/swift-syntax.build/Debug-watchos/SwiftOperators-t.build/Objects-normal/arm64/SwiftOperators.abi.json /Users/admin/builder/spi-builder-workspace/.derivedData/Build/Products/Debug-watchos/SwiftOperators.swiftmodule/arm64-apple-watchos.abi.json
Copy /Users/admin/builder/spi-builder-workspace/.derivedData/Build/Products/Debug-watchos/SwiftParserDiagnostics.swiftmodule/arm64-apple-watchos.swiftmodule /Users/admin/builder/spi-builder-workspace/.derivedData/Build/Intermediates.noindex/swift-syntax.build/Debug-watchos/SwiftParserDiagnostics-t.build/Objects-normal/arm64/SwiftParserDiagnostics.swiftmodule (in target 'SwiftParserDiagnostics' from project 'swift-syntax')
cd /Users/admin/builder/spi-builder-workspace/.dependencies/checkouts/swift-syntax
builtin-copy -exclude .DS_Store -exclude CVS -exclude .svn -exclude .git -exclude .hg -resolve-src-symlinks -rename /Users/admin/builder/spi-builder-workspace/.derivedData/Build/Intermediates.noindex/swift-syntax.build/Debug-watchos/SwiftParserDiagnostics-t.build/Objects-normal/arm64/SwiftParserDiagnostics.swiftmodule /Users/admin/builder/spi-builder-workspace/.derivedData/Build/Products/Debug-watchos/SwiftParserDiagnostics.swiftmodule/arm64-apple-watchos.swiftmodule
Copy /Users/admin/builder/spi-builder-workspace/.derivedData/Build/Products/Debug-watchos/SwiftParserDiagnostics.swiftmodule/arm64-apple-watchos.swiftdoc /Users/admin/builder/spi-builder-workspace/.derivedData/Build/Intermediates.noindex/swift-syntax.build/Debug-watchos/SwiftParserDiagnostics-t.build/Objects-normal/arm64/SwiftParserDiagnostics.swiftdoc (in target 'SwiftParserDiagnostics' from project 'swift-syntax')
cd /Users/admin/builder/spi-builder-workspace/.dependencies/checkouts/swift-syntax
builtin-copy -exclude .DS_Store -exclude CVS -exclude .svn -exclude .git -exclude .hg -resolve-src-symlinks -rename /Users/admin/builder/spi-builder-workspace/.derivedData/Build/Intermediates.noindex/swift-syntax.build/Debug-watchos/SwiftParserDiagnostics-t.build/Objects-normal/arm64/SwiftParserDiagnostics.swiftdoc /Users/admin/builder/spi-builder-workspace/.derivedData/Build/Products/Debug-watchos/SwiftParserDiagnostics.swiftmodule/arm64-apple-watchos.swiftdoc
Copy /Users/admin/builder/spi-builder-workspace/.derivedData/Build/Products/Debug-watchos/SwiftParserDiagnostics.swiftmodule/arm64-apple-watchos.abi.json /Users/admin/builder/spi-builder-workspace/.derivedData/Build/Intermediates.noindex/swift-syntax.build/Debug-watchos/SwiftParserDiagnostics-t.build/Objects-normal/arm64/SwiftParserDiagnostics.abi.json (in target 'SwiftParserDiagnostics' from project 'swift-syntax')
cd /Users/admin/builder/spi-builder-workspace/.dependencies/checkouts/swift-syntax
builtin-copy -exclude .DS_Store -exclude CVS -exclude .svn -exclude .git -exclude .hg -resolve-src-symlinks -rename /Users/admin/builder/spi-builder-workspace/.derivedData/Build/Intermediates.noindex/swift-syntax.build/Debug-watchos/SwiftParserDiagnostics-t.build/Objects-normal/arm64/SwiftParserDiagnostics.abi.json /Users/admin/builder/spi-builder-workspace/.derivedData/Build/Products/Debug-watchos/SwiftParserDiagnostics.swiftmodule/arm64-apple-watchos.abi.json
Copy /Users/admin/builder/spi-builder-workspace/.derivedData/Build/Products/Debug-watchos/SwiftParserDiagnostics.swiftmodule/Project/arm64-apple-watchos.swiftsourceinfo /Users/admin/builder/spi-builder-workspace/.derivedData/Build/Intermediates.noindex/swift-syntax.build/Debug-watchos/SwiftParserDiagnostics-t.build/Objects-normal/arm64/SwiftParserDiagnostics.swiftsourceinfo (in target 'SwiftParserDiagnostics' from project 'swift-syntax')
cd /Users/admin/builder/spi-builder-workspace/.dependencies/checkouts/swift-syntax
builtin-copy -exclude .DS_Store -exclude CVS -exclude .svn -exclude .git -exclude .hg -resolve-src-symlinks -rename /Users/admin/builder/spi-builder-workspace/.derivedData/Build/Intermediates.noindex/swift-syntax.build/Debug-watchos/SwiftParserDiagnostics-t.build/Objects-normal/arm64/SwiftParserDiagnostics.swiftsourceinfo /Users/admin/builder/spi-builder-workspace/.derivedData/Build/Products/Debug-watchos/SwiftParserDiagnostics.swiftmodule/Project/arm64-apple-watchos.swiftsourceinfo
Copy /Users/admin/builder/spi-builder-workspace/.derivedData/Build/Products/Debug-watchos/SwiftOperators.swiftmodule/Project/arm64_32-apple-watchos.swiftsourceinfo /Users/admin/builder/spi-builder-workspace/.derivedData/Build/Intermediates.noindex/swift-syntax.build/Debug-watchos/SwiftOperators-t.build/Objects-normal/arm64_32/SwiftOperators.swiftsourceinfo (in target 'SwiftOperators' from project 'swift-syntax')
cd /Users/admin/builder/spi-builder-workspace/.dependencies/checkouts/swift-syntax
builtin-copy -exclude .DS_Store -exclude CVS -exclude .svn -exclude .git -exclude .hg -resolve-src-symlinks -rename /Users/admin/builder/spi-builder-workspace/.derivedData/Build/Intermediates.noindex/swift-syntax.build/Debug-watchos/SwiftOperators-t.build/Objects-normal/arm64_32/SwiftOperators.swiftsourceinfo /Users/admin/builder/spi-builder-workspace/.derivedData/Build/Products/Debug-watchos/SwiftOperators.swiftmodule/Project/arm64_32-apple-watchos.swiftsourceinfo
Copy /Users/admin/builder/spi-builder-workspace/.derivedData/Build/Products/Debug-watchos/SwiftOperators.swiftmodule/Project/arm64-apple-watchos.swiftsourceinfo /Users/admin/builder/spi-builder-workspace/.derivedData/Build/Intermediates.noindex/swift-syntax.build/Debug-watchos/SwiftOperators-t.build/Objects-normal/arm64/SwiftOperators.swiftsourceinfo (in target 'SwiftOperators' from project 'swift-syntax')
cd /Users/admin/builder/spi-builder-workspace/.dependencies/checkouts/swift-syntax
builtin-copy -exclude .DS_Store -exclude CVS -exclude .svn -exclude .git -exclude .hg -resolve-src-symlinks -rename /Users/admin/builder/spi-builder-workspace/.derivedData/Build/Intermediates.noindex/swift-syntax.build/Debug-watchos/SwiftOperators-t.build/Objects-normal/arm64/SwiftOperators.swiftsourceinfo /Users/admin/builder/spi-builder-workspace/.derivedData/Build/Products/Debug-watchos/SwiftOperators.swiftmodule/Project/arm64-apple-watchos.swiftsourceinfo
SwiftCompile normal arm64_32 Compiling\ SyntaxKindNameForDiagnostics.swift /Users/admin/builder/spi-builder-workspace/.dependencies/checkouts/swift-syntax/Sources/SwiftParserDiagnostics/generated/SyntaxKindNameForDiagnostics.swift (in target 'SwiftParserDiagnostics' from project 'swift-syntax')
SwiftCompile normal arm64_32 /Users/admin/builder/spi-builder-workspace/.dependencies/checkouts/swift-syntax/Sources/SwiftParserDiagnostics/generated/SyntaxKindNameForDiagnostics.swift (in target 'SwiftParserDiagnostics' from project 'swift-syntax')
cd /Users/admin/builder/spi-builder-workspace/.swiftpm/xcode
builtin-SwiftPerFileCompile SyntaxKindNameForDiagnostics.swift
SwiftCompile normal arm64_32 Compiling\ SyntaxExtensions.swift /Users/admin/builder/spi-builder-workspace/.dependencies/checkouts/swift-syntax/Sources/SwiftParserDiagnostics/SyntaxExtensions.swift (in target 'SwiftParserDiagnostics' from project 'swift-syntax')
SwiftCompile normal arm64_32 /Users/admin/builder/spi-builder-workspace/.dependencies/checkouts/swift-syntax/Sources/SwiftParserDiagnostics/SyntaxExtensions.swift (in target 'SwiftParserDiagnostics' from project 'swift-syntax')
cd /Users/admin/builder/spi-builder-workspace/.swiftpm/xcode
builtin-SwiftPerFileCompile SyntaxExtensions.swift
SwiftCompile normal arm64_32 Compiling\ ChildNameForDiagnostics.swift /Users/admin/builder/spi-builder-workspace/.dependencies/checkouts/swift-syntax/Sources/SwiftParserDiagnostics/generated/ChildNameForDiagnostics.swift (in target 'SwiftParserDiagnostics' from project 'swift-syntax')
SwiftCompile normal arm64_32 /Users/admin/builder/spi-builder-workspace/.dependencies/checkouts/swift-syntax/Sources/SwiftParserDiagnostics/generated/ChildNameForDiagnostics.swift (in target 'SwiftParserDiagnostics' from project 'swift-syntax')
cd /Users/admin/builder/spi-builder-workspace/.swiftpm/xcode
builtin-SwiftPerFileCompile ChildNameForDiagnostics.swift
SwiftDriverJobDiscovery normal arm64_32 Compiling TokenNameForDiagnostics.swift (in target 'SwiftParserDiagnostics' from project 'swift-syntax')
SwiftCompile normal arm64_32 Compiling\ MissingNodesError.swift,\ MissingTokenError.swift /Users/admin/builder/spi-builder-workspace/.dependencies/checkouts/swift-syntax/Sources/SwiftParserDiagnostics/MissingNodesError.swift /Users/admin/builder/spi-builder-workspace/.dependencies/checkouts/swift-syntax/Sources/SwiftParserDiagnostics/MissingTokenError.swift (in target 'SwiftParserDiagnostics' from project 'swift-syntax')
SwiftCompile normal arm64_32 /Users/admin/builder/spi-builder-workspace/.dependencies/checkouts/swift-syntax/Sources/SwiftParserDiagnostics/MissingNodesError.swift (in target 'SwiftParserDiagnostics' from project 'swift-syntax')
cd /Users/admin/builder/spi-builder-workspace/.swiftpm/xcode
builtin-SwiftPerFileCompile MissingNodesError.swift
SwiftCompile normal arm64_32 /Users/admin/builder/spi-builder-workspace/.dependencies/checkouts/swift-syntax/Sources/SwiftParserDiagnostics/MissingTokenError.swift (in target 'SwiftParserDiagnostics' from project 'swift-syntax')
cd /Users/admin/builder/spi-builder-workspace/.swiftpm/xcode
builtin-SwiftPerFileCompile MissingTokenError.swift
SwiftCompile normal arm64 Compiling\ PresenceUtils.swift /Users/admin/builder/spi-builder-workspace/.dependencies/checkouts/swift-syntax/Sources/SwiftParserDiagnostics/PresenceUtils.swift (in target 'SwiftParserDiagnostics' from project 'swift-syntax')
SwiftCompile normal arm64 /Users/admin/builder/spi-builder-workspace/.dependencies/checkouts/swift-syntax/Sources/SwiftParserDiagnostics/PresenceUtils.swift (in target 'SwiftParserDiagnostics' from project 'swift-syntax')
cd /Users/admin/builder/spi-builder-workspace/.swiftpm/xcode
builtin-SwiftPerFileCompile PresenceUtils.swift
SwiftDriverJobDiscovery normal arm64_32 Emitting module for SwiftParserDiagnostics (in target 'SwiftParserDiagnostics' from project 'swift-syntax')
SwiftDriverJobDiscovery normal arm64 Compiling ChildNameForDiagnostics.swift (in target 'SwiftParserDiagnostics' from project 'swift-syntax')
SwiftDriver\ Compilation\ Requirements SwiftParserDiagnostics normal arm64_32 com.apple.xcode.tools.swift.compiler (in target 'SwiftParserDiagnostics' from project 'swift-syntax')
cd /Users/admin/builder/spi-builder-workspace/.swiftpm/xcode
builtin-Swift-Compilation-Requirements -- /Applications/Xcode-27.0.0-Release.Candidate.app/Contents/Developer/Toolchains/XcodeDefault.xctoolchain/usr/bin/swiftc -parse-as-library -module-name SwiftParserDiagnostics -Onone @/Users/admin/builder/spi-builder-workspace/.derivedData/Build/Intermediates.noindex/swift-syntax.build/Debug-watchos/SwiftParserDiagnostics-t.build/Objects-normal/arm64_32/SwiftParserDiagnostics.SwiftFileList -DSWIFT_PACKAGE -DDEBUG -DSWIFT_MODULE_RESOURCE_BUNDLE_UNAVAILABLE -Xcc -fmodule-map-file\=/Users/admin/builder/spi-builder-workspace/.dependencies/checkouts/swift-syntax/Sources/_SwiftSyntaxCShims/include/module.modulemap -DXcode -plugin-path /Applications/Xcode-27.0.0-Release.Candidate.app/Contents/Developer/Toolchains/XcodeDefault.xctoolchain/usr/lib/swift/host/plugins/testing -enable-experimental-feature DebugDescriptionMacro -sdk /Applications/Xcode-27.0.0-Release.Candidate.app/Contents/Developer/Platforms/WatchOS.platform/Developer/SDKs/WatchOS27.0.sdk -target arm64_32-apple-watchos9.0 -g -module-cache-path /Users/admin/builder/spi-builder-workspace/.derivedData/ModuleCache.noindex -Xfrontend -serialize-debugging-options -profile-coverage-mapping -profile-generate -enable-testing -suppress-warnings -index-store-path /Users/admin/builder/spi-builder-workspace/.derivedData/Index.noindex/DataStore -Xcc -D_LIBCPP_HARDENING_MODE\=_LIBCPP_HARDENING_MODE_DEBUG -swift-version 6 -I /Users/admin/builder/spi-builder-workspace/.derivedData/Build/Products/Debug-watchos -Isystem /Applications/Xcode-27.0.0-Release.Candidate.app/Contents/Developer/Platforms/WatchOS.platform/Developer/usr/lib -F /Users/admin/builder/spi-builder-workspace/.derivedData/Build/Products/Debug-watchos/PackageFrameworks -F /Users/admin/builder/spi-builder-workspace/.derivedData/Build/Products/Debug-watchos -F /Applications/Xcode-27.0.0-Release.Candidate.app/Contents/Developer/Platforms/WatchOS.platform/Developer/Library/Frameworks -F /Applications/Xcode-27.0.0-Release.Candidate.app/Contents/Developer/Platforms/WatchOS.platform/Developer/SDKs/WatchOS27.0.sdk/Developer/Library/Frameworks -c -j10 -enable-batch-mode -incremental -Xcc -ivfsstatcache -Xcc /Users/admin/builder/spi-builder-workspace/.derivedData/SDKStatCaches.noindex/watchos27.0-24R360-e829b21a6f8c9b70876ba0858053c04477534ef55a1706bf4c1112bbb242f0a2.sdkstatcache -output-file-map /Users/admin/builder/spi-builder-workspace/.derivedData/Build/Intermediates.noindex/swift-syntax.build/Debug-watchos/SwiftParserDiagnostics-t.build/Objects-normal/arm64_32/SwiftParserDiagnostics-OutputFileMap.json -save-temps -no-color-diagnostics -explicit-module-build -module-cache-path /Users/admin/builder/spi-builder-workspace/.derivedData/Build/Intermediates.noindex/SwiftExplicitPrecompiledModules -clang-scanner-module-cache-path /Users/admin/builder/spi-builder-workspace/.derivedData/ModuleCache.noindex -sdk-module-cache-path /Users/admin/builder/spi-builder-workspace/.derivedData/SDKExplicitPrecompiledModules -emit-dependencies -emit-module -emit-module-path /Users/admin/builder/spi-builder-workspace/.derivedData/Build/Intermediates.noindex/swift-syntax.build/Debug-watchos/SwiftParserDiagnostics-t.build/Objects-normal/arm64_32/SwiftParserDiagnostics.swiftmodule -serialize-diagnostics -dependency-scan-serialize-diagnostics-path /Users/admin/builder/spi-builder-workspace/.derivedData/Build/Intermediates.noindex/swift-syntax.build/Debug-watchos/SwiftParserDiagnostics-t.build/Objects-normal/arm64_32/SwiftParserDiagnostics-dependency-scan.dia -validate-clang-modules-once -clang-build-session-file /Users/admin/builder/spi-builder-workspace/.derivedData/ModuleCache.noindex/Session.modulevalidation -Xcc -fmodules-prune-interval\=86400 -Xcc -fmodules-prune-after\=345600 -package-name swift_syntax -emit-const-values -const-gather-protocols-list /Users/admin/builder/spi-builder-workspace/.derivedData/Build/Intermediates.noindex/swift-syntax.build/Debug-watchos/SwiftParserDiagnostics-t.build/Objects-normal/arm64_32/SwiftParserDiagnostics_const_extract_protocols.json -Xcc -I/Users/admin/builder/spi-builder-workspace/.dependencies/checkouts/swift-syntax/Sources/_SwiftSyntaxCShims/include -Xcc -I/Users/admin/builder/spi-builder-workspace/.derivedData/Build/Products/Debug-watchos/include -Xcc -I/Users/admin/builder/spi-builder-workspace/.derivedData/Build/Intermediates.noindex/swift-syntax.build/Debug-watchos/SwiftParserDiagnostics-t.build/DerivedSources-normal/arm64_32 -Xcc -I/Users/admin/builder/spi-builder-workspace/.derivedData/Build/Intermediates.noindex/swift-syntax.build/Debug-watchos/SwiftParserDiagnostics-t.build/DerivedSources/arm64_32 -Xcc -I/Users/admin/builder/spi-builder-workspace/.derivedData/Build/Intermediates.noindex/swift-syntax.build/Debug-watchos/SwiftParserDiagnostics-t.build/DerivedSources -Xcc -DSWIFT_PACKAGE -Xcc -DDEBUG\=1 -emit-objc-header -emit-objc-header-path /Users/admin/builder/spi-builder-workspace/.derivedData/Build/Intermediates.noindex/swift-syntax.build/Debug-watchos/SwiftParserDiagnostics-t.build/Objects-normal/arm64_32/SwiftParserDiagnostics-Swift.h -working-directory /Users/admin/builder/spi-builder-workspace/.swiftpm/xcode -experimental-emit-module-separately -disable-cmo
SwiftDriverJobDiscovery normal arm64_32 Compiling SyntaxKindNameForDiagnostics.swift (in target 'SwiftParserDiagnostics' from project 'swift-syntax')
SwiftCompile normal arm64_32 Compiling\ Utils.swift /Users/admin/builder/spi-builder-workspace/.dependencies/checkouts/swift-syntax/Sources/SwiftParserDiagnostics/Utils.swift (in target 'SwiftParserDiagnostics' from project 'swift-syntax')
SwiftCompile normal arm64_32 /Users/admin/builder/spi-builder-workspace/.dependencies/checkouts/swift-syntax/Sources/SwiftParserDiagnostics/Utils.swift (in target 'SwiftParserDiagnostics' from project 'swift-syntax')
cd /Users/admin/builder/spi-builder-workspace/.swiftpm/xcode
builtin-SwiftPerFileCompile Utils.swift
SwiftMergeGeneratedHeaders /Users/admin/builder/spi-builder-workspace/.derivedData/Build/Intermediates.noindex/GeneratedModuleMaps-watchos/SwiftParserDiagnostics-Swift.h /Users/admin/builder/spi-builder-workspace/.derivedData/Build/Intermediates.noindex/swift-syntax.build/Debug-watchos/SwiftParserDiagnostics-t.build/Objects-normal/arm64/SwiftParserDiagnostics-Swift.h /Users/admin/builder/spi-builder-workspace/.derivedData/Build/Intermediates.noindex/swift-syntax.build/Debug-watchos/SwiftParserDiagnostics-t.build/Objects-normal/arm64_32/SwiftParserDiagnostics-Swift.h (in target 'SwiftParserDiagnostics' from project 'swift-syntax')
cd /Users/admin/builder/spi-builder-workspace/.dependencies/checkouts/swift-syntax
builtin-swiftHeaderTool -arch arm64 /Users/admin/builder/spi-builder-workspace/.derivedData/Build/Intermediates.noindex/swift-syntax.build/Debug-watchos/SwiftParserDiagnostics-t.build/Objects-normal/arm64/SwiftParserDiagnostics-Swift.h -arch arm64_32 /Users/admin/builder/spi-builder-workspace/.derivedData/Build/Intermediates.noindex/swift-syntax.build/Debug-watchos/SwiftParserDiagnostics-t.build/Objects-normal/arm64_32/SwiftParserDiagnostics-Swift.h -o /Users/admin/builder/spi-builder-workspace/.derivedData/Build/Intermediates.noindex/GeneratedModuleMaps-watchos/SwiftParserDiagnostics-Swift.h
SwiftDriverJobDiscovery normal arm64_32 Compiling SyntaxExtensions.swift (in target 'SwiftParserDiagnostics' from project 'swift-syntax')
Copy /Users/admin/builder/spi-builder-workspace/.derivedData/Build/Products/Debug-watchos/SwiftParserDiagnostics.swiftmodule/arm64_32-apple-watchos.swiftmodule /Users/admin/builder/spi-builder-workspace/.derivedData/Build/Intermediates.noindex/swift-syntax.build/Debug-watchos/SwiftParserDiagnostics-t.build/Objects-normal/arm64_32/SwiftParserDiagnostics.swiftmodule (in target 'SwiftParserDiagnostics' from project 'swift-syntax')
cd /Users/admin/builder/spi-builder-workspace/.dependencies/checkouts/swift-syntax
builtin-copy -exclude .DS_Store -exclude CVS -exclude .svn -exclude .git -exclude .hg -resolve-src-symlinks -rename /Users/admin/builder/spi-builder-workspace/.derivedData/Build/Intermediates.noindex/swift-syntax.build/Debug-watchos/SwiftParserDiagnostics-t.build/Objects-normal/arm64_32/SwiftParserDiagnostics.swiftmodule /Users/admin/builder/spi-builder-workspace/.derivedData/Build/Products/Debug-watchos/SwiftParserDiagnostics.swiftmodule/arm64_32-apple-watchos.swiftmodule
Copy /Users/admin/builder/spi-builder-workspace/.derivedData/Build/Products/Debug-watchos/SwiftParserDiagnostics.swiftmodule/arm64_32-apple-watchos.swiftdoc /Users/admin/builder/spi-builder-workspace/.derivedData/Build/Intermediates.noindex/swift-syntax.build/Debug-watchos/SwiftParserDiagnostics-t.build/Objects-normal/arm64_32/SwiftParserDiagnostics.swiftdoc (in target 'SwiftParserDiagnostics' from project 'swift-syntax')
cd /Users/admin/builder/spi-builder-workspace/.dependencies/checkouts/swift-syntax
builtin-copy -exclude .DS_Store -exclude CVS -exclude .svn -exclude .git -exclude .hg -resolve-src-symlinks -rename /Users/admin/builder/spi-builder-workspace/.derivedData/Build/Intermediates.noindex/swift-syntax.build/Debug-watchos/SwiftParserDiagnostics-t.build/Objects-normal/arm64_32/SwiftParserDiagnostics.swiftdoc /Users/admin/builder/spi-builder-workspace/.derivedData/Build/Products/Debug-watchos/SwiftParserDiagnostics.swiftmodule/arm64_32-apple-watchos.swiftdoc
SwiftDriverJobDiscovery normal arm64_32 Compiling DiagnosticExtensions.swift, LexerDiagnosticMessages.swift (in target 'SwiftParserDiagnostics' from project 'swift-syntax')
Copy /Users/admin/builder/spi-builder-workspace/.derivedData/Build/Products/Debug-watchos/SwiftParserDiagnostics.swiftmodule/arm64_32-apple-watchos.abi.json /Users/admin/builder/spi-builder-workspace/.derivedData/Build/Intermediates.noindex/swift-syntax.build/Debug-watchos/SwiftParserDiagnostics-t.build/Objects-normal/arm64_32/SwiftParserDiagnostics.abi.json (in target 'SwiftParserDiagnostics' from project 'swift-syntax')
cd /Users/admin/builder/spi-builder-workspace/.dependencies/checkouts/swift-syntax
builtin-copy -exclude .DS_Store -exclude CVS -exclude .svn -exclude .git -exclude .hg -resolve-src-symlinks -rename /Users/admin/builder/spi-builder-workspace/.derivedData/Build/Intermediates.noindex/swift-syntax.build/Debug-watchos/SwiftParserDiagnostics-t.build/Objects-normal/arm64_32/SwiftParserDiagnostics.abi.json /Users/admin/builder/spi-builder-workspace/.derivedData/Build/Products/Debug-watchos/SwiftParserDiagnostics.swiftmodule/arm64_32-apple-watchos.abi.json
Copy /Users/admin/builder/spi-builder-workspace/.derivedData/Build/Products/Debug-watchos/SwiftParserDiagnostics.swiftmodule/Project/arm64_32-apple-watchos.swiftsourceinfo /Users/admin/builder/spi-builder-workspace/.derivedData/Build/Intermediates.noindex/swift-syntax.build/Debug-watchos/SwiftParserDiagnostics-t.build/Objects-normal/arm64_32/SwiftParserDiagnostics.swiftsourceinfo (in target 'SwiftParserDiagnostics' from project 'swift-syntax')
cd /Users/admin/builder/spi-builder-workspace/.dependencies/checkouts/swift-syntax
builtin-copy -exclude .DS_Store -exclude CVS -exclude .svn -exclude .git -exclude .hg -resolve-src-symlinks -rename /Users/admin/builder/spi-builder-workspace/.derivedData/Build/Intermediates.noindex/swift-syntax.build/Debug-watchos/SwiftParserDiagnostics-t.build/Objects-normal/arm64_32/SwiftParserDiagnostics.swiftsourceinfo /Users/admin/builder/spi-builder-workspace/.derivedData/Build/Products/Debug-watchos/SwiftParserDiagnostics.swiftmodule/Project/arm64_32-apple-watchos.swiftsourceinfo
SwiftCompile normal arm64 Compiling\ Utils.swift /Users/admin/builder/spi-builder-workspace/.dependencies/checkouts/swift-syntax/Sources/SwiftParserDiagnostics/Utils.swift (in target 'SwiftParserDiagnostics' from project 'swift-syntax')
SwiftCompile normal arm64 /Users/admin/builder/spi-builder-workspace/.dependencies/checkouts/swift-syntax/Sources/SwiftParserDiagnostics/Utils.swift (in target 'SwiftParserDiagnostics' from project 'swift-syntax')
cd /Users/admin/builder/spi-builder-workspace/.swiftpm/xcode
builtin-SwiftPerFileCompile Utils.swift
SwiftCompile normal arm64 Compiling\ MultiLineStringLiteralDiagnosticsGenerator.swift,\ ParseDiagnosticsGenerator.swift /Users/admin/builder/spi-builder-workspace/.dependencies/checkouts/swift-syntax/Sources/SwiftParserDiagnostics/MultiLineStringLiteralDiagnosticsGenerator.swift /Users/admin/builder/spi-builder-workspace/.dependencies/checkouts/swift-syntax/Sources/SwiftParserDiagnostics/ParseDiagnosticsGenerator.swift (in target 'SwiftParserDiagnostics' from project 'swift-syntax')
SwiftCompile normal arm64 /Users/admin/builder/spi-builder-workspace/.dependencies/checkouts/swift-syntax/Sources/SwiftParserDiagnostics/MultiLineStringLiteralDiagnosticsGenerator.swift (in target 'SwiftParserDiagnostics' from project 'swift-syntax')
cd /Users/admin/builder/spi-builder-workspace/.swiftpm/xcode
builtin-SwiftPerFileCompile MultiLineStringLiteralDiagnosticsGenerator.swift
SwiftCompile normal arm64 /Users/admin/builder/spi-builder-workspace/.dependencies/checkouts/swift-syntax/Sources/SwiftParserDiagnostics/ParseDiagnosticsGenerator.swift (in target 'SwiftParserDiagnostics' from project 'swift-syntax')
cd /Users/admin/builder/spi-builder-workspace/.swiftpm/xcode
builtin-SwiftPerFileCompile ParseDiagnosticsGenerator.swift
SwiftDriverJobDiscovery normal arm64_32 Compiling Utils.swift (in target 'SwiftParserDiagnostics' from project 'swift-syntax')
SwiftCompile normal arm64 Compiling\ DiagnosticExtensions.swift,\ LexerDiagnosticMessages.swift /Users/admin/builder/spi-builder-workspace/.dependencies/checkouts/swift-syntax/Sources/SwiftParserDiagnostics/DiagnosticExtensions.swift /Users/admin/builder/spi-builder-workspace/.dependencies/checkouts/swift-syntax/Sources/SwiftParserDiagnostics/LexerDiagnosticMessages.swift (in target 'SwiftParserDiagnostics' from project 'swift-syntax')
SwiftCompile normal arm64 /Users/admin/builder/spi-builder-workspace/.dependencies/checkouts/swift-syntax/Sources/SwiftParserDiagnostics/DiagnosticExtensions.swift (in target 'SwiftParserDiagnostics' from project 'swift-syntax')
cd /Users/admin/builder/spi-builder-workspace/.swiftpm/xcode
builtin-SwiftPerFileCompile DiagnosticExtensions.swift
SwiftCompile normal arm64 /Users/admin/builder/spi-builder-workspace/.dependencies/checkouts/swift-syntax/Sources/SwiftParserDiagnostics/LexerDiagnosticMessages.swift (in target 'SwiftParserDiagnostics' from project 'swift-syntax')
cd /Users/admin/builder/spi-builder-workspace/.swiftpm/xcode
builtin-SwiftPerFileCompile LexerDiagnosticMessages.swift
SwiftDriverJobDiscovery normal arm64 Compiling PresenceUtils.swift (in target 'SwiftParserDiagnostics' from project 'swift-syntax')
SwiftCompile normal arm64_32 Compiling\ PresenceUtils.swift /Users/admin/builder/spi-builder-workspace/.dependencies/checkouts/swift-syntax/Sources/SwiftParserDiagnostics/PresenceUtils.swift (in target 'SwiftParserDiagnostics' from project 'swift-syntax')
SwiftCompile normal arm64_32 /Users/admin/builder/spi-builder-workspace/.dependencies/checkouts/swift-syntax/Sources/SwiftParserDiagnostics/PresenceUtils.swift (in target 'SwiftParserDiagnostics' from project 'swift-syntax')
cd /Users/admin/builder/spi-builder-workspace/.swiftpm/xcode
builtin-SwiftPerFileCompile PresenceUtils.swift
SwiftDriverJobDiscovery normal arm64_32 Compiling ParserDiagnosticMessages.swift (in target 'SwiftParserDiagnostics' from project 'swift-syntax')
SwiftCompile normal arm64 Compiling\ SyntaxExtensions.swift /Users/admin/builder/spi-builder-workspace/.dependencies/checkouts/swift-syntax/Sources/SwiftParserDiagnostics/SyntaxExtensions.swift (in target 'SwiftParserDiagnostics' from project 'swift-syntax')
SwiftCompile normal arm64 /Users/admin/builder/spi-builder-workspace/.dependencies/checkouts/swift-syntax/Sources/SwiftParserDiagnostics/SyntaxExtensions.swift (in target 'SwiftParserDiagnostics' from project 'swift-syntax')
cd /Users/admin/builder/spi-builder-workspace/.swiftpm/xcode
builtin-SwiftPerFileCompile SyntaxExtensions.swift
SwiftDriverJobDiscovery normal arm64 Compiling Utils.swift (in target 'SwiftParserDiagnostics' from project 'swift-syntax')
SwiftCompile normal arm64 Compiling\ TokenNameForDiagnostics.swift /Users/admin/builder/spi-builder-workspace/.dependencies/checkouts/swift-syntax/Sources/SwiftParserDiagnostics/generated/TokenNameForDiagnostics.swift (in target 'SwiftParserDiagnostics' from project 'swift-syntax')
SwiftCompile normal arm64 /Users/admin/builder/spi-builder-workspace/.dependencies/checkouts/swift-syntax/Sources/SwiftParserDiagnostics/generated/TokenNameForDiagnostics.swift (in target 'SwiftParserDiagnostics' from project 'swift-syntax')
cd /Users/admin/builder/spi-builder-workspace/.swiftpm/xcode
builtin-SwiftPerFileCompile TokenNameForDiagnostics.swift
SwiftCompile normal arm64 Compiling\ MissingNodesError.swift,\ MissingTokenError.swift /Users/admin/builder/spi-builder-workspace/.dependencies/checkouts/swift-syntax/Sources/SwiftParserDiagnostics/MissingNodesError.swift /Users/admin/builder/spi-builder-workspace/.dependencies/checkouts/swift-syntax/Sources/SwiftParserDiagnostics/MissingTokenError.swift (in target 'SwiftParserDiagnostics' from project 'swift-syntax')
SwiftCompile normal arm64 /Users/admin/builder/spi-builder-workspace/.dependencies/checkouts/swift-syntax/Sources/SwiftParserDiagnostics/MissingNodesError.swift (in target 'SwiftParserDiagnostics' from project 'swift-syntax')
cd /Users/admin/builder/spi-builder-workspace/.swiftpm/xcode
builtin-SwiftPerFileCompile MissingNodesError.swift
SwiftCompile normal arm64 /Users/admin/builder/spi-builder-workspace/.dependencies/checkouts/swift-syntax/Sources/SwiftParserDiagnostics/MissingTokenError.swift (in target 'SwiftParserDiagnostics' from project 'swift-syntax')
cd /Users/admin/builder/spi-builder-workspace/.swiftpm/xcode
builtin-SwiftPerFileCompile MissingTokenError.swift
SwiftDriverJobDiscovery normal arm64 Compiling TokenNameForDiagnostics.swift (in target 'SwiftParserDiagnostics' from project 'swift-syntax')
SwiftCompile normal arm64_32 Compiling\ MultiLineStringLiteralDiagnosticsGenerator.swift,\ ParseDiagnosticsGenerator.swift /Users/admin/builder/spi-builder-workspace/.dependencies/checkouts/swift-syntax/Sources/SwiftParserDiagnostics/MultiLineStringLiteralDiagnosticsGenerator.swift /Users/admin/builder/spi-builder-workspace/.dependencies/checkouts/swift-syntax/Sources/SwiftParserDiagnostics/ParseDiagnosticsGenerator.swift (in target 'SwiftParserDiagnostics' from project 'swift-syntax')
SwiftCompile normal arm64_32 /Users/admin/builder/spi-builder-workspace/.dependencies/checkouts/swift-syntax/Sources/SwiftParserDiagnostics/MultiLineStringLiteralDiagnosticsGenerator.swift (in target 'SwiftParserDiagnostics' from project 'swift-syntax')
cd /Users/admin/builder/spi-builder-workspace/.swiftpm/xcode
builtin-SwiftPerFileCompile MultiLineStringLiteralDiagnosticsGenerator.swift
SwiftCompile normal arm64_32 /Users/admin/builder/spi-builder-workspace/.dependencies/checkouts/swift-syntax/Sources/SwiftParserDiagnostics/ParseDiagnosticsGenerator.swift (in target 'SwiftParserDiagnostics' from project 'swift-syntax')
cd /Users/admin/builder/spi-builder-workspace/.swiftpm/xcode
builtin-SwiftPerFileCompile ParseDiagnosticsGenerator.swift
SwiftDriverJobDiscovery normal arm64_32 Compiling ChildNameForDiagnostics.swift (in target 'SwiftParserDiagnostics' from project 'swift-syntax')
SwiftCompile normal arm64 Compiling\ ParserDiagnosticMessages.swift /Users/admin/builder/spi-builder-workspace/.dependencies/checkouts/swift-syntax/Sources/SwiftParserDiagnostics/ParserDiagnosticMessages.swift (in target 'SwiftParserDiagnostics' from project 'swift-syntax')
SwiftCompile normal arm64 /Users/admin/builder/spi-builder-workspace/.dependencies/checkouts/swift-syntax/Sources/SwiftParserDiagnostics/ParserDiagnosticMessages.swift (in target 'SwiftParserDiagnostics' from project 'swift-syntax')
cd /Users/admin/builder/spi-builder-workspace/.swiftpm/xcode
builtin-SwiftPerFileCompile ParserDiagnosticMessages.swift
SwiftDriverJobDiscovery normal arm64 Compiling SyntaxExtensions.swift (in target 'SwiftParserDiagnostics' from project 'swift-syntax')
SwiftCompile normal arm64 Compiling\ OperatorTable+Folding.swift /Users/admin/builder/spi-builder-workspace/.dependencies/checkouts/swift-syntax/Sources/SwiftOperators/OperatorTable+Folding.swift (in target 'SwiftOperators' from project 'swift-syntax')
SwiftCompile normal arm64 /Users/admin/builder/spi-builder-workspace/.dependencies/checkouts/swift-syntax/Sources/SwiftOperators/OperatorTable+Folding.swift (in target 'SwiftOperators' from project 'swift-syntax')
cd /Users/admin/builder/spi-builder-workspace/.swiftpm/xcode
builtin-SwiftPerFileCompile OperatorTable+Folding.swift
SwiftDriverJobDiscovery normal arm64_32 Compiling PresenceUtils.swift (in target 'SwiftParserDiagnostics' from project 'swift-syntax')
SwiftCompile normal arm64 Compiling\ PrecedenceGraph.swift /Users/admin/builder/spi-builder-workspace/.dependencies/checkouts/swift-syntax/Sources/SwiftOperators/PrecedenceGraph.swift (in target 'SwiftOperators' from project 'swift-syntax')
SwiftCompile normal arm64 /Users/admin/builder/spi-builder-workspace/.dependencies/checkouts/swift-syntax/Sources/SwiftOperators/PrecedenceGraph.swift (in target 'SwiftOperators' from project 'swift-syntax')
cd /Users/admin/builder/spi-builder-workspace/.swiftpm/xcode
builtin-SwiftPerFileCompile PrecedenceGraph.swift
SwiftDriverJobDiscovery normal arm64_32 Compiling MissingNodesError.swift, MissingTokenError.swift (in target 'SwiftParserDiagnostics' from project 'swift-syntax')
SwiftCompile normal arm64_32 Compiling\ OperatorTable+Defaults.swift /Users/admin/builder/spi-builder-workspace/.dependencies/checkouts/swift-syntax/Sources/SwiftOperators/OperatorTable+Defaults.swift (in target 'SwiftOperators' from project 'swift-syntax')
SwiftCompile normal arm64_32 /Users/admin/builder/spi-builder-workspace/.dependencies/checkouts/swift-syntax/Sources/SwiftOperators/OperatorTable+Defaults.swift (in target 'SwiftOperators' from project 'swift-syntax')
cd /Users/admin/builder/spi-builder-workspace/.swiftpm/xcode
builtin-SwiftPerFileCompile OperatorTable+Defaults.swift
SwiftDriverJobDiscovery normal arm64 Compiling DiagnosticExtensions.swift, LexerDiagnosticMessages.swift (in target 'SwiftParserDiagnostics' from project 'swift-syntax')
SwiftCompile normal arm64_32 Compiling\ OperatorTable.swift /Users/admin/builder/spi-builder-workspace/.dependencies/checkouts/swift-syntax/Sources/SwiftOperators/OperatorTable.swift (in target 'SwiftOperators' from project 'swift-syntax')
SwiftCompile normal arm64_32 /Users/admin/builder/spi-builder-workspace/.dependencies/checkouts/swift-syntax/Sources/SwiftOperators/OperatorTable.swift (in target 'SwiftOperators' from project 'swift-syntax')
cd /Users/admin/builder/spi-builder-workspace/.swiftpm/xcode
builtin-SwiftPerFileCompile OperatorTable.swift
SwiftDriverJobDiscovery normal arm64 Compiling OperatorTable+Folding.swift (in target 'SwiftOperators' from project 'swift-syntax')
SwiftCompile normal arm64 Compiling\ SyntaxSynthesis.swift /Users/admin/builder/spi-builder-workspace/.dependencies/checkouts/swift-syntax/Sources/SwiftOperators/SyntaxSynthesis.swift (in target 'SwiftOperators' from project 'swift-syntax')
SwiftCompile normal arm64 /Users/admin/builder/spi-builder-workspace/.dependencies/checkouts/swift-syntax/Sources/SwiftOperators/SyntaxSynthesis.swift (in target 'SwiftOperators' from project 'swift-syntax')
cd /Users/admin/builder/spi-builder-workspace/.swiftpm/xcode
builtin-SwiftPerFileCompile SyntaxSynthesis.swift
SwiftDriverJobDiscovery normal arm64 Compiling PrecedenceGraph.swift (in target 'SwiftOperators' from project 'swift-syntax')
SwiftDriverJobDiscovery normal arm64_32 Compiling OperatorTable+Defaults.swift (in target 'SwiftOperators' from project 'swift-syntax')
SwiftCompile normal arm64_32 Compiling\ OperatorError+Diagnostics.swift /Users/admin/builder/spi-builder-workspace/.dependencies/checkouts/swift-syntax/Sources/SwiftOperators/OperatorError+Diagnostics.swift (in target 'SwiftOperators' from project 'swift-syntax')
SwiftCompile normal arm64_32 /Users/admin/builder/spi-builder-workspace/.dependencies/checkouts/swift-syntax/Sources/SwiftOperators/OperatorError+Diagnostics.swift (in target 'SwiftOperators' from project 'swift-syntax')
cd /Users/admin/builder/spi-builder-workspace/.swiftpm/xcode
builtin-SwiftPerFileCompile OperatorError+Diagnostics.swift
SwiftDriverJobDiscovery normal arm64 Compiling Utils.swift, ChildNameForKeyPath.swift, Keyword.swift, RenamedChildrenCompatibility.swift, RenamedNodesCompatibility.swift, SyntaxAnyVisitor.swift, SyntaxBaseNodes.swift (in target 'SwiftSyntax' from project 'swift-syntax')
SwiftCompile normal arm64_32 Compiling\ OperatorTable+Semantics.swift /Users/admin/builder/spi-builder-workspace/.dependencies/checkouts/swift-syntax/Sources/SwiftOperators/OperatorTable+Semantics.swift (in target 'SwiftOperators' from project 'swift-syntax')
SwiftCompile normal arm64_32 /Users/admin/builder/spi-builder-workspace/.dependencies/checkouts/swift-syntax/Sources/SwiftOperators/OperatorTable+Semantics.swift (in target 'SwiftOperators' from project 'swift-syntax')
cd /Users/admin/builder/spi-builder-workspace/.swiftpm/xcode
builtin-SwiftPerFileCompile OperatorTable+Semantics.swift
SwiftDriverJobDiscovery normal arm64 Compiling ParserDiagnosticMessages.swift (in target 'SwiftParserDiagnostics' from project 'swift-syntax')
SwiftCompile normal arm64_32 Compiling\ PrecedenceGraph.swift /Users/admin/builder/spi-builder-workspace/.dependencies/checkouts/swift-syntax/Sources/SwiftOperators/PrecedenceGraph.swift (in target 'SwiftOperators' from project 'swift-syntax')
SwiftCompile normal arm64_32 /Users/admin/builder/spi-builder-workspace/.dependencies/checkouts/swift-syntax/Sources/SwiftOperators/PrecedenceGraph.swift (in target 'SwiftOperators' from project 'swift-syntax')
cd /Users/admin/builder/spi-builder-workspace/.swiftpm/xcode
builtin-SwiftPerFileCompile PrecedenceGraph.swift
SwiftCompile normal arm64_32 Compiling\ OperatorError.swift /Users/admin/builder/spi-builder-workspace/.dependencies/checkouts/swift-syntax/Sources/SwiftOperators/OperatorError.swift (in target 'SwiftOperators' from project 'swift-syntax')
SwiftCompile normal arm64_32 /Users/admin/builder/spi-builder-workspace/.dependencies/checkouts/swift-syntax/Sources/SwiftOperators/OperatorError.swift (in target 'SwiftOperators' from project 'swift-syntax')
cd /Users/admin/builder/spi-builder-workspace/.swiftpm/xcode
builtin-SwiftPerFileCompile OperatorError.swift
SwiftDriverJobDiscovery normal arm64 Compiling SyntaxSynthesis.swift (in target 'SwiftOperators' from project 'swift-syntax')
SwiftDriverJobDiscovery normal arm64_32 Compiling OperatorTable.swift (in target 'SwiftOperators' from project 'swift-syntax')
SwiftCompile normal arm64 Compiling\ Operator.swift /Users/admin/builder/spi-builder-workspace/.dependencies/checkouts/swift-syntax/Sources/SwiftOperators/Operator.swift (in target 'SwiftOperators' from project 'swift-syntax')
SwiftCompile normal arm64 /Users/admin/builder/spi-builder-workspace/.dependencies/checkouts/swift-syntax/Sources/SwiftOperators/Operator.swift (in target 'SwiftOperators' from project 'swift-syntax')
cd /Users/admin/builder/spi-builder-workspace/.swiftpm/xcode
builtin-SwiftPerFileCompile Operator.swift
SwiftCompile normal arm64 Compiling\ PrecedenceGroup.swift /Users/admin/builder/spi-builder-workspace/.dependencies/checkouts/swift-syntax/Sources/SwiftOperators/PrecedenceGroup.swift (in target 'SwiftOperators' from project 'swift-syntax')
SwiftCompile normal arm64 /Users/admin/builder/spi-builder-workspace/.dependencies/checkouts/swift-syntax/Sources/SwiftOperators/PrecedenceGroup.swift (in target 'SwiftOperators' from project 'swift-syntax')
cd /Users/admin/builder/spi-builder-workspace/.swiftpm/xcode
builtin-SwiftPerFileCompile PrecedenceGroup.swift
SwiftDriverJobDiscovery normal arm64 Compiling MissingNodesError.swift, MissingTokenError.swift (in target 'SwiftParserDiagnostics' from project 'swift-syntax')
SwiftCompile normal arm64 Compiling\ OperatorTable+Defaults.swift /Users/admin/builder/spi-builder-workspace/.dependencies/checkouts/swift-syntax/Sources/SwiftOperators/OperatorTable+Defaults.swift (in target 'SwiftOperators' from project 'swift-syntax')
SwiftCompile normal arm64 /Users/admin/builder/spi-builder-workspace/.dependencies/checkouts/swift-syntax/Sources/SwiftOperators/OperatorTable+Defaults.swift (in target 'SwiftOperators' from project 'swift-syntax')
cd /Users/admin/builder/spi-builder-workspace/.swiftpm/xcode
builtin-SwiftPerFileCompile OperatorTable+Defaults.swift
SwiftDriverJobDiscovery normal arm64_32 Compiling OperatorError+Diagnostics.swift (in target 'SwiftOperators' from project 'swift-syntax')
SwiftCompile normal arm64_32 Compiling\ OperatorTable+Folding.swift /Users/admin/builder/spi-builder-workspace/.dependencies/checkouts/swift-syntax/Sources/SwiftOperators/OperatorTable+Folding.swift (in target 'SwiftOperators' from project 'swift-syntax')
SwiftCompile normal arm64_32 /Users/admin/builder/spi-builder-workspace/.dependencies/checkouts/swift-syntax/Sources/SwiftOperators/OperatorTable+Folding.swift (in target 'SwiftOperators' from project 'swift-syntax')
cd /Users/admin/builder/spi-builder-workspace/.swiftpm/xcode
builtin-SwiftPerFileCompile OperatorTable+Folding.swift
SwiftDriverJobDiscovery normal arm64_32 Compiling OperatorError.swift (in target 'SwiftOperators' from project 'swift-syntax')
SwiftCompile normal arm64_32 Compiling\ SyntaxSynthesis.swift /Users/admin/builder/spi-builder-workspace/.dependencies/checkouts/swift-syntax/Sources/SwiftOperators/SyntaxSynthesis.swift (in target 'SwiftOperators' from project 'swift-syntax')
SwiftCompile normal arm64_32 /Users/admin/builder/spi-builder-workspace/.dependencies/checkouts/swift-syntax/Sources/SwiftOperators/SyntaxSynthesis.swift (in target 'SwiftOperators' from project 'swift-syntax')
cd /Users/admin/builder/spi-builder-workspace/.swiftpm/xcode
builtin-SwiftPerFileCompile SyntaxSynthesis.swift
SwiftDriverJobDiscovery normal arm64 Compiling Operator.swift (in target 'SwiftOperators' from project 'swift-syntax')
SwiftCompile normal arm64_32 Compiling\ PrecedenceGroup.swift /Users/admin/builder/spi-builder-workspace/.dependencies/checkouts/swift-syntax/Sources/SwiftOperators/PrecedenceGroup.swift (in target 'SwiftOperators' from project 'swift-syntax')
SwiftCompile normal arm64_32 /Users/admin/builder/spi-builder-workspace/.dependencies/checkouts/swift-syntax/Sources/SwiftOperators/PrecedenceGroup.swift (in target 'SwiftOperators' from project 'swift-syntax')
cd /Users/admin/builder/spi-builder-workspace/.swiftpm/xcode
builtin-SwiftPerFileCompile PrecedenceGroup.swift
SwiftDriverJobDiscovery normal arm64_32 Compiling PrecedenceGraph.swift (in target 'SwiftOperators' from project 'swift-syntax')
SwiftCompile normal arm64_32 Compiling\ Operator.swift /Users/admin/builder/spi-builder-workspace/.dependencies/checkouts/swift-syntax/Sources/SwiftOperators/Operator.swift (in target 'SwiftOperators' from project 'swift-syntax')
SwiftCompile normal arm64_32 /Users/admin/builder/spi-builder-workspace/.dependencies/checkouts/swift-syntax/Sources/SwiftOperators/Operator.swift (in target 'SwiftOperators' from project 'swift-syntax')
cd /Users/admin/builder/spi-builder-workspace/.swiftpm/xcode
builtin-SwiftPerFileCompile Operator.swift
SwiftDriverJobDiscovery normal arm64 Compiling PrecedenceGroup.swift (in target 'SwiftOperators' from project 'swift-syntax')
SwiftCompile normal arm64 Compiling\ OperatorTable.swift /Users/admin/builder/spi-builder-workspace/.dependencies/checkouts/swift-syntax/Sources/SwiftOperators/OperatorTable.swift (in target 'SwiftOperators' from project 'swift-syntax')
SwiftCompile normal arm64 /Users/admin/builder/spi-builder-workspace/.dependencies/checkouts/swift-syntax/Sources/SwiftOperators/OperatorTable.swift (in target 'SwiftOperators' from project 'swift-syntax')
cd /Users/admin/builder/spi-builder-workspace/.swiftpm/xcode
builtin-SwiftPerFileCompile OperatorTable.swift
SwiftDriverJobDiscovery normal arm64_32 Compiling OperatorTable+Semantics.swift (in target 'SwiftOperators' from project 'swift-syntax')
SwiftCompile normal arm64 Compiling\ OperatorError+Diagnostics.swift /Users/admin/builder/spi-builder-workspace/.dependencies/checkouts/swift-syntax/Sources/SwiftOperators/OperatorError+Diagnostics.swift (in target 'SwiftOperators' from project 'swift-syntax')
SwiftCompile normal arm64 /Users/admin/builder/spi-builder-workspace/.dependencies/checkouts/swift-syntax/Sources/SwiftOperators/OperatorError+Diagnostics.swift (in target 'SwiftOperators' from project 'swift-syntax')
cd /Users/admin/builder/spi-builder-workspace/.swiftpm/xcode
builtin-SwiftPerFileCompile OperatorError+Diagnostics.swift
SwiftDriverJobDiscovery normal arm64 Compiling OperatorTable+Defaults.swift (in target 'SwiftOperators' from project 'swift-syntax')
SwiftCompile normal arm64 Compiling\ OperatorTable+Semantics.swift /Users/admin/builder/spi-builder-workspace/.dependencies/checkouts/swift-syntax/Sources/SwiftOperators/OperatorTable+Semantics.swift (in target 'SwiftOperators' from project 'swift-syntax')
SwiftCompile normal arm64 /Users/admin/builder/spi-builder-workspace/.dependencies/checkouts/swift-syntax/Sources/SwiftOperators/OperatorTable+Semantics.swift (in target 'SwiftOperators' from project 'swift-syntax')
cd /Users/admin/builder/spi-builder-workspace/.swiftpm/xcode
builtin-SwiftPerFileCompile OperatorTable+Semantics.swift
SwiftDriverJobDiscovery normal arm64_32 Compiling SyntaxSynthesis.swift (in target 'SwiftOperators' from project 'swift-syntax')
SwiftCompile normal arm64 Compiling\ OperatorError.swift /Users/admin/builder/spi-builder-workspace/.dependencies/checkouts/swift-syntax/Sources/SwiftOperators/OperatorError.swift (in target 'SwiftOperators' from project 'swift-syntax')
SwiftCompile normal arm64 /Users/admin/builder/spi-builder-workspace/.dependencies/checkouts/swift-syntax/Sources/SwiftOperators/OperatorError.swift (in target 'SwiftOperators' from project 'swift-syntax')
cd /Users/admin/builder/spi-builder-workspace/.swiftpm/xcode
builtin-SwiftPerFileCompile OperatorError.swift
SwiftDriverJobDiscovery normal arm64_32 Compiling PrecedenceGroup.swift (in target 'SwiftOperators' from project 'swift-syntax')
SwiftDriverJobDiscovery normal arm64_32 Compiling Operator.swift (in target 'SwiftOperators' from project 'swift-syntax')
SwiftDriver\ Compilation SwiftBasicFormat normal arm64_32 com.apple.xcode.tools.swift.compiler (in target 'SwiftBasicFormat' from project 'swift-syntax')
cd /Users/admin/builder/spi-builder-workspace/.swiftpm/xcode
builtin-Swift-Compilation -- /Applications/Xcode-27.0.0-Release.Candidate.app/Contents/Developer/Toolchains/XcodeDefault.xctoolchain/usr/bin/swiftc -parse-as-library -module-name SwiftBasicFormat -Onone @/Users/admin/builder/spi-builder-workspace/.derivedData/Build/Intermediates.noindex/swift-syntax.build/Debug-watchos/SwiftBasicFormat-t.build/Objects-normal/arm64_32/SwiftBasicFormat.SwiftFileList -DSWIFT_PACKAGE -DDEBUG -DSWIFT_MODULE_RESOURCE_BUNDLE_UNAVAILABLE -Xcc -fmodule-map-file\=/Users/admin/builder/spi-builder-workspace/.dependencies/checkouts/swift-syntax/Sources/_SwiftSyntaxCShims/include/module.modulemap -DXcode -plugin-path /Applications/Xcode-27.0.0-Release.Candidate.app/Contents/Developer/Toolchains/XcodeDefault.xctoolchain/usr/lib/swift/host/plugins/testing -enable-experimental-feature DebugDescriptionMacro -sdk /Applications/Xcode-27.0.0-Release.Candidate.app/Contents/Developer/Platforms/WatchOS.platform/Developer/SDKs/WatchOS27.0.sdk -target arm64_32-apple-watchos9.0 -g -module-cache-path /Users/admin/builder/spi-builder-workspace/.derivedData/ModuleCache.noindex -Xfrontend -serialize-debugging-options -profile-coverage-mapping -profile-generate -enable-testing -suppress-warnings -index-store-path /Users/admin/builder/spi-builder-workspace/.derivedData/Index.noindex/DataStore -Xcc -D_LIBCPP_HARDENING_MODE\=_LIBCPP_HARDENING_MODE_DEBUG -swift-version 6 -I /Users/admin/builder/spi-builder-workspace/.derivedData/Build/Products/Debug-watchos -Isystem /Applications/Xcode-27.0.0-Release.Candidate.app/Contents/Developer/Platforms/WatchOS.platform/Developer/usr/lib -F /Users/admin/builder/spi-builder-workspace/.derivedData/Build/Products/Debug-watchos/PackageFrameworks -F /Users/admin/builder/spi-builder-workspace/.derivedData/Build/Products/Debug-watchos -F /Applications/Xcode-27.0.0-Release.Candidate.app/Contents/Developer/Platforms/WatchOS.platform/Developer/Library/Frameworks -F /Applications/Xcode-27.0.0-Release.Candidate.app/Contents/Developer/Platforms/WatchOS.platform/Developer/SDKs/WatchOS27.0.sdk/Developer/Library/Frameworks -c -j10 -enable-batch-mode -incremental -Xcc -ivfsstatcache -Xcc /Users/admin/builder/spi-builder-workspace/.derivedData/SDKStatCaches.noindex/watchos27.0-24R360-e829b21a6f8c9b70876ba0858053c04477534ef55a1706bf4c1112bbb242f0a2.sdkstatcache -output-file-map /Users/admin/builder/spi-builder-workspace/.derivedData/Build/Intermediates.noindex/swift-syntax.build/Debug-watchos/SwiftBasicFormat-t.build/Objects-normal/arm64_32/SwiftBasicFormat-OutputFileMap.json -save-temps -no-color-diagnostics -explicit-module-build -module-cache-path /Users/admin/builder/spi-builder-workspace/.derivedData/Build/Intermediates.noindex/SwiftExplicitPrecompiledModules -clang-scanner-module-cache-path /Users/admin/builder/spi-builder-workspace/.derivedData/ModuleCache.noindex -sdk-module-cache-path /Users/admin/builder/spi-builder-workspace/.derivedData/SDKExplicitPrecompiledModules -emit-dependencies -emit-module -emit-module-path /Users/admin/builder/spi-builder-workspace/.derivedData/Build/Intermediates.noindex/swift-syntax.build/Debug-watchos/SwiftBasicFormat-t.build/Objects-normal/arm64_32/SwiftBasicFormat.swiftmodule -serialize-diagnostics -dependency-scan-serialize-diagnostics-path /Users/admin/builder/spi-builder-workspace/.derivedData/Build/Intermediates.noindex/swift-syntax.build/Debug-watchos/SwiftBasicFormat-t.build/Objects-normal/arm64_32/SwiftBasicFormat-dependency-scan.dia -validate-clang-modules-once -clang-build-session-file /Users/admin/builder/spi-builder-workspace/.derivedData/ModuleCache.noindex/Session.modulevalidation -Xcc -fmodules-prune-interval\=86400 -Xcc -fmodules-prune-after\=345600 -package-name swift_syntax -emit-const-values -const-gather-protocols-list /Users/admin/builder/spi-builder-workspace/.derivedData/Build/Intermediates.noindex/swift-syntax.build/Debug-watchos/SwiftBasicFormat-t.build/Objects-normal/arm64_32/SwiftBasicFormat_const_extract_protocols.json -Xcc -I/Users/admin/builder/spi-builder-workspace/.dependencies/checkouts/swift-syntax/Sources/_SwiftSyntaxCShims/include -Xcc -I/Users/admin/builder/spi-builder-workspace/.derivedData/Build/Products/Debug-watchos/include -Xcc -I/Users/admin/builder/spi-builder-workspace/.derivedData/Build/Intermediates.noindex/swift-syntax.build/Debug-watchos/SwiftBasicFormat-t.build/DerivedSources-normal/arm64_32 -Xcc -I/Users/admin/builder/spi-builder-workspace/.derivedData/Build/Intermediates.noindex/swift-syntax.build/Debug-watchos/SwiftBasicFormat-t.build/DerivedSources/arm64_32 -Xcc -I/Users/admin/builder/spi-builder-workspace/.derivedData/Build/Intermediates.noindex/swift-syntax.build/Debug-watchos/SwiftBasicFormat-t.build/DerivedSources -Xcc -DSWIFT_PACKAGE -Xcc -DDEBUG\=1 -emit-objc-header -emit-objc-header-path /Users/admin/builder/spi-builder-workspace/.derivedData/Build/Intermediates.noindex/swift-syntax.build/Debug-watchos/SwiftBasicFormat-t.build/Objects-normal/arm64_32/SwiftBasicFormat-Swift.h -working-directory /Users/admin/builder/spi-builder-workspace/.swiftpm/xcode -experimental-emit-module-separately -disable-cmo
SwiftDriver\ Compilation SwiftBasicFormat normal arm64 com.apple.xcode.tools.swift.compiler (in target 'SwiftBasicFormat' from project 'swift-syntax')
cd /Users/admin/builder/spi-builder-workspace/.swiftpm/xcode
builtin-Swift-Compilation -- /Applications/Xcode-27.0.0-Release.Candidate.app/Contents/Developer/Toolchains/XcodeDefault.xctoolchain/usr/bin/swiftc -parse-as-library -module-name SwiftBasicFormat -Onone @/Users/admin/builder/spi-builder-workspace/.derivedData/Build/Intermediates.noindex/swift-syntax.build/Debug-watchos/SwiftBasicFormat-t.build/Objects-normal/arm64/SwiftBasicFormat.SwiftFileList -DSWIFT_PACKAGE -DDEBUG -DSWIFT_MODULE_RESOURCE_BUNDLE_UNAVAILABLE -Xcc -fmodule-map-file\=/Users/admin/builder/spi-builder-workspace/.dependencies/checkouts/swift-syntax/Sources/_SwiftSyntaxCShims/include/module.modulemap -DXcode -plugin-path /Applications/Xcode-27.0.0-Release.Candidate.app/Contents/Developer/Toolchains/XcodeDefault.xctoolchain/usr/lib/swift/host/plugins/testing -enable-experimental-feature DebugDescriptionMacro -sdk /Applications/Xcode-27.0.0-Release.Candidate.app/Contents/Developer/Platforms/WatchOS.platform/Developer/SDKs/WatchOS27.0.sdk -target arm64-apple-watchos9.0 -g -module-cache-path /Users/admin/builder/spi-builder-workspace/.derivedData/ModuleCache.noindex -Xfrontend -serialize-debugging-options -profile-coverage-mapping -profile-generate -enable-testing -suppress-warnings -index-store-path /Users/admin/builder/spi-builder-workspace/.derivedData/Index.noindex/DataStore -Xcc -D_LIBCPP_HARDENING_MODE\=_LIBCPP_HARDENING_MODE_DEBUG -swift-version 6 -I /Users/admin/builder/spi-builder-workspace/.derivedData/Build/Products/Debug-watchos -Isystem /Applications/Xcode-27.0.0-Release.Candidate.app/Contents/Developer/Platforms/WatchOS.platform/Developer/usr/lib -F /Users/admin/builder/spi-builder-workspace/.derivedData/Build/Products/Debug-watchos/PackageFrameworks -F /Users/admin/builder/spi-builder-workspace/.derivedData/Build/Products/Debug-watchos -F /Applications/Xcode-27.0.0-Release.Candidate.app/Contents/Developer/Platforms/WatchOS.platform/Developer/Library/Frameworks -F /Applications/Xcode-27.0.0-Release.Candidate.app/Contents/Developer/Platforms/WatchOS.platform/Developer/SDKs/WatchOS27.0.sdk/Developer/Library/Frameworks -c -j10 -enable-batch-mode -incremental -Xcc -ivfsstatcache -Xcc /Users/admin/builder/spi-builder-workspace/.derivedData/SDKStatCaches.noindex/watchos27.0-24R360-e829b21a6f8c9b70876ba0858053c04477534ef55a1706bf4c1112bbb242f0a2.sdkstatcache -output-file-map /Users/admin/builder/spi-builder-workspace/.derivedData/Build/Intermediates.noindex/swift-syntax.build/Debug-watchos/SwiftBasicFormat-t.build/Objects-normal/arm64/SwiftBasicFormat-OutputFileMap.json -save-temps -no-color-diagnostics -explicit-module-build -module-cache-path /Users/admin/builder/spi-builder-workspace/.derivedData/Build/Intermediates.noindex/SwiftExplicitPrecompiledModules -clang-scanner-module-cache-path /Users/admin/builder/spi-builder-workspace/.derivedData/ModuleCache.noindex -sdk-module-cache-path /Users/admin/builder/spi-builder-workspace/.derivedData/SDKExplicitPrecompiledModules -emit-dependencies -emit-module -emit-module-path /Users/admin/builder/spi-builder-workspace/.derivedData/Build/Intermediates.noindex/swift-syntax.build/Debug-watchos/SwiftBasicFormat-t.build/Objects-normal/arm64/SwiftBasicFormat.swiftmodule -serialize-diagnostics -dependency-scan-serialize-diagnostics-path /Users/admin/builder/spi-builder-workspace/.derivedData/Build/Intermediates.noindex/swift-syntax.build/Debug-watchos/SwiftBasicFormat-t.build/Objects-normal/arm64/SwiftBasicFormat-dependency-scan.dia -validate-clang-modules-once -clang-build-session-file /Users/admin/builder/spi-builder-workspace/.derivedData/ModuleCache.noindex/Session.modulevalidation -Xcc -fmodules-prune-interval\=86400 -Xcc -fmodules-prune-after\=345600 -package-name swift_syntax -emit-const-values -const-gather-protocols-list /Users/admin/builder/spi-builder-workspace/.derivedData/Build/Intermediates.noindex/swift-syntax.build/Debug-watchos/SwiftBasicFormat-t.build/Objects-normal/arm64/SwiftBasicFormat_const_extract_protocols.json -Xcc -I/Users/admin/builder/spi-builder-workspace/.dependencies/checkouts/swift-syntax/Sources/_SwiftSyntaxCShims/include -Xcc -I/Users/admin/builder/spi-builder-workspace/.derivedData/Build/Products/Debug-watchos/include -Xcc -I/Users/admin/builder/spi-builder-workspace/.derivedData/Build/Intermediates.noindex/swift-syntax.build/Debug-watchos/SwiftBasicFormat-t.build/DerivedSources-normal/arm64 -Xcc -I/Users/admin/builder/spi-builder-workspace/.derivedData/Build/Intermediates.noindex/swift-syntax.build/Debug-watchos/SwiftBasicFormat-t.build/DerivedSources/arm64 -Xcc -I/Users/admin/builder/spi-builder-workspace/.derivedData/Build/Intermediates.noindex/swift-syntax.build/Debug-watchos/SwiftBasicFormat-t.build/DerivedSources -Xcc -DSWIFT_PACKAGE -Xcc -DDEBUG\=1 -emit-objc-header -emit-objc-header-path /Users/admin/builder/spi-builder-workspace/.derivedData/Build/Intermediates.noindex/swift-syntax.build/Debug-watchos/SwiftBasicFormat-t.build/Objects-normal/arm64/SwiftBasicFormat-Swift.h -working-directory /Users/admin/builder/spi-builder-workspace/.swiftpm/xcode -experimental-emit-module-separately -disable-cmo
SwiftDriverJobDiscovery normal arm64 Compiling OperatorError+Diagnostics.swift (in target 'SwiftOperators' from project 'swift-syntax')
SwiftDriver SwiftFormatCore normal arm64 com.apple.xcode.tools.swift.compiler (in target 'SwiftFormatCore' from project 'swift-format')
cd /Users/admin/builder/spi-builder-workspace/.swiftpm/xcode
builtin-SwiftDriver -- /Applications/Xcode-27.0.0-Release.Candidate.app/Contents/Developer/Toolchains/XcodeDefault.xctoolchain/usr/bin/swiftc -parse-as-library -module-name SwiftFormatCore -Onone @/Users/admin/builder/spi-builder-workspace/.derivedData/Build/Intermediates.noindex/swift-format.build/Debug-watchos/SwiftFormatCore-t.build/Objects-normal/arm64/SwiftFormatCore.SwiftFileList -DSWIFT_PACKAGE -DDEBUG -DSWIFT_MODULE_RESOURCE_BUNDLE_UNAVAILABLE -Xcc -fmodule-map-file\=/Users/admin/builder/spi-builder-workspace/.dependencies/checkouts/swift-syntax/Sources/_SwiftSyntaxCShims/include/module.modulemap -DXcode -plugin-path /Applications/Xcode-27.0.0-Release.Candidate.app/Contents/Developer/Toolchains/XcodeDefault.xctoolchain/usr/lib/swift/host/plugins/testing -enable-experimental-feature DebugDescriptionMacro -sdk /Applications/Xcode-27.0.0-Release.Candidate.app/Contents/Developer/Platforms/WatchOS.platform/Developer/SDKs/WatchOS27.0.sdk -target arm64-apple-watchos9.0 -g -module-cache-path /Users/admin/builder/spi-builder-workspace/.derivedData/ModuleCache.noindex -Xfrontend -serialize-debugging-options -profile-coverage-mapping -profile-generate -enable-testing -index-store-path /Users/admin/builder/spi-builder-workspace/.derivedData/Index.noindex/DataStore -Xcc -D_LIBCPP_HARDENING_MODE\=_LIBCPP_HARDENING_MODE_DEBUG -swift-version 5 -I /Users/admin/builder/spi-builder-workspace/.derivedData/Build/Products/Debug-watchos -Isystem /Applications/Xcode-27.0.0-Release.Candidate.app/Contents/Developer/Platforms/WatchOS.platform/Developer/usr/lib -F /Users/admin/builder/spi-builder-workspace/.derivedData/Build/Products/Debug-watchos/PackageFrameworks -F /Users/admin/builder/spi-builder-workspace/.derivedData/Build/Products/Debug-watchos -F /Applications/Xcode-27.0.0-Release.Candidate.app/Contents/Developer/Platforms/WatchOS.platform/Developer/Library/Frameworks -F /Applications/Xcode-27.0.0-Release.Candidate.app/Contents/Developer/Platforms/WatchOS.platform/Developer/SDKs/WatchOS27.0.sdk/Developer/Library/Frameworks -c -j10 -enable-batch-mode -incremental -Xcc -ivfsstatcache -Xcc /Users/admin/builder/spi-builder-workspace/.derivedData/SDKStatCaches.noindex/watchos27.0-24R360-e829b21a6f8c9b70876ba0858053c04477534ef55a1706bf4c1112bbb242f0a2.sdkstatcache -output-file-map /Users/admin/builder/spi-builder-workspace/.derivedData/Build/Intermediates.noindex/swift-format.build/Debug-watchos/SwiftFormatCore-t.build/Objects-normal/arm64/SwiftFormatCore-OutputFileMap.json -save-temps -no-color-diagnostics -explicit-module-build -module-cache-path /Users/admin/builder/spi-builder-workspace/.derivedData/Build/Intermediates.noindex/SwiftExplicitPrecompiledModules -clang-scanner-module-cache-path /Users/admin/builder/spi-builder-workspace/.derivedData/ModuleCache.noindex -sdk-module-cache-path /Users/admin/builder/spi-builder-workspace/.derivedData/SDKExplicitPrecompiledModules -emit-dependencies -emit-module -emit-module-path /Users/admin/builder/spi-builder-workspace/.derivedData/Build/Intermediates.noindex/swift-format.build/Debug-watchos/SwiftFormatCore-t.build/Objects-normal/arm64/SwiftFormatCore.swiftmodule -serialize-diagnostics -dependency-scan-serialize-diagnostics-path /Users/admin/builder/spi-builder-workspace/.derivedData/Build/Intermediates.noindex/swift-format.build/Debug-watchos/SwiftFormatCore-t.build/Objects-normal/arm64/SwiftFormatCore-dependency-scan.dia -validate-clang-modules-once -clang-build-session-file /Users/admin/builder/spi-builder-workspace/.derivedData/ModuleCache.noindex/Session.modulevalidation -Xcc -fmodules-prune-interval\=86400 -Xcc -fmodules-prune-after\=345600 -emit-const-values -const-gather-protocols-list /Users/admin/builder/spi-builder-workspace/.derivedData/Build/Intermediates.noindex/swift-format.build/Debug-watchos/SwiftFormatCore-t.build/Objects-normal/arm64/SwiftFormatCore_const_extract_protocols.json -Xcc -I/Users/admin/builder/spi-builder-workspace/.dependencies/checkouts/swift-syntax/Sources/_SwiftSyntaxCShims/include -Xcc -I/Users/admin/builder/spi-builder-workspace/.derivedData/Build/Products/Debug-watchos/include -Xcc -I/Users/admin/builder/spi-builder-workspace/.derivedData/Build/Intermediates.noindex/swift-format.build/Debug-watchos/SwiftFormatCore-t.build/DerivedSources-normal/arm64 -Xcc -I/Users/admin/builder/spi-builder-workspace/.derivedData/Build/Intermediates.noindex/swift-format.build/Debug-watchos/SwiftFormatCore-t.build/DerivedSources/arm64 -Xcc -I/Users/admin/builder/spi-builder-workspace/.derivedData/Build/Intermediates.noindex/swift-format.build/Debug-watchos/SwiftFormatCore-t.build/DerivedSources -Xcc -DSWIFT_PACKAGE -Xcc -DDEBUG\=1 -emit-objc-header -emit-objc-header-path /Users/admin/builder/spi-builder-workspace/.derivedData/Build/Intermediates.noindex/swift-format.build/Debug-watchos/SwiftFormatCore-t.build/Objects-normal/arm64/SwiftFormatCore-Swift.h -working-directory /Users/admin/builder/spi-builder-workspace/.swiftpm/xcode -experimental-emit-module-separately -disable-cmo
SwiftDriver SwiftFormatCore normal arm64_32 com.apple.xcode.tools.swift.compiler (in target 'SwiftFormatCore' from project 'swift-format')
cd /Users/admin/builder/spi-builder-workspace/.swiftpm/xcode
builtin-SwiftDriver -- /Applications/Xcode-27.0.0-Release.Candidate.app/Contents/Developer/Toolchains/XcodeDefault.xctoolchain/usr/bin/swiftc -parse-as-library -module-name SwiftFormatCore -Onone @/Users/admin/builder/spi-builder-workspace/.derivedData/Build/Intermediates.noindex/swift-format.build/Debug-watchos/SwiftFormatCore-t.build/Objects-normal/arm64_32/SwiftFormatCore.SwiftFileList -DSWIFT_PACKAGE -DDEBUG -DSWIFT_MODULE_RESOURCE_BUNDLE_UNAVAILABLE -Xcc -fmodule-map-file\=/Users/admin/builder/spi-builder-workspace/.dependencies/checkouts/swift-syntax/Sources/_SwiftSyntaxCShims/include/module.modulemap -DXcode -plugin-path /Applications/Xcode-27.0.0-Release.Candidate.app/Contents/Developer/Toolchains/XcodeDefault.xctoolchain/usr/lib/swift/host/plugins/testing -enable-experimental-feature DebugDescriptionMacro -sdk /Applications/Xcode-27.0.0-Release.Candidate.app/Contents/Developer/Platforms/WatchOS.platform/Developer/SDKs/WatchOS27.0.sdk -target arm64_32-apple-watchos9.0 -g -module-cache-path /Users/admin/builder/spi-builder-workspace/.derivedData/ModuleCache.noindex -Xfrontend -serialize-debugging-options -profile-coverage-mapping -profile-generate -enable-testing -index-store-path /Users/admin/builder/spi-builder-workspace/.derivedData/Index.noindex/DataStore -Xcc -D_LIBCPP_HARDENING_MODE\=_LIBCPP_HARDENING_MODE_DEBUG -swift-version 5 -I /Users/admin/builder/spi-builder-workspace/.derivedData/Build/Products/Debug-watchos -Isystem /Applications/Xcode-27.0.0-Release.Candidate.app/Contents/Developer/Platforms/WatchOS.platform/Developer/usr/lib -F /Users/admin/builder/spi-builder-workspace/.derivedData/Build/Products/Debug-watchos/PackageFrameworks -F /Users/admin/builder/spi-builder-workspace/.derivedData/Build/Products/Debug-watchos -F /Applications/Xcode-27.0.0-Release.Candidate.app/Contents/Developer/Platforms/WatchOS.platform/Developer/Library/Frameworks -F /Applications/Xcode-27.0.0-Release.Candidate.app/Contents/Developer/Platforms/WatchOS.platform/Developer/SDKs/WatchOS27.0.sdk/Developer/Library/Frameworks -c -j10 -enable-batch-mode -incremental -Xcc -ivfsstatcache -Xcc /Users/admin/builder/spi-builder-workspace/.derivedData/SDKStatCaches.noindex/watchos27.0-24R360-e829b21a6f8c9b70876ba0858053c04477534ef55a1706bf4c1112bbb242f0a2.sdkstatcache -output-file-map /Users/admin/builder/spi-builder-workspace/.derivedData/Build/Intermediates.noindex/swift-format.build/Debug-watchos/SwiftFormatCore-t.build/Objects-normal/arm64_32/SwiftFormatCore-OutputFileMap.json -save-temps -no-color-diagnostics -explicit-module-build -module-cache-path /Users/admin/builder/spi-builder-workspace/.derivedData/Build/Intermediates.noindex/SwiftExplicitPrecompiledModules -clang-scanner-module-cache-path /Users/admin/builder/spi-builder-workspace/.derivedData/ModuleCache.noindex -sdk-module-cache-path /Users/admin/builder/spi-builder-workspace/.derivedData/SDKExplicitPrecompiledModules -emit-dependencies -emit-module -emit-module-path /Users/admin/builder/spi-builder-workspace/.derivedData/Build/Intermediates.noindex/swift-format.build/Debug-watchos/SwiftFormatCore-t.build/Objects-normal/arm64_32/SwiftFormatCore.swiftmodule -serialize-diagnostics -dependency-scan-serialize-diagnostics-path /Users/admin/builder/spi-builder-workspace/.derivedData/Build/Intermediates.noindex/swift-format.build/Debug-watchos/SwiftFormatCore-t.build/Objects-normal/arm64_32/SwiftFormatCore-dependency-scan.dia -validate-clang-modules-once -clang-build-session-file /Users/admin/builder/spi-builder-workspace/.derivedData/ModuleCache.noindex/Session.modulevalidation -Xcc -fmodules-prune-interval\=86400 -Xcc -fmodules-prune-after\=345600 -emit-const-values -const-gather-protocols-list /Users/admin/builder/spi-builder-workspace/.derivedData/Build/Intermediates.noindex/swift-format.build/Debug-watchos/SwiftFormatCore-t.build/Objects-normal/arm64_32/SwiftFormatCore_const_extract_protocols.json -Xcc -I/Users/admin/builder/spi-builder-workspace/.dependencies/checkouts/swift-syntax/Sources/_SwiftSyntaxCShims/include -Xcc -I/Users/admin/builder/spi-builder-workspace/.derivedData/Build/Products/Debug-watchos/include -Xcc -I/Users/admin/builder/spi-builder-workspace/.derivedData/Build/Intermediates.noindex/swift-format.build/Debug-watchos/SwiftFormatCore-t.build/DerivedSources-normal/arm64_32 -Xcc -I/Users/admin/builder/spi-builder-workspace/.derivedData/Build/Intermediates.noindex/swift-format.build/Debug-watchos/SwiftFormatCore-t.build/DerivedSources/arm64_32 -Xcc -I/Users/admin/builder/spi-builder-workspace/.derivedData/Build/Intermediates.noindex/swift-format.build/Debug-watchos/SwiftFormatCore-t.build/DerivedSources -Xcc -DSWIFT_PACKAGE -Xcc -DDEBUG\=1 -emit-objc-header -emit-objc-header-path /Users/admin/builder/spi-builder-workspace/.derivedData/Build/Intermediates.noindex/swift-format.build/Debug-watchos/SwiftFormatCore-t.build/Objects-normal/arm64_32/SwiftFormatCore-Swift.h -working-directory /Users/admin/builder/spi-builder-workspace/.swiftpm/xcode -experimental-emit-module-separately -disable-cmo
SwiftDriverJobDiscovery normal arm64 Compiling OperatorTable.swift (in target 'SwiftOperators' from project 'swift-syntax')
SwiftDriverJobDiscovery normal arm64 Compiling MultiLineStringLiteralDiagnosticsGenerator.swift, ParseDiagnosticsGenerator.swift (in target 'SwiftParserDiagnostics' from project 'swift-syntax')
SwiftDriver\ Compilation SwiftParserDiagnostics normal arm64 com.apple.xcode.tools.swift.compiler (in target 'SwiftParserDiagnostics' from project 'swift-syntax')
cd /Users/admin/builder/spi-builder-workspace/.swiftpm/xcode
builtin-Swift-Compilation -- /Applications/Xcode-27.0.0-Release.Candidate.app/Contents/Developer/Toolchains/XcodeDefault.xctoolchain/usr/bin/swiftc -parse-as-library -module-name SwiftParserDiagnostics -Onone @/Users/admin/builder/spi-builder-workspace/.derivedData/Build/Intermediates.noindex/swift-syntax.build/Debug-watchos/SwiftParserDiagnostics-t.build/Objects-normal/arm64/SwiftParserDiagnostics.SwiftFileList -DSWIFT_PACKAGE -DDEBUG -DSWIFT_MODULE_RESOURCE_BUNDLE_UNAVAILABLE -Xcc -fmodule-map-file\=/Users/admin/builder/spi-builder-workspace/.dependencies/checkouts/swift-syntax/Sources/_SwiftSyntaxCShims/include/module.modulemap -DXcode -plugin-path /Applications/Xcode-27.0.0-Release.Candidate.app/Contents/Developer/Toolchains/XcodeDefault.xctoolchain/usr/lib/swift/host/plugins/testing -enable-experimental-feature DebugDescriptionMacro -sdk /Applications/Xcode-27.0.0-Release.Candidate.app/Contents/Developer/Platforms/WatchOS.platform/Developer/SDKs/WatchOS27.0.sdk -target arm64-apple-watchos9.0 -g -module-cache-path /Users/admin/builder/spi-builder-workspace/.derivedData/ModuleCache.noindex -Xfrontend -serialize-debugging-options -profile-coverage-mapping -profile-generate -enable-testing -suppress-warnings -index-store-path /Users/admin/builder/spi-builder-workspace/.derivedData/Index.noindex/DataStore -Xcc -D_LIBCPP_HARDENING_MODE\=_LIBCPP_HARDENING_MODE_DEBUG -swift-version 6 -I /Users/admin/builder/spi-builder-workspace/.derivedData/Build/Products/Debug-watchos -Isystem /Applications/Xcode-27.0.0-Release.Candidate.app/Contents/Developer/Platforms/WatchOS.platform/Developer/usr/lib -F /Users/admin/builder/spi-builder-workspace/.derivedData/Build/Products/Debug-watchos/PackageFrameworks -F /Users/admin/builder/spi-builder-workspace/.derivedData/Build/Products/Debug-watchos -F /Applications/Xcode-27.0.0-Release.Candidate.app/Contents/Developer/Platforms/WatchOS.platform/Developer/Library/Frameworks -F /Applications/Xcode-27.0.0-Release.Candidate.app/Contents/Developer/Platforms/WatchOS.platform/Developer/SDKs/WatchOS27.0.sdk/Developer/Library/Frameworks -c -j10 -enable-batch-mode -incremental -Xcc -ivfsstatcache -Xcc /Users/admin/builder/spi-builder-workspace/.derivedData/SDKStatCaches.noindex/watchos27.0-24R360-e829b21a6f8c9b70876ba0858053c04477534ef55a1706bf4c1112bbb242f0a2.sdkstatcache -output-file-map /Users/admin/builder/spi-builder-workspace/.derivedData/Build/Intermediates.noindex/swift-syntax.build/Debug-watchos/SwiftParserDiagnostics-t.build/Objects-normal/arm64/SwiftParserDiagnostics-OutputFileMap.json -save-temps -no-color-diagnostics -explicit-module-build -module-cache-path /Users/admin/builder/spi-builder-workspace/.derivedData/Build/Intermediates.noindex/SwiftExplicitPrecompiledModules -clang-scanner-module-cache-path /Users/admin/builder/spi-builder-workspace/.derivedData/ModuleCache.noindex -sdk-module-cache-path /Users/admin/builder/spi-builder-workspace/.derivedData/SDKExplicitPrecompiledModules -emit-dependencies -emit-module -emit-module-path /Users/admin/builder/spi-builder-workspace/.derivedData/Build/Intermediates.noindex/swift-syntax.build/Debug-watchos/SwiftParserDiagnostics-t.build/Objects-normal/arm64/SwiftParserDiagnostics.swiftmodule -serialize-diagnostics -dependency-scan-serialize-diagnostics-path /Users/admin/builder/spi-builder-workspace/.derivedData/Build/Intermediates.noindex/swift-syntax.build/Debug-watchos/SwiftParserDiagnostics-t.build/Objects-normal/arm64/SwiftParserDiagnostics-dependency-scan.dia -validate-clang-modules-once -clang-build-session-file /Users/admin/builder/spi-builder-workspace/.derivedData/ModuleCache.noindex/Session.modulevalidation -Xcc -fmodules-prune-interval\=86400 -Xcc -fmodules-prune-after\=345600 -package-name swift_syntax -emit-const-values -const-gather-protocols-list /Users/admin/builder/spi-builder-workspace/.derivedData/Build/Intermediates.noindex/swift-syntax.build/Debug-watchos/SwiftParserDiagnostics-t.build/Objects-normal/arm64/SwiftParserDiagnostics_const_extract_protocols.json -Xcc -I/Users/admin/builder/spi-builder-workspace/.dependencies/checkouts/swift-syntax/Sources/_SwiftSyntaxCShims/include -Xcc -I/Users/admin/builder/spi-builder-workspace/.derivedData/Build/Products/Debug-watchos/include -Xcc -I/Users/admin/builder/spi-builder-workspace/.derivedData/Build/Intermediates.noindex/swift-syntax.build/Debug-watchos/SwiftParserDiagnostics-t.build/DerivedSources-normal/arm64 -Xcc -I/Users/admin/builder/spi-builder-workspace/.derivedData/Build/Intermediates.noindex/swift-syntax.build/Debug-watchos/SwiftParserDiagnostics-t.build/DerivedSources/arm64 -Xcc -I/Users/admin/builder/spi-builder-workspace/.derivedData/Build/Intermediates.noindex/swift-syntax.build/Debug-watchos/SwiftParserDiagnostics-t.build/DerivedSources -Xcc -DSWIFT_PACKAGE -Xcc -DDEBUG\=1 -emit-objc-header -emit-objc-header-path /Users/admin/builder/spi-builder-workspace/.derivedData/Build/Intermediates.noindex/swift-syntax.build/Debug-watchos/SwiftParserDiagnostics-t.build/Objects-normal/arm64/SwiftParserDiagnostics-Swift.h -working-directory /Users/admin/builder/spi-builder-workspace/.swiftpm/xcode -experimental-emit-module-separately -disable-cmo
SwiftDriverJobDiscovery normal arm64 Compiling OperatorError.swift (in target 'SwiftOperators' from project 'swift-syntax')
SwiftDriverJobDiscovery normal arm64_32 Compiling OperatorTable+Folding.swift (in target 'SwiftOperators' from project 'swift-syntax')
SwiftDriver\ Compilation SwiftOperators normal arm64_32 com.apple.xcode.tools.swift.compiler (in target 'SwiftOperators' from project 'swift-syntax')
cd /Users/admin/builder/spi-builder-workspace/.swiftpm/xcode
builtin-Swift-Compilation -- /Applications/Xcode-27.0.0-Release.Candidate.app/Contents/Developer/Toolchains/XcodeDefault.xctoolchain/usr/bin/swiftc -parse-as-library -module-name SwiftOperators -Onone @/Users/admin/builder/spi-builder-workspace/.derivedData/Build/Intermediates.noindex/swift-syntax.build/Debug-watchos/SwiftOperators-t.build/Objects-normal/arm64_32/SwiftOperators.SwiftFileList -DSWIFT_PACKAGE -DDEBUG -DSWIFT_MODULE_RESOURCE_BUNDLE_UNAVAILABLE -Xcc -fmodule-map-file\=/Users/admin/builder/spi-builder-workspace/.dependencies/checkouts/swift-syntax/Sources/_SwiftSyntaxCShims/include/module.modulemap -DXcode -plugin-path /Applications/Xcode-27.0.0-Release.Candidate.app/Contents/Developer/Toolchains/XcodeDefault.xctoolchain/usr/lib/swift/host/plugins/testing -enable-experimental-feature DebugDescriptionMacro -sdk /Applications/Xcode-27.0.0-Release.Candidate.app/Contents/Developer/Platforms/WatchOS.platform/Developer/SDKs/WatchOS27.0.sdk -target arm64_32-apple-watchos9.0 -g -module-cache-path /Users/admin/builder/spi-builder-workspace/.derivedData/ModuleCache.noindex -Xfrontend -serialize-debugging-options -profile-coverage-mapping -profile-generate -enable-testing -suppress-warnings -index-store-path /Users/admin/builder/spi-builder-workspace/.derivedData/Index.noindex/DataStore -Xcc -D_LIBCPP_HARDENING_MODE\=_LIBCPP_HARDENING_MODE_DEBUG -swift-version 6 -I /Users/admin/builder/spi-builder-workspace/.derivedData/Build/Products/Debug-watchos -Isystem /Applications/Xcode-27.0.0-Release.Candidate.app/Contents/Developer/Platforms/WatchOS.platform/Developer/usr/lib -F /Users/admin/builder/spi-builder-workspace/.derivedData/Build/Products/Debug-watchos/PackageFrameworks -F /Users/admin/builder/spi-builder-workspace/.derivedData/Build/Products/Debug-watchos -F /Applications/Xcode-27.0.0-Release.Candidate.app/Contents/Developer/Platforms/WatchOS.platform/Developer/Library/Frameworks -F /Applications/Xcode-27.0.0-Release.Candidate.app/Contents/Developer/Platforms/WatchOS.platform/Developer/SDKs/WatchOS27.0.sdk/Developer/Library/Frameworks -c -j10 -enable-batch-mode -incremental -Xcc -ivfsstatcache -Xcc /Users/admin/builder/spi-builder-workspace/.derivedData/SDKStatCaches.noindex/watchos27.0-24R360-e829b21a6f8c9b70876ba0858053c04477534ef55a1706bf4c1112bbb242f0a2.sdkstatcache -output-file-map /Users/admin/builder/spi-builder-workspace/.derivedData/Build/Intermediates.noindex/swift-syntax.build/Debug-watchos/SwiftOperators-t.build/Objects-normal/arm64_32/SwiftOperators-OutputFileMap.json -save-temps -no-color-diagnostics -explicit-module-build -module-cache-path /Users/admin/builder/spi-builder-workspace/.derivedData/Build/Intermediates.noindex/SwiftExplicitPrecompiledModules -clang-scanner-module-cache-path /Users/admin/builder/spi-builder-workspace/.derivedData/ModuleCache.noindex -sdk-module-cache-path /Users/admin/builder/spi-builder-workspace/.derivedData/SDKExplicitPrecompiledModules -emit-dependencies -emit-module -emit-module-path /Users/admin/builder/spi-builder-workspace/.derivedData/Build/Intermediates.noindex/swift-syntax.build/Debug-watchos/SwiftOperators-t.build/Objects-normal/arm64_32/SwiftOperators.swiftmodule -serialize-diagnostics -dependency-scan-serialize-diagnostics-path /Users/admin/builder/spi-builder-workspace/.derivedData/Build/Intermediates.noindex/swift-syntax.build/Debug-watchos/SwiftOperators-t.build/Objects-normal/arm64_32/SwiftOperators-dependency-scan.dia -validate-clang-modules-once -clang-build-session-file /Users/admin/builder/spi-builder-workspace/.derivedData/ModuleCache.noindex/Session.modulevalidation -Xcc -fmodules-prune-interval\=86400 -Xcc -fmodules-prune-after\=345600 -package-name swift_syntax -emit-const-values -const-gather-protocols-list /Users/admin/builder/spi-builder-workspace/.derivedData/Build/Intermediates.noindex/swift-syntax.build/Debug-watchos/SwiftOperators-t.build/Objects-normal/arm64_32/SwiftOperators_const_extract_protocols.json -Xcc -I/Users/admin/builder/spi-builder-workspace/.dependencies/checkouts/swift-syntax/Sources/_SwiftSyntaxCShims/include -Xcc -I/Users/admin/builder/spi-builder-workspace/.derivedData/Build/Products/Debug-watchos/include -Xcc -I/Users/admin/builder/spi-builder-workspace/.derivedData/Build/Intermediates.noindex/swift-syntax.build/Debug-watchos/SwiftOperators-t.build/DerivedSources-normal/arm64_32 -Xcc -I/Users/admin/builder/spi-builder-workspace/.derivedData/Build/Intermediates.noindex/swift-syntax.build/Debug-watchos/SwiftOperators-t.build/DerivedSources/arm64_32 -Xcc -I/Users/admin/builder/spi-builder-workspace/.derivedData/Build/Intermediates.noindex/swift-syntax.build/Debug-watchos/SwiftOperators-t.build/DerivedSources -Xcc -DSWIFT_PACKAGE -Xcc -DDEBUG\=1 -emit-objc-header -emit-objc-header-path /Users/admin/builder/spi-builder-workspace/.derivedData/Build/Intermediates.noindex/swift-syntax.build/Debug-watchos/SwiftOperators-t.build/Objects-normal/arm64_32/SwiftOperators-Swift.h -working-directory /Users/admin/builder/spi-builder-workspace/.swiftpm/xcode -experimental-emit-module-separately -disable-cmo
SwiftDriverJobDiscovery normal arm64 Compiling SyntaxNodesD.swift, SyntaxNodesEF.swift, SyntaxNodesGHI.swift, SyntaxNodesJKLMN.swift, SyntaxNodesOP.swift, SyntaxNodesQRS.swift, SyntaxNodesTUVWXYZ.swift (in target 'SwiftSyntax' from project 'swift-syntax')
SwiftDriverJobDiscovery normal arm64 Compiling OperatorTable+Semantics.swift (in target 'SwiftOperators' from project 'swift-syntax')
SwiftDriver\ Compilation SwiftSyntax normal arm64 com.apple.xcode.tools.swift.compiler (in target 'SwiftSyntax' from project 'swift-syntax')
cd /Users/admin/builder/spi-builder-workspace/.swiftpm/xcode
builtin-Swift-Compilation -- /Applications/Xcode-27.0.0-Release.Candidate.app/Contents/Developer/Toolchains/XcodeDefault.xctoolchain/usr/bin/swiftc -parse-as-library -module-name SwiftSyntax -Onone @/Users/admin/builder/spi-builder-workspace/.derivedData/Build/Intermediates.noindex/swift-syntax.build/Debug-watchos/SwiftSyntax-t.build/Objects-normal/arm64/SwiftSyntax.SwiftFileList -DSWIFT_PACKAGE -DDEBUG -DSWIFT_MODULE_RESOURCE_BUNDLE_UNAVAILABLE -Xcc -fmodule-map-file\=/Users/admin/builder/spi-builder-workspace/.dependencies/checkouts/swift-syntax/Sources/_SwiftSyntaxCShims/include/module.modulemap -DXcode -plugin-path /Applications/Xcode-27.0.0-Release.Candidate.app/Contents/Developer/Toolchains/XcodeDefault.xctoolchain/usr/lib/swift/host/plugins/testing -enable-experimental-feature DebugDescriptionMacro -sdk /Applications/Xcode-27.0.0-Release.Candidate.app/Contents/Developer/Platforms/WatchOS.platform/Developer/SDKs/WatchOS27.0.sdk -target arm64-apple-watchos9.0 -g -module-cache-path /Users/admin/builder/spi-builder-workspace/.derivedData/ModuleCache.noindex -Xfrontend -serialize-debugging-options -profile-coverage-mapping -profile-generate -enable-testing -suppress-warnings -index-store-path /Users/admin/builder/spi-builder-workspace/.derivedData/Index.noindex/DataStore -Xcc -D_LIBCPP_HARDENING_MODE\=_LIBCPP_HARDENING_MODE_DEBUG -swift-version 6 -I /Users/admin/builder/spi-builder-workspace/.derivedData/Build/Products/Debug-watchos -Isystem /Applications/Xcode-27.0.0-Release.Candidate.app/Contents/Developer/Platforms/WatchOS.platform/Developer/usr/lib -F /Users/admin/builder/spi-builder-workspace/.derivedData/Build/Products/Debug-watchos/PackageFrameworks -F /Users/admin/builder/spi-builder-workspace/.derivedData/Build/Products/Debug-watchos -F /Applications/Xcode-27.0.0-Release.Candidate.app/Contents/Developer/Platforms/WatchOS.platform/Developer/Library/Frameworks -F /Applications/Xcode-27.0.0-Release.Candidate.app/Contents/Developer/Platforms/WatchOS.platform/Developer/SDKs/WatchOS27.0.sdk/Developer/Library/Frameworks -c -j10 -enable-batch-mode -incremental -Xcc -ivfsstatcache -Xcc /Users/admin/builder/spi-builder-workspace/.derivedData/SDKStatCaches.noindex/watchos27.0-24R360-e829b21a6f8c9b70876ba0858053c04477534ef55a1706bf4c1112bbb242f0a2.sdkstatcache -output-file-map /Users/admin/builder/spi-builder-workspace/.derivedData/Build/Intermediates.noindex/swift-syntax.build/Debug-watchos/SwiftSyntax-t.build/Objects-normal/arm64/SwiftSyntax-OutputFileMap.json -save-temps -no-color-diagnostics -explicit-module-build -module-cache-path /Users/admin/builder/spi-builder-workspace/.derivedData/Build/Intermediates.noindex/SwiftExplicitPrecompiledModules -clang-scanner-module-cache-path /Users/admin/builder/spi-builder-workspace/.derivedData/ModuleCache.noindex -sdk-module-cache-path /Users/admin/builder/spi-builder-workspace/.derivedData/SDKExplicitPrecompiledModules -emit-dependencies -emit-module -emit-module-path /Users/admin/builder/spi-builder-workspace/.derivedData/Build/Intermediates.noindex/swift-syntax.build/Debug-watchos/SwiftSyntax-t.build/Objects-normal/arm64/SwiftSyntax.swiftmodule -serialize-diagnostics -dependency-scan-serialize-diagnostics-path /Users/admin/builder/spi-builder-workspace/.derivedData/Build/Intermediates.noindex/swift-syntax.build/Debug-watchos/SwiftSyntax-t.build/Objects-normal/arm64/SwiftSyntax-dependency-scan.dia -validate-clang-modules-once -clang-build-session-file /Users/admin/builder/spi-builder-workspace/.derivedData/ModuleCache.noindex/Session.modulevalidation -Xcc -fmodules-prune-interval\=86400 -Xcc -fmodules-prune-after\=345600 -package-name swift_syntax -emit-const-values -const-gather-protocols-list /Users/admin/builder/spi-builder-workspace/.derivedData/Build/Intermediates.noindex/swift-syntax.build/Debug-watchos/SwiftSyntax-t.build/Objects-normal/arm64/SwiftSyntax_const_extract_protocols.json -Xcc -I/Users/admin/builder/spi-builder-workspace/.dependencies/checkouts/swift-syntax/Sources/_SwiftSyntaxCShims/include -Xcc -I/Users/admin/builder/spi-builder-workspace/.derivedData/Build/Products/Debug-watchos/include -Xcc -I/Users/admin/builder/spi-builder-workspace/.derivedData/Build/Intermediates.noindex/swift-syntax.build/Debug-watchos/SwiftSyntax-t.build/DerivedSources-normal/arm64 -Xcc -I/Users/admin/builder/spi-builder-workspace/.derivedData/Build/Intermediates.noindex/swift-syntax.build/Debug-watchos/SwiftSyntax-t.build/DerivedSources/arm64 -Xcc -I/Users/admin/builder/spi-builder-workspace/.derivedData/Build/Intermediates.noindex/swift-syntax.build/Debug-watchos/SwiftSyntax-t.build/DerivedSources -Xcc -DSWIFT_PACKAGE -Xcc -DDEBUG\=1 -emit-objc-header -emit-objc-header-path /Users/admin/builder/spi-builder-workspace/.derivedData/Build/Intermediates.noindex/swift-syntax.build/Debug-watchos/SwiftSyntax-t.build/Objects-normal/arm64/SwiftSyntax-Swift.h -working-directory /Users/admin/builder/spi-builder-workspace/.swiftpm/xcode -experimental-emit-module-separately -disable-cmo
SwiftDriver\ Compilation SwiftOperators normal arm64 com.apple.xcode.tools.swift.compiler (in target 'SwiftOperators' from project 'swift-syntax')
cd /Users/admin/builder/spi-builder-workspace/.swiftpm/xcode
builtin-Swift-Compilation -- /Applications/Xcode-27.0.0-Release.Candidate.app/Contents/Developer/Toolchains/XcodeDefault.xctoolchain/usr/bin/swiftc -parse-as-library -module-name SwiftOperators -Onone @/Users/admin/builder/spi-builder-workspace/.derivedData/Build/Intermediates.noindex/swift-syntax.build/Debug-watchos/SwiftOperators-t.build/Objects-normal/arm64/SwiftOperators.SwiftFileList -DSWIFT_PACKAGE -DDEBUG -DSWIFT_MODULE_RESOURCE_BUNDLE_UNAVAILABLE -Xcc -fmodule-map-file\=/Users/admin/builder/spi-builder-workspace/.dependencies/checkouts/swift-syntax/Sources/_SwiftSyntaxCShims/include/module.modulemap -DXcode -plugin-path /Applications/Xcode-27.0.0-Release.Candidate.app/Contents/Developer/Toolchains/XcodeDefault.xctoolchain/usr/lib/swift/host/plugins/testing -enable-experimental-feature DebugDescriptionMacro -sdk /Applications/Xcode-27.0.0-Release.Candidate.app/Contents/Developer/Platforms/WatchOS.platform/Developer/SDKs/WatchOS27.0.sdk -target arm64-apple-watchos9.0 -g -module-cache-path /Users/admin/builder/spi-builder-workspace/.derivedData/ModuleCache.noindex -Xfrontend -serialize-debugging-options -profile-coverage-mapping -profile-generate -enable-testing -suppress-warnings -index-store-path /Users/admin/builder/spi-builder-workspace/.derivedData/Index.noindex/DataStore -Xcc -D_LIBCPP_HARDENING_MODE\=_LIBCPP_HARDENING_MODE_DEBUG -swift-version 6 -I /Users/admin/builder/spi-builder-workspace/.derivedData/Build/Products/Debug-watchos -Isystem /Applications/Xcode-27.0.0-Release.Candidate.app/Contents/Developer/Platforms/WatchOS.platform/Developer/usr/lib -F /Users/admin/builder/spi-builder-workspace/.derivedData/Build/Products/Debug-watchos/PackageFrameworks -F /Users/admin/builder/spi-builder-workspace/.derivedData/Build/Products/Debug-watchos -F /Applications/Xcode-27.0.0-Release.Candidate.app/Contents/Developer/Platforms/WatchOS.platform/Developer/Library/Frameworks -F /Applications/Xcode-27.0.0-Release.Candidate.app/Contents/Developer/Platforms/WatchOS.platform/Developer/SDKs/WatchOS27.0.sdk/Developer/Library/Frameworks -c -j10 -enable-batch-mode -incremental -Xcc -ivfsstatcache -Xcc /Users/admin/builder/spi-builder-workspace/.derivedData/SDKStatCaches.noindex/watchos27.0-24R360-e829b21a6f8c9b70876ba0858053c04477534ef55a1706bf4c1112bbb242f0a2.sdkstatcache -output-file-map /Users/admin/builder/spi-builder-workspace/.derivedData/Build/Intermediates.noindex/swift-syntax.build/Debug-watchos/SwiftOperators-t.build/Objects-normal/arm64/SwiftOperators-OutputFileMap.json -save-temps -no-color-diagnostics -explicit-module-build -module-cache-path /Users/admin/builder/spi-builder-workspace/.derivedData/Build/Intermediates.noindex/SwiftExplicitPrecompiledModules -clang-scanner-module-cache-path /Users/admin/builder/spi-builder-workspace/.derivedData/ModuleCache.noindex -sdk-module-cache-path /Users/admin/builder/spi-builder-workspace/.derivedData/SDKExplicitPrecompiledModules -emit-dependencies -emit-module -emit-module-path /Users/admin/builder/spi-builder-workspace/.derivedData/Build/Intermediates.noindex/swift-syntax.build/Debug-watchos/SwiftOperators-t.build/Objects-normal/arm64/SwiftOperators.swiftmodule -serialize-diagnostics -dependency-scan-serialize-diagnostics-path /Users/admin/builder/spi-builder-workspace/.derivedData/Build/Intermediates.noindex/swift-syntax.build/Debug-watchos/SwiftOperators-t.build/Objects-normal/arm64/SwiftOperators-dependency-scan.dia -validate-clang-modules-once -clang-build-session-file /Users/admin/builder/spi-builder-workspace/.derivedData/ModuleCache.noindex/Session.modulevalidation -Xcc -fmodules-prune-interval\=86400 -Xcc -fmodules-prune-after\=345600 -package-name swift_syntax -emit-const-values -const-gather-protocols-list /Users/admin/builder/spi-builder-workspace/.derivedData/Build/Intermediates.noindex/swift-syntax.build/Debug-watchos/SwiftOperators-t.build/Objects-normal/arm64/SwiftOperators_const_extract_protocols.json -Xcc -I/Users/admin/builder/spi-builder-workspace/.dependencies/checkouts/swift-syntax/Sources/_SwiftSyntaxCShims/include -Xcc -I/Users/admin/builder/spi-builder-workspace/.derivedData/Build/Products/Debug-watchos/include -Xcc -I/Users/admin/builder/spi-builder-workspace/.derivedData/Build/Intermediates.noindex/swift-syntax.build/Debug-watchos/SwiftOperators-t.build/DerivedSources-normal/arm64 -Xcc -I/Users/admin/builder/spi-builder-workspace/.derivedData/Build/Intermediates.noindex/swift-syntax.build/Debug-watchos/SwiftOperators-t.build/DerivedSources/arm64 -Xcc -I/Users/admin/builder/spi-builder-workspace/.derivedData/Build/Intermediates.noindex/swift-syntax.build/Debug-watchos/SwiftOperators-t.build/DerivedSources -Xcc -DSWIFT_PACKAGE -Xcc -DDEBUG\=1 -emit-objc-header -emit-objc-header-path /Users/admin/builder/spi-builder-workspace/.derivedData/Build/Intermediates.noindex/swift-syntax.build/Debug-watchos/SwiftOperators-t.build/Objects-normal/arm64/SwiftOperators-Swift.h -working-directory /Users/admin/builder/spi-builder-workspace/.swiftpm/xcode -experimental-emit-module-separately -disable-cmo
Ld /Users/admin/builder/spi-builder-workspace/.derivedData/Build/Intermediates.noindex/swift-syntax.build/Debug-watchos/SwiftSyntax-t.build/Objects-normal/arm64/Binary/SwiftSyntax.o normal arm64 (in target 'SwiftSyntax' from project 'swift-syntax')
cd /Users/admin/builder/spi-builder-workspace/.dependencies/checkouts/swift-syntax
/Applications/Xcode-27.0.0-Release.Candidate.app/Contents/Developer/Toolchains/XcodeDefault.xctoolchain/usr/bin/clang -Xlinker -reproducible -target arm64-apple-watchos9.0 -r -isysroot /Applications/Xcode-27.0.0-Release.Candidate.app/Contents/Developer/Platforms/WatchOS.platform/Developer/SDKs/WatchOS27.0.sdk -O0 -w -Xlinker -no_warn_duplicate_libraries -F/Users/admin/builder/spi-builder-workspace/.derivedData/Build/Intermediates.noindex/EagerLinkingTBDs/Debug-watchos -F/Users/admin/builder/spi-builder-workspace/.derivedData/Build/Products/Debug-watchos/PackageFrameworks -F/Users/admin/builder/spi-builder-workspace/.derivedData/Build/Products/Debug-watchos -iframework /Applications/Xcode-27.0.0-Release.Candidate.app/Contents/Developer/Platforms/WatchOS.platform/Developer/Library/Frameworks -iframework /Applications/Xcode-27.0.0-Release.Candidate.app/Contents/Developer/Platforms/WatchOS.platform/Developer/SDKs/WatchOS27.0.sdk/Developer/Library/Frameworks -filelist /Users/admin/builder/spi-builder-workspace/.derivedData/Build/Intermediates.noindex/swift-syntax.build/Debug-watchos/SwiftSyntax-t.build/Objects-normal/arm64/SwiftSyntax.LinkFileList -nostdlib -Xlinker -object_path_lto -Xlinker /Users/admin/builder/spi-builder-workspace/.derivedData/Build/Intermediates.noindex/swift-syntax.build/Debug-watchos/SwiftSyntax-t.build/Objects-normal/arm64/SwiftSyntax_lto.o -Xlinker -no_deduplicate -Xlinker -debug_variant -Xlinker -dependency_info -Xlinker /Users/admin/builder/spi-builder-workspace/.derivedData/Build/Intermediates.noindex/swift-syntax.build/Debug-watchos/SwiftSyntax-t.build/Objects-normal/arm64/SwiftSyntax_dependency_info.dat -fobjc-link-runtime -L/Applications/Xcode-27.0.0-Release.Candidate.app/Contents/Developer/Toolchains/XcodeDefault.xctoolchain/usr/lib/swift/watchos -L/usr/lib/swift -Xlinker -add_ast_path -Xlinker /Users/admin/builder/spi-builder-workspace/.derivedData/Build/Intermediates.noindex/swift-syntax.build/Debug-watchos/SwiftSyntax-t.build/Objects-normal/arm64/SwiftSyntax.swiftmodule -o /Users/admin/builder/spi-builder-workspace/.derivedData/Build/Intermediates.noindex/swift-syntax.build/Debug-watchos/SwiftSyntax-t.build/Objects-normal/arm64/Binary/SwiftSyntax.o
SwiftExplicitDependencyGeneratePcm arm64_32 /Users/admin/builder/spi-builder-workspace/.derivedData/Build/Intermediates.noindex/SwiftExplicitPrecompiledModules/_SwiftSyntaxCShims-GCWLEAMP6QP1JXO707L026HY.pcm
SwiftExplicitDependencyGeneratePcm arm64 /Users/admin/builder/spi-builder-workspace/.derivedData/Build/Intermediates.noindex/SwiftExplicitPrecompiledModules/_SwiftSyntaxCShims-E75VGH9F7TKHLIC6B96OX9U9Z.pcm
SwiftCompile normal arm64_32 Compiling\ Context.swift,\ Finding+Convenience.swift /Users/admin/builder/spi-builder-workspace/Sources/SwiftFormatCore/Context.swift /Users/admin/builder/spi-builder-workspace/Sources/SwiftFormatCore/Finding+Convenience.swift (in target 'SwiftFormatCore' from project 'swift-format')
/Users/admin/builder/spi-builder-workspace/Sources/SwiftFormatCore/Context.swift:78:20: warning: 'init(file:source:)' is deprecated: Use init(fileName:tree:) instead [#DeprecatedDeclaration]
76 | self.importsXCTest = .notDetermined
77 | self.sourceLocationConverter =
78 | source.map { SourceLocationConverter(file: fileURL.relativePath, source: $0) }
| `- warning: 'init(file:source:)' is deprecated: Use init(fileName:tree:) instead [#DeprecatedDeclaration]
79 | ?? SourceLocationConverter(file: fileURL.relativePath, tree: sourceFileSyntax)
80 | self.ruleMask = RuleMask(
/Users/admin/builder/spi-builder-workspace/Sources/SwiftFormatCore/Context.swift:79:10: warning: 'init(file:tree:)' is deprecated: Use init(fileName:tree:) instead [#DeprecatedDeclaration]
77 | self.sourceLocationConverter =
78 | source.map { SourceLocationConverter(file: fileURL.relativePath, source: $0) }
79 | ?? SourceLocationConverter(file: fileURL.relativePath, tree: sourceFileSyntax)
| `- warning: 'init(file:tree:)' is deprecated: Use init(fileName:tree:) instead [#DeprecatedDeclaration]
80 | self.ruleMask = RuleMask(
81 | syntaxNode: Syntax(sourceFileSyntax),
/Users/admin/builder/spi-builder-workspace/Sources/SwiftFormatCore/Finding+Convenience.swift:22:7: error: initializer for conditional binding must have Optional type, not 'String'
20 | public init?(_ sourceLocation: SourceLocation) {
21 | guard
22 | let file = sourceLocation.file,
| `- error: initializer for conditional binding must have Optional type, not 'String'
23 | let line = sourceLocation.line,
24 | let column = sourceLocation.column
/Users/admin/builder/spi-builder-workspace/Sources/SwiftFormatCore/Finding+Convenience.swift:23:7: error: initializer for conditional binding must have Optional type, not 'Int'
21 | guard
22 | let file = sourceLocation.file,
23 | let line = sourceLocation.line,
| `- error: initializer for conditional binding must have Optional type, not 'Int'
24 | let column = sourceLocation.column
25 | else {
/Users/admin/builder/spi-builder-workspace/Sources/SwiftFormatCore/Finding+Convenience.swift:24:7: error: initializer for conditional binding must have Optional type, not 'Int'
22 | let file = sourceLocation.file,
23 | let line = sourceLocation.line,
24 | let column = sourceLocation.column
| `- error: initializer for conditional binding must have Optional type, not 'Int'
25 | else {
26 | return nil
[#DeprecatedDeclaration]: <https://docs.swift.org/compiler/documentation/diagnostics/deprecated-declaration>
Failed frontend command:
/Applications/Xcode-27.0.0-Release.Candidate.app/Contents/Developer/Toolchains/XcodeDefault.xctoolchain/usr/bin/swift-frontend -frontend -c -primary-file /Users/admin/builder/spi-builder-workspace/Sources/SwiftFormatCore/Context.swift -primary-file /Users/admin/builder/spi-builder-workspace/Sources/SwiftFormatCore/Finding+Convenience.swift /Users/admin/builder/spi-builder-workspace/Sources/SwiftFormatCore/Finding.swift /Users/admin/builder/spi-builder-workspace/Sources/SwiftFormatCore/FindingCategorizing.swift /Users/admin/builder/spi-builder-workspace/Sources/SwiftFormatCore/FindingEmitter.swift /Users/admin/builder/spi-builder-workspace/Sources/SwiftFormatCore/LegacyTriviaBehavior.swift /Users/admin/builder/spi-builder-workspace/Sources/SwiftFormatCore/Rule.swift /Users/admin/builder/spi-builder-workspace/Sources/SwiftFormatCore/RuleBasedFindingCategory.swift /Users/admin/builder/spi-builder-workspace/Sources/SwiftFormatCore/RuleMask.swift /Users/admin/builder/spi-builder-workspace/Sources/SwiftFormatCore/RuleState.swift /Users/admin/builder/spi-builder-workspace/Sources/SwiftFormatCore/SyntaxFormatRule.swift /Users/admin/builder/spi-builder-workspace/Sources/SwiftFormatCore/SyntaxLintRule.swift /Users/admin/builder/spi-builder-workspace/Sources/SwiftFormatCore/SyntaxProtocol+Convenience.swift /Users/admin/builder/spi-builder-workspace/Sources/SwiftFormatCore/Trivia+Convenience.swift -emit-dependencies-path /Users/admin/builder/spi-builder-workspace/.derivedData/Build/Intermediates.noindex/swift-format.build/Debug-watchos/SwiftFormatCore-t.build/Objects-normal/arm64_32/Context.d -emit-const-values-path /Users/admin/builder/spi-builder-workspace/.derivedData/Build/Intermediates.noindex/swift-format.build/Debug-watchos/SwiftFormatCore-t.build/Objects-normal/arm64_32/Context.swiftconstvalues -emit-reference-dependencies-path /Users/admin/builder/spi-builder-workspace/.derivedData/Build/Intermediates.noindex/swift-format.build/Debug-watchos/SwiftFormatCore-t.build/Objects-normal/arm64_32/Context.swiftdeps -serialize-diagnostics-path /Users/admin/builder/spi-builder-workspace/.derivedData/Build/Intermediates.noindex/swift-format.build/Debug-watchos/SwiftFormatCore-t.build/Objects-normal/arm64_32/Context.dia -emit-dependencies-path /Users/admin/builder/spi-builder-workspace/.derivedData/Build/Intermediates.noindex/swift-format.build/Debug-watchos/SwiftFormatCore-t.build/Objects-normal/arm64_32/Finding+Convenience.d -emit-const-values-path /Users/admin/builder/spi-builder-workspace/.derivedData/Build/Intermediates.noindex/swift-format.build/Debug-watchos/SwiftFormatCore-t.build/Objects-normal/arm64_32/Finding+Convenience.swiftconstvalues -emit-reference-dependencies-path /Users/admin/builder/spi-builder-workspace/.derivedData/Build/Intermediates.noindex/swift-format.build/Debug-watchos/SwiftFormatCore-t.build/Objects-normal/arm64_32/Finding+Convenience.swiftdeps -serialize-diagnostics-path /Users/admin/builder/spi-builder-workspace/.derivedData/Build/Intermediates.noindex/swift-format.build/Debug-watchos/SwiftFormatCore-t.build/Objects-normal/arm64_32/Finding+Convenience.dia -target arm64_32-apple-watchos9.0 -disable-cross-import-overlay-search -load-resolved-plugin /Applications/Xcode-27.0.0-Release.Candidate.app/Contents/Developer/Platforms/WatchOS.platform/Developer/usr/lib/swift/host/plugins/libFoundationMacros.dylib\#/Applications/Xcode-27.0.0-Release.Candidate.app/Contents/Developer/Platforms/WatchOS.platform/Developer/usr/bin/swift-plugin-server\#FoundationMacros -load-resolved-plugin /Applications/Xcode-27.0.0-Release.Candidate.app/Contents/Developer/Platforms/WatchOS.platform/Developer/usr/lib/swift/host/plugins/libObservationMacros.dylib\#/Applications/Xcode-27.0.0-Release.Candidate.app/Contents/Developer/Platforms/WatchOS.platform/Developer/usr/bin/swift-plugin-server\#ObservationMacros -load-resolved-plugin /Applications/Xcode-27.0.0-Release.Candidate.app/Contents/Developer/Platforms/WatchOS.platform/Developer/usr/lib/swift/host/plugins/libSwiftMacros.dylib\#/Applications/Xcode-27.0.0-Release.Candidate.app/Contents/Developer/Platforms/WatchOS.platform/Developer/usr/bin/swift-plugin-server\#SwiftMacros -disable-implicit-swift-modules -Xcc -fno-implicit-modules -Xcc -fno-implicit-module-maps -explicit-swift-module-map-file /Users/admin/builder/spi-builder-workspace/.derivedData/Build/Intermediates.noindex/swift-format.build/Debug-watchos/SwiftFormatCore-t.build/Objects-normal/arm64_32/SwiftFormatCore-dependencies-1.json -enable-objc-interop -sdk /Applications/Xcode-27.0.0-Release.Candidate.app/Contents/Developer/Platforms/WatchOS.platform/Developer/SDKs/WatchOS27.0.sdk -I /Users/admin/builder/spi-builder-workspace/.derivedData/Build/Products/Debug-watchos -Isystem /Applications/Xcode-27.0.0-Release.Candidate.app/Contents/Developer/Platforms/WatchOS.platform/Developer/usr/lib -F /Users/admin/builder/spi-builder-workspace/.derivedData/Build/Products/Debug-watchos/PackageFrameworks -F /Users/admin/builder/spi-builder-workspace/.derivedData/Build/Products/Debug-watchos -F /Applications/Xcode-27.0.0-Release.Candidate.app/Contents/Developer/Platforms/WatchOS.platform/Developer/Library/Frameworks -F /Applications/Xcode-27.0.0-Release.Candidate.app/Contents/Developer/Platforms/WatchOS.platform/Developer/SDKs/WatchOS27.0.sdk/Developer/Library/Frameworks -module-cache-path /Users/admin/builder/spi-builder-workspace/.derivedData/Build/Intermediates.noindex/SwiftExplicitPrecompiledModules -no-color-diagnostics -Xcc -fno-color-diagnostics -enable-testing -g -debug-info-format\=dwarf -dwarf-version\=4 -profile-generate -profile-coverage-mapping -swift-version 5 -Onone -D SWIFT_PACKAGE -D DEBUG -D SWIFT_MODULE_RESOURCE_BUNDLE_UNAVAILABLE -D Xcode -serialize-debugging-options -enable-experimental-feature DebugDescriptionMacro -empty-abi-descriptor -validate-clang-modules-once -clang-build-session-file /Users/admin/builder/spi-builder-workspace/.derivedData/ModuleCache.noindex/Session.modulevalidation -Xcc -working-directory -Xcc /Users/admin/builder/spi-builder-workspace/.swiftpm/xcode -enable-anonymous-context-mangled-names -file-compilation-dir /Users/admin/builder/spi-builder-workspace/.swiftpm/xcode -Xcc -fmodule-map-file\=/Users/admin/builder/spi-builder-workspace/.dependencies/checkouts/swift-syntax/Sources/_SwiftSyntaxCShims/include/module.modulemap -Xcc -D_LIBCPP_HARDENING_MODE\=_LIBCPP_HARDENING_MODE_DEBUG -Xcc -ivfsstatcache -Xcc /Users/admin/builder/spi-builder-workspace/.derivedData/SDKStatCaches.noindex/watchos27.0-24R360-e829b21a6f8c9b70876ba0858053c04477534ef55a1706bf4c1112bbb242f0a2.sdkstatcache -Xcc -fmodules-prune-interval\=86400 -Xcc -fmodules-prune-after\=345600 -Xcc -I/Users/admin/builder/spi-builder-workspace/.dependencies/checkouts/swift-syntax/Sources/_SwiftSyntaxCShims/include -Xcc -I/Users/admin/builder/spi-builder-workspace/.derivedData/Build/Products/Debug-watchos/include -Xcc -I/Users/admin/builder/spi-builder-workspace/.derivedData/Build/Intermediates.noindex/swift-format.build/Debug-watchos/SwiftFormatCore-t.build/DerivedSources-normal/arm64_32 -Xcc -I/Users/admin/builder/spi-builder-workspace/.derivedData/Build/Intermediates.noindex/swift-format.build/Debug-watchos/SwiftFormatCore-t.build/DerivedSources/arm64_32 -Xcc -I/Users/admin/builder/spi-builder-workspace/.derivedData/Build/Intermediates.noindex/swift-format.build/Debug-watchos/SwiftFormatCore-t.build/DerivedSources -Xcc -DSWIFT_PACKAGE -Xcc -DDEBUG\=1 -no-auto-bridging-header-chaining -module-name SwiftFormatCore -const-gather-protocols-file /Users/admin/builder/spi-builder-workspace/.derivedData/Build/Intermediates.noindex/swift-format.build/Debug-watchos/SwiftFormatCore-t.build/Objects-normal/arm64_32/SwiftFormatCore_const_extract_protocols.json -disable-clang-spi -clang-target arm64_32-apple-watchos27.0 -target-sdk-version 27.0 -target-sdk-name watchos27.0 -in-process-plugin-server-path /Applications/Xcode-27.0.0-Release.Candidate.app/Contents/Developer/Toolchains/XcodeDefault.xctoolchain/usr/lib/swift/host/libSwiftInProcPluginServer.dylib -parse-as-library -o /Users/admin/builder/spi-builder-workspace/.derivedData/Build/Intermediates.noindex/swift-format.build/Debug-watchos/SwiftFormatCore-t.build/Objects-normal/arm64_32/Context.o -o /Users/admin/builder/spi-builder-workspace/.derivedData/Build/Intermediates.noindex/swift-format.build/Debug-watchos/SwiftFormatCore-t.build/Objects-normal/arm64_32/Finding+Convenience.o -debug-module-path /Users/admin/builder/spi-builder-workspace/.derivedData/Build/Intermediates.noindex/swift-format.build/Debug-watchos/SwiftFormatCore-t.build/Objects-normal/arm64_32/SwiftFormatCore.swiftmodule -index-unit-output-path /swift-format.build/Debug-watchos/SwiftFormatCore-t.build/Objects-normal/arm64_32/Context.o -index-unit-output-path /swift-format.build/Debug-watchos/SwiftFormatCore-t.build/Objects-normal/arm64_32/Finding+Convenience.o -index-store-path /Users/admin/builder/spi-builder-workspace/.derivedData/Index.noindex/DataStore -index-system-modules
SwiftCompile normal arm64_32 /Users/admin/builder/spi-builder-workspace/Sources/SwiftFormatCore/Context.swift (in target 'SwiftFormatCore' from project 'swift-format')
cd /Users/admin/builder/spi-builder-workspace/.swiftpm/xcode
builtin-SwiftPerFileCompile Context.swift
SwiftCompile normal arm64_32 /Users/admin/builder/spi-builder-workspace/Sources/SwiftFormatCore/Finding+Convenience.swift (in target 'SwiftFormatCore' from project 'swift-format')
cd /Users/admin/builder/spi-builder-workspace/.swiftpm/xcode
builtin-SwiftPerFileCompile Finding+Convenience.swift
SwiftCompile normal arm64_32 Compiling\ Trivia+Convenience.swift /Users/admin/builder/spi-builder-workspace/Sources/SwiftFormatCore/Trivia+Convenience.swift (in target 'SwiftFormatCore' from project 'swift-format')
SwiftCompile normal arm64_32 /Users/admin/builder/spi-builder-workspace/Sources/SwiftFormatCore/Trivia+Convenience.swift (in target 'SwiftFormatCore' from project 'swift-format')
cd /Users/admin/builder/spi-builder-workspace/.swiftpm/xcode
builtin-SwiftPerFileCompile Trivia+Convenience.swift
SwiftCompile normal arm64_32 Compiling\ RuleState.swift /Users/admin/builder/spi-builder-workspace/Sources/SwiftFormatCore/RuleState.swift (in target 'SwiftFormatCore' from project 'swift-format')
SwiftCompile normal arm64_32 /Users/admin/builder/spi-builder-workspace/Sources/SwiftFormatCore/RuleState.swift (in target 'SwiftFormatCore' from project 'swift-format')
cd /Users/admin/builder/spi-builder-workspace/.swiftpm/xcode
builtin-SwiftPerFileCompile RuleState.swift
SwiftCompile normal arm64_32 Compiling\ FindingEmitter.swift,\ LegacyTriviaBehavior.swift /Users/admin/builder/spi-builder-workspace/Sources/SwiftFormatCore/FindingEmitter.swift /Users/admin/builder/spi-builder-workspace/Sources/SwiftFormatCore/LegacyTriviaBehavior.swift (in target 'SwiftFormatCore' from project 'swift-format')
SwiftCompile normal arm64_32 /Users/admin/builder/spi-builder-workspace/Sources/SwiftFormatCore/FindingEmitter.swift (in target 'SwiftFormatCore' from project 'swift-format')
cd /Users/admin/builder/spi-builder-workspace/.swiftpm/xcode
builtin-SwiftPerFileCompile FindingEmitter.swift
SwiftCompile normal arm64_32 /Users/admin/builder/spi-builder-workspace/Sources/SwiftFormatCore/LegacyTriviaBehavior.swift (in target 'SwiftFormatCore' from project 'swift-format')
cd /Users/admin/builder/spi-builder-workspace/.swiftpm/xcode
builtin-SwiftPerFileCompile LegacyTriviaBehavior.swift
SwiftEmitModule normal arm64_32 Emitting\ module\ for\ SwiftFormatCore (in target 'SwiftFormatCore' from project 'swift-format')
SwiftCompile normal arm64_32 (in target 'SwiftFormatCore' from project 'swift-format')
cd /Users/admin/builder/spi-builder-workspace/.swiftpm/xcode
SwiftCompile normal arm64_32 Compiling\ SyntaxLintRule.swift /Users/admin/builder/spi-builder-workspace/Sources/SwiftFormatCore/SyntaxLintRule.swift (in target 'SwiftFormatCore' from project 'swift-format')
SwiftCompile normal arm64_32 /Users/admin/builder/spi-builder-workspace/Sources/SwiftFormatCore/SyntaxLintRule.swift (in target 'SwiftFormatCore' from project 'swift-format')
cd /Users/admin/builder/spi-builder-workspace/.swiftpm/xcode
builtin-SwiftPerFileCompile SyntaxLintRule.swift
SwiftCompile normal arm64_32 Compiling\ Rule.swift,\ RuleBasedFindingCategory.swift /Users/admin/builder/spi-builder-workspace/Sources/SwiftFormatCore/Rule.swift /Users/admin/builder/spi-builder-workspace/Sources/SwiftFormatCore/RuleBasedFindingCategory.swift (in target 'SwiftFormatCore' from project 'swift-format')
SwiftCompile normal arm64_32 /Users/admin/builder/spi-builder-workspace/Sources/SwiftFormatCore/Rule.swift (in target 'SwiftFormatCore' from project 'swift-format')
cd /Users/admin/builder/spi-builder-workspace/.swiftpm/xcode
builtin-SwiftPerFileCompile Rule.swift
SwiftCompile normal arm64_32 /Users/admin/builder/spi-builder-workspace/Sources/SwiftFormatCore/RuleBasedFindingCategory.swift (in target 'SwiftFormatCore' from project 'swift-format')
cd /Users/admin/builder/spi-builder-workspace/.swiftpm/xcode
builtin-SwiftPerFileCompile RuleBasedFindingCategory.swift
SwiftDriverJobDiscovery normal arm64_32 Compiling MultiLineStringLiteralDiagnosticsGenerator.swift, ParseDiagnosticsGenerator.swift (in target 'SwiftParserDiagnostics' from project 'swift-syntax')
SwiftCompile normal arm64_32 Compiling\ Finding.swift,\ FindingCategorizing.swift /Users/admin/builder/spi-builder-workspace/Sources/SwiftFormatCore/Finding.swift /Users/admin/builder/spi-builder-workspace/Sources/SwiftFormatCore/FindingCategorizing.swift (in target 'SwiftFormatCore' from project 'swift-format')
SwiftCompile normal arm64_32 /Users/admin/builder/spi-builder-workspace/Sources/SwiftFormatCore/Finding.swift (in target 'SwiftFormatCore' from project 'swift-format')
cd /Users/admin/builder/spi-builder-workspace/.swiftpm/xcode
builtin-SwiftPerFileCompile Finding.swift
SwiftCompile normal arm64_32 /Users/admin/builder/spi-builder-workspace/Sources/SwiftFormatCore/FindingCategorizing.swift (in target 'SwiftFormatCore' from project 'swift-format')
cd /Users/admin/builder/spi-builder-workspace/.swiftpm/xcode
builtin-SwiftPerFileCompile FindingCategorizing.swift
SwiftDriver\ Compilation SwiftParserDiagnostics normal arm64_32 com.apple.xcode.tools.swift.compiler (in target 'SwiftParserDiagnostics' from project 'swift-syntax')
cd /Users/admin/builder/spi-builder-workspace/.swiftpm/xcode
builtin-Swift-Compilation -- /Applications/Xcode-27.0.0-Release.Candidate.app/Contents/Developer/Toolchains/XcodeDefault.xctoolchain/usr/bin/swiftc -parse-as-library -module-name SwiftParserDiagnostics -Onone @/Users/admin/builder/spi-builder-workspace/.derivedData/Build/Intermediates.noindex/swift-syntax.build/Debug-watchos/SwiftParserDiagnostics-t.build/Objects-normal/arm64_32/SwiftParserDiagnostics.SwiftFileList -DSWIFT_PACKAGE -DDEBUG -DSWIFT_MODULE_RESOURCE_BUNDLE_UNAVAILABLE -Xcc -fmodule-map-file\=/Users/admin/builder/spi-builder-workspace/.dependencies/checkouts/swift-syntax/Sources/_SwiftSyntaxCShims/include/module.modulemap -DXcode -plugin-path /Applications/Xcode-27.0.0-Release.Candidate.app/Contents/Developer/Toolchains/XcodeDefault.xctoolchain/usr/lib/swift/host/plugins/testing -enable-experimental-feature DebugDescriptionMacro -sdk /Applications/Xcode-27.0.0-Release.Candidate.app/Contents/Developer/Platforms/WatchOS.platform/Developer/SDKs/WatchOS27.0.sdk -target arm64_32-apple-watchos9.0 -g -module-cache-path /Users/admin/builder/spi-builder-workspace/.derivedData/ModuleCache.noindex -Xfrontend -serialize-debugging-options -profile-coverage-mapping -profile-generate -enable-testing -suppress-warnings -index-store-path /Users/admin/builder/spi-builder-workspace/.derivedData/Index.noindex/DataStore -Xcc -D_LIBCPP_HARDENING_MODE\=_LIBCPP_HARDENING_MODE_DEBUG -swift-version 6 -I /Users/admin/builder/spi-builder-workspace/.derivedData/Build/Products/Debug-watchos -Isystem /Applications/Xcode-27.0.0-Release.Candidate.app/Contents/Developer/Platforms/WatchOS.platform/Developer/usr/lib -F /Users/admin/builder/spi-builder-workspace/.derivedData/Build/Products/Debug-watchos/PackageFrameworks -F /Users/admin/builder/spi-builder-workspace/.derivedData/Build/Products/Debug-watchos -F /Applications/Xcode-27.0.0-Release.Candidate.app/Contents/Developer/Platforms/WatchOS.platform/Developer/Library/Frameworks -F /Applications/Xcode-27.0.0-Release.Candidate.app/Contents/Developer/Platforms/WatchOS.platform/Developer/SDKs/WatchOS27.0.sdk/Developer/Library/Frameworks -c -j10 -enable-batch-mode -incremental -Xcc -ivfsstatcache -Xcc /Users/admin/builder/spi-builder-workspace/.derivedData/SDKStatCaches.noindex/watchos27.0-24R360-e829b21a6f8c9b70876ba0858053c04477534ef55a1706bf4c1112bbb242f0a2.sdkstatcache -output-file-map /Users/admin/builder/spi-builder-workspace/.derivedData/Build/Intermediates.noindex/swift-syntax.build/Debug-watchos/SwiftParserDiagnostics-t.build/Objects-normal/arm64_32/SwiftParserDiagnostics-OutputFileMap.json -save-temps -no-color-diagnostics -explicit-module-build -module-cache-path /Users/admin/builder/spi-builder-workspace/.derivedData/Build/Intermediates.noindex/SwiftExplicitPrecompiledModules -clang-scanner-module-cache-path /Users/admin/builder/spi-builder-workspace/.derivedData/ModuleCache.noindex -sdk-module-cache-path /Users/admin/builder/spi-builder-workspace/.derivedData/SDKExplicitPrecompiledModules -emit-dependencies -emit-module -emit-module-path /Users/admin/builder/spi-builder-workspace/.derivedData/Build/Intermediates.noindex/swift-syntax.build/Debug-watchos/SwiftParserDiagnostics-t.build/Objects-normal/arm64_32/SwiftParserDiagnostics.swiftmodule -serialize-diagnostics -dependency-scan-serialize-diagnostics-path /Users/admin/builder/spi-builder-workspace/.derivedData/Build/Intermediates.noindex/swift-syntax.build/Debug-watchos/SwiftParserDiagnostics-t.build/Objects-normal/arm64_32/SwiftParserDiagnostics-dependency-scan.dia -validate-clang-modules-once -clang-build-session-file /Users/admin/builder/spi-builder-workspace/.derivedData/ModuleCache.noindex/Session.modulevalidation -Xcc -fmodules-prune-interval\=86400 -Xcc -fmodules-prune-after\=345600 -package-name swift_syntax -emit-const-values -const-gather-protocols-list /Users/admin/builder/spi-builder-workspace/.derivedData/Build/Intermediates.noindex/swift-syntax.build/Debug-watchos/SwiftParserDiagnostics-t.build/Objects-normal/arm64_32/SwiftParserDiagnostics_const_extract_protocols.json -Xcc -I/Users/admin/builder/spi-builder-workspace/.dependencies/checkouts/swift-syntax/Sources/_SwiftSyntaxCShims/include -Xcc -I/Users/admin/builder/spi-builder-workspace/.derivedData/Build/Products/Debug-watchos/include -Xcc -I/Users/admin/builder/spi-builder-workspace/.derivedData/Build/Intermediates.noindex/swift-syntax.build/Debug-watchos/SwiftParserDiagnostics-t.build/DerivedSources-normal/arm64_32 -Xcc -I/Users/admin/builder/spi-builder-workspace/.derivedData/Build/Intermediates.noindex/swift-syntax.build/Debug-watchos/SwiftParserDiagnostics-t.build/DerivedSources/arm64_32 -Xcc -I/Users/admin/builder/spi-builder-workspace/.derivedData/Build/Intermediates.noindex/swift-syntax.build/Debug-watchos/SwiftParserDiagnostics-t.build/DerivedSources -Xcc -DSWIFT_PACKAGE -Xcc -DDEBUG\=1 -emit-objc-header -emit-objc-header-path /Users/admin/builder/spi-builder-workspace/.derivedData/Build/Intermediates.noindex/swift-syntax.build/Debug-watchos/SwiftParserDiagnostics-t.build/Objects-normal/arm64_32/SwiftParserDiagnostics-Swift.h -working-directory /Users/admin/builder/spi-builder-workspace/.swiftpm/xcode -experimental-emit-module-separately -disable-cmo
SwiftEmitModule normal arm64 Emitting\ module\ for\ SwiftFormatCore (in target 'SwiftFormatCore' from project 'swift-format')
SwiftCompile normal arm64 (in target 'SwiftFormatCore' from project 'swift-format')
cd /Users/admin/builder/spi-builder-workspace/.swiftpm/xcode
SwiftCompile normal arm64 Compiling\ Finding.swift,\ FindingCategorizing.swift /Users/admin/builder/spi-builder-workspace/Sources/SwiftFormatCore/Finding.swift /Users/admin/builder/spi-builder-workspace/Sources/SwiftFormatCore/FindingCategorizing.swift (in target 'SwiftFormatCore' from project 'swift-format')
SwiftCompile normal arm64 /Users/admin/builder/spi-builder-workspace/Sources/SwiftFormatCore/Finding.swift (in target 'SwiftFormatCore' from project 'swift-format')
cd /Users/admin/builder/spi-builder-workspace/.swiftpm/xcode
builtin-SwiftPerFileCompile Finding.swift
SwiftCompile normal arm64 /Users/admin/builder/spi-builder-workspace/Sources/SwiftFormatCore/FindingCategorizing.swift (in target 'SwiftFormatCore' from project 'swift-format')
cd /Users/admin/builder/spi-builder-workspace/.swiftpm/xcode
builtin-SwiftPerFileCompile FindingCategorizing.swift
SwiftDriverJobDiscovery normal arm64_32 Compiling RuleState.swift (in target 'SwiftFormatCore' from project 'swift-format')
SwiftCompile normal arm64 Compiling\ RuleMask.swift /Users/admin/builder/spi-builder-workspace/Sources/SwiftFormatCore/RuleMask.swift (in target 'SwiftFormatCore' from project 'swift-format')
SwiftCompile normal arm64 /Users/admin/builder/spi-builder-workspace/Sources/SwiftFormatCore/RuleMask.swift (in target 'SwiftFormatCore' from project 'swift-format')
cd /Users/admin/builder/spi-builder-workspace/.swiftpm/xcode
builtin-SwiftPerFileCompile RuleMask.swift
PruneExplicitPrecompiledModules /Users/admin/builder/spi-builder-workspace/.derivedData/Build/Intermediates.noindex/SwiftExplicitPrecompiledModules
PruneExplicitPrecompiledModules /Users/admin/builder/spi-builder-workspace/.derivedData/SDKExplicitPrecompiledModules
PruneExplicitPrecompiledModules /Users/admin/builder/spi-builder-workspace/.derivedData/Build/Intermediates.noindex/ExplicitPrecompiledModules
2026-09-19 22:07:45.936 xcodebuild[844:4993] [MT] IDERunDestination: Supported platforms for the buildables in the current scheme is empty.
** BUILD FAILED **
The following build commands failed:
SwiftCompile normal arm64_32 Compiling\ Context.swift,\ Finding+Convenience.swift /Users/admin/builder/spi-builder-workspace/Sources/SwiftFormatCore/Context.swift /Users/admin/builder/spi-builder-workspace/Sources/SwiftFormatCore/Finding+Convenience.swift (in target 'SwiftFormatCore' from project 'swift-format')
SwiftCompile normal arm64_32 /Users/admin/builder/spi-builder-workspace/Sources/SwiftFormatCore/Finding+Convenience.swift (in target 'SwiftFormatCore' from project 'swift-format')
Building workspace swift-format with scheme swift-format-Package
(3 failures)
Command line invocation:
/Applications/Xcode-27.0.0-Release.Candidate.app/Contents/Developer/usr/bin/xcodebuild -IDEClonedSourcePackagesDirPathOverride=/Users/admin/builder/spi-builder-workspace/.dependencies -resolvePackageDependencies
Resolve Package Graph
Resolved source packages:
swift-syntax: https://github.com/apple/swift-syntax.git @ main (1a353ae)
swift-format: /Users/admin/builder/spi-builder-workspace
swift-argument-parser: https://github.com/apple/swift-argument-parser.git @ 1.2.3
swift-system: https://github.com/apple/swift-system.git @ 1.1.1
swift-tools-support-core: https://github.com/apple/swift-tools-support-core.git @ 0.4.0
resolved source packages: swift-syntax, swift-format, swift-argument-parser, swift-system, swift-tools-support-core
2026-09-19 22:08:16.494 xcodebuild[1430:8232] [MT] IDERunDestination: Supported platforms for the buildables in the current scheme is empty.
{
"dependencies" : [
{
"identity" : "swift-argument-parser",
"requirement" : {
"range" : [
{
"lower_bound" : "1.2.2",
"upper_bound" : "1.3.0"
}
]
},
"type" : "sourceControl",
"url" : "https://github.com/apple/swift-argument-parser.git"
},
{
"identity" : "swift-syntax",
"requirement" : {
"branch" : [
"main"
]
},
"type" : "sourceControl",
"url" : "https://github.com/apple/swift-syntax.git"
},
{
"identity" : "swift-tools-support-core",
"requirement" : {
"exact" : [
"0.4.0"
]
},
"type" : "sourceControl",
"url" : "https://github.com/apple/swift-tools-support-core.git"
}
],
"manifest_display_name" : "swift-format",
"name" : "swift-format",
"path" : "/Users/admin/builder/spi-builder-workspace",
"platforms" : [
{
"name" : "ios",
"version" : "13.0"
},
{
"name" : "macos",
"version" : "10.15"
}
],
"products" : [
{
"name" : "swift-format",
"targets" : [
"swift-format"
],
"type" : {
"executable" : null
}
},
{
"name" : "SwiftFormat",
"targets" : [
"SwiftFormat",
"SwiftFormatConfiguration"
],
"type" : {
"library" : [
"automatic"
]
}
},
{
"name" : "SwiftFormatConfiguration",
"targets" : [
"SwiftFormatConfiguration"
],
"type" : {
"library" : [
"automatic"
]
}
},
{
"name" : "FormatPlugin",
"targets" : [
"Format Source Code"
],
"type" : {
"plugin" : null
}
},
{
"name" : "LintPlugin",
"targets" : [
"Lint Source Code"
],
"type" : {
"plugin" : null
}
},
{
"name" : "generate-pipeline",
"targets" : [
"generate-pipeline"
],
"type" : {
"executable" : null
}
}
],
"targets" : [
{
"c99name" : "swift_format",
"module_type" : "SwiftTarget",
"name" : "swift-format",
"path" : "Sources/swift-format",
"product_dependencies" : [
"ArgumentParser",
"SwiftSyntax",
"SwiftParser",
"TSCBasic"
],
"product_memberships" : [
"swift-format",
"FormatPlugin",
"LintPlugin"
],
"sources" : [
"Frontend/ConfigurationLoader.swift",
"Frontend/FormatFrontend.swift",
"Frontend/Frontend.swift",
"Frontend/LintFrontend.swift",
"Subcommands/DumpConfiguration.swift",
"Subcommands/Format.swift",
"Subcommands/Lint.swift",
"Subcommands/LintFormatOptions.swift",
"Utilities/FileHandleTextOutputStream.swift",
"Utilities/FileIterator.swift",
"Utilities/FormatError.swift",
"Utilities/StderrDiagnosticPrinter.swift",
"Utilities/UnifiedDiagnosticsEngine.swift",
"VersionOptions.swift",
"main.swift"
],
"target_dependencies" : [
"SwiftFormat",
"SwiftFormatConfiguration",
"SwiftFormatCore"
],
"type" : "executable"
},
{
"c99name" : "generate_pipeline",
"module_type" : "SwiftTarget",
"name" : "generate-pipeline",
"path" : "Sources/generate-pipeline",
"product_dependencies" : [
"SwiftSyntax",
"SwiftParser"
],
"product_memberships" : [
"generate-pipeline"
],
"sources" : [
"FileGenerator.swift",
"PipelineGenerator.swift",
"RuleCollector.swift",
"RuleNameCacheGenerator.swift",
"RuleRegistryGenerator.swift",
"Syntax+Convenience.swift",
"main.swift"
],
"target_dependencies" : [
"SwiftFormatCore",
"SwiftFormatRules"
],
"type" : "executable"
},
{
"c99name" : "SwiftFormatWhitespaceLinterTests",
"module_type" : "SwiftTarget",
"name" : "SwiftFormatWhitespaceLinterTests",
"path" : "Tests/SwiftFormatWhitespaceLinterTests",
"product_dependencies" : [
"SwiftSyntax",
"SwiftParser"
],
"sources" : [
"WhitespaceLintTests.swift",
"WhitespaceTestCase.swift"
],
"target_dependencies" : [
"SwiftFormatConfiguration",
"SwiftFormatCore",
"SwiftFormatTestSupport",
"SwiftFormatWhitespaceLinter"
],
"type" : "test"
},
{
"c99name" : "SwiftFormatWhitespaceLinter",
"module_type" : "SwiftTarget",
"name" : "SwiftFormatWhitespaceLinter",
"path" : "Sources/SwiftFormatWhitespaceLinter",
"product_dependencies" : [
"SwiftSyntax"
],
"product_memberships" : [
"swift-format",
"SwiftFormat",
"FormatPlugin",
"LintPlugin"
],
"sources" : [
"LazySplitSequence.swift",
"RememberingIterator.swift",
"WhitespaceFindingCategory.swift",
"WhitespaceLinter.swift"
],
"target_dependencies" : [
"SwiftFormatCore"
],
"type" : "library"
},
{
"c99name" : "SwiftFormatTestSupport",
"module_type" : "SwiftTarget",
"name" : "SwiftFormatTestSupport",
"path" : "Sources/SwiftFormatTestSupport",
"product_dependencies" : [
"SwiftOperators"
],
"sources" : [
"DiagnosingTestCase.swift",
"TestingFindingConsumer.swift"
],
"target_dependencies" : [
"SwiftFormatCore",
"SwiftFormatRules",
"SwiftFormatConfiguration"
],
"type" : "library"
},
{
"c99name" : "SwiftFormatRulesTests",
"module_type" : "SwiftTarget",
"name" : "SwiftFormatRulesTests",
"path" : "Tests/SwiftFormatRulesTests",
"product_dependencies" : [
"SwiftSyntax",
"SwiftParser"
],
"sources" : [
"AllPublicDeclarationsHaveDocumentationTests.swift",
"AlwaysUseLowerCamelCaseTests.swift",
"AmbiguousTrailingClosureOverloadTests.swift",
"BeginDocumentationCommentWithOneLineSummaryTests.swift",
"DoNotUseSemicolonsTests.swift",
"DontRepeatTypeInStaticPropertiesTests.swift",
"FileScopedDeclarationPrivacyTests.swift",
"FullyIndirectEnumTests.swift",
"GroupNumericLiteralsTests.swift",
"IdentifiersMustBeASCIITests.swift",
"ImportsXCTestVisitorTests.swift",
"LintOrFormatRuleTestCase.swift",
"NeverForceUnwrapTests.swift",
"NeverUseForceTryTests.swift",
"NeverUseImplicitlyUnwrappedOptionalsTests.swift",
"NoAccessLevelOnExtensionDeclarationTests.swift",
"NoAssignmentInExpressionsTests.swift",
"NoBlockCommentsTests.swift",
"NoCasesWithOnlyFallthroughTests.swift",
"NoEmptyTrailingClosureParenthesesTests.swift",
"NoLabelsInCasePatternsTests.swift",
"NoLeadingUnderscoresTests.swift",
"NoParensAroundConditionsTests.swift",
"NoVoidReturnOnFunctionSignatureTests.swift",
"OneCasePerLineTests.swift",
"OneVariableDeclarationPerLineTests.swift",
"OnlyOneTrailingClosureArgumentTests.swift",
"OrderedImportsTests.swift",
"ReturnVoidInsteadOfEmptyTupleTests.swift",
"UseEarlyExitsTests.swift",
"UseLetInEveryBoundCaseVariableTests.swift",
"UseShorthandTypeNamesTests.swift",
"UseSingleLinePropertyGetterTests.swift",
"UseSynthesizedInitializerTests.swift",
"UseTripleSlashForDocumentationCommentsTests.swift",
"UseWhereClausesInForLoopsTests.swift",
"ValidateDocumentationCommentsTests.swift"
],
"target_dependencies" : [
"SwiftFormatConfiguration",
"SwiftFormatCore",
"SwiftFormatPrettyPrint",
"SwiftFormatRules",
"SwiftFormatTestSupport"
],
"type" : "test"
},
{
"c99name" : "SwiftFormatRules",
"module_type" : "SwiftTarget",
"name" : "SwiftFormatRules",
"path" : "Sources/SwiftFormatRules",
"product_memberships" : [
"swift-format",
"SwiftFormat",
"FormatPlugin",
"LintPlugin",
"generate-pipeline"
],
"sources" : [
"AddModifierRewriter.swift",
"AllPublicDeclarationsHaveDocumentation.swift",
"AlwaysUseLowerCamelCase.swift",
"AmbiguousTrailingClosureOverload.swift",
"BeginDocumentationCommentWithOneLineSummary.swift",
"DeclSyntaxProtocol+Comments.swift",
"DoNotUseSemicolons.swift",
"DontRepeatTypeInStaticProperties.swift",
"FileScopedDeclarationPrivacy.swift",
"FullyIndirectEnum.swift",
"FunctionDeclSyntax+Convenience.swift",
"GroupNumericLiterals.swift",
"IdentifiersMustBeASCII.swift",
"ImportsXCTestVisitor.swift",
"ModifierListSyntax+Convenience.swift",
"NeverForceUnwrap.swift",
"NeverUseForceTry.swift",
"NeverUseImplicitlyUnwrappedOptionals.swift",
"NoAccessLevelOnExtensionDeclaration.swift",
"NoAssignmentInExpressions.swift",
"NoBlockComments.swift",
"NoCasesWithOnlyFallthrough.swift",
"NoEmptyTrailingClosureParentheses.swift",
"NoLabelsInCasePatterns.swift",
"NoLeadingUnderscores.swift",
"NoParensAroundConditions.swift",
"NoPlaygroundLiterals.swift",
"NoVoidReturnOnFunctionSignature.swift",
"OneCasePerLine.swift",
"OneVariableDeclarationPerLine.swift",
"OnlyOneTrailingClosureArgument.swift",
"OrderedImports.swift",
"ReplaceTrivia.swift",
"ReturnVoidInsteadOfEmptyTuple.swift",
"RuleNameCache+Generated.swift",
"SemicolonSyntaxProtocol.swift",
"TokenSyntax+Convenience.swift",
"UseEarlyExits.swift",
"UseLetInEveryBoundCaseVariable.swift",
"UseShorthandTypeNames.swift",
"UseSingleLinePropertyGetter.swift",
"UseSynthesizedInitializer.swift",
"UseTripleSlashForDocumentationComments.swift",
"UseWhereClausesInForLoops.swift",
"ValidateDocumentationComments.swift",
"VarDeclSyntax+Convenience.swift"
],
"target_dependencies" : [
"SwiftFormatCore",
"SwiftFormatConfiguration"
],
"type" : "library"
},
{
"c99name" : "SwiftFormatPrettyPrintTests",
"module_type" : "SwiftTarget",
"name" : "SwiftFormatPrettyPrintTests",
"path" : "Tests/SwiftFormatPrettyPrintTests",
"product_dependencies" : [
"SwiftSyntax",
"SwiftOperators",
"SwiftParser"
],
"sources" : [
"AccessorTests.swift",
"ArrayDeclTests.swift",
"AsExprTests.swift",
"AssignmentExprTests.swift",
"AttributeTests.swift",
"AvailabilityConditionTests.swift",
"AwaitExprTests.swift",
"BacktickTests.swift",
"BinaryOperatorExprTests.swift",
"ClassDeclTests.swift",
"ClosureExprTests.swift",
"CommentTests.swift",
"ConstrainedSugarTypeTests.swift",
"DeclNameArgumentTests.swift",
"DeinitializerDeclTests.swift",
"DictionaryDeclTests.swift",
"DifferentiationAttributeTests.swift",
"DoStmtTests.swift",
"EnumDeclTests.swift",
"ExtensionDeclTests.swift",
"ForInStmtTests.swift",
"FunctionCallTests.swift",
"FunctionDeclTests.swift",
"FunctionTypeTests.swift",
"GarbageTextTests.swift",
"GuardStmtTests.swift",
"IfConfigTests.swift",
"IfStmtTests.swift",
"IgnoreNodeTests.swift",
"ImportTests.swift",
"InitializerDeclTests.swift",
"KeyPathExprTests.swift",
"MemberAccessExprTests.swift",
"MemberTypeIdentifierTests.swift",
"NewlineTests.swift",
"ObjectLiteralExprTests.swift",
"OperatorDeclTests.swift",
"ParenthesizedExprTests.swift",
"PatternBindingTests.swift",
"PrettyPrintTestCase.swift",
"ProtocolDeclTests.swift",
"RepeatStmtTests.swift",
"RespectsExistingLineBreaksTests.swift",
"SemicolonTests.swift",
"StringTests.swift",
"StructDeclTests.swift",
"SubscriptDeclTests.swift",
"SubscriptExprTests.swift",
"SwitchCaseIndentConfigTests.swift",
"SwitchStmtTests.swift",
"TernaryExprTests.swift",
"TryCatchTests.swift",
"TupleDeclTests.swift",
"TypeAliasTests.swift",
"UnknownNodeTests.swift",
"VariableDeclTests.swift",
"WhileStmtTests.swift",
"YieldStmtTests.swift"
],
"target_dependencies" : [
"SwiftFormatConfiguration",
"SwiftFormatCore",
"SwiftFormatPrettyPrint",
"SwiftFormatRules",
"SwiftFormatTestSupport"
],
"type" : "test"
},
{
"c99name" : "SwiftFormatPrettyPrint",
"module_type" : "SwiftTarget",
"name" : "SwiftFormatPrettyPrint",
"path" : "Sources/SwiftFormatPrettyPrint",
"product_dependencies" : [
"SwiftOperators"
],
"product_memberships" : [
"swift-format",
"SwiftFormat",
"FormatPlugin",
"LintPlugin"
],
"sources" : [
"Comment.swift",
"Indent+Length.swift",
"PrettyPrint.swift",
"PrettyPrintFindingCategory.swift",
"Token.swift",
"TokenStreamCreator.swift",
"Verbatim.swift"
],
"target_dependencies" : [
"SwiftFormatCore",
"SwiftFormatConfiguration"
],
"type" : "library"
},
{
"c99name" : "SwiftFormatPerformanceTests",
"module_type" : "SwiftTarget",
"name" : "SwiftFormatPerformanceTests",
"path" : "Tests/SwiftFormatPerformanceTests",
"product_dependencies" : [
"SwiftSyntax",
"SwiftParser"
],
"sources" : [
"WhitespaceLinterPerformanceTests.swift"
],
"target_dependencies" : [
"SwiftFormatTestSupport",
"SwiftFormatWhitespaceLinter"
],
"type" : "test"
},
{
"c99name" : "SwiftFormatCoreTests",
"module_type" : "SwiftTarget",
"name" : "SwiftFormatCoreTests",
"path" : "Tests/SwiftFormatCoreTests",
"product_dependencies" : [
"SwiftSyntax",
"SwiftParser"
],
"sources" : [
"RuleMaskTests.swift"
],
"target_dependencies" : [
"SwiftFormatConfiguration",
"SwiftFormatCore"
],
"type" : "test"
},
{
"c99name" : "SwiftFormatCore",
"module_type" : "SwiftTarget",
"name" : "SwiftFormatCore",
"path" : "Sources/SwiftFormatCore",
"product_dependencies" : [
"SwiftOperators",
"SwiftSyntax"
],
"product_memberships" : [
"swift-format",
"SwiftFormat",
"FormatPlugin",
"LintPlugin",
"generate-pipeline"
],
"sources" : [
"Context.swift",
"Finding+Convenience.swift",
"Finding.swift",
"FindingCategorizing.swift",
"FindingEmitter.swift",
"LegacyTriviaBehavior.swift",
"Rule.swift",
"RuleBasedFindingCategory.swift",
"RuleMask.swift",
"RuleState.swift",
"SyntaxFormatRule.swift",
"SyntaxLintRule.swift",
"SyntaxProtocol+Convenience.swift",
"Trivia+Convenience.swift"
],
"target_dependencies" : [
"SwiftFormatConfiguration"
],
"type" : "library"
},
{
"c99name" : "SwiftFormatConfigurationTests",
"module_type" : "SwiftTarget",
"name" : "SwiftFormatConfigurationTests",
"path" : "Tests/SwiftFormatConfigurationTests",
"sources" : [
"ConfigurationTests.swift"
],
"target_dependencies" : [
"SwiftFormatConfiguration"
],
"type" : "test"
},
{
"c99name" : "SwiftFormatConfiguration",
"module_type" : "SwiftTarget",
"name" : "SwiftFormatConfiguration",
"path" : "Sources/SwiftFormatConfiguration",
"product_memberships" : [
"swift-format",
"SwiftFormat",
"SwiftFormatConfiguration",
"FormatPlugin",
"LintPlugin",
"generate-pipeline"
],
"sources" : [
"Configuration.swift",
"Indent.swift",
"RuleRegistry+Generated.swift"
],
"type" : "library"
},
{
"c99name" : "SwiftFormat",
"module_type" : "SwiftTarget",
"name" : "SwiftFormat",
"path" : "Sources/SwiftFormat",
"product_dependencies" : [
"SwiftSyntax",
"SwiftOperators",
"SwiftParser",
"SwiftParserDiagnostics"
],
"product_memberships" : [
"swift-format",
"SwiftFormat",
"FormatPlugin",
"LintPlugin"
],
"sources" : [
"DebugOptions.swift",
"Exports.swift",
"FormatPipeline.swift",
"LintPipeline.swift",
"Parsing.swift",
"Pipelines+Generated.swift",
"SwiftFormatError.swift",
"SwiftFormatter.swift",
"SwiftLinter.swift"
],
"target_dependencies" : [
"SwiftFormatConfiguration",
"SwiftFormatCore",
"SwiftFormatPrettyPrint",
"SwiftFormatRules",
"SwiftFormatWhitespaceLinter"
],
"type" : "library"
},
{
"c99name" : "Lint_Source_Code",
"module_type" : "PluginTarget",
"name" : "Lint Source Code",
"path" : "Plugins/LintPlugin",
"plugin_capability" : {
"intent" : {
"description" : "Lint source code for a specified target.",
"type" : "custom",
"verb" : "lint-source-code"
},
"permissions" : [
],
"type" : "command"
},
"product_memberships" : [
"LintPlugin"
],
"sources" : [
"plugin.swift"
],
"target_dependencies" : [
"swift-format"
],
"type" : "plugin"
},
{
"c99name" : "Format_Source_Code",
"module_type" : "PluginTarget",
"name" : "Format Source Code",
"path" : "Plugins/FormatPlugin",
"plugin_capability" : {
"intent" : {
"type" : "sourceCodeFormatting"
},
"permissions" : [
{
"network_scope" : {
"none" : {
}
},
"reason" : "This command formats the Swift source files",
"type" : "writeToPackageDirectory"
}
],
"type" : "command"
},
"product_memberships" : [
"FormatPlugin"
],
"sources" : [
"plugin.swift"
],
"target_dependencies" : [
"swift-format"
],
"type" : "plugin"
}
],
"tools_version" : "5.6"
}
{
"workspace" : {
"name" : "swift-format",
"schemes" : [
"generate-pipeline",
"swift-format",
"swift-format-Package",
"SwiftFormat",
"SwiftFormatConfiguration"
]
}
}
2026-09-19 22:08:18.765 xcodebuild[1443:8343] [MT] IDERunDestination: Supported platforms for the buildables in the current scheme is empty.
Running build ...
env DEVELOPER_DIR=/Applications/Xcode-27.0.0-Release.Candidate.app xcrun xcodebuild -IDEClonedSourcePackagesDirPathOverride=$PWD/.dependencies -skipMacroValidation -skipPackagePluginValidation -derivedDataPath $PWD/.derivedData build -scheme swift-format-Package -destination generic/platform=watchOS
Command line invocation:
/Applications/Xcode-27.0.0-Release.Candidate.app/Contents/Developer/usr/bin/xcodebuild -IDEClonedSourcePackagesDirPathOverride=/Users/admin/builder/spi-builder-workspace/.dependencies -skipMacroValidation -skipPackagePluginValidation -derivedDataPath /Users/admin/builder/spi-builder-workspace/.derivedData build -scheme swift-format-Package -destination generic/platform=watchOS
Resolve Package Graph
Resolved source packages:
swift-argument-parser: https://github.com/apple/swift-argument-parser.git @ 1.2.3
swift-system: https://github.com/apple/swift-system.git @ 1.1.1
swift-format: /Users/admin/builder/spi-builder-workspace
swift-syntax: https://github.com/apple/swift-syntax.git @ main (1a353ae)
swift-tools-support-core: https://github.com/apple/swift-tools-support-core.git @ 0.4.0
ComputePackagePrebuildTargetDependencyGraph
Prepare packages
Compile plug-in “Format Source Code” in package “spi-builder-workspace”
[debug]: Compiling plugin to executable at /Users/admin/builder/spi-builder-workspace/.derivedData/Build/Products/PluginExecutables/Format_Source_Code
[debug]: Using compiler /Applications/Xcode-27.0.0-Release.Candidate.app/Contents/Developer/Toolchains/XcodeDefault.xctoolchain/usr/bin/swiftc
[debug]: Plugin compilation output directory '/Users/admin/builder/spi-builder-workspace/.derivedData/Build/Products/PluginExecutables'
[debug]: Computed hash of plugin compilation inputs: 896605829688f6b17e073ee1ef6cef8830829d30e7f283986503b7903e49cf1c
/Applications/Xcode-27.0.0-Release.Candidate.app/Contents/Developer/Toolchains/XcodeDefault.xctoolchain/usr/bin/swiftc -L /Applications/Xcode-27.0.0-Release.Candidate.app/Contents/SharedFrameworks/SwiftPM.framework/SharedSupport/PluginAPI -lPackagePlugin -Xlinker -rpath -Xlinker /Applications/Xcode-27.0.0-Release.Candidate.app/Contents/SharedFrameworks/SwiftPM.framework/SharedSupport/PluginAPI -target arm64-apple-macos14.0 -plugin-path /Applications/Xcode-27.0.0-Release.Candidate.app/Contents/Developer/Toolchains/XcodeDefault.xctoolchain/usr/lib/swift/host/plugins/testing -sdk /Applications/Xcode-27.0.0-Release.Candidate.app/Contents/Developer/Platforms/MacOSX.platform/Developer/SDKs/MacOSX27.0.sdk -g -swift-version 5 -package-description-version 5.6.0 -I /Applications/Xcode-27.0.0-Release.Candidate.app/Contents/SharedFrameworks/SwiftPM.framework/SharedSupport/PluginAPI -sdk /Applications/Xcode-27.0.0-Release.Candidate.app/Contents/Developer/Platforms/MacOSX.platform/Developer/SDKs/MacOSX27.0.sdk -parse-as-library -j10 -Xfrontend -serialize-diagnostics-path -Xfrontend /Users/admin/builder/spi-builder-workspace/.derivedData/Build/Products/PluginExecutables/Lint_Source_Code.dia /Users/admin/builder/spi-builder-workspace/Plugins/LintPlugin/plugin.swift -o /Users/admin/builder/spi-builder-workspace/.derivedData/Build/Products/PluginExecutables/Lint_Source_Code
[debug]: Compiling plugin to executable at /Users/admin/builder/spi-builder-workspace/.derivedData/Build/Products/PluginExecutables/Lint_Source_Code
[debug]: Using compiler /Applications/Xcode-27.0.0-Release.Candidate.app/Contents/Developer/Toolchains/XcodeDefault.xctoolchain/usr/bin/swiftc
[debug]: Plugin compilation output directory '/Users/admin/builder/spi-builder-workspace/.derivedData/Build/Products/PluginExecutables'
[debug]: Computed hash of plugin compilation inputs: 99837f925d2ad3e832921ee225a5571b4b253b30ba5570d7adb504a816fd68d9
Process build tool plug-in results
CreateBuildRequest
SendProjectDescription
CreateBuildOperation
ComputeTargetDependencyGraph
note: Building targets in dependency order
note: Target dependency graph (39 targets)
Target 'generate-pipeline-product' in project 'swift-format'
➜ Explicit dependency on target 'SwiftFormatConfiguration' in project 'swift-format'
➜ Explicit dependency on target 'SwiftFormatCore' in project 'swift-format'
➜ Explicit dependency on target 'SwiftFormatRules' in project 'swift-format'
➜ Explicit dependency on target 'SwiftOperators-product' in project 'swift-syntax'
➜ Explicit dependency on target 'SwiftSyntax-product' in project 'swift-syntax'
➜ Explicit dependency on target 'SwiftParser-product' in project 'swift-syntax'
Target 'swift-format-product' in project 'swift-format'
➜ Explicit dependency on target 'SwiftFormatConfiguration' in project 'swift-format'
➜ Explicit dependency on target 'SwiftFormatCore' in project 'swift-format'
➜ Explicit dependency on target 'SwiftFormatPrettyPrint' in project 'swift-format'
➜ Explicit dependency on target 'SwiftFormatRules' in project 'swift-format'
➜ Explicit dependency on target 'SwiftFormatWhitespaceLinter' in project 'swift-format'
➜ Explicit dependency on target 'SwiftFormat' in project 'swift-format'
➜ Explicit dependency on target 'SwiftOperators-product' in project 'swift-syntax'
➜ Explicit dependency on target 'SwiftSyntax-product' in project 'swift-syntax'
➜ Explicit dependency on target 'SwiftParser-product' in project 'swift-syntax'
➜ Explicit dependency on target 'SwiftParserDiagnostics-product' in project 'swift-syntax'
➜ Explicit dependency on target 'ArgumentParser-product' in project 'swift-argument-parser'
➜ Explicit dependency on target 'TSCBasic-product' in project 'swift-tools-support-core'
Target 'TSCBasic-product' in project 'swift-tools-support-core'
➜ Explicit dependency on target 'TSCBasic' in project 'swift-tools-support-core'
➜ Explicit dependency on target 'TSCLibc' in project 'swift-tools-support-core'
➜ Explicit dependency on target 'TSCclibc' in project 'swift-tools-support-core'
➜ Explicit dependency on target 'SystemPackage-product' in project 'swift-system'
Target 'TSCBasic' in project 'swift-tools-support-core'
➜ Explicit dependency on target 'TSCLibc' in project 'swift-tools-support-core'
➜ Explicit dependency on target 'TSCclibc' in project 'swift-tools-support-core'
➜ Explicit dependency on target 'SystemPackage-product' in project 'swift-system'
Target 'SystemPackage-product' in project 'swift-system'
➜ Explicit dependency on target 'SystemPackage' in project 'swift-system'
➜ Explicit dependency on target 'CSystem' in project 'swift-system'
Target 'SystemPackage' in project 'swift-system'
➜ Explicit dependency on target 'CSystem' in project 'swift-system'
Target 'CSystem' in project 'swift-system' (no dependencies)
Target 'TSCclibc' in project 'swift-tools-support-core' (no dependencies)
Target 'TSCLibc' in project 'swift-tools-support-core' (no dependencies)
Target 'ArgumentParser-product' in project 'swift-argument-parser'
➜ Explicit dependency on target 'ArgumentParser' in project 'swift-argument-parser'
➜ Explicit dependency on target 'ArgumentParserToolInfo' in project 'swift-argument-parser'
Target 'ArgumentParser' in project 'swift-argument-parser'
➜ Explicit dependency on target 'ArgumentParserToolInfo' in project 'swift-argument-parser'
Target 'ArgumentParserToolInfo' in project 'swift-argument-parser' (no dependencies)
Target 'SwiftFormatConfiguration-product' in project 'swift-format'
➜ Explicit dependency on target 'SwiftFormatConfiguration' in project 'swift-format'
Target 'SwiftFormat-product' in project 'swift-format'
➜ Explicit dependency on target 'SwiftFormat' in project 'swift-format'
➜ Explicit dependency on target 'SwiftFormatConfiguration' in project 'swift-format'
➜ Explicit dependency on target 'SwiftFormatCore' in project 'swift-format'
➜ Explicit dependency on target 'SwiftFormatPrettyPrint' in project 'swift-format'
➜ Explicit dependency on target 'SwiftFormatRules' in project 'swift-format'
➜ Explicit dependency on target 'SwiftFormatWhitespaceLinter' in project 'swift-format'
➜ Explicit dependency on target 'SwiftOperators-product' in project 'swift-syntax'
➜ Explicit dependency on target 'SwiftSyntax-product' in project 'swift-syntax'
➜ Explicit dependency on target 'SwiftParser-product' in project 'swift-syntax'
➜ Explicit dependency on target 'SwiftParserDiagnostics-product' in project 'swift-syntax'
Target 'SwiftFormat' in project 'swift-format'
➜ Explicit dependency on target 'SwiftFormatConfiguration' in project 'swift-format'
➜ Explicit dependency on target 'SwiftFormatCore' in project 'swift-format'
➜ Explicit dependency on target 'SwiftFormatPrettyPrint' in project 'swift-format'
➜ Explicit dependency on target 'SwiftFormatRules' in project 'swift-format'
➜ Explicit dependency on target 'SwiftFormatWhitespaceLinter' in project 'swift-format'
➜ Explicit dependency on target 'SwiftOperators-product' in project 'swift-syntax'
➜ Explicit dependency on target 'SwiftSyntax-product' in project 'swift-syntax'
➜ Explicit dependency on target 'SwiftParser-product' in project 'swift-syntax'
➜ Explicit dependency on target 'SwiftParserDiagnostics-product' in project 'swift-syntax'
Target 'SwiftParserDiagnostics-product' in project 'swift-syntax'
➜ Explicit dependency on target 'SwiftParserDiagnostics' in project 'swift-syntax'
➜ Explicit dependency on target '_SwiftSyntaxCShims' in project 'swift-syntax'
➜ Explicit dependency on target 'SwiftSyntax509' in project 'swift-syntax'
➜ Explicit dependency on target 'SwiftSyntax510' in project 'swift-syntax'
➜ Explicit dependency on target 'SwiftSyntax600' in project 'swift-syntax'
➜ Explicit dependency on target 'SwiftSyntax601' in project 'swift-syntax'
➜ Explicit dependency on target 'SwiftSyntax602' in project 'swift-syntax'
➜ Explicit dependency on target 'SwiftSyntax603' in project 'swift-syntax'
➜ Explicit dependency on target 'SwiftSyntax604' in project 'swift-syntax'
➜ Explicit dependency on target 'SwiftSyntax605' in project 'swift-syntax'
➜ Explicit dependency on target 'SwiftSyntax' in project 'swift-syntax'
➜ Explicit dependency on target 'SwiftBasicFormat' in project 'swift-syntax'
➜ Explicit dependency on target 'SwiftDiagnostics' in project 'swift-syntax'
➜ Explicit dependency on target 'SwiftParser' in project 'swift-syntax'
Target 'SwiftParserDiagnostics' in project 'swift-syntax'
➜ Explicit dependency on target '_SwiftSyntaxCShims' in project 'swift-syntax'
➜ Explicit dependency on target 'SwiftSyntax509' in project 'swift-syntax'
➜ Explicit dependency on target 'SwiftSyntax510' in project 'swift-syntax'
➜ Explicit dependency on target 'SwiftSyntax600' in project 'swift-syntax'
➜ Explicit dependency on target 'SwiftSyntax601' in project 'swift-syntax'
➜ Explicit dependency on target 'SwiftSyntax602' in project 'swift-syntax'
➜ Explicit dependency on target 'SwiftSyntax603' in project 'swift-syntax'
➜ Explicit dependency on target 'SwiftSyntax604' in project 'swift-syntax'
➜ Explicit dependency on target 'SwiftSyntax605' in project 'swift-syntax'
➜ Explicit dependency on target 'SwiftSyntax' in project 'swift-syntax'
➜ Explicit dependency on target 'SwiftBasicFormat' in project 'swift-syntax'
➜ Explicit dependency on target 'SwiftDiagnostics' in project 'swift-syntax'
➜ Explicit dependency on target 'SwiftParser' in project 'swift-syntax'
Target 'SwiftBasicFormat' in project 'swift-syntax'
➜ Explicit dependency on target '_SwiftSyntaxCShims' in project 'swift-syntax'
➜ Explicit dependency on target 'SwiftSyntax509' in project 'swift-syntax'
➜ Explicit dependency on target 'SwiftSyntax510' in project 'swift-syntax'
➜ Explicit dependency on target 'SwiftSyntax600' in project 'swift-syntax'
➜ Explicit dependency on target 'SwiftSyntax601' in project 'swift-syntax'
➜ Explicit dependency on target 'SwiftSyntax602' in project 'swift-syntax'
➜ Explicit dependency on target 'SwiftSyntax603' in project 'swift-syntax'
➜ Explicit dependency on target 'SwiftSyntax604' in project 'swift-syntax'
➜ Explicit dependency on target 'SwiftSyntax605' in project 'swift-syntax'
➜ Explicit dependency on target 'SwiftSyntax' in project 'swift-syntax'
Target 'SwiftParser-product' in project 'swift-syntax'
➜ Explicit dependency on target 'SwiftParser' in project 'swift-syntax'
➜ Explicit dependency on target '_SwiftSyntaxCShims' in project 'swift-syntax'
➜ Explicit dependency on target 'SwiftSyntax509' in project 'swift-syntax'
➜ Explicit dependency on target 'SwiftSyntax510' in project 'swift-syntax'
➜ Explicit dependency on target 'SwiftSyntax600' in project 'swift-syntax'
➜ Explicit dependency on target 'SwiftSyntax601' in project 'swift-syntax'
➜ Explicit dependency on target 'SwiftSyntax602' in project 'swift-syntax'
➜ Explicit dependency on target 'SwiftSyntax603' in project 'swift-syntax'
➜ Explicit dependency on target 'SwiftSyntax604' in project 'swift-syntax'
➜ Explicit dependency on target 'SwiftSyntax605' in project 'swift-syntax'
➜ Explicit dependency on target 'SwiftSyntax' in project 'swift-syntax'
Target 'SwiftFormatWhitespaceLinter' in project 'swift-format'
➜ Explicit dependency on target 'SwiftFormatConfiguration' in project 'swift-format'
➜ Explicit dependency on target 'SwiftFormatCore' in project 'swift-format'
➜ Explicit dependency on target 'SwiftOperators-product' in project 'swift-syntax'
➜ Explicit dependency on target 'SwiftSyntax-product' in project 'swift-syntax'
Target 'SwiftFormatRules' in project 'swift-format'
➜ Explicit dependency on target 'SwiftFormatConfiguration' in project 'swift-format'
➜ Explicit dependency on target 'SwiftFormatCore' in project 'swift-format'
➜ Explicit dependency on target 'SwiftOperators-product' in project 'swift-syntax'
➜ Explicit dependency on target 'SwiftSyntax-product' in project 'swift-syntax'
Target 'SwiftFormatPrettyPrint' in project 'swift-format'
➜ Explicit dependency on target 'SwiftFormatConfiguration' in project 'swift-format'
➜ Explicit dependency on target 'SwiftFormatCore' in project 'swift-format'
➜ Explicit dependency on target 'SwiftOperators-product' in project 'swift-syntax'
➜ Explicit dependency on target 'SwiftSyntax-product' in project 'swift-syntax'
Target 'SwiftFormatCore' in project 'swift-format'
➜ Explicit dependency on target 'SwiftFormatConfiguration' in project 'swift-format'
➜ Explicit dependency on target 'SwiftOperators-product' in project 'swift-syntax'
➜ Explicit dependency on target 'SwiftSyntax-product' in project 'swift-syntax'
Target 'SwiftSyntax-product' in project 'swift-syntax'
➜ Explicit dependency on target 'SwiftSyntax' in project 'swift-syntax'
➜ Explicit dependency on target '_SwiftSyntaxCShims' in project 'swift-syntax'
➜ Explicit dependency on target 'SwiftSyntax509' in project 'swift-syntax'
➜ Explicit dependency on target 'SwiftSyntax510' in project 'swift-syntax'
➜ Explicit dependency on target 'SwiftSyntax600' in project 'swift-syntax'
➜ Explicit dependency on target 'SwiftSyntax601' in project 'swift-syntax'
➜ Explicit dependency on target 'SwiftSyntax602' in project 'swift-syntax'
➜ Explicit dependency on target 'SwiftSyntax603' in project 'swift-syntax'
➜ Explicit dependency on target 'SwiftSyntax604' in project 'swift-syntax'
➜ Explicit dependency on target 'SwiftSyntax605' in project 'swift-syntax'
Target 'SwiftOperators-product' in project 'swift-syntax'
➜ Explicit dependency on target 'SwiftOperators' in project 'swift-syntax'
➜ Explicit dependency on target '_SwiftSyntaxCShims' in project 'swift-syntax'
➜ Explicit dependency on target 'SwiftSyntax509' in project 'swift-syntax'
➜ Explicit dependency on target 'SwiftSyntax510' in project 'swift-syntax'
➜ Explicit dependency on target 'SwiftSyntax600' in project 'swift-syntax'
➜ Explicit dependency on target 'SwiftSyntax601' in project 'swift-syntax'
➜ Explicit dependency on target 'SwiftSyntax602' in project 'swift-syntax'
➜ Explicit dependency on target 'SwiftSyntax603' in project 'swift-syntax'
➜ Explicit dependency on target 'SwiftSyntax604' in project 'swift-syntax'
➜ Explicit dependency on target 'SwiftSyntax605' in project 'swift-syntax'
➜ Explicit dependency on target 'SwiftSyntax' in project 'swift-syntax'
➜ Explicit dependency on target 'SwiftDiagnostics' in project 'swift-syntax'
➜ Explicit dependency on target 'SwiftParser' in project 'swift-syntax'
Target 'SwiftOperators' in project 'swift-syntax'
➜ Explicit dependency on target '_SwiftSyntaxCShims' in project 'swift-syntax'
➜ Explicit dependency on target 'SwiftSyntax509' in project 'swift-syntax'
➜ Explicit dependency on target 'SwiftSyntax510' in project 'swift-syntax'
➜ Explicit dependency on target 'SwiftSyntax600' in project 'swift-syntax'
➜ Explicit dependency on target 'SwiftSyntax601' in project 'swift-syntax'
➜ Explicit dependency on target 'SwiftSyntax602' in project 'swift-syntax'
➜ Explicit dependency on target 'SwiftSyntax603' in project 'swift-syntax'
➜ Explicit dependency on target 'SwiftSyntax604' in project 'swift-syntax'
➜ Explicit dependency on target 'SwiftSyntax605' in project 'swift-syntax'
➜ Explicit dependency on target 'SwiftSyntax' in project 'swift-syntax'
➜ Explicit dependency on target 'SwiftDiagnostics' in project 'swift-syntax'
➜ Explicit dependency on target 'SwiftParser' in project 'swift-syntax'
Target 'SwiftParser' in project 'swift-syntax'
➜ Explicit dependency on target '_SwiftSyntaxCShims' in project 'swift-syntax'
➜ Explicit dependency on target 'SwiftSyntax509' in project 'swift-syntax'
➜ Explicit dependency on target 'SwiftSyntax510' in project 'swift-syntax'
➜ Explicit dependency on target 'SwiftSyntax600' in project 'swift-syntax'
➜ Explicit dependency on target 'SwiftSyntax601' in project 'swift-syntax'
➜ Explicit dependency on target 'SwiftSyntax602' in project 'swift-syntax'
➜ Explicit dependency on target 'SwiftSyntax603' in project 'swift-syntax'
➜ Explicit dependency on target 'SwiftSyntax604' in project 'swift-syntax'
➜ Explicit dependency on target 'SwiftSyntax605' in project 'swift-syntax'
➜ Explicit dependency on target 'SwiftSyntax' in project 'swift-syntax'
Target 'SwiftDiagnostics' in project 'swift-syntax'
➜ Explicit dependency on target '_SwiftSyntaxCShims' in project 'swift-syntax'
➜ Explicit dependency on target 'SwiftSyntax509' in project 'swift-syntax'
➜ Explicit dependency on target 'SwiftSyntax510' in project 'swift-syntax'
➜ Explicit dependency on target 'SwiftSyntax600' in project 'swift-syntax'
➜ Explicit dependency on target 'SwiftSyntax601' in project 'swift-syntax'
➜ Explicit dependency on target 'SwiftSyntax602' in project 'swift-syntax'
➜ Explicit dependency on target 'SwiftSyntax603' in project 'swift-syntax'
➜ Explicit dependency on target 'SwiftSyntax604' in project 'swift-syntax'
➜ Explicit dependency on target 'SwiftSyntax605' in project 'swift-syntax'
➜ Explicit dependency on target 'SwiftSyntax' in project 'swift-syntax'
Target 'SwiftSyntax' in project 'swift-syntax'
➜ Explicit dependency on target '_SwiftSyntaxCShims' in project 'swift-syntax'
➜ Explicit dependency on target 'SwiftSyntax509' in project 'swift-syntax'
➜ Explicit dependency on target 'SwiftSyntax510' in project 'swift-syntax'
➜ Explicit dependency on target 'SwiftSyntax600' in project 'swift-syntax'
➜ Explicit dependency on target 'SwiftSyntax601' in project 'swift-syntax'
➜ Explicit dependency on target 'SwiftSyntax602' in project 'swift-syntax'
➜ Explicit dependency on target 'SwiftSyntax603' in project 'swift-syntax'
➜ Explicit dependency on target 'SwiftSyntax604' in project 'swift-syntax'
➜ Explicit dependency on target 'SwiftSyntax605' in project 'swift-syntax'
Target 'SwiftSyntax605' in project 'swift-syntax' (no dependencies)
Target 'SwiftSyntax604' in project 'swift-syntax' (no dependencies)
Target 'SwiftSyntax603' in project 'swift-syntax' (no dependencies)
Target 'SwiftSyntax602' in project 'swift-syntax' (no dependencies)
Target 'SwiftSyntax601' in project 'swift-syntax' (no dependencies)
Target 'SwiftSyntax600' in project 'swift-syntax' (no dependencies)
Target 'SwiftSyntax510' in project 'swift-syntax' (no dependencies)
Target 'SwiftSyntax509' in project 'swift-syntax' (no dependencies)
Target '_SwiftSyntaxCShims' in project 'swift-syntax' (no dependencies)
Target 'SwiftFormatConfiguration' in project 'swift-format' (no dependencies)
GatherProvisioningInputs
CreateBuildDescription
ClangStatCache /Applications/Xcode-27.0.0-Release.Candidate.app/Contents/Developer/Toolchains/XcodeDefault.xctoolchain/usr/bin/clang-stat-cache /Applications/Xcode-27.0.0-Release.Candidate.app/Contents/Developer/Platforms/WatchOS.platform/Developer/SDKs/WatchOS27.0.sdk /Users/admin/builder/spi-builder-workspace/.derivedData/SDKStatCaches.noindex/watchos27.0-24R360-e829b21a6f8c9b70876ba0858053c04477534ef55a1706bf4c1112bbb242f0a2.sdkstatcache
cd /Users/admin/builder/spi-builder-workspace/.swiftpm/xcode
/Applications/Xcode-27.0.0-Release.Candidate.app/Contents/Developer/Toolchains/XcodeDefault.xctoolchain/usr/bin/clang-stat-cache /Applications/Xcode-27.0.0-Release.Candidate.app/Contents/Developer/Platforms/WatchOS.platform/Developer/SDKs/WatchOS27.0.sdk -o /Users/admin/builder/spi-builder-workspace/.derivedData/SDKStatCaches.noindex/watchos27.0-24R360-e829b21a6f8c9b70876ba0858053c04477534ef55a1706bf4c1112bbb242f0a2.sdkstatcache
SwiftDriver SwiftFormatCore normal arm64 com.apple.xcode.tools.swift.compiler (in target 'SwiftFormatCore' from project 'swift-format')
cd /Users/admin/builder/spi-builder-workspace/.swiftpm/xcode
builtin-SwiftDriver -- /Applications/Xcode-27.0.0-Release.Candidate.app/Contents/Developer/Toolchains/XcodeDefault.xctoolchain/usr/bin/swiftc -parse-as-library -module-name SwiftFormatCore -Onone @/Users/admin/builder/spi-builder-workspace/.derivedData/Build/Intermediates.noindex/swift-format.build/Debug-watchos/SwiftFormatCore-t.build/Objects-normal/arm64/SwiftFormatCore.SwiftFileList -DSWIFT_PACKAGE -DDEBUG -DSWIFT_MODULE_RESOURCE_BUNDLE_UNAVAILABLE -Xcc -fmodule-map-file\=/Users/admin/builder/spi-builder-workspace/.dependencies/checkouts/swift-syntax/Sources/_SwiftSyntaxCShims/include/module.modulemap -DXcode -plugin-path /Applications/Xcode-27.0.0-Release.Candidate.app/Contents/Developer/Toolchains/XcodeDefault.xctoolchain/usr/lib/swift/host/plugins/testing -enable-experimental-feature DebugDescriptionMacro -sdk /Applications/Xcode-27.0.0-Release.Candidate.app/Contents/Developer/Platforms/WatchOS.platform/Developer/SDKs/WatchOS27.0.sdk -target arm64-apple-watchos9.0 -g -module-cache-path /Users/admin/builder/spi-builder-workspace/.derivedData/ModuleCache.noindex -Xfrontend -serialize-debugging-options -profile-coverage-mapping -profile-generate -enable-testing -index-store-path /Users/admin/builder/spi-builder-workspace/.derivedData/Index.noindex/DataStore -Xcc -D_LIBCPP_HARDENING_MODE\=_LIBCPP_HARDENING_MODE_DEBUG -swift-version 5 -I /Users/admin/builder/spi-builder-workspace/.derivedData/Build/Products/Debug-watchos -Isystem /Applications/Xcode-27.0.0-Release.Candidate.app/Contents/Developer/Platforms/WatchOS.platform/Developer/usr/lib -F /Users/admin/builder/spi-builder-workspace/.derivedData/Build/Products/Debug-watchos/PackageFrameworks -F /Users/admin/builder/spi-builder-workspace/.derivedData/Build/Products/Debug-watchos -F /Applications/Xcode-27.0.0-Release.Candidate.app/Contents/Developer/Platforms/WatchOS.platform/Developer/Library/Frameworks -F /Applications/Xcode-27.0.0-Release.Candidate.app/Contents/Developer/Platforms/WatchOS.platform/Developer/SDKs/WatchOS27.0.sdk/Developer/Library/Frameworks -c -j10 -enable-batch-mode -incremental -Xcc -ivfsstatcache -Xcc /Users/admin/builder/spi-builder-workspace/.derivedData/SDKStatCaches.noindex/watchos27.0-24R360-e829b21a6f8c9b70876ba0858053c04477534ef55a1706bf4c1112bbb242f0a2.sdkstatcache -output-file-map /Users/admin/builder/spi-builder-workspace/.derivedData/Build/Intermediates.noindex/swift-format.build/Debug-watchos/SwiftFormatCore-t.build/Objects-normal/arm64/SwiftFormatCore-OutputFileMap.json -save-temps -no-color-diagnostics -explicit-module-build -module-cache-path /Users/admin/builder/spi-builder-workspace/.derivedData/Build/Intermediates.noindex/SwiftExplicitPrecompiledModules -clang-scanner-module-cache-path /Users/admin/builder/spi-builder-workspace/.derivedData/ModuleCache.noindex -sdk-module-cache-path /Users/admin/builder/spi-builder-workspace/.derivedData/SDKExplicitPrecompiledModules -emit-dependencies -emit-module -emit-module-path /Users/admin/builder/spi-builder-workspace/.derivedData/Build/Intermediates.noindex/swift-format.build/Debug-watchos/SwiftFormatCore-t.build/Objects-normal/arm64/SwiftFormatCore.swiftmodule -serialize-diagnostics -dependency-scan-serialize-diagnostics-path /Users/admin/builder/spi-builder-workspace/.derivedData/Build/Intermediates.noindex/swift-format.build/Debug-watchos/SwiftFormatCore-t.build/Objects-normal/arm64/SwiftFormatCore-dependency-scan.dia -validate-clang-modules-once -clang-build-session-file /Users/admin/builder/spi-builder-workspace/.derivedData/ModuleCache.noindex/Session.modulevalidation -Xcc -fmodules-prune-interval\=86400 -Xcc -fmodules-prune-after\=345600 -emit-const-values -const-gather-protocols-list /Users/admin/builder/spi-builder-workspace/.derivedData/Build/Intermediates.noindex/swift-format.build/Debug-watchos/SwiftFormatCore-t.build/Objects-normal/arm64/SwiftFormatCore_const_extract_protocols.json -Xcc -I/Users/admin/builder/spi-builder-workspace/.dependencies/checkouts/swift-syntax/Sources/_SwiftSyntaxCShims/include -Xcc -I/Users/admin/builder/spi-builder-workspace/.derivedData/Build/Products/Debug-watchos/include -Xcc -I/Users/admin/builder/spi-builder-workspace/.derivedData/Build/Intermediates.noindex/swift-format.build/Debug-watchos/SwiftFormatCore-t.build/DerivedSources-normal/arm64 -Xcc -I/Users/admin/builder/spi-builder-workspace/.derivedData/Build/Intermediates.noindex/swift-format.build/Debug-watchos/SwiftFormatCore-t.build/DerivedSources/arm64 -Xcc -I/Users/admin/builder/spi-builder-workspace/.derivedData/Build/Intermediates.noindex/swift-format.build/Debug-watchos/SwiftFormatCore-t.build/DerivedSources -Xcc -DSWIFT_PACKAGE -Xcc -DDEBUG\=1 -emit-objc-header -emit-objc-header-path /Users/admin/builder/spi-builder-workspace/.derivedData/Build/Intermediates.noindex/swift-format.build/Debug-watchos/SwiftFormatCore-t.build/Objects-normal/arm64/SwiftFormatCore-Swift.h -working-directory /Users/admin/builder/spi-builder-workspace/.swiftpm/xcode -experimental-emit-module-separately -disable-cmo
SwiftDriver SwiftSyntax normal arm64_32 com.apple.xcode.tools.swift.compiler (in target 'SwiftSyntax' from project 'swift-syntax')
cd /Users/admin/builder/spi-builder-workspace/.swiftpm/xcode
builtin-SwiftDriver -- /Applications/Xcode-27.0.0-Release.Candidate.app/Contents/Developer/Toolchains/XcodeDefault.xctoolchain/usr/bin/swiftc -parse-as-library -module-name SwiftSyntax -Onone @/Users/admin/builder/spi-builder-workspace/.derivedData/Build/Intermediates.noindex/swift-syntax.build/Debug-watchos/SwiftSyntax-t.build/Objects-normal/arm64_32/SwiftSyntax.SwiftFileList -DSWIFT_PACKAGE -DDEBUG -DSWIFT_MODULE_RESOURCE_BUNDLE_UNAVAILABLE -Xcc -fmodule-map-file\=/Users/admin/builder/spi-builder-workspace/.dependencies/checkouts/swift-syntax/Sources/_SwiftSyntaxCShims/include/module.modulemap -DXcode -plugin-path /Applications/Xcode-27.0.0-Release.Candidate.app/Contents/Developer/Toolchains/XcodeDefault.xctoolchain/usr/lib/swift/host/plugins/testing -enable-experimental-feature DebugDescriptionMacro -sdk /Applications/Xcode-27.0.0-Release.Candidate.app/Contents/Developer/Platforms/WatchOS.platform/Developer/SDKs/WatchOS27.0.sdk -target arm64_32-apple-watchos9.0 -g -module-cache-path /Users/admin/builder/spi-builder-workspace/.derivedData/ModuleCache.noindex -Xfrontend -serialize-debugging-options -profile-coverage-mapping -profile-generate -enable-testing -suppress-warnings -index-store-path /Users/admin/builder/spi-builder-workspace/.derivedData/Index.noindex/DataStore -Xcc -D_LIBCPP_HARDENING_MODE\=_LIBCPP_HARDENING_MODE_DEBUG -swift-version 6 -I /Users/admin/builder/spi-builder-workspace/.derivedData/Build/Products/Debug-watchos -Isystem /Applications/Xcode-27.0.0-Release.Candidate.app/Contents/Developer/Platforms/WatchOS.platform/Developer/usr/lib -F /Users/admin/builder/spi-builder-workspace/.derivedData/Build/Products/Debug-watchos/PackageFrameworks -F /Users/admin/builder/spi-builder-workspace/.derivedData/Build/Products/Debug-watchos -F /Applications/Xcode-27.0.0-Release.Candidate.app/Contents/Developer/Platforms/WatchOS.platform/Developer/Library/Frameworks -F /Applications/Xcode-27.0.0-Release.Candidate.app/Contents/Developer/Platforms/WatchOS.platform/Developer/SDKs/WatchOS27.0.sdk/Developer/Library/Frameworks -c -j10 -enable-batch-mode -incremental -Xcc -ivfsstatcache -Xcc /Users/admin/builder/spi-builder-workspace/.derivedData/SDKStatCaches.noindex/watchos27.0-24R360-e829b21a6f8c9b70876ba0858053c04477534ef55a1706bf4c1112bbb242f0a2.sdkstatcache -output-file-map /Users/admin/builder/spi-builder-workspace/.derivedData/Build/Intermediates.noindex/swift-syntax.build/Debug-watchos/SwiftSyntax-t.build/Objects-normal/arm64_32/SwiftSyntax-OutputFileMap.json -save-temps -no-color-diagnostics -explicit-module-build -module-cache-path /Users/admin/builder/spi-builder-workspace/.derivedData/Build/Intermediates.noindex/SwiftExplicitPrecompiledModules -clang-scanner-module-cache-path /Users/admin/builder/spi-builder-workspace/.derivedData/ModuleCache.noindex -sdk-module-cache-path /Users/admin/builder/spi-builder-workspace/.derivedData/SDKExplicitPrecompiledModules -emit-dependencies -emit-module -emit-module-path /Users/admin/builder/spi-builder-workspace/.derivedData/Build/Intermediates.noindex/swift-syntax.build/Debug-watchos/SwiftSyntax-t.build/Objects-normal/arm64_32/SwiftSyntax.swiftmodule -serialize-diagnostics -dependency-scan-serialize-diagnostics-path /Users/admin/builder/spi-builder-workspace/.derivedData/Build/Intermediates.noindex/swift-syntax.build/Debug-watchos/SwiftSyntax-t.build/Objects-normal/arm64_32/SwiftSyntax-dependency-scan.dia -validate-clang-modules-once -clang-build-session-file /Users/admin/builder/spi-builder-workspace/.derivedData/ModuleCache.noindex/Session.modulevalidation -Xcc -fmodules-prune-interval\=86400 -Xcc -fmodules-prune-after\=345600 -package-name swift_syntax -emit-const-values -const-gather-protocols-list /Users/admin/builder/spi-builder-workspace/.derivedData/Build/Intermediates.noindex/swift-syntax.build/Debug-watchos/SwiftSyntax-t.build/Objects-normal/arm64_32/SwiftSyntax_const_extract_protocols.json -Xcc -I/Users/admin/builder/spi-builder-workspace/.dependencies/checkouts/swift-syntax/Sources/_SwiftSyntaxCShims/include -Xcc -I/Users/admin/builder/spi-builder-workspace/.derivedData/Build/Products/Debug-watchos/include -Xcc -I/Users/admin/builder/spi-builder-workspace/.derivedData/Build/Intermediates.noindex/swift-syntax.build/Debug-watchos/SwiftSyntax-t.build/DerivedSources-normal/arm64_32 -Xcc -I/Users/admin/builder/spi-builder-workspace/.derivedData/Build/Intermediates.noindex/swift-syntax.build/Debug-watchos/SwiftSyntax-t.build/DerivedSources/arm64_32 -Xcc -I/Users/admin/builder/spi-builder-workspace/.derivedData/Build/Intermediates.noindex/swift-syntax.build/Debug-watchos/SwiftSyntax-t.build/DerivedSources -Xcc -DSWIFT_PACKAGE -Xcc -DDEBUG\=1 -emit-objc-header -emit-objc-header-path /Users/admin/builder/spi-builder-workspace/.derivedData/Build/Intermediates.noindex/swift-syntax.build/Debug-watchos/SwiftSyntax-t.build/Objects-normal/arm64_32/SwiftSyntax-Swift.h -working-directory /Users/admin/builder/spi-builder-workspace/.swiftpm/xcode -experimental-emit-module-separately -disable-cmo
SwiftDriver SwiftFormatCore normal arm64_32 com.apple.xcode.tools.swift.compiler (in target 'SwiftFormatCore' from project 'swift-format')
cd /Users/admin/builder/spi-builder-workspace/.swiftpm/xcode
builtin-SwiftDriver -- /Applications/Xcode-27.0.0-Release.Candidate.app/Contents/Developer/Toolchains/XcodeDefault.xctoolchain/usr/bin/swiftc -parse-as-library -module-name SwiftFormatCore -Onone @/Users/admin/builder/spi-builder-workspace/.derivedData/Build/Intermediates.noindex/swift-format.build/Debug-watchos/SwiftFormatCore-t.build/Objects-normal/arm64_32/SwiftFormatCore.SwiftFileList -DSWIFT_PACKAGE -DDEBUG -DSWIFT_MODULE_RESOURCE_BUNDLE_UNAVAILABLE -Xcc -fmodule-map-file\=/Users/admin/builder/spi-builder-workspace/.dependencies/checkouts/swift-syntax/Sources/_SwiftSyntaxCShims/include/module.modulemap -DXcode -plugin-path /Applications/Xcode-27.0.0-Release.Candidate.app/Contents/Developer/Toolchains/XcodeDefault.xctoolchain/usr/lib/swift/host/plugins/testing -enable-experimental-feature DebugDescriptionMacro -sdk /Applications/Xcode-27.0.0-Release.Candidate.app/Contents/Developer/Platforms/WatchOS.platform/Developer/SDKs/WatchOS27.0.sdk -target arm64_32-apple-watchos9.0 -g -module-cache-path /Users/admin/builder/spi-builder-workspace/.derivedData/ModuleCache.noindex -Xfrontend -serialize-debugging-options -profile-coverage-mapping -profile-generate -enable-testing -index-store-path /Users/admin/builder/spi-builder-workspace/.derivedData/Index.noindex/DataStore -Xcc -D_LIBCPP_HARDENING_MODE\=_LIBCPP_HARDENING_MODE_DEBUG -swift-version 5 -I /Users/admin/builder/spi-builder-workspace/.derivedData/Build/Products/Debug-watchos -Isystem /Applications/Xcode-27.0.0-Release.Candidate.app/Contents/Developer/Platforms/WatchOS.platform/Developer/usr/lib -F /Users/admin/builder/spi-builder-workspace/.derivedData/Build/Products/Debug-watchos/PackageFrameworks -F /Users/admin/builder/spi-builder-workspace/.derivedData/Build/Products/Debug-watchos -F /Applications/Xcode-27.0.0-Release.Candidate.app/Contents/Developer/Platforms/WatchOS.platform/Developer/Library/Frameworks -F /Applications/Xcode-27.0.0-Release.Candidate.app/Contents/Developer/Platforms/WatchOS.platform/Developer/SDKs/WatchOS27.0.sdk/Developer/Library/Frameworks -c -j10 -enable-batch-mode -incremental -Xcc -ivfsstatcache -Xcc /Users/admin/builder/spi-builder-workspace/.derivedData/SDKStatCaches.noindex/watchos27.0-24R360-e829b21a6f8c9b70876ba0858053c04477534ef55a1706bf4c1112bbb242f0a2.sdkstatcache -output-file-map /Users/admin/builder/spi-builder-workspace/.derivedData/Build/Intermediates.noindex/swift-format.build/Debug-watchos/SwiftFormatCore-t.build/Objects-normal/arm64_32/SwiftFormatCore-OutputFileMap.json -save-temps -no-color-diagnostics -explicit-module-build -module-cache-path /Users/admin/builder/spi-builder-workspace/.derivedData/Build/Intermediates.noindex/SwiftExplicitPrecompiledModules -clang-scanner-module-cache-path /Users/admin/builder/spi-builder-workspace/.derivedData/ModuleCache.noindex -sdk-module-cache-path /Users/admin/builder/spi-builder-workspace/.derivedData/SDKExplicitPrecompiledModules -emit-dependencies -emit-module -emit-module-path /Users/admin/builder/spi-builder-workspace/.derivedData/Build/Intermediates.noindex/swift-format.build/Debug-watchos/SwiftFormatCore-t.build/Objects-normal/arm64_32/SwiftFormatCore.swiftmodule -serialize-diagnostics -dependency-scan-serialize-diagnostics-path /Users/admin/builder/spi-builder-workspace/.derivedData/Build/Intermediates.noindex/swift-format.build/Debug-watchos/SwiftFormatCore-t.build/Objects-normal/arm64_32/SwiftFormatCore-dependency-scan.dia -validate-clang-modules-once -clang-build-session-file /Users/admin/builder/spi-builder-workspace/.derivedData/ModuleCache.noindex/Session.modulevalidation -Xcc -fmodules-prune-interval\=86400 -Xcc -fmodules-prune-after\=345600 -emit-const-values -const-gather-protocols-list /Users/admin/builder/spi-builder-workspace/.derivedData/Build/Intermediates.noindex/swift-format.build/Debug-watchos/SwiftFormatCore-t.build/Objects-normal/arm64_32/SwiftFormatCore_const_extract_protocols.json -Xcc -I/Users/admin/builder/spi-builder-workspace/.dependencies/checkouts/swift-syntax/Sources/_SwiftSyntaxCShims/include -Xcc -I/Users/admin/builder/spi-builder-workspace/.derivedData/Build/Products/Debug-watchos/include -Xcc -I/Users/admin/builder/spi-builder-workspace/.derivedData/Build/Intermediates.noindex/swift-format.build/Debug-watchos/SwiftFormatCore-t.build/DerivedSources-normal/arm64_32 -Xcc -I/Users/admin/builder/spi-builder-workspace/.derivedData/Build/Intermediates.noindex/swift-format.build/Debug-watchos/SwiftFormatCore-t.build/DerivedSources/arm64_32 -Xcc -I/Users/admin/builder/spi-builder-workspace/.derivedData/Build/Intermediates.noindex/swift-format.build/Debug-watchos/SwiftFormatCore-t.build/DerivedSources -Xcc -DSWIFT_PACKAGE -Xcc -DDEBUG\=1 -emit-objc-header -emit-objc-header-path /Users/admin/builder/spi-builder-workspace/.derivedData/Build/Intermediates.noindex/swift-format.build/Debug-watchos/SwiftFormatCore-t.build/Objects-normal/arm64_32/SwiftFormatCore-Swift.h -working-directory /Users/admin/builder/spi-builder-workspace/.swiftpm/xcode -experimental-emit-module-separately -disable-cmo
SwiftCompile normal arm64 Compiling\ Context.swift,\ Finding+Convenience.swift /Users/admin/builder/spi-builder-workspace/Sources/SwiftFormatCore/Context.swift /Users/admin/builder/spi-builder-workspace/Sources/SwiftFormatCore/Finding+Convenience.swift (in target 'SwiftFormatCore' from project 'swift-format')
/Users/admin/builder/spi-builder-workspace/Sources/SwiftFormatCore/Context.swift:78:20: warning: 'init(file:source:)' is deprecated: Use init(fileName:tree:) instead [#DeprecatedDeclaration]
76 | self.importsXCTest = .notDetermined
77 | self.sourceLocationConverter =
78 | source.map { SourceLocationConverter(file: fileURL.relativePath, source: $0) }
| `- warning: 'init(file:source:)' is deprecated: Use init(fileName:tree:) instead [#DeprecatedDeclaration]
79 | ?? SourceLocationConverter(file: fileURL.relativePath, tree: sourceFileSyntax)
80 | self.ruleMask = RuleMask(
/Users/admin/builder/spi-builder-workspace/Sources/SwiftFormatCore/Context.swift:79:10: warning: 'init(file:tree:)' is deprecated: Use init(fileName:tree:) instead [#DeprecatedDeclaration]
77 | self.sourceLocationConverter =
78 | source.map { SourceLocationConverter(file: fileURL.relativePath, source: $0) }
79 | ?? SourceLocationConverter(file: fileURL.relativePath, tree: sourceFileSyntax)
| `- warning: 'init(file:tree:)' is deprecated: Use init(fileName:tree:) instead [#DeprecatedDeclaration]
80 | self.ruleMask = RuleMask(
81 | syntaxNode: Syntax(sourceFileSyntax),
/Users/admin/builder/spi-builder-workspace/Sources/SwiftFormatCore/Finding+Convenience.swift:22:7: error: initializer for conditional binding must have Optional type, not 'String'
20 | public init?(_ sourceLocation: SourceLocation) {
21 | guard
22 | let file = sourceLocation.file,
| `- error: initializer for conditional binding must have Optional type, not 'String'
23 | let line = sourceLocation.line,
24 | let column = sourceLocation.column
/Users/admin/builder/spi-builder-workspace/Sources/SwiftFormatCore/Finding+Convenience.swift:23:7: error: initializer for conditional binding must have Optional type, not 'Int'
21 | guard
22 | let file = sourceLocation.file,
23 | let line = sourceLocation.line,
| `- error: initializer for conditional binding must have Optional type, not 'Int'
24 | let column = sourceLocation.column
25 | else {
/Users/admin/builder/spi-builder-workspace/Sources/SwiftFormatCore/Finding+Convenience.swift:24:7: error: initializer for conditional binding must have Optional type, not 'Int'
22 | let file = sourceLocation.file,
23 | let line = sourceLocation.line,
24 | let column = sourceLocation.column
| `- error: initializer for conditional binding must have Optional type, not 'Int'
25 | else {
26 | return nil
[#DeprecatedDeclaration]: <https://docs.swift.org/compiler/documentation/diagnostics/deprecated-declaration>
Failed frontend command:
SwiftCompile normal arm64 /Users/admin/builder/spi-builder-workspace/Sources/SwiftFormatCore/Context.swift (in target 'SwiftFormatCore' from project 'swift-format')
cd /Users/admin/builder/spi-builder-workspace/.swiftpm/xcode
builtin-SwiftPerFileCompile Context.swift
SwiftCompile normal arm64 /Users/admin/builder/spi-builder-workspace/Sources/SwiftFormatCore/Finding+Convenience.swift (in target 'SwiftFormatCore' from project 'swift-format')
cd /Users/admin/builder/spi-builder-workspace/.swiftpm/xcode
builtin-SwiftPerFileCompile Finding+Convenience.swift
/Applications/Xcode-27.0.0-Release.Candidate.app/Contents/Developer/Toolchains/XcodeDefault.xctoolchain/usr/bin/swift-frontend -frontend -c -primary-file /Users/admin/builder/spi-builder-workspace/Sources/SwiftFormatCore/Context.swift -primary-file /Users/admin/builder/spi-builder-workspace/Sources/SwiftFormatCore/Finding+Convenience.swift /Users/admin/builder/spi-builder-workspace/Sources/SwiftFormatCore/Finding.swift /Users/admin/builder/spi-builder-workspace/Sources/SwiftFormatCore/FindingCategorizing.swift /Users/admin/builder/spi-builder-workspace/Sources/SwiftFormatCore/FindingEmitter.swift /Users/admin/builder/spi-builder-workspace/Sources/SwiftFormatCore/LegacyTriviaBehavior.swift /Users/admin/builder/spi-builder-workspace/Sources/SwiftFormatCore/Rule.swift /Users/admin/builder/spi-builder-workspace/Sources/SwiftFormatCore/RuleBasedFindingCategory.swift /Users/admin/builder/spi-builder-workspace/Sources/SwiftFormatCore/RuleMask.swift /Users/admin/builder/spi-builder-workspace/Sources/SwiftFormatCore/RuleState.swift /Users/admin/builder/spi-builder-workspace/Sources/SwiftFormatCore/SyntaxFormatRule.swift /Users/admin/builder/spi-builder-workspace/Sources/SwiftFormatCore/SyntaxLintRule.swift /Users/admin/builder/spi-builder-workspace/Sources/SwiftFormatCore/SyntaxProtocol+Convenience.swift /Users/admin/builder/spi-builder-workspace/Sources/SwiftFormatCore/Trivia+Convenience.swift -emit-dependencies-path /Users/admin/builder/spi-builder-workspace/.derivedData/Build/Intermediates.noindex/swift-format.build/Debug-watchos/SwiftFormatCore-t.build/Objects-normal/arm64/Context.d -emit-const-values-path /Users/admin/builder/spi-builder-workspace/.derivedData/Build/Intermediates.noindex/swift-format.build/Debug-watchos/SwiftFormatCore-t.build/Objects-normal/arm64/Context.swiftconstvalues -emit-reference-dependencies-path /Users/admin/builder/spi-builder-workspace/.derivedData/Build/Intermediates.noindex/swift-format.build/Debug-watchos/SwiftFormatCore-t.build/Objects-normal/arm64/Context.swiftdeps -serialize-diagnostics-path /Users/admin/builder/spi-builder-workspace/.derivedData/Build/Intermediates.noindex/swift-format.build/Debug-watchos/SwiftFormatCore-t.build/Objects-normal/arm64/Context.dia -emit-dependencies-path /Users/admin/builder/spi-builder-workspace/.derivedData/Build/Intermediates.noindex/swift-format.build/Debug-watchos/SwiftFormatCore-t.build/Objects-normal/arm64/Finding+Convenience.d -emit-const-values-path /Users/admin/builder/spi-builder-workspace/.derivedData/Build/Intermediates.noindex/swift-format.build/Debug-watchos/SwiftFormatCore-t.build/Objects-normal/arm64/Finding+Convenience.swiftconstvalues -emit-reference-dependencies-path /Users/admin/builder/spi-builder-workspace/.derivedData/Build/Intermediates.noindex/swift-format.build/Debug-watchos/SwiftFormatCore-t.build/Objects-normal/arm64/Finding+Convenience.swiftdeps -serialize-diagnostics-path /Users/admin/builder/spi-builder-workspace/.derivedData/Build/Intermediates.noindex/swift-format.build/Debug-watchos/SwiftFormatCore-t.build/Objects-normal/arm64/Finding+Convenience.dia -target arm64-apple-watchos9.0 -disable-cross-import-overlay-search -load-resolved-plugin /Applications/Xcode-27.0.0-Release.Candidate.app/Contents/Developer/Platforms/WatchOS.platform/Developer/usr/lib/swift/host/plugins/libFoundationMacros.dylib\#/Applications/Xcode-27.0.0-Release.Candidate.app/Contents/Developer/Platforms/WatchOS.platform/Developer/usr/bin/swift-plugin-server\#FoundationMacros -load-resolved-plugin /Applications/Xcode-27.0.0-Release.Candidate.app/Contents/Developer/Platforms/WatchOS.platform/Developer/usr/lib/swift/host/plugins/libObservationMacros.dylib\#/Applications/Xcode-27.0.0-Release.Candidate.app/Contents/Developer/Platforms/WatchOS.platform/Developer/usr/bin/swift-plugin-server\#ObservationMacros -load-resolved-plugin /Applications/Xcode-27.0.0-Release.Candidate.app/Contents/Developer/Platforms/WatchOS.platform/Developer/usr/lib/swift/host/plugins/libSwiftMacros.dylib\#/Applications/Xcode-27.0.0-Release.Candidate.app/Contents/Developer/Platforms/WatchOS.platform/Developer/usr/bin/swift-plugin-server\#SwiftMacros -disable-implicit-swift-modules -Xcc -fno-implicit-modules -Xcc -fno-implicit-module-maps -explicit-swift-module-map-file /Users/admin/builder/spi-builder-workspace/.derivedData/Build/Intermediates.noindex/swift-format.build/Debug-watchos/SwiftFormatCore-t.build/Objects-normal/arm64/SwiftFormatCore-dependencies-1.json -Xllvm -aarch64-use-tbi -enable-objc-interop -stack-check -sdk /Applications/Xcode-27.0.0-Release.Candidate.app/Contents/Developer/Platforms/WatchOS.platform/Developer/SDKs/WatchOS27.0.sdk -I /Users/admin/builder/spi-builder-workspace/.derivedData/Build/Products/Debug-watchos -Isystem /Applications/Xcode-27.0.0-Release.Candidate.app/Contents/Developer/Platforms/WatchOS.platform/Developer/usr/lib -F /Users/admin/builder/spi-builder-workspace/.derivedData/Build/Products/Debug-watchos/PackageFrameworks -F /Users/admin/builder/spi-builder-workspace/.derivedData/Build/Products/Debug-watchos -F /Applications/Xcode-27.0.0-Release.Candidate.app/Contents/Developer/Platforms/WatchOS.platform/Developer/Library/Frameworks -F /Applications/Xcode-27.0.0-Release.Candidate.app/Contents/Developer/Platforms/WatchOS.platform/Developer/SDKs/WatchOS27.0.sdk/Developer/Library/Frameworks -module-cache-path /Users/admin/builder/spi-builder-workspace/.derivedData/Build/Intermediates.noindex/SwiftExplicitPrecompiledModules -no-color-diagnostics -Xcc -fno-color-diagnostics -enable-testing -g -debug-info-format\=dwarf -dwarf-version\=4 -profile-generate -profile-coverage-mapping -swift-version 5 -Onone -D SWIFT_PACKAGE -D DEBUG -D SWIFT_MODULE_RESOURCE_BUNDLE_UNAVAILABLE -D Xcode -serialize-debugging-options -enable-experimental-feature DebugDescriptionMacro -empty-abi-descriptor -validate-clang-modules-once -clang-build-session-file /Users/admin/builder/spi-builder-workspace/.derivedData/ModuleCache.noindex/Session.modulevalidation -Xcc -working-directory -Xcc /Users/admin/builder/spi-builder-workspace/.swiftpm/xcode -enable-anonymous-context-mangled-names -file-compilation-dir /Users/admin/builder/spi-builder-workspace/.swiftpm/xcode -Xcc -fmodule-map-file\=/Users/admin/builder/spi-builder-workspace/.dependencies/checkouts/swift-syntax/Sources/_SwiftSyntaxCShims/include/module.modulemap -Xcc -D_LIBCPP_HARDENING_MODE\=_LIBCPP_HARDENING_MODE_DEBUG -Xcc -ivfsstatcache -Xcc /Users/admin/builder/spi-builder-workspace/.derivedData/SDKStatCaches.noindex/watchos27.0-24R360-e829b21a6f8c9b70876ba0858053c04477534ef55a1706bf4c1112bbb242f0a2.sdkstatcache -Xcc -fmodules-prune-interval\=86400 -Xcc -fmodules-prune-after\=345600 -Xcc -I/Users/admin/builder/spi-builder-workspace/.dependencies/checkouts/swift-syntax/Sources/_SwiftSyntaxCShims/include -Xcc -I/Users/admin/builder/spi-builder-workspace/.derivedData/Build/Products/Debug-watchos/include -Xcc -I/Users/admin/builder/spi-builder-workspace/.derivedData/Build/Intermediates.noindex/swift-format.build/Debug-watchos/SwiftFormatCore-t.build/DerivedSources-normal/arm64 -Xcc -I/Users/admin/builder/spi-builder-workspace/.derivedData/Build/Intermediates.noindex/swift-format.build/Debug-watchos/SwiftFormatCore-t.build/DerivedSources/arm64 -Xcc -I/Users/admin/builder/spi-builder-workspace/.derivedData/Build/Intermediates.noindex/swift-format.build/Debug-watchos/SwiftFormatCore-t.build/DerivedSources -Xcc -DSWIFT_PACKAGE -Xcc -DDEBUG\=1 -no-auto-bridging-header-chaining -module-name SwiftFormatCore -const-gather-protocols-file /Users/admin/builder/spi-builder-workspace/.derivedData/Build/Intermediates.noindex/swift-format.build/Debug-watchos/SwiftFormatCore-t.build/Objects-normal/arm64/SwiftFormatCore_const_extract_protocols.json -disable-clang-spi -clang-target arm64-apple-watchos27.0 -target-sdk-version 27.0 -target-sdk-name watchos27.0 -in-process-plugin-server-path /Applications/Xcode-27.0.0-Release.Candidate.app/Contents/Developer/Toolchains/XcodeDefault.xctoolchain/usr/lib/swift/host/libSwiftInProcPluginServer.dylib -parse-as-library -o /Users/admin/builder/spi-builder-workspace/.derivedData/Build/Intermediates.noindex/swift-format.build/Debug-watchos/SwiftFormatCore-t.build/Objects-normal/arm64/Context.o -o /Users/admin/builder/spi-builder-workspace/.derivedData/Build/Intermediates.noindex/swift-format.build/Debug-watchos/SwiftFormatCore-t.build/Objects-normal/arm64/Finding+Convenience.o -debug-module-path /Users/admin/builder/spi-builder-workspace/.derivedData/Build/Intermediates.noindex/swift-format.build/Debug-watchos/SwiftFormatCore-t.build/Objects-normal/arm64/SwiftFormatCore.swiftmodule -index-unit-output-path /swift-format.build/Debug-watchos/SwiftFormatCore-t.build/Objects-normal/arm64/Context.o -index-unit-output-path /swift-format.build/Debug-watchos/SwiftFormatCore-t.build/Objects-normal/arm64/Finding+Convenience.o -index-store-path /Users/admin/builder/spi-builder-workspace/.derivedData/Index.noindex/DataStore -index-system-modules
SwiftCompile normal arm64 Compiling\ Rule.swift,\ RuleBasedFindingCategory.swift /Users/admin/builder/spi-builder-workspace/Sources/SwiftFormatCore/Rule.swift /Users/admin/builder/spi-builder-workspace/Sources/SwiftFormatCore/RuleBasedFindingCategory.swift (in target 'SwiftFormatCore' from project 'swift-format')
SwiftCompile normal arm64 /Users/admin/builder/spi-builder-workspace/Sources/SwiftFormatCore/Rule.swift (in target 'SwiftFormatCore' from project 'swift-format')
cd /Users/admin/builder/spi-builder-workspace/.swiftpm/xcode
builtin-SwiftPerFileCompile Rule.swift
SwiftCompile normal arm64 /Users/admin/builder/spi-builder-workspace/Sources/SwiftFormatCore/RuleBasedFindingCategory.swift (in target 'SwiftFormatCore' from project 'swift-format')
cd /Users/admin/builder/spi-builder-workspace/.swiftpm/xcode
builtin-SwiftPerFileCompile RuleBasedFindingCategory.swift
SwiftCompile normal arm64 Compiling\ RuleMask.swift /Users/admin/builder/spi-builder-workspace/Sources/SwiftFormatCore/RuleMask.swift (in target 'SwiftFormatCore' from project 'swift-format')
/Users/admin/builder/spi-builder-workspace/Sources/SwiftFormatCore/RuleMask.swift:168:31: warning: 'MemberDeclListItemSyntax' is deprecated: renamed to 'MemberBlockItemSyntax' [#DeprecatedDeclaration]
166 | }
167 |
168 | override func visit(_ node: MemberDeclListItemSyntax) -> SyntaxVisitorContinueKind {
| |- warning: 'MemberDeclListItemSyntax' is deprecated: renamed to 'MemberBlockItemSyntax' [#DeprecatedDeclaration]
| `- note: use 'MemberBlockItemSyntax' instead
169 | guard let firstToken = node.firstToken else {
170 | return .visitChildren
/Users/admin/builder/spi-builder-workspace/Sources/SwiftFormatCore/RuleMask.swift:139:33: warning: 'firstToken' is deprecated: Use firstToken(viewMode: .sourceAccurate) instead [#DeprecatedDeclaration]
137 |
138 | override func visit(_ node: SourceFileSyntax) -> SyntaxVisitorContinueKind {
139 | guard let firstToken = node.firstToken else {
| `- warning: 'firstToken' is deprecated: Use firstToken(viewMode: .sourceAccurate) instead [#DeprecatedDeclaration]
140 | return .visitChildren
141 | }
/Users/admin/builder/spi-builder-workspace/Sources/SwiftFormatCore/RuleMask.swift:162:33: warning: 'firstToken' is deprecated: Use firstToken(viewMode: .sourceAccurate) instead [#DeprecatedDeclaration]
160 |
161 | override func visit(_ node: CodeBlockItemSyntax) -> SyntaxVisitorContinueKind {
162 | guard let firstToken = node.firstToken else {
| `- warning: 'firstToken' is deprecated: Use firstToken(viewMode: .sourceAccurate) instead [#DeprecatedDeclaration]
163 | return .visitChildren
164 | }
SwiftCompile normal arm64 /Users/admin/builder/spi-builder-workspace/Sources/SwiftFormatCore/RuleMask.swift (in target 'SwiftFormatCore' from project 'swift-format')
cd /Users/admin/builder/spi-builder-workspace/.swiftpm/xcode
builtin-SwiftPerFileCompile RuleMask.swift
SwiftCompile normal arm64 Compiling\ SyntaxLintRule.swift /Users/admin/builder/spi-builder-workspace/Sources/SwiftFormatCore/SyntaxLintRule.swift (in target 'SwiftFormatCore' from project 'swift-format')
SwiftCompile normal arm64 /Users/admin/builder/spi-builder-workspace/Sources/SwiftFormatCore/SyntaxLintRule.swift (in target 'SwiftFormatCore' from project 'swift-format')
cd /Users/admin/builder/spi-builder-workspace/.swiftpm/xcode
builtin-SwiftPerFileCompile SyntaxLintRule.swift
SwiftCompile normal arm64 Compiling\ SyntaxFormatRule.swift /Users/admin/builder/spi-builder-workspace/Sources/SwiftFormatCore/SyntaxFormatRule.swift (in target 'SwiftFormatCore' from project 'swift-format')
SwiftCompile normal arm64 /Users/admin/builder/spi-builder-workspace/Sources/SwiftFormatCore/SyntaxFormatRule.swift (in target 'SwiftFormatCore' from project 'swift-format')
cd /Users/admin/builder/spi-builder-workspace/.swiftpm/xcode
builtin-SwiftPerFileCompile SyntaxFormatRule.swift
SwiftEmitModule normal arm64 Emitting\ module\ for\ SwiftFormatCore (in target 'SwiftFormatCore' from project 'swift-format')
SwiftCompile normal arm64 (in target 'SwiftFormatCore' from project 'swift-format')
cd /Users/admin/builder/spi-builder-workspace/.swiftpm/xcode
SwiftCompile normal arm64 Compiling\ FindingEmitter.swift,\ LegacyTriviaBehavior.swift /Users/admin/builder/spi-builder-workspace/Sources/SwiftFormatCore/FindingEmitter.swift /Users/admin/builder/spi-builder-workspace/Sources/SwiftFormatCore/LegacyTriviaBehavior.swift (in target 'SwiftFormatCore' from project 'swift-format')
SwiftCompile normal arm64 /Users/admin/builder/spi-builder-workspace/Sources/SwiftFormatCore/FindingEmitter.swift (in target 'SwiftFormatCore' from project 'swift-format')
cd /Users/admin/builder/spi-builder-workspace/.swiftpm/xcode
builtin-SwiftPerFileCompile FindingEmitter.swift
SwiftCompile normal arm64 /Users/admin/builder/spi-builder-workspace/Sources/SwiftFormatCore/LegacyTriviaBehavior.swift (in target 'SwiftFormatCore' from project 'swift-format')
cd /Users/admin/builder/spi-builder-workspace/.swiftpm/xcode
builtin-SwiftPerFileCompile LegacyTriviaBehavior.swift
SwiftCompile normal arm64 Compiling\ SyntaxProtocol+Convenience.swift /Users/admin/builder/spi-builder-workspace/Sources/SwiftFormatCore/SyntaxProtocol+Convenience.swift (in target 'SwiftFormatCore' from project 'swift-format')
SwiftCompile normal arm64 /Users/admin/builder/spi-builder-workspace/Sources/SwiftFormatCore/SyntaxProtocol+Convenience.swift (in target 'SwiftFormatCore' from project 'swift-format')
cd /Users/admin/builder/spi-builder-workspace/.swiftpm/xcode
builtin-SwiftPerFileCompile SyntaxProtocol+Convenience.swift
SwiftCompile normal arm64 Compiling\ RuleState.swift /Users/admin/builder/spi-builder-workspace/Sources/SwiftFormatCore/RuleState.swift (in target 'SwiftFormatCore' from project 'swift-format')
SwiftCompile normal arm64 /Users/admin/builder/spi-builder-workspace/Sources/SwiftFormatCore/RuleState.swift (in target 'SwiftFormatCore' from project 'swift-format')
cd /Users/admin/builder/spi-builder-workspace/.swiftpm/xcode
builtin-SwiftPerFileCompile RuleState.swift
SwiftEmitModule normal arm64_32 Emitting\ module\ for\ SwiftFormatCore (in target 'SwiftFormatCore' from project 'swift-format')
SwiftCompile normal arm64_32 (in target 'SwiftFormatCore' from project 'swift-format')
cd /Users/admin/builder/spi-builder-workspace/.swiftpm/xcode
SwiftEmitModule normal arm64_32 Emitting\ module\ for\ SwiftSyntax (in target 'SwiftSyntax' from project 'swift-syntax')
SwiftCompile normal arm64_32 (in target 'SwiftSyntax' from project 'swift-syntax')
cd /Users/admin/builder/spi-builder-workspace/.swiftpm/xcode
PruneExplicitPrecompiledModules /Users/admin/builder/spi-builder-workspace/.derivedData/Build/Intermediates.noindex/SwiftExplicitPrecompiledModules
PruneExplicitPrecompiledModules /Users/admin/builder/spi-builder-workspace/.derivedData/Build/Intermediates.noindex/ExplicitPrecompiledModules
PruneExplicitPrecompiledModules /Users/admin/builder/spi-builder-workspace/.derivedData/SDKExplicitPrecompiledModules
2026-09-19 22:08:20.759 xcodebuild[1449:8397] [MT] IDERunDestination: Supported platforms for the buildables in the current scheme is empty.
** BUILD FAILED **
The following build commands failed:
SwiftCompile normal arm64 /Users/admin/builder/spi-builder-workspace/Sources/SwiftFormatCore/Finding+Convenience.swift (in target 'SwiftFormatCore' from project 'swift-format')
SwiftCompile normal arm64 Compiling\ Context.swift,\ Finding+Convenience.swift /Users/admin/builder/spi-builder-workspace/Sources/SwiftFormatCore/Context.swift /Users/admin/builder/spi-builder-workspace/Sources/SwiftFormatCore/Finding+Convenience.swift (in target 'SwiftFormatCore' from project 'swift-format')
Building workspace swift-format with scheme swift-format-Package
(3 failures)
BUILD FAILURE 6.4 watchOS