Build Information
Failed to build AlloySDK, reference main (24909f), with Swift 6.1 for watchOS using Xcode 16.3 on 12 Aug 2026 19:13:45 UTC.
Build Command
No build command. This typically means the build failed at an early stage where we determine the build command.Build Log
========================================
RunAll
========================================
Builder version: undefined version: run 'make version' to update
Interrupt handler set up.
========================================
Checkout
========================================
Clone URL: https://github.com/alloy-ch/rcplus-alloy-ios-sdk-spm.git
Reference: main
Initialized empty Git repository in /Users/admin/builder/spi-builder-workspace/.git/
From https://github.com/alloy-ch/rcplus-alloy-ios-sdk-spm
* branch main -> FETCH_HEAD
* [new branch] main -> origin/main
HEAD is now at 24909fb Release v0.2.0
Cloned https://github.com/alloy-ch/rcplus-alloy-ios-sdk-spm.git
Revision (git rev-parse @):
24909fb7503436ee532e34194f885c918e97cf33
SUCCESS checkout https://github.com/alloy-ch/rcplus-alloy-ios-sdk-spm.git at main
========================================
Build
========================================
Selected platform: watchOS
Swift version: 6.1
Building package at path: $PWD
https://github.com/alloy-ch/rcplus-alloy-ios-sdk-spm.git
https://github.com/alloy-ch/rcplus-alloy-ios-sdk-spm.git
{
"dependencies" : [
],
"manifest_display_name" : "AlloySDK",
"name" : "AlloySDK",
"path" : "/Users/admin/builder/spi-builder-workspace",
"platforms" : [
{
"name" : "ios",
"version" : "14.0"
}
],
"products" : [
{
"name" : "AlloySDK",
"targets" : [
"AlloyTarget"
],
"type" : {
"library" : [
"automatic"
]
}
}
],
"swift_languages_versions" : [
"5"
],
"targets" : [
{
"c99name" : "AlloyTarget",
"module_type" : "SwiftTarget",
"name" : "AlloyTarget",
"path" : "Sources",
"product_memberships" : [
"AlloySDK"
],
"sources" : [
"placeholder.swift"
],
"target_dependencies" : [
"AlloySDK"
],
"type" : "library"
},
{
"c99name" : "AlloySDK",
"module_type" : "BinaryTarget",
"name" : "AlloySDK",
"path" : "remote/archive/Alloy-0.2.0.xcframework.zip",
"product_memberships" : [
"AlloySDK"
],
"sources" : [
],
"type" : "binary"
}
],
"tools_version" : "5.10"
}
Command line invocation:
/Applications/Xcode-16.3.0.app/Contents/Developer/usr/bin/xcodebuild -IDEClonedSourcePackagesDirPathOverride=/Users/admin/builder/spi-builder-workspace/.dependencies -resolvePackageDependencies
Resolve Package Graph
failed downloading 'https://github.com/alloy-ch/rcplus-alloy-ios-sdk-spm/releases/download/v0.2.0/Alloy-0.2.0.xcframework.zip' which is required by binary target 'AlloySDK': /Users/admin/Library/Caches/org.swift.swiftpm/artifacts/https___github_com_alloy_ch_rcplus_alloy_ios_sdk_spm_releases_download_v0_2_0_Alloy_0_2_0_xcframework_zip already exists in file systemfatalError
Resolve Package Graph
failed downloading 'https://github.com/alloy-ch/rcplus-alloy-ios-sdk-spm/releases/download/v0.2.0/Alloy-0.2.0.xcframework.zip' which is required by binary target 'AlloySDK': /Users/admin/Library/Caches/org.swift.swiftpm/artifacts/https___github_com_alloy_ch_rcplus_alloy_ios_sdk_spm_releases_download_v0_2_0_Alloy_0_2_0_xcframework_zip already exists in file systemfatalError
Resolved source packages:
spi-builder-workspace: (null)
2026-08-12 12:13:43.801 xcodebuild[526:2968] Writing error result bundle to /var/folders/5k/5yc19ymj0jqd5v0zvgfqz0xw0000gn/T/ResultBundle_2026-12-08_12-13-0043.xcresult
xcodebuild: error: Could not resolve package dependencies:
failed downloading 'https://github.com/alloy-ch/rcplus-alloy-ios-sdk-spm/releases/download/v0.2.0/Alloy-0.2.0.xcframework.zip' which is required by binary target 'AlloySDK': /Users/admin/Library/Caches/org.swift.swiftpm/artifacts/https___github_com_alloy_ch_rcplus_alloy_ios_sdk_spm_releases_download_v0_2_0_Alloy_0_2_0_xcframework_zip already exists in file system
fatalError
Command line invocation:
/Applications/Xcode-16.3.0.app/Contents/Developer/usr/bin/xcodebuild -IDEClonedSourcePackagesDirPathOverride=/Users/admin/builder/spi-builder-workspace/.dependencies -resolvePackageDependencies
Resolve Package Graph
failed downloading 'https://github.com/alloy-ch/rcplus-alloy-ios-sdk-spm/releases/download/v0.2.0/Alloy-0.2.0.xcframework.zip' which is required by binary target 'AlloySDK': downloadError("Could not connect to the server.")fatalError
Resolved source packages:
spi-builder-workspace: (null)
2026-08-12 12:13:44.965 xcodebuild[691:3895] Writing error result bundle to /var/folders/5k/5yc19ymj0jqd5v0zvgfqz0xw0000gn/T/ResultBundle_2026-12-08_12-13-0044.xcresult
xcodebuild: error: Could not resolve package dependencies:
failed downloading 'https://github.com/alloy-ch/rcplus-alloy-ios-sdk-spm/releases/download/v0.2.0/Alloy-0.2.0.xcframework.zip' which is required by binary target 'AlloySDK': downloadError("Could not connect to the server.")
fatalError
BUILD FAILURE 6.1 watchOS