The Swift Package Index logo.Swift Package Index

Build Information

Failed to build VDAnimation, reference 2.5.1 (f5818e), with Swift 6.4 for watchOS using Xcode 27.0 on 24 Sep 2026 16:39:16 UTC.

Build Command

env DEVELOPER_DIR=/Applications/Xcode-27.0.0-Release.Candidate.app xcrun xcodebuild -IDEClonedSourcePackagesDirPathOverride=$PWD/.dependencies -skipMacroValidation -skipPackagePluginValidation -derivedDataPath $PWD/.derivedData build -scheme VDAnimation -destination generic/platform=watchOS

Build Log

SwiftDriverJobDiscovery normal arm64 Compiling VDAnimationMacrosPlugin.swift (in target 'VDAnimationMacros' from project 'VDAnimation')
SwiftDriverJobDiscovery normal arm64 Compiling StringError.swift (in target 'VDAnimationMacros' from project 'VDAnimation')
SwiftDriverJobDiscovery normal arm64 Compiling Tweenable.swift (in target 'VDAnimationMacros' from project 'VDAnimation')
SwiftDriverJobDiscovery normal arm64 Compiling SyntaxExt.swift (in target 'VDAnimationMacros' from project 'VDAnimation')
SwiftDriver\ Compilation VDAnimationMacros normal arm64 com.apple.xcode.tools.swift.compiler (in target 'VDAnimationMacros' from project 'VDAnimation')
    cd /Users/admin/builder/spi-builder-workspace/.swiftpm/xcode
    builtin-Swift-Compilation -- /Applications/Xcode-27.0.0-Release.Candidate.app/Contents/Developer/Toolchains/XcodeDefault.xctoolchain/usr/bin/swiftc -parse-as-library -module-name VDAnimationMacros -Onone @/Users/admin/builder/spi-builder-workspace/.derivedData/Build/Intermediates.noindex/VDAnimation.build/Debug/VDAnimationMacros-t.build/Objects-normal/arm64/VDAnimationMacros.SwiftFileList -DSWIFT_PACKAGE -DDEBUG -Xcc -fmodule-map-file\=/Users/admin/builder/spi-builder-workspace/.dependencies/checkouts/swift-syntax/Sources/_SwiftSyntaxCShims/include/module.modulemap -DXcode -plugin-path /Applications/Xcode-27.0.0-Release.Candidate.app/Contents/Developer/Toolchains/XcodeDefault.xctoolchain/usr/lib/swift/host/plugins/testing -enable-experimental-feature DebugDescriptionMacro -sdk /Applications/Xcode-27.0.0-Release.Candidate.app/Contents/Developer/Platforms/MacOSX.platform/Developer/SDKs/MacOSX27.0.sdk -target arm64-apple-macos12.0 -g -module-cache-path /Users/admin/builder/spi-builder-workspace/.derivedData/ModuleCache.noindex -Xfrontend -serialize-debugging-options -profile-coverage-mapping -profile-generate -enable-testing -index-store-path /Users/admin/builder/spi-builder-workspace/.derivedData/Index.noindex/DataStore -Xcc -D_LIBCPP_HARDENING_MODE\=_LIBCPP_HARDENING_MODE_DEBUG -swift-version 5 -I /Users/admin/builder/spi-builder-workspace/.derivedData/Build/Products/Debug -Isystem /Applications/Xcode-27.0.0-Release.Candidate.app/Contents/Developer/Platforms/MacOSX.platform/Developer/usr/lib -F /Users/admin/builder/spi-builder-workspace/.derivedData/Build/Products/Debug/PackageFrameworks -F /Users/admin/builder/spi-builder-workspace/.derivedData/Build/Products/Debug -F /Applications/Xcode-27.0.0-Release.Candidate.app/Contents/Developer/Platforms/MacOSX.platform/Developer/Library/Frameworks -c -j10 -enable-batch-mode -incremental -Xcc -ivfsstatcache -Xcc /Users/admin/builder/spi-builder-workspace/.derivedData/SDKStatCaches.noindex/macosx27.0-26A425-e829b21a6f8c9b70876ba0858053c0446a22442a12e9d48fe1a705f55a1adfc4.sdkstatcache -output-file-map /Users/admin/builder/spi-builder-workspace/.derivedData/Build/Intermediates.noindex/VDAnimation.build/Debug/VDAnimationMacros-t.build/Objects-normal/arm64/VDAnimationMacros-OutputFileMap.json -save-temps -no-color-diagnostics -explicit-module-build -module-cache-path /Users/admin/builder/spi-builder-workspace/.derivedData/Build/Intermediates.noindex/SwiftExplicitPrecompiledModules -clang-scanner-module-cache-path /Users/admin/builder/spi-builder-workspace/.derivedData/ModuleCache.noindex -sdk-module-cache-path /Users/admin/builder/spi-builder-workspace/.derivedData/SDKExplicitPrecompiledModules -emit-dependencies -emit-module -emit-module-path /Users/admin/builder/spi-builder-workspace/.derivedData/Build/Intermediates.noindex/VDAnimation.build/Debug/VDAnimationMacros-t.build/Objects-normal/arm64/VDAnimationMacros.swiftmodule -serialize-diagnostics -dependency-scan-serialize-diagnostics-path /Users/admin/builder/spi-builder-workspace/.derivedData/Build/Intermediates.noindex/VDAnimation.build/Debug/VDAnimationMacros-t.build/Objects-normal/arm64/VDAnimationMacros-dependency-scan.dia -validate-clang-modules-once -clang-build-session-file /Users/admin/builder/spi-builder-workspace/.derivedData/ModuleCache.noindex/Session.modulevalidation -Xcc -fmodules-prune-interval\=86400 -Xcc -fmodules-prune-after\=345600 -package-name spi_builder_workspace -emit-const-values -const-gather-protocols-list /Users/admin/builder/spi-builder-workspace/.derivedData/Build/Intermediates.noindex/VDAnimation.build/Debug/VDAnimationMacros-t.build/Objects-normal/arm64/VDAnimationMacros_const_extract_protocols.json -Xcc -I/Users/admin/builder/spi-builder-workspace/.dependencies/checkouts/swift-syntax/Sources/_SwiftSyntaxCShims/include -Xcc -I/Users/admin/builder/spi-builder-workspace/.derivedData/Build/Products/Debug/include -Xcc -I/Users/admin/builder/spi-builder-workspace/.derivedData/Build/Intermediates.noindex/VDAnimation.build/Debug/VDAnimationMacros-t.build/DerivedSources-normal/arm64 -Xcc -I/Users/admin/builder/spi-builder-workspace/.derivedData/Build/Intermediates.noindex/VDAnimation.build/Debug/VDAnimationMacros-t.build/DerivedSources/arm64 -Xcc -I/Users/admin/builder/spi-builder-workspace/.derivedData/Build/Intermediates.noindex/VDAnimation.build/Debug/VDAnimationMacros-t.build/DerivedSources -Xcc -DSWIFT_PACKAGE -Xcc -DDEBUG\=1 -working-directory /Users/admin/builder/spi-builder-workspace/.swiftpm/xcode -experimental-emit-module-separately -disable-cmo
Ld /Users/admin/builder/spi-builder-workspace/.derivedData/Build/Products/Debug/VDAnimationMacros normal (in target 'VDAnimationMacros' from project 'VDAnimation')
    cd /Users/admin/builder/spi-builder-workspace
    /Applications/Xcode-27.0.0-Release.Candidate.app/Contents/Developer/Toolchains/XcodeDefault.xctoolchain/usr/bin/swiftc -Xlinker -reproducible -target arm64-apple-macos12.0 -emit-executable -sdk /Applications/Xcode-27.0.0-Release.Candidate.app/Contents/Developer/Platforms/MacOSX.platform/Developer/SDKs/MacOSX27.0.sdk -Xlinker -no_warn_duplicate_libraries -L/Users/admin/builder/spi-builder-workspace/.derivedData/Build/Intermediates.noindex/EagerLinkingTBDs/Debug -L/Users/admin/builder/spi-builder-workspace/.derivedData/Build/Products/Debug -L/Applications/Xcode-27.0.0-Release.Candidate.app/Contents/Developer/Platforms/MacOSX.platform/Developer/usr/lib -F/Users/admin/builder/spi-builder-workspace/.derivedData/Build/Intermediates.noindex/EagerLinkingTBDs/Debug -F/Users/admin/builder/spi-builder-workspace/.derivedData/Build/Products/Debug/PackageFrameworks -F/Users/admin/builder/spi-builder-workspace/.derivedData/Build/Products/Debug -Fsystem /Applications/Xcode-27.0.0-Release.Candidate.app/Contents/Developer/Platforms/MacOSX.platform/Developer/Library/Frameworks @/Users/admin/builder/spi-builder-workspace/.derivedData/Build/Intermediates.noindex/VDAnimation.build/Debug/VDAnimationMacros-t.build/Objects-normal/arm64/VDAnimationMacros.LinkFileList -Xlinker -rpath -Xlinker /usr/lib/swift -Xlinker -rpath -Xlinker @loader_path -Xlinker -rpath -Xlinker /Users/admin/builder/spi-builder-workspace/.derivedData/Build/Products/Debug/PackageFrameworks -Xlinker -object_path_lto -Xlinker /Users/admin/builder/spi-builder-workspace/.derivedData/Build/Intermediates.noindex/VDAnimation.build/Debug/VDAnimationMacros-t.build/Objects-normal/arm64/VDAnimationMacros_lto.o -Xclang-linker -rdynamic -Xlinker -no_deduplicate -Xlinker -debug_variant -Xlinker -dependency_info -Xlinker /Users/admin/builder/spi-builder-workspace/.derivedData/Build/Intermediates.noindex/VDAnimation.build/Debug/VDAnimationMacros-t.build/Objects-normal/arm64/VDAnimationMacros_dependency_info.dat -link-objc-runtime -profile-generate -L/Applications/Xcode-27.0.0-Release.Candidate.app/Contents/Developer/Toolchains/XcodeDefault.xctoolchain/usr/lib/swift/macosx -L/usr/lib/swift -Xlinker -add_ast_path -Xlinker /Users/admin/builder/spi-builder-workspace/.derivedData/Build/Intermediates.noindex/VDAnimation.build/Debug/VDAnimationMacros-t.build/Objects-normal/arm64/VDAnimationMacros.swiftmodule -o /Users/admin/builder/spi-builder-workspace/.derivedData/Build/Products/Debug/VDAnimationMacros -no-stdlib-rpath
RegisterExecutionPolicyException /Users/admin/builder/spi-builder-workspace/.derivedData/Build/Products/Debug/VDAnimationMacros (in target 'VDAnimationMacros' from project 'VDAnimation')
    cd /Users/admin/builder/spi-builder-workspace
    builtin-RegisterExecutionPolicyException /Users/admin/builder/spi-builder-workspace/.derivedData/Build/Products/Debug/VDAnimationMacros
SwiftDriver VDAnimation normal arm64_32 com.apple.xcode.tools.swift.compiler (in target 'VDAnimation' from project 'VDAnimation')
    cd /Users/admin/builder/spi-builder-workspace/.swiftpm/xcode
    builtin-SwiftDriver -- /Applications/Xcode-27.0.0-Release.Candidate.app/Contents/Developer/Toolchains/XcodeDefault.xctoolchain/usr/bin/swiftc -parse-as-library -module-name VDAnimation -Onone @/Users/admin/builder/spi-builder-workspace/.derivedData/Build/Intermediates.noindex/VDAnimation.build/Debug-watchos/VDAnimation-t.build/Objects-normal/arm64_32/VDAnimation.SwiftFileList -DSWIFT_PACKAGE -DDEBUG -DSWIFT_MODULE_RESOURCE_BUNDLE_UNAVAILABLE -DXcode -plugin-path /Applications/Xcode-27.0.0-Release.Candidate.app/Contents/Developer/Toolchains/XcodeDefault.xctoolchain/usr/lib/swift/host/plugins/testing -enable-experimental-feature DebugDescriptionMacro -sdk /Applications/Xcode-27.0.0-Release.Candidate.app/Contents/Developer/Platforms/WatchOS.platform/Developer/SDKs/WatchOS27.0.sdk -target arm64_32-apple-watchos9.0 -g -module-cache-path /Users/admin/builder/spi-builder-workspace/.derivedData/ModuleCache.noindex -Xfrontend -serialize-debugging-options -profile-coverage-mapping -profile-generate -enable-testing -index-store-path /Users/admin/builder/spi-builder-workspace/.derivedData/Index.noindex/DataStore -Xcc -D_LIBCPP_HARDENING_MODE\=_LIBCPP_HARDENING_MODE_DEBUG -swift-version 5 -I /Users/admin/builder/spi-builder-workspace/.derivedData/Build/Products/Debug-watchos -Isystem /Applications/Xcode-27.0.0-Release.Candidate.app/Contents/Developer/Platforms/WatchOS.platform/Developer/usr/lib -F /Users/admin/builder/spi-builder-workspace/.derivedData/Build/Products/Debug-watchos -F /Applications/Xcode-27.0.0-Release.Candidate.app/Contents/Developer/Platforms/WatchOS.platform/Developer/Library/Frameworks -F /Applications/Xcode-27.0.0-Release.Candidate.app/Contents/Developer/Platforms/WatchOS.platform/Developer/SDKs/WatchOS27.0.sdk/Developer/Library/Frameworks -Xfrontend -load-plugin-executable -Xfrontend /Users/admin/builder/spi-builder-workspace/.derivedData/Build/Products/Debug/VDAnimationMacros\#VDAnimationMacros -c -j10 -enable-batch-mode -incremental -Xcc -ivfsstatcache -Xcc /Users/admin/builder/spi-builder-workspace/.derivedData/SDKStatCaches.noindex/watchos27.0-24R360-e829b21a6f8c9b70876ba0858053c04477534ef55a1706bf4c1112bbb242f0a2.sdkstatcache -output-file-map /Users/admin/builder/spi-builder-workspace/.derivedData/Build/Intermediates.noindex/VDAnimation.build/Debug-watchos/VDAnimation-t.build/Objects-normal/arm64_32/VDAnimation-OutputFileMap.json -save-temps -no-color-diagnostics -explicit-module-build -module-cache-path /Users/admin/builder/spi-builder-workspace/.derivedData/Build/Intermediates.noindex/SwiftExplicitPrecompiledModules -clang-scanner-module-cache-path /Users/admin/builder/spi-builder-workspace/.derivedData/ModuleCache.noindex -sdk-module-cache-path /Users/admin/builder/spi-builder-workspace/.derivedData/SDKExplicitPrecompiledModules -emit-dependencies -emit-module -emit-module-path /Users/admin/builder/spi-builder-workspace/.derivedData/Build/Intermediates.noindex/VDAnimation.build/Debug-watchos/VDAnimation-t.build/Objects-normal/arm64_32/VDAnimation.swiftmodule -serialize-diagnostics -dependency-scan-serialize-diagnostics-path /Users/admin/builder/spi-builder-workspace/.derivedData/Build/Intermediates.noindex/VDAnimation.build/Debug-watchos/VDAnimation-t.build/Objects-normal/arm64_32/VDAnimation-dependency-scan.dia -validate-clang-modules-once -clang-build-session-file /Users/admin/builder/spi-builder-workspace/.derivedData/ModuleCache.noindex/Session.modulevalidation -Xcc -fmodules-prune-interval\=86400 -Xcc -fmodules-prune-after\=345600 -package-name spi_builder_workspace -emit-const-values -const-gather-protocols-list /Users/admin/builder/spi-builder-workspace/.derivedData/Build/Intermediates.noindex/VDAnimation.build/Debug-watchos/VDAnimation-t.build/Objects-normal/arm64_32/VDAnimation_const_extract_protocols.json -Xcc -I/Users/admin/builder/spi-builder-workspace/.derivedData/Build/Products/Debug-watchos/include -Xcc -I/Users/admin/builder/spi-builder-workspace/.derivedData/Build/Intermediates.noindex/VDAnimation.build/Debug-watchos/VDAnimation-t.build/DerivedSources-normal/arm64_32 -Xcc -I/Users/admin/builder/spi-builder-workspace/.derivedData/Build/Intermediates.noindex/VDAnimation.build/Debug-watchos/VDAnimation-t.build/DerivedSources/arm64_32 -Xcc -I/Users/admin/builder/spi-builder-workspace/.derivedData/Build/Intermediates.noindex/VDAnimation.build/Debug-watchos/VDAnimation-t.build/DerivedSources -Xcc -DSWIFT_PACKAGE -Xcc -DDEBUG\=1 -emit-objc-header -emit-objc-header-path /Users/admin/builder/spi-builder-workspace/.derivedData/Build/Intermediates.noindex/VDAnimation.build/Debug-watchos/VDAnimation-t.build/Objects-normal/arm64_32/VDAnimation-Swift.h -working-directory /Users/admin/builder/spi-builder-workspace/.swiftpm/xcode -experimental-emit-module-separately -disable-cmo
SwiftDriver VDAnimation normal arm64 com.apple.xcode.tools.swift.compiler (in target 'VDAnimation' from project 'VDAnimation')
    cd /Users/admin/builder/spi-builder-workspace/.swiftpm/xcode
    builtin-SwiftDriver -- /Applications/Xcode-27.0.0-Release.Candidate.app/Contents/Developer/Toolchains/XcodeDefault.xctoolchain/usr/bin/swiftc -parse-as-library -module-name VDAnimation -Onone @/Users/admin/builder/spi-builder-workspace/.derivedData/Build/Intermediates.noindex/VDAnimation.build/Debug-watchos/VDAnimation-t.build/Objects-normal/arm64/VDAnimation.SwiftFileList -DSWIFT_PACKAGE -DDEBUG -DSWIFT_MODULE_RESOURCE_BUNDLE_UNAVAILABLE -DXcode -plugin-path /Applications/Xcode-27.0.0-Release.Candidate.app/Contents/Developer/Toolchains/XcodeDefault.xctoolchain/usr/lib/swift/host/plugins/testing -enable-experimental-feature DebugDescriptionMacro -sdk /Applications/Xcode-27.0.0-Release.Candidate.app/Contents/Developer/Platforms/WatchOS.platform/Developer/SDKs/WatchOS27.0.sdk -target arm64-apple-watchos9.0 -g -module-cache-path /Users/admin/builder/spi-builder-workspace/.derivedData/ModuleCache.noindex -Xfrontend -serialize-debugging-options -profile-coverage-mapping -profile-generate -enable-testing -index-store-path /Users/admin/builder/spi-builder-workspace/.derivedData/Index.noindex/DataStore -Xcc -D_LIBCPP_HARDENING_MODE\=_LIBCPP_HARDENING_MODE_DEBUG -swift-version 5 -I /Users/admin/builder/spi-builder-workspace/.derivedData/Build/Products/Debug-watchos -Isystem /Applications/Xcode-27.0.0-Release.Candidate.app/Contents/Developer/Platforms/WatchOS.platform/Developer/usr/lib -F /Users/admin/builder/spi-builder-workspace/.derivedData/Build/Products/Debug-watchos -F /Applications/Xcode-27.0.0-Release.Candidate.app/Contents/Developer/Platforms/WatchOS.platform/Developer/Library/Frameworks -F /Applications/Xcode-27.0.0-Release.Candidate.app/Contents/Developer/Platforms/WatchOS.platform/Developer/SDKs/WatchOS27.0.sdk/Developer/Library/Frameworks -Xfrontend -load-plugin-executable -Xfrontend /Users/admin/builder/spi-builder-workspace/.derivedData/Build/Products/Debug/VDAnimationMacros\#VDAnimationMacros -c -j10 -enable-batch-mode -incremental -Xcc -ivfsstatcache -Xcc /Users/admin/builder/spi-builder-workspace/.derivedData/SDKStatCaches.noindex/watchos27.0-24R360-e829b21a6f8c9b70876ba0858053c04477534ef55a1706bf4c1112bbb242f0a2.sdkstatcache -output-file-map /Users/admin/builder/spi-builder-workspace/.derivedData/Build/Intermediates.noindex/VDAnimation.build/Debug-watchos/VDAnimation-t.build/Objects-normal/arm64/VDAnimation-OutputFileMap.json -save-temps -no-color-diagnostics -explicit-module-build -module-cache-path /Users/admin/builder/spi-builder-workspace/.derivedData/Build/Intermediates.noindex/SwiftExplicitPrecompiledModules -clang-scanner-module-cache-path /Users/admin/builder/spi-builder-workspace/.derivedData/ModuleCache.noindex -sdk-module-cache-path /Users/admin/builder/spi-builder-workspace/.derivedData/SDKExplicitPrecompiledModules -emit-dependencies -emit-module -emit-module-path /Users/admin/builder/spi-builder-workspace/.derivedData/Build/Intermediates.noindex/VDAnimation.build/Debug-watchos/VDAnimation-t.build/Objects-normal/arm64/VDAnimation.swiftmodule -serialize-diagnostics -dependency-scan-serialize-diagnostics-path /Users/admin/builder/spi-builder-workspace/.derivedData/Build/Intermediates.noindex/VDAnimation.build/Debug-watchos/VDAnimation-t.build/Objects-normal/arm64/VDAnimation-dependency-scan.dia -validate-clang-modules-once -clang-build-session-file /Users/admin/builder/spi-builder-workspace/.derivedData/ModuleCache.noindex/Session.modulevalidation -Xcc -fmodules-prune-interval\=86400 -Xcc -fmodules-prune-after\=345600 -package-name spi_builder_workspace -emit-const-values -const-gather-protocols-list /Users/admin/builder/spi-builder-workspace/.derivedData/Build/Intermediates.noindex/VDAnimation.build/Debug-watchos/VDAnimation-t.build/Objects-normal/arm64/VDAnimation_const_extract_protocols.json -Xcc -I/Users/admin/builder/spi-builder-workspace/.derivedData/Build/Products/Debug-watchos/include -Xcc -I/Users/admin/builder/spi-builder-workspace/.derivedData/Build/Intermediates.noindex/VDAnimation.build/Debug-watchos/VDAnimation-t.build/DerivedSources-normal/arm64 -Xcc -I/Users/admin/builder/spi-builder-workspace/.derivedData/Build/Intermediates.noindex/VDAnimation.build/Debug-watchos/VDAnimation-t.build/DerivedSources/arm64 -Xcc -I/Users/admin/builder/spi-builder-workspace/.derivedData/Build/Intermediates.noindex/VDAnimation.build/Debug-watchos/VDAnimation-t.build/DerivedSources -Xcc -DSWIFT_PACKAGE -Xcc -DDEBUG\=1 -emit-objc-header -emit-objc-header-path /Users/admin/builder/spi-builder-workspace/.derivedData/Build/Intermediates.noindex/VDAnimation.build/Debug-watchos/VDAnimation-t.build/Objects-normal/arm64/VDAnimation-Swift.h -working-directory /Users/admin/builder/spi-builder-workspace/.swiftpm/xcode -experimental-emit-module-separately -disable-cmo
SwiftExplicitDependencyGeneratePcm arm64_32 /Users/admin/builder/spi-builder-workspace/.derivedData/SDKExplicitPrecompiledModules/ptrauth-BFXF358ME5AK535N5A9Z766WU.pcm
SwiftExplicitDependencyGeneratePcm arm64_32 /Users/admin/builder/spi-builder-workspace/.derivedData/SDKExplicitPrecompiledModules/_Builtin_stdbool-A967K8W8YUYEC9SN52KJ7OO88.pcm
SwiftExplicitDependencyGeneratePcm arm64_32 /Users/admin/builder/spi-builder-workspace/.derivedData/SDKExplicitPrecompiledModules/_Builtin_float-6KO8O3PEWRCA4WC6PPLOYO6WJ.pcm
SwiftExplicitDependencyGeneratePcm arm64_32 /Users/admin/builder/spi-builder-workspace/.derivedData/SDKExplicitPrecompiledModules/SwiftShims-9CQQGWTSNTN9EB5NSHDWUJICH.pcm
SwiftExplicitDependencyGeneratePcm arm64_32 /Users/admin/builder/spi-builder-workspace/.derivedData/SDKExplicitPrecompiledModules/_Builtin_stdarg-D305JG44A2WPI6CJY37X3QJE8.pcm
SwiftExplicitDependencyGeneratePcm arm64_32 /Users/admin/builder/spi-builder-workspace/.derivedData/SDKExplicitPrecompiledModules/_SwiftConcurrencyShims-6RTBPQ03V7BM9SPRK8SUE055H.pcm
SwiftExplicitDependencyGeneratePcm arm64_32 /Users/admin/builder/spi-builder-workspace/.derivedData/SDKExplicitPrecompiledModules/_AvailabilityInternal-244WAN3Z1QBT7PIA64EZEFY1R.pcm
SwiftExplicitDependencyGeneratePcm arm64_32 /Users/admin/builder/spi-builder-workspace/.derivedData/SDKExplicitPrecompiledModules/_Builtin_stddef-H44EFHQX6XSS5MZ7QP6YJZ76.pcm
SwiftExplicitDependencyGeneratePcm arm64_32 /Users/admin/builder/spi-builder-workspace/.derivedData/SDKExplicitPrecompiledModules/DeveloperToolsSupport-DZU5G1OCMNWU0AQRULIFHUJ1Z.pcm
SwiftExplicitDependencyGeneratePcm arm64_32 /Users/admin/builder/spi-builder-workspace/.derivedData/SDKExplicitPrecompiledModules/ptrcheck-7ELIH9BTIGVKX3UBITM9N72WD.pcm
SwiftExplicitDependencyGeneratePcm arm64 /Users/admin/builder/spi-builder-workspace/.derivedData/SDKExplicitPrecompiledModules/_AvailabilityInternal-BUNV3UXM65NT37THI4W1AM0SF.pcm
SwiftExplicitDependencyGeneratePcm arm64 /Users/admin/builder/spi-builder-workspace/.derivedData/SDKExplicitPrecompiledModules/SwiftShims-4MXFZPV6FEB0XBYXCGPWAMQGL.pcm
SwiftExplicitDependencyGeneratePcm arm64 /Users/admin/builder/spi-builder-workspace/.derivedData/SDKExplicitPrecompiledModules/ptrcheck-AIF0NDOYZ8ORBNHQAQR5NNB8M.pcm
SwiftExplicitDependencyGeneratePcm arm64 /Users/admin/builder/spi-builder-workspace/.derivedData/SDKExplicitPrecompiledModules/_Builtin_stdbool-83J96QSOFE9VX04AAS6310UAE.pcm
SwiftExplicitDependencyGeneratePcm arm64 /Users/admin/builder/spi-builder-workspace/.derivedData/SDKExplicitPrecompiledModules/_Builtin_stddef-1FU30Y8SWFB7OUUHMJQH5J6FM.pcm
SwiftExplicitDependencyGeneratePcm arm64 /Users/admin/builder/spi-builder-workspace/.derivedData/SDKExplicitPrecompiledModules/ptrauth-3TZ9WJCGLYD25HQPWH4968ONX.pcm
SwiftExplicitDependencyGeneratePcm arm64 /Users/admin/builder/spi-builder-workspace/.derivedData/SDKExplicitPrecompiledModules/DeveloperToolsSupport-E7CNISCB36UE8XQ9IOHK9XDX1.pcm
SwiftExplicitDependencyGeneratePcm arm64 /Users/admin/builder/spi-builder-workspace/.derivedData/SDKExplicitPrecompiledModules/_Builtin_float-C0CW5Q4HGBQYKE77TC42IAFB5.pcm
SwiftExplicitDependencyGeneratePcm arm64 /Users/admin/builder/spi-builder-workspace/.derivedData/SDKExplicitPrecompiledModules/_SwiftConcurrencyShims-659N52XSKR5F0QSB880BH2FJR.pcm
SwiftExplicitDependencyGeneratePcm arm64 /Users/admin/builder/spi-builder-workspace/.derivedData/SDKExplicitPrecompiledModules/_Builtin_stdarg-A7UU8LE6MP85SM26YO7PBZNUQ.pcm
SwiftExplicitDependencyGeneratePcm arm64_32 /Users/admin/builder/spi-builder-workspace/.derivedData/SDKExplicitPrecompiledModules/_DarwinFoundation1-2GWF9RFMPLQW4PDHS3NARVI3G.pcm
SwiftExplicitDependencyGeneratePcm arm64 /Users/admin/builder/spi-builder-workspace/.derivedData/SDKExplicitPrecompiledModules/_DarwinFoundation1-7SPX3MD0HMP55E4OLNCPNDQ53.pcm
SwiftExplicitDependencyGeneratePcm arm64_32 /Users/admin/builder/spi-builder-workspace/.derivedData/SDKExplicitPrecompiledModules/_Builtin_limits-3VKBU2AFTD65PAJZ5CJ3LHFM2.pcm
SwiftExplicitDependencyGeneratePcm arm64_32 /Users/admin/builder/spi-builder-workspace/.derivedData/SDKExplicitPrecompiledModules/_DarwinFoundation2-9MY8GOSYRO0M9MKNXF6D3MBNK.pcm
SwiftExplicitDependencyGeneratePcm arm64 /Users/admin/builder/spi-builder-workspace/.derivedData/SDKExplicitPrecompiledModules/_DarwinFoundation2-D0XAPJU49S5E9XMKYOFGSTB1Q.pcm
SwiftExplicitDependencyGeneratePcm arm64 /Users/admin/builder/spi-builder-workspace/.derivedData/SDKExplicitPrecompiledModules/_Builtin_limits-9GWPA2B0H20DYUNYHYCWKABJG.pcm
SwiftExplicitDependencyGeneratePcm arm64_32 /Users/admin/builder/spi-builder-workspace/.derivedData/SDKExplicitPrecompiledModules/_Builtin_stdint-1HMXWI3V0V4TXHRWZOMZGZ80Y.pcm
SwiftExplicitDependencyGeneratePcm arm64_32 /Users/admin/builder/spi-builder-workspace/.derivedData/SDKExplicitPrecompiledModules/sys_types-8TLLMW08ZJWDGIIPKOYFGHHZW.pcm
SwiftExplicitDependencyGeneratePcm arm64_32 /Users/admin/builder/spi-builder-workspace/.derivedData/SDKExplicitPrecompiledModules/_Builtin_tgmath-23PGCKURCQILXMK0MYZRYDCOU.pcm
SwiftExplicitDependencyGeneratePcm arm64_32 /Users/admin/builder/spi-builder-workspace/.derivedData/SDKExplicitPrecompiledModules/string_h-BFVLUQUSBZWYMLCU9QI7VZALW.pcm
SwiftExplicitDependencyGeneratePcm arm64 /Users/admin/builder/spi-builder-workspace/.derivedData/SDKExplicitPrecompiledModules/string_h-E6PRXK75PHIPCZFWOFCQ3QBMK.pcm
SwiftExplicitDependencyGeneratePcm arm64 /Users/admin/builder/spi-builder-workspace/.derivedData/SDKExplicitPrecompiledModules/_Builtin_tgmath-8NQ96OZ0YHXEC24JI95P01UF8.pcm
SwiftExplicitDependencyGeneratePcm arm64 /Users/admin/builder/spi-builder-workspace/.derivedData/SDKExplicitPrecompiledModules/_Builtin_stdint-8XMILLJZEGRN2XG7XZUXZ5RLX.pcm
SwiftExplicitDependencyGeneratePcm arm64 /Users/admin/builder/spi-builder-workspace/.derivedData/SDKExplicitPrecompiledModules/sys_types-2KXQLI78OUCDP779AE68GZJ2.pcm
SwiftExplicitDependencyGeneratePcm arm64_32 /Users/admin/builder/spi-builder-workspace/.derivedData/SDKExplicitPrecompiledModules/_DarwinFoundation3-3DUTYQDQSD9HUAAVY947NMWOI.pcm
SwiftExplicitDependencyGeneratePcm arm64_32 /Users/admin/builder/spi-builder-workspace/.derivedData/SDKExplicitPrecompiledModules/_Builtin_stdatomic-1TY035TURL76BF2U98PZPPZRX.pcm
SwiftExplicitDependencyGeneratePcm arm64_32 /Users/admin/builder/spi-builder-workspace/.derivedData/SDKExplicitPrecompiledModules/_Builtin_intrinsics-196IIAKDQVU42DLOZP9OQCV76.pcm
SwiftExplicitDependencyGeneratePcm arm64 /Users/admin/builder/spi-builder-workspace/.derivedData/SDKExplicitPrecompiledModules/_Builtin_stdatomic-7JEFA3KBJJJN6TKJWY3OG1VG5.pcm
SwiftExplicitDependencyGeneratePcm arm64 /Users/admin/builder/spi-builder-workspace/.derivedData/SDKExplicitPrecompiledModules/_Builtin_intrinsics-75960HIPCIYA06IUW8FIIPQT.pcm
SwiftExplicitDependencyGeneratePcm arm64 /Users/admin/builder/spi-builder-workspace/.derivedData/SDKExplicitPrecompiledModules/_DarwinFoundation3-B97LRG0E9GON2NUE65TVG81HU.pcm
SwiftExplicitDependencyGeneratePcm arm64_32 /Users/admin/builder/spi-builder-workspace/.derivedData/SDKExplicitPrecompiledModules/_Builtin_inttypes-D2KPCR4PEX9AQA33NGLUT5SBR.pcm
SwiftExplicitDependencyGeneratePcm arm64 /Users/admin/builder/spi-builder-workspace/.derivedData/SDKExplicitPrecompiledModules/_Builtin_inttypes-3UQSCM7WNM9EK4HZML8TY5J3D.pcm
SwiftExplicitDependencyGeneratePcm arm64_32 /Users/admin/builder/spi-builder-workspace/.derivedData/SDKExplicitPrecompiledModules/Darwin-3FVT1SKLN2ZQ5RVOABMTQBB34.pcm
SwiftExplicitDependencyGeneratePcm arm64 /Users/admin/builder/spi-builder-workspace/.derivedData/SDKExplicitPrecompiledModules/Darwin-3984OXKFNSPE77NT743WK8SEX.pcm
SwiftExplicitDependencyGeneratePcm arm64_32 /Users/admin/builder/spi-builder-workspace/.derivedData/SDKExplicitPrecompiledModules/simd-21UNWYOBUZI1LVSQ99S1XBLMO.pcm
SwiftExplicitDependencyGeneratePcm arm64 /Users/admin/builder/spi-builder-workspace/.derivedData/SDKExplicitPrecompiledModules/simd-EH08NODU6574T74ZKU61VP9BW.pcm
SwiftExplicitDependencyGeneratePcm arm64 /Users/admin/builder/spi-builder-workspace/.derivedData/SDKExplicitPrecompiledModules/MachO-2U90NNSAQILBNBPS1SA4F8TYP.pcm
SwiftExplicitDependencyGeneratePcm arm64 /Users/admin/builder/spi-builder-workspace/.derivedData/SDKExplicitPrecompiledModules/ObjectiveC-72IVD3VS2RS8Q28D9PIMY0KQP.pcm
SwiftExplicitDependencyGeneratePcm arm64_32 /Users/admin/builder/spi-builder-workspace/.derivedData/SDKExplicitPrecompiledModules/MachO-56838ZJ0NC1EBAJ0O6O8QMPDX.pcm
SwiftExplicitDependencyGeneratePcm arm64_32 /Users/admin/builder/spi-builder-workspace/.derivedData/SDKExplicitPrecompiledModules/ObjectiveC-6IJNELR2E80E7LUKESVCP2KET.pcm
SwiftExplicitDependencyGeneratePcm arm64 /Users/admin/builder/spi-builder-workspace/.derivedData/SDKExplicitPrecompiledModules/os_object-3SDKD7F87FTZ26OON37DRYT6O.pcm
SwiftExplicitDependencyGeneratePcm arm64_32 /Users/admin/builder/spi-builder-workspace/.derivedData/SDKExplicitPrecompiledModules/os_object-5YWTC6L4756IWSTPGXS5NM0D0.pcm
SwiftExplicitDependencyGeneratePcm arm64 /Users/admin/builder/spi-builder-workspace/.derivedData/SDKExplicitPrecompiledModules/os_workgroup-89GG5G7YC2D0ZTK6AZXXQ20DH.pcm
SwiftExplicitDependencyGeneratePcm arm64_32 /Users/admin/builder/spi-builder-workspace/.derivedData/SDKExplicitPrecompiledModules/os_workgroup-5JHTPDMNBUNHLJI8LPHKQK1JK.pcm
SwiftExplicitDependencyGeneratePcm arm64_32 /Users/admin/builder/spi-builder-workspace/.derivedData/SDKExplicitPrecompiledModules/Spatial-CWVWNML3T0NXVHZDKVLD3X1YZ.pcm
SwiftExplicitDependencyGeneratePcm arm64 /Users/admin/builder/spi-builder-workspace/.derivedData/SDKExplicitPrecompiledModules/Spatial-44FJGYXFAT2AQAW9Z6T7YS02U.pcm
SwiftExplicitDependencyGeneratePcm arm64_32 /Users/admin/builder/spi-builder-workspace/.derivedData/SDKExplicitPrecompiledModules/Dispatch-2P62F1T4XV63S4P99TUDTOK2Q.pcm
SwiftExplicitDependencyGeneratePcm arm64 /Users/admin/builder/spi-builder-workspace/.derivedData/SDKExplicitPrecompiledModules/Dispatch-1NLJOVAK60XP0DUB05XA59EIM.pcm
SwiftExplicitDependencyGeneratePcm arm64 /Users/admin/builder/spi-builder-workspace/.derivedData/SDKExplicitPrecompiledModules/XPC-40DR0X1DHKGCV4J1IOLFS8MOU.pcm
SwiftExplicitDependencyGeneratePcm arm64 /Users/admin/builder/spi-builder-workspace/.derivedData/SDKExplicitPrecompiledModules/CoreFoundation-8T2L24YC5NU7WO6WQJWRY7W08.pcm
SwiftExplicitDependencyGeneratePcm arm64_32 /Users/admin/builder/spi-builder-workspace/.derivedData/SDKExplicitPrecompiledModules/CoreFoundation-8E6Y4BA3EXYKUGJ24GT9LGV3N.pcm
SwiftExplicitDependencyGeneratePcm arm64_32 /Users/admin/builder/spi-builder-workspace/.derivedData/SDKExplicitPrecompiledModules/XPC-81Y45QFY96XYYFCW2GT6FY8S4.pcm
SwiftExplicitDependencyGeneratePcm arm64_32 /Users/admin/builder/spi-builder-workspace/.derivedData/SDKExplicitPrecompiledModules/os-E5IGB442IA6SBB25TTCOLK2OC.pcm
SwiftExplicitDependencyGeneratePcm arm64 /Users/admin/builder/spi-builder-workspace/.derivedData/SDKExplicitPrecompiledModules/os-5DIL6Z9LFIGLMZAHM7X2T5435.pcm
SwiftExplicitDependencyGeneratePcm arm64_32 /Users/admin/builder/spi-builder-workspace/.derivedData/SDKExplicitPrecompiledModules/CoreAudioTypes-9GVB1DHA32M46R4A9NWSI3I2K.pcm
SwiftExplicitDependencyGeneratePcm arm64 /Users/admin/builder/spi-builder-workspace/.derivedData/SDKExplicitPrecompiledModules/CoreGraphics-DWNZ73GEH98SBJXZ7DEXB420K.pcm
SwiftExplicitDependencyGeneratePcm arm64 /Users/admin/builder/spi-builder-workspace/.derivedData/SDKExplicitPrecompiledModules/CoreAudioTypes-A9MF7N5LT63G21HNFVM6BT14B.pcm
SwiftExplicitDependencyGeneratePcm arm64_32 /Users/admin/builder/spi-builder-workspace/.derivedData/SDKExplicitPrecompiledModules/Security-D7TOWF88VWF67TB9HAFP5UWB1.pcm
SwiftExplicitDependencyGeneratePcm arm64 /Users/admin/builder/spi-builder-workspace/.derivedData/SDKExplicitPrecompiledModules/Security-6RZ6YBRU8WCUHRFFRVUK5WKMM.pcm
SwiftExplicitDependencyGeneratePcm arm64_32 /Users/admin/builder/spi-builder-workspace/.derivedData/SDKExplicitPrecompiledModules/CoreGraphics-9FDXYX6BKBUT6TJ2VF819E7T5.pcm
SwiftExplicitDependencyGeneratePcm arm64_32 /Users/admin/builder/spi-builder-workspace/.derivedData/SDKExplicitPrecompiledModules/CoreAudio-5W6MX6OUPWBMUR8VD5LHT1PZF.pcm
SwiftExplicitDependencyGeneratePcm arm64 /Users/admin/builder/spi-builder-workspace/.derivedData/SDKExplicitPrecompiledModules/CoreAudio-1B79RJJTP71GE6UY9WLESAN3C.pcm
SwiftExplicitDependencyGeneratePcm arm64_32 /Users/admin/builder/spi-builder-workspace/.derivedData/SDKExplicitPrecompiledModules/Foundation-BJ2VQGI3OGR34500MEQ1VKHPH.pcm
SwiftExplicitDependencyGeneratePcm arm64 /Users/admin/builder/spi-builder-workspace/.derivedData/SDKExplicitPrecompiledModules/Foundation-DLBKUSGXN8QHAT8W0OARR9S8A.pcm
SwiftExplicitDependencyGeneratePcm arm64 /Users/admin/builder/spi-builder-workspace/.derivedData/SDKExplicitPrecompiledModules/CoreVideo-8MRR5MNWUOAW2DBPGUQ8FKK4.pcm
SwiftExplicitDependencyGeneratePcm arm64 /Users/admin/builder/spi-builder-workspace/.derivedData/SDKExplicitPrecompiledModules/CoreText-970YJN6NIYGK1316L35Z0O8QT.pcm
SwiftExplicitDependencyGeneratePcm arm64_32 /Users/admin/builder/spi-builder-workspace/.derivedData/SDKExplicitPrecompiledModules/CoreText-C9X2REPZN2V5BSU4G80FCETDR.pcm
SwiftExplicitDependencyGeneratePcm arm64_32 /Users/admin/builder/spi-builder-workspace/.derivedData/SDKExplicitPrecompiledModules/CoreVideo-2P8HI0403J99LBDPKNFJ5D4DL.pcm
SwiftExplicitDependencyGeneratePcm arm64_32 /Users/admin/builder/spi-builder-workspace/.derivedData/SDKExplicitPrecompiledModules/CoreMedia-AO387T8CHWTTZODD1DGT0UAFA.pcm
SwiftExplicitDependencyGeneratePcm arm64 /Users/admin/builder/spi-builder-workspace/.derivedData/SDKExplicitPrecompiledModules/CoreMedia-1AJVCUZNAO74KIKMFVFUUHWDI.pcm
SwiftExplicitDependencyGeneratePcm arm64 /Users/admin/builder/spi-builder-workspace/.derivedData/SDKExplicitPrecompiledModules/OSLog-B7VGO357Y3GJG35TST7DKDSI3.pcm
SwiftExplicitDependencyGeneratePcm arm64 /Users/admin/builder/spi-builder-workspace/.derivedData/SDKExplicitPrecompiledModules/DataDetection-7BNVI1SZW5ISQL5SX4WL2X7I5.pcm
SwiftExplicitDependencyGeneratePcm arm64 /Users/admin/builder/spi-builder-workspace/.derivedData/SDKExplicitPrecompiledModules/Symbols-3EFABTJ9L5PQDJ7RQCYQWEJMM.pcm
SwiftExplicitDependencyGeneratePcm arm64 /Users/admin/builder/spi-builder-workspace/.derivedData/SDKExplicitPrecompiledModules/CoreTransferable-9PPG3SLJ55T4LITIFYX2M0NOZ.pcm
SwiftExplicitDependencyGeneratePcm arm64 /Users/admin/builder/spi-builder-workspace/.derivedData/SDKExplicitPrecompiledModules/QuartzCore-94KFMWNOU7ZLUZNB4T5DLZC9D.pcm
SwiftExplicitDependencyGeneratePcm arm64 /Users/admin/builder/spi-builder-workspace/.derivedData/SDKExplicitPrecompiledModules/UIUtilities-IR7RNW23VAUKYI9MLCS9NL9A.pcm
SwiftExplicitDependencyGeneratePcm arm64 /Users/admin/builder/spi-builder-workspace/.derivedData/SDKExplicitPrecompiledModules/UniformTypeIdentifiers-8L08Q8DQJV8C4AW84YVGFGTRN.pcm
SwiftExplicitDependencyGeneratePcm arm64 /Users/admin/builder/spi-builder-workspace/.derivedData/SDKExplicitPrecompiledModules/_LocationEssentials-5ZZDGDXB6HLQUC72SJW7YJ7MK.pcm
SwiftExplicitDependencyGeneratePcm arm64 /Users/admin/builder/spi-builder-workspace/.derivedData/SDKExplicitPrecompiledModules/CoreData-9JFJC4UET8BAO5IPV2JU6W9V8.pcm
SwiftExplicitDependencyGeneratePcm arm64 /Users/admin/builder/spi-builder-workspace/.derivedData/SDKExplicitPrecompiledModules/SceneKit-5HZKIL7XETTTD8TOHYPN8JKRJ.pcm
SwiftExplicitDependencyGeneratePcm arm64_32 /Users/admin/builder/spi-builder-workspace/.derivedData/SDKExplicitPrecompiledModules/DataDetection-U9BF7WHFVA6BZGFXXXP272PS.pcm
SwiftExplicitDependencyGeneratePcm arm64_32 /Users/admin/builder/spi-builder-workspace/.derivedData/SDKExplicitPrecompiledModules/UserNotifications-6TBN8TEAKO014N1T2QD926XED.pcm
SwiftExplicitDependencyGeneratePcm arm64_32 /Users/admin/builder/spi-builder-workspace/.derivedData/SDKExplicitPrecompiledModules/QuartzCore-6375NPYACK5NYVHPMC1QQ8MC2.pcm
SwiftExplicitDependencyGeneratePcm arm64_32 /Users/admin/builder/spi-builder-workspace/.derivedData/SDKExplicitPrecompiledModules/UIUtilities-9YFVNIMRC5HRVOIARNWHP1E3H.pcm
SwiftExplicitDependencyGeneratePcm arm64_32 /Users/admin/builder/spi-builder-workspace/.derivedData/SDKExplicitPrecompiledModules/Symbols-1H97WMG76HU94F5VGJR19PXFY.pcm
SwiftExplicitDependencyGeneratePcm arm64_32 /Users/admin/builder/spi-builder-workspace/.derivedData/SDKExplicitPrecompiledModules/OSLog-D9AVFY0KWO7RVBIQ73CBIJVCN.pcm
SwiftExplicitDependencyGeneratePcm arm64_32 /Users/admin/builder/spi-builder-workspace/.derivedData/SDKExplicitPrecompiledModules/SceneKit-DKNLHKM5FJBQ79LSNMSSMBUBR.pcm
SwiftExplicitDependencyGeneratePcm arm64 /Users/admin/builder/spi-builder-workspace/.derivedData/SDKExplicitPrecompiledModules/CoreLocation-ACKJ9K7ABI14F97Y46Y6SRR17.pcm
SwiftExplicitDependencyGeneratePcm arm64 /Users/admin/builder/spi-builder-workspace/.derivedData/SDKExplicitPrecompiledModules/SwiftUICore-C1DST1IX2Z0PTH5SJJZ1IULRB.pcm
SwiftExplicitDependencyGeneratePcm arm64 /Users/admin/builder/spi-builder-workspace/.derivedData/SDKExplicitPrecompiledModules/Accessibility-27QMG6ZQ1NKYTNBYFPM1XKNFC.pcm
SwiftExplicitDependencyGeneratePcm arm64_32 /Users/admin/builder/spi-builder-workspace/.derivedData/SDKExplicitPrecompiledModules/UniformTypeIdentifiers-CJZ3NTHPSBH4XWX5EVOG56UZS.pcm
SwiftExplicitDependencyGeneratePcm arm64 /Users/admin/builder/spi-builder-workspace/.derivedData/SDKExplicitPrecompiledModules/UserNotifications-ARAH8MEQ0C2L0FBO39HITJMAO.pcm
SwiftExplicitDependencyGeneratePcm arm64_32 /Users/admin/builder/spi-builder-workspace/.derivedData/SDKExplicitPrecompiledModules/Accessibility-F385OMZ5GYBUY5O4QAJB4NRII.pcm
SwiftExplicitDependencyGeneratePcm arm64_32 /Users/admin/builder/spi-builder-workspace/.derivedData/SDKExplicitPrecompiledModules/_LocationEssentials-AQ1OL9QKC3LQLY5CNSRM1HB53.pcm
SwiftExplicitDependencyGeneratePcm arm64_32 /Users/admin/builder/spi-builder-workspace/.derivedData/SDKExplicitPrecompiledModules/CoreData-7AU1AFQWUH88EAPDKVMLJPKVD.pcm
SwiftExplicitDependencyGeneratePcm arm64_32 /Users/admin/builder/spi-builder-workspace/.derivedData/SDKExplicitPrecompiledModules/CoreTransferable-5D4IR6X37682FPHJ5CBPTKQV6.pcm
SwiftExplicitDependencyGeneratePcm arm64_32 /Users/admin/builder/spi-builder-workspace/.derivedData/SDKExplicitPrecompiledModules/SwiftUICore-3Q7WLRD8MR9R3NGIPUBQCP6F6.pcm
SwiftExplicitDependencyGeneratePcm arm64 /Users/admin/builder/spi-builder-workspace/.derivedData/SDKExplicitPrecompiledModules/CoreMotion-6RD5K48QT1F4L9CATNFD2O7YB.pcm
SwiftExplicitDependencyGeneratePcm arm64_32 /Users/admin/builder/spi-builder-workspace/.derivedData/SDKExplicitPrecompiledModules/CoreLocation-8XU5YMYM4P11RQMYCQAG65ITK.pcm
SwiftExplicitDependencyGeneratePcm arm64 /Users/admin/builder/spi-builder-workspace/.derivedData/SDKExplicitPrecompiledModules/UIKit-27R3P1YMV4C6JLDT661G3MRIA.pcm
SwiftExplicitDependencyGeneratePcm arm64_32 /Users/admin/builder/spi-builder-workspace/.derivedData/SDKExplicitPrecompiledModules/CoreMotion-1XGTVTE5PP32UHME8AC63TL6.pcm
SwiftExplicitDependencyGeneratePcm arm64_32 /Users/admin/builder/spi-builder-workspace/.derivedData/SDKExplicitPrecompiledModules/UIKit-6PPV7YPZ89CZPHYAP072QH8B6.pcm
SwiftExplicitDependencyGeneratePcm arm64 /Users/admin/builder/spi-builder-workspace/.derivedData/SDKExplicitPrecompiledModules/MapKit-EJJWC7IL56MPLQMI93GJRE5OG.pcm
SwiftExplicitDependencyGeneratePcm arm64 /Users/admin/builder/spi-builder-workspace/.derivedData/SDKExplicitPrecompiledModules/HomeKit-DTS1N4AWILAL1URZ5IOXV5221.pcm
SwiftExplicitDependencyGeneratePcm arm64_32 /Users/admin/builder/spi-builder-workspace/.derivedData/SDKExplicitPrecompiledModules/MapKit-CWGB4YMP1VX1NYQN5FULFD5DR.pcm
SwiftExplicitDependencyGeneratePcm arm64_32 /Users/admin/builder/spi-builder-workspace/.derivedData/SDKExplicitPrecompiledModules/HomeKit-DUDZOMSN3UK8GNTNBNMPIWJRN.pcm
SwiftExplicitDependencyGeneratePcm arm64 /Users/admin/builder/spi-builder-workspace/.derivedData/SDKExplicitPrecompiledModules/WatchKit-3VT3K8YON6FJ6OWSUFJMFMP8J.pcm
SwiftExplicitDependencyGeneratePcm arm64_32 /Users/admin/builder/spi-builder-workspace/.derivedData/SDKExplicitPrecompiledModules/WatchKit-FHF6WTKLC2APGK3LA2XJ6516.pcm
SwiftExplicitDependencyGeneratePcm arm64 /Users/admin/builder/spi-builder-workspace/.derivedData/SDKExplicitPrecompiledModules/SwiftUI-APXDH8ULYLM6FD17YRA73TULO.pcm
SwiftEmitModule normal arm64 Emitting\ module\ for\ VDAnimation (in target 'VDAnimation' from project 'VDAnimation')
/Users/admin/builder/spi-builder-workspace/Sources/VDAnimation/Colors+Previews.swift:93:25: error: generic struct 'HStack' requires that 'UIKitGradient' conform to 'View'
 91 |                         Text("UIKit")
 92 |                             .frame(width: 70, alignment: .leading)
 93 |                         UIKitGradient(from: from, to: to)
    |                         `- error: generic struct 'HStack' requires that 'UIKitGradient' conform to 'View'
 94 |                     }
 95 |                     .frame(height: 30)
SwiftUI.TupleContent:2:11: note: requirement from conditional conformance of 'TupleContent<some View, UIKitGradient>' to 'View'
1 | @available(iOS 26.0, macOS 26.0, tvOS 26.0, watchOS 26.0, *)
2 | extension TupleContent : View where repeat each Content : View {
  |           `- note: requirement from conditional conformance of 'TupleContent<some View, UIKitGradient>' to 'View'
3 |     nonisolated public static func _makeView(view: _GraphValue<TupleContent<repeat each Content>>, inputs: _ViewInputs) -> _ViewOutputs
4 |     nonisolated public static func _makeViewList(view: _GraphValue<TupleContent<repeat each Content>>, inputs: _ViewListInputs) -> _ViewListOutputs
/Users/admin/builder/spi-builder-workspace/Sources/VDAnimation/Colors+Previews.swift:93:25: error: initializer 'init(alignment:spacing:content:)' requires that 'UIKitGradient' conform to 'View'
 91 |                         Text("UIKit")
 92 |                             .frame(width: 70, alignment: .leading)
 93 |                         UIKitGradient(from: from, to: to)
    |                         `- error: initializer 'init(alignment:spacing:content:)' requires that 'UIKitGradient' conform to 'View'
 94 |                     }
 95 |                     .frame(height: 30)
SwiftUI.TupleContent:2:11: note: requirement from conditional conformance of 'TupleContent<some View, UIKitGradient>' to 'View'
1 | @available(iOS 26.0, macOS 26.0, tvOS 26.0, watchOS 26.0, *)
2 | extension TupleContent : View where repeat each Content : View {
  |           `- note: requirement from conditional conformance of 'TupleContent<some View, UIKitGradient>' to 'View'
3 |     nonisolated public static func _makeView(view: _GraphValue<TupleContent<repeat each Content>>, inputs: _ViewInputs) -> _ViewOutputs
4 |     nonisolated public static func _makeViewList(view: _GraphValue<TupleContent<repeat each Content>>, inputs: _ViewListInputs) -> _ViewListOutputs
/Users/admin/builder/spi-builder-workspace/Sources/VDAnimation/Colors+Previews.swift:165:30: error: cannot find type 'Context' in scope
163 |     let to: DisplayP3
164 |
165 |     func makeUIView(context: Context) -> UIKitGradientView {
    |                              `- error: cannot find type 'Context' in scope
166 |         UIKitGradientView(from: from, to: to)
167 |     }
/Users/admin/builder/spi-builder-workspace/Sources/VDAnimation/Colors+Previews.swift:169:61: error: cannot find type 'Context' in scope
167 |     }
168 |
169 |     func updateUIView(_ uiView: UIKitGradientView, context: Context) {
    |                                                             `- error: cannot find type 'Context' in scope
170 |         uiView.from = from
171 |         uiView.to = to
/Users/admin/builder/spi-builder-workspace/Sources/VDAnimation/Colors+Previews.swift:160:31: error: cannot find type 'UIViewRepresentable' in scope
158 | #if canImport(UIKit)
159 |
160 | private struct UIKitGradient: UIViewRepresentable {
    |                               `- error: cannot find type 'UIViewRepresentable' in scope
161 |
162 |     let from: DisplayP3
/Users/admin/builder/spi-builder-workspace/Sources/VDAnimation/Colors+Previews.swift:176:40: error: 'UIView' is unavailable in watchOS
174 | }
175 |
176 | private final class UIKitGradientView: UIView {
    |                                        `- error: 'UIView' is unavailable in watchOS
177 |
178 |     var from: DisplayP3
/Applications/Xcode-27.0.0-Release.Candidate.app/Contents/Developer/Platforms/WatchOS.platform/Developer/SDKs/WatchOS27.0.sdk/System/Library/Frameworks/UIKit.framework/Headers/UIView.h:152:12: note: 'UIView' has been explicitly marked unavailable here
150 |
151 | UIKIT_EXTERN API_AVAILABLE(ios(2.0)) API_UNAVAILABLE(watchos) NS_SWIFT_UI_ACTOR
152 | @interface UIView : UIResponder <NSCoding, UIAppearance, UIAppearanceContainer, UIDynamicItem, UITraitEnvironment, UICoordinateSpace, UIFocusItem, UIFocusItemContainer, CALayerDelegate>
    |            `- note: 'UIView' has been explicitly marked unavailable here
153 |
154 | @property(class, nonatomic, readonly) Class layerClass;                        // default is [CALayer class]. Used when creating the underlying layer for the view.
/Users/admin/builder/spi-builder-workspace/Sources/VDAnimation/MotionFrameLink.swift:26:34: error: 'CAFrameRateRange' is unavailable in watchOS
 24 |     /// ```
 25 |     @available(iOS 15.0, macOS 14.0, tvOS 15.0, watchOS 8.0, *)
 26 |     var preferredFrameRateRange: CAFrameRateRange { get set }
    |                                  `- error: 'CAFrameRateRange' is unavailable in watchOS
 27 |
 28 |     /// Starts delivering frame callbacks.
/Applications/Xcode-27.0.0-Release.Candidate.app/Contents/Developer/Platforms/WatchOS.platform/Developer/SDKs/WatchOS27.0.sdk/System/Library/Frameworks/QuartzCore.framework/Headers/CAFrameRateRange.h:12:8: note: 'CAFrameRateRange' has been explicitly marked unavailable here
10 | #include <stdbool.h>
11 |
12 | struct CAFrameRateRange {
   |        `- note: 'CAFrameRateRange' has been explicitly marked unavailable here
13 |   float minimum;
14 |   float maximum;
/Users/admin/builder/spi-builder-workspace/Sources/VDAnimation/MotionFrameLink.swift:69:23: error: 'CADisplayLink' is unavailable in watchOS
 67 |
 68 |     private let tick: (_ timestamp: CFTimeInterval, _ targetTimestamp: CFTimeInterval) -> Void
 69 |     private var link: CADisplayLink?
    |                       `- error: 'CADisplayLink' is unavailable in watchOS
 70 |     private lazy var target = Target(self)
 71 |
/Applications/Xcode-27.0.0-Release.Candidate.app/Contents/Developer/Platforms/WatchOS.platform/Developer/SDKs/WatchOS27.0.sdk/System/Library/Frameworks/QuartzCore.framework/Headers/CADisplayLink.h:21:12: note: 'CADisplayLink' has been explicitly marked unavailable here
 19 | API_AVAILABLE(macos(14.0))
 20 |
 21 | @interface CADisplayLink : NSObject
    |            `- note: 'CADisplayLink' has been explicitly marked unavailable here
 22 | {
 23 | @private
/Users/admin/builder/spi-builder-workspace/Sources/VDAnimation/MotionFrameLink.swift:82:34: error: 'CAFrameRateRange' is unavailable in watchOS
 80 |
 81 |     @available(iOS 15.0, macOS 14.0, tvOS 15.0, watchOS 8.0, *)
 82 |     var preferredFrameRateRange: CAFrameRateRange {
    |                                  `- error: 'CAFrameRateRange' is unavailable in watchOS
 83 |         get { link?.preferredFrameRateRange ?? .default }
 84 |         set { link?.preferredFrameRateRange = newValue }
/Applications/Xcode-27.0.0-Release.Candidate.app/Contents/Developer/Platforms/WatchOS.platform/Developer/SDKs/WatchOS27.0.sdk/System/Library/Frameworks/QuartzCore.framework/Headers/CAFrameRateRange.h:12:8: note: 'CAFrameRateRange' has been explicitly marked unavailable here
10 | #include <stdbool.h>
11 |
12 | struct CAFrameRateRange {
   |        `- note: 'CAFrameRateRange' has been explicitly marked unavailable here
13 |   float minimum;
14 |   float maximum;
/Users/admin/builder/spi-builder-workspace/Sources/VDAnimation/MotionFrameLink.swift:109:39: error: 'CADisplayLink' is unavailable in watchOS
107 |         }
108 |
109 |         @objc func handleTick(_ link: CADisplayLink) {
    |                                       `- error: 'CADisplayLink' is unavailable in watchOS
110 |             adapter?.tick(link.timestamp, link.targetTimestamp)
111 |         }
/Applications/Xcode-27.0.0-Release.Candidate.app/Contents/Developer/Platforms/WatchOS.platform/Developer/SDKs/WatchOS27.0.sdk/System/Library/Frameworks/QuartzCore.framework/Headers/CADisplayLink.h:21:12: note: 'CADisplayLink' has been explicitly marked unavailable here
 19 | API_AVAILABLE(macos(14.0))
 20 |
 21 | @interface CADisplayLink : NSObject
    |            `- note: 'CADisplayLink' has been explicitly marked unavailable here
 22 | {
 23 | @private
/Users/admin/builder/spi-builder-workspace/Sources/VDAnimation/MotionFrameLink.swift:125:29: error: 'UIUpdateLink' is unavailable in watchOS
123 |
124 |     private let tick: (_ timestamp: CFTimeInterval, _ targetTimestamp: CFTimeInterval) -> Void
125 |     private let updateLink: UIUpdateLink
    |                             `- error: 'UIUpdateLink' is unavailable in watchOS
126 |
127 |     init(
/Applications/Xcode-27.0.0-Release.Candidate.app/Contents/Developer/Platforms/WatchOS.platform/Developer/SDKs/WatchOS27.0.sdk/System/Library/Frameworks/UIKit.framework/Headers/UIUpdateLink.h:22:12: note: 'UIUpdateLink' has been explicitly marked unavailable here
20 | /// Allows to formally participate in UI updates and influence UI update behavior.
21 | UIKIT_EXTERN NS_SWIFT_UI_ACTOR API_AVAILABLE(ios(18.0), tvos(18.0), visionos(2.0)) API_UNAVAILABLE(watchos, macCatalyst)
22 | @interface UIUpdateLink: NSObject
   |            `- note: 'UIUpdateLink' has been explicitly marked unavailable here
23 |
24 | +(instancetype)new NS_UNAVAILABLE;
/Users/admin/builder/spi-builder-workspace/Sources/VDAnimation/MotionFrameLink.swift:128:21: error: 'UIUpdateLink' is unavailable in watchOS
126 |
127 |     init(
128 |         updateLink: UIUpdateLink,
    |                     `- error: 'UIUpdateLink' is unavailable in watchOS
129 |         tick: @escaping (_ timestamp: CFTimeInterval, _ targetTimestamp: CFTimeInterval) -> Void
130 |     ) {
/Applications/Xcode-27.0.0-Release.Candidate.app/Contents/Developer/Platforms/WatchOS.platform/Developer/SDKs/WatchOS27.0.sdk/System/Library/Frameworks/UIKit.framework/Headers/UIUpdateLink.h:22:12: note: 'UIUpdateLink' has been explicitly marked unavailable here
20 | /// Allows to formally participate in UI updates and influence UI update behavior.
21 | UIKIT_EXTERN NS_SWIFT_UI_ACTOR API_AVAILABLE(ios(18.0), tvos(18.0), visionos(2.0)) API_UNAVAILABLE(watchos, macCatalyst)
22 | @interface UIUpdateLink: NSObject
   |            `- note: 'UIUpdateLink' has been explicitly marked unavailable here
23 |
24 | +(instancetype)new NS_UNAVAILABLE;
/Users/admin/builder/spi-builder-workspace/Sources/VDAnimation/MotionFrameLink.swift:145:34: error: 'CAFrameRateRange' is unavailable in watchOS
143 |     }
144 |
145 |     var preferredFrameRateRange: CAFrameRateRange {
    |                                  `- error: 'CAFrameRateRange' is unavailable in watchOS
146 |         get { updateLink.preferredFrameRateRange }
147 |         set { updateLink.preferredFrameRateRange = newValue }
/Applications/Xcode-27.0.0-Release.Candidate.app/Contents/Developer/Platforms/WatchOS.platform/Developer/SDKs/WatchOS27.0.sdk/System/Library/Frameworks/QuartzCore.framework/Headers/CAFrameRateRange.h:12:8: note: 'CAFrameRateRange' has been explicitly marked unavailable here
10 | #include <stdbool.h>
11 |
12 | struct CAFrameRateRange {
   |        `- note: 'CAFrameRateRange' has been explicitly marked unavailable here
13 |   float minimum;
14 |   float maximum;
/Users/admin/builder/spi-builder-workspace/Sources/VDAnimation/MotionFrameLink.swift:164:11: error: 'UIView' is unavailable in watchOS
162 | #if canImport(UIKit)
163 | @available(iOS 14.0, tvOS 14.0, watchOS 6.0, *)
164 | extension UIView: FrameLinkSource {
    |           `- error: 'UIView' is unavailable in watchOS
165 |
166 |     public func makeFrameLink(
/Applications/Xcode-27.0.0-Release.Candidate.app/Contents/Developer/Platforms/WatchOS.platform/Developer/SDKs/WatchOS27.0.sdk/System/Library/Frameworks/UIKit.framework/Headers/UIView.h:152:12: note: 'UIView' has been explicitly marked unavailable here
150 |
151 | UIKIT_EXTERN API_AVAILABLE(ios(2.0)) API_UNAVAILABLE(watchos) NS_SWIFT_UI_ACTOR
152 | @interface UIView : UIResponder <NSCoding, UIAppearance, UIAppearanceContainer, UIDynamicItem, UITraitEnvironment, UICoordinateSpace, UIFocusItem, UIFocusItemContainer, CALayerDelegate>
    |            `- note: 'UIView' has been explicitly marked unavailable here
153 |
154 | @property(class, nonatomic, readonly) Class layerClass;                        // default is [CALayer class]. Used when creating the underlying layer for the view.
/Users/admin/builder/spi-builder-workspace/Sources/VDAnimation/MotionFrameLink.swift:177:11: error: 'UIWindowScene' is unavailable in watchOS
175 |
176 | @available(iOS 14.0, tvOS 14.0, watchOS 6.0, *)
177 | extension UIWindowScene: FrameLinkSource {
    |           `- error: 'UIWindowScene' is unavailable in watchOS
178 |
179 |     public func makeFrameLink(
/Applications/Xcode-27.0.0-Release.Candidate.app/Contents/Developer/Platforms/WatchOS.platform/Developer/SDKs/WatchOS27.0.sdk/System/Library/Frameworks/UIKit.framework/Headers/UIWindowScene.h:22:12: note: 'UIWindowScene' has been explicitly marked unavailable here
 20 |
 21 | UIKIT_EXTERN API_AVAILABLE(ios(13.0)) API_UNAVAILABLE(watchos) NS_SWIFT_UI_ACTOR
 22 | @interface UIWindowScene : UIScene
    |            `- note: 'UIWindowScene' has been explicitly marked unavailable here
 23 |
 24 | #pragma mark Geometry
/Users/admin/builder/spi-builder-workspace/Sources/VDAnimation/MotionFrameLink.swift:317:41: error: 'CAFrameRateRange' is unavailable in watchOS
315 |     /// ```
316 |     @available(iOS 15.0, macOS 14.0, tvOS 15.0, watchOS 8.0, *)
317 |     public var preferredFrameRateRange: CAFrameRateRange {
    |                                         `- error: 'CAFrameRateRange' is unavailable in watchOS
318 |         get { frameLink?.preferredFrameRateRange ?? _preferredFrameRateRange }
319 |         set {
/Applications/Xcode-27.0.0-Release.Candidate.app/Contents/Developer/Platforms/WatchOS.platform/Developer/SDKs/WatchOS27.0.sdk/System/Library/Frameworks/QuartzCore.framework/Headers/CAFrameRateRange.h:12:8: note: 'CAFrameRateRange' has been explicitly marked unavailable here
10 | #include <stdbool.h>
11 |
12 | struct CAFrameRateRange {
   |        `- note: 'CAFrameRateRange' has been explicitly marked unavailable here
13 |   float minimum;
14 |   float maximum;
/Users/admin/builder/spi-builder-workspace/Sources/VDAnimation/MotionFrameLink.swift:348:43: error: 'CAFrameRateRange' is unavailable in watchOS
346 |
347 |     private var _progress = 0.0
348 |     private var _preferredFrameRateRange: CAFrameRateRange = .default
    |                                           `- error: 'CAFrameRateRange' is unavailable in watchOS
349 |
350 |     private let apply: (Value) -> Void
/Applications/Xcode-27.0.0-Release.Candidate.app/Contents/Developer/Platforms/WatchOS.platform/Developer/SDKs/WatchOS27.0.sdk/System/Library/Frameworks/QuartzCore.framework/Headers/CAFrameRateRange.h:12:8: note: 'CAFrameRateRange' has been explicitly marked unavailable here
10 | #include <stdbool.h>
11 |
12 | struct CAFrameRateRange {
   |        `- note: 'CAFrameRateRange' has been explicitly marked unavailable here
13 |   float minimum;
14 |   float maximum;
/Users/admin/builder/spi-builder-workspace/Sources/VDAnimation/MotionFrameLink.swift:348:63: error: 'default' is unavailable in watchOS
346 |
347 |     private var _progress = 0.0
348 |     private var _preferredFrameRateRange: CAFrameRateRange = .default
    |                                                               `- error: 'default' is unavailable in watchOS
349 |
350 |     private let apply: (Value) -> Void
/Applications/Xcode-27.0.0-Release.Candidate.app/Contents/Developer/Platforms/WatchOS.platform/Developer/SDKs/WatchOS27.0.sdk/System/Library/Frameworks/QuartzCore.framework/Headers/CAFrameRateRange.h:23:34: note: 'default' has been explicitly marked unavailable here
21 | CA_EXTERN_C_BEGIN
22 |
23 | CA_EXTERN const CAFrameRateRange CAFrameRateRangeDefault
   |                                  `- note: 'default' has been explicitly marked unavailable here
24 |   API_AVAILABLE(macos(12.0), ios(15.0), tvos(15.0)) API_UNAVAILABLE(watchos)
25 |   CF_SWIFT_NAME(CAFrameRateRange.default);
/Users/admin/builder/spi-builder-workspace/Sources/VDAnimation/Tweenable.swift:436:36: error: 'CATransform3D' is unavailable in watchOS
434 |
435 | extension CATransform3D: Tweenable {
436 |     public static func lerp(_ lhs: CATransform3D, _ rhs: CATransform3D, _ t: Double) -> CATransform3D {
    |                                    `- error: 'CATransform3D' is unavailable in watchOS
437 |         CATransform3D(
438 |             m11: CGFloat.lerp(lhs.m11, rhs.m11, t),
/Applications/Xcode-27.0.0-Release.Candidate.app/Contents/Developer/Platforms/WatchOS.platform/Developer/SDKs/WatchOS27.0.sdk/System/Library/Frameworks/QuartzCore.framework/Headers/CATransform3D.h:17:8: note: 'CATransform3D' has been explicitly marked unavailable here
 15 | /* Homogeneous three-dimensional transforms. */
 16 |
 17 | struct CATransform3D
    |        `- note: 'CATransform3D' has been explicitly marked unavailable here
 18 | {
 19 |   CGFloat m11, m12, m13, m14;
/Users/admin/builder/spi-builder-workspace/Sources/VDAnimation/Tweenable.swift:436:58: error: 'CATransform3D' is unavailable in watchOS
434 |
435 | extension CATransform3D: Tweenable {
436 |     public static func lerp(_ lhs: CATransform3D, _ rhs: CATransform3D, _ t: Double) -> CATransform3D {
    |                                                          `- error: 'CATransform3D' is unavailable in watchOS
437 |         CATransform3D(
438 |             m11: CGFloat.lerp(lhs.m11, rhs.m11, t),
/Applications/Xcode-27.0.0-Release.Candidate.app/Contents/Developer/Platforms/WatchOS.platform/Developer/SDKs/WatchOS27.0.sdk/System/Library/Frameworks/QuartzCore.framework/Headers/CATransform3D.h:17:8: note: 'CATransform3D' has been explicitly marked unavailable here
 15 | /* Homogeneous three-dimensional transforms. */
 16 |
 17 | struct CATransform3D
    |        `- note: 'CATransform3D' has been explicitly marked unavailable here
 18 | {
 19 |   CGFloat m11, m12, m13, m14;
/Users/admin/builder/spi-builder-workspace/Sources/VDAnimation/Tweenable.swift:436:89: error: 'CATransform3D' is unavailable in watchOS
434 |
435 | extension CATransform3D: Tweenable {
436 |     public static func lerp(_ lhs: CATransform3D, _ rhs: CATransform3D, _ t: Double) -> CATransform3D {
    |                                                                                         `- error: 'CATransform3D' is unavailable in watchOS
437 |         CATransform3D(
438 |             m11: CGFloat.lerp(lhs.m11, rhs.m11, t),
/Applications/Xcode-27.0.0-Release.Candidate.app/Contents/Developer/Platforms/WatchOS.platform/Developer/SDKs/WatchOS27.0.sdk/System/Library/Frameworks/QuartzCore.framework/Headers/CATransform3D.h:17:8: note: 'CATransform3D' has been explicitly marked unavailable here
 15 | /* Homogeneous three-dimensional transforms. */
 16 |
 17 | struct CATransform3D
    |        `- note: 'CATransform3D' has been explicitly marked unavailable here
 18 | {
 19 |   CGFloat m11, m12, m13, m14;
SwiftCompile normal arm64 (in target 'VDAnimation' from project 'VDAnimation')
    cd /Users/admin/builder/spi-builder-workspace/.swiftpm/xcode

/Users/admin/builder/spi-builder-workspace/Sources/VDAnimation/Tweenable.swift:435:11: error: 'CATransform3D' is unavailable in watchOS
433 | }
434 |
435 | extension CATransform3D: Tweenable {
    |           `- error: 'CATransform3D' is unavailable in watchOS
436 |     public static func lerp(_ lhs: CATransform3D, _ rhs: CATransform3D, _ t: Double) -> CATransform3D {
437 |         CATransform3D(
/Applications/Xcode-27.0.0-Release.Candidate.app/Contents/Developer/Platforms/WatchOS.platform/Developer/SDKs/WatchOS27.0.sdk/System/Library/Frameworks/QuartzCore.framework/Headers/CATransform3D.h:17:8: note: 'CATransform3D' has been explicitly marked unavailable here
 15 | /* Homogeneous three-dimensional transforms. */
 16 |
 17 | struct CATransform3D
    |        `- note: 'CATransform3D' has been explicitly marked unavailable here
 18 | {
 19 |   CGFloat m11, m12, m13, m14;
Failed frontend command:
/Applications/Xcode-27.0.0-Release.Candidate.app/Contents/Developer/Toolchains/XcodeDefault.xctoolchain/usr/bin/swift-frontend -frontend -emit-module -experimental-skip-non-inlinable-function-bodies-without-types /Users/admin/builder/spi-builder-workspace/Sources/VDAnimation/AnimationDriver.swift /Users/admin/builder/spi-builder-workspace/Sources/VDAnimation/CodableTweenable.swift /Users/admin/builder/spi-builder-workspace/Sources/VDAnimation/CodingKeys.swift /Users/admin/builder/spi-builder-workspace/Sources/VDAnimation/Colors+Previews.swift /Users/admin/builder/spi-builder-workspace/Sources/VDAnimation/Colors+Spaces.swift /Users/admin/builder/spi-builder-workspace/Sources/VDAnimation/Curve.swift /Users/admin/builder/spi-builder-workspace/Sources/VDAnimation/Extensions.swift /Users/admin/builder/spi-builder-workspace/Sources/VDAnimation/Motion.swift /Users/admin/builder/spi-builder-workspace/Sources/VDAnimation/MotionBuilder.swift /Users/admin/builder/spi-builder-workspace/Sources/VDAnimation/MotionFrameLink.swift /Users/admin/builder/spi-builder-workspace/Sources/VDAnimation/Path+lerp.swift /Users/admin/builder/spi-builder-workspace/Sources/VDAnimation/Tween.swift /Users/admin/builder/spi-builder-workspace/Sources/VDAnimation/Tweenable.swift /Users/admin/builder/spi-builder-workspace/Sources/VDAnimation/TweenableMacro.swift /Users/admin/builder/spi-builder-workspace/Sources/VDAnimation/Views/AnimatedView.swift /Users/admin/builder/spi-builder-workspace/Sources/VDAnimation/Views/WithMotion.swift -target arm64-apple-watchos9.0 -module-can-import-version UIKit 9127.0.84.1 9127.0.84 -disable-cross-import-overlay-search -load-resolved-plugin /Applications/Xcode-27.0.0-Release.Candidate.app/Contents/Developer/Platforms/WatchOS.platform/Developer/usr/lib/swift/host/plugins/libFoundationMacros.dylib\#/Applications/Xcode-27.0.0-Release.Candidate.app/Contents/Developer/Platforms/WatchOS.platform/Developer/usr/bin/swift-plugin-server\#FoundationMacros -load-resolved-plugin /Applications/Xcode-27.0.0-Release.Candidate.app/Contents/Developer/Platforms/WatchOS.platform/Developer/usr/lib/swift/host/plugins/libObservationMacros.dylib\#/Applications/Xcode-27.0.0-Release.Candidate.app/Contents/Developer/Platforms/WatchOS.platform/Developer/usr/bin/swift-plugin-server\#ObservationMacros -load-resolved-plugin /Applications/Xcode-27.0.0-Release.Candidate.app/Contents/Developer/Platforms/WatchOS.platform/Developer/usr/lib/swift/host/plugins/libPreviewsMacros.dylib\#/Applications/Xcode-27.0.0-Release.Candidate.app/Contents/Developer/Platforms/WatchOS.platform/Developer/usr/bin/swift-plugin-server\#PreviewsMacros -load-resolved-plugin /Applications/Xcode-27.0.0-Release.Candidate.app/Contents/Developer/Platforms/WatchOS.platform/Developer/usr/lib/swift/host/plugins/libSwiftMacros.dylib\#/Applications/Xcode-27.0.0-Release.Candidate.app/Contents/Developer/Platforms/WatchOS.platform/Developer/usr/bin/swift-plugin-server\#SwiftMacros -load-resolved-plugin /Applications/Xcode-27.0.0-Release.Candidate.app/Contents/Developer/Platforms/WatchOS.platform/Developer/usr/lib/swift/host/plugins/libSwiftUIMacros.dylib\#/Applications/Xcode-27.0.0-Release.Candidate.app/Contents/Developer/Platforms/WatchOS.platform/Developer/usr/bin/swift-plugin-server\#SwiftUIMacros -load-resolved-plugin \#/Users/admin/builder/spi-builder-workspace/.derivedData/Build/Products/Debug/VDAnimationMacros\#VDAnimationMacros -disable-implicit-swift-modules -Xcc -fno-implicit-modules -Xcc -fno-implicit-module-maps -explicit-swift-module-map-file /Users/admin/builder/spi-builder-workspace/.derivedData/Build/Intermediates.noindex/VDAnimation.build/Debug-watchos/VDAnimation-t.build/Objects-normal/arm64/VDAnimation-dependencies-1.json -Xllvm -aarch64-use-tbi -enable-objc-interop -stack-check -sdk /Applications/Xcode-27.0.0-Release.Candidate.app/Contents/Developer/Platforms/WatchOS.platform/Developer/SDKs/WatchOS27.0.sdk -I /Users/admin/builder/spi-builder-workspace/.derivedData/Build/Products/Debug-watchos -Isystem /Applications/Xcode-27.0.0-Release.Candidate.app/Contents/Developer/Platforms/WatchOS.platform/Developer/usr/lib -F /Users/admin/builder/spi-builder-workspace/.derivedData/Build/Products/Debug-watchos -F /Applications/Xcode-27.0.0-Release.Candidate.app/Contents/Developer/Platforms/WatchOS.platform/Developer/Library/Frameworks -F /Applications/Xcode-27.0.0-Release.Candidate.app/Contents/Developer/Platforms/WatchOS.platform/Developer/SDKs/WatchOS27.0.sdk/Developer/Library/Frameworks -module-cache-path /Users/admin/builder/spi-builder-workspace/.derivedData/Build/Intermediates.noindex/SwiftExplicitPrecompiledModules -no-color-diagnostics -Xcc -fno-color-diagnostics -enable-testing -g -debug-info-format\=dwarf -dwarf-version\=4 -profile-generate -profile-coverage-mapping -swift-version 5 -Onone -D SWIFT_PACKAGE -D DEBUG -D SWIFT_MODULE_RESOURCE_BUNDLE_UNAVAILABLE -D Xcode -serialize-debugging-options -load-plugin-executable /Users/admin/builder/spi-builder-workspace/.derivedData/Build/Products/Debug/VDAnimationMacros\#VDAnimationMacros -enable-experimental-feature DebugDescriptionMacro -empty-abi-descriptor -validate-clang-modules-once -clang-build-session-file /Users/admin/builder/spi-builder-workspace/.derivedData/ModuleCache.noindex/Session.modulevalidation -Xcc -working-directory -Xcc /Users/admin/builder/spi-builder-workspace/.swiftpm/xcode -enable-anonymous-context-mangled-names -file-compilation-dir /Users/admin/builder/spi-builder-workspace/.swiftpm/xcode -Xcc -D_LIBCPP_HARDENING_MODE\=_LIBCPP_HARDENING_MODE_DEBUG -Xcc -ivfsstatcache -Xcc /Users/admin/builder/spi-builder-workspace/.derivedData/SDKStatCaches.noindex/watchos27.0-24R360-e829b21a6f8c9b70876ba0858053c04477534ef55a1706bf4c1112bbb242f0a2.sdkstatcache -Xcc -fmodules-prune-interval\=86400 -Xcc -fmodules-prune-after\=345600 -Xcc -I/Users/admin/builder/spi-builder-workspace/.derivedData/Build/Products/Debug-watchos/include -Xcc -I/Users/admin/builder/spi-builder-workspace/.derivedData/Build/Intermediates.noindex/VDAnimation.build/Debug-watchos/VDAnimation-t.build/DerivedSources-normal/arm64 -Xcc -I/Users/admin/builder/spi-builder-workspace/.derivedData/Build/Intermediates.noindex/VDAnimation.build/Debug-watchos/VDAnimation-t.build/DerivedSources/arm64 -Xcc -I/Users/admin/builder/spi-builder-workspace/.derivedData/Build/Intermediates.noindex/VDAnimation.build/Debug-watchos/VDAnimation-t.build/DerivedSources -Xcc -DSWIFT_PACKAGE -Xcc -DDEBUG\=1 -no-auto-bridging-header-chaining -module-name VDAnimation -package-name spi_builder_workspace -const-gather-protocols-file /Users/admin/builder/spi-builder-workspace/.derivedData/Build/Intermediates.noindex/VDAnimation.build/Debug-watchos/VDAnimation-t.build/Objects-normal/arm64/VDAnimation_const_extract_protocols.json -disable-clang-spi -clang-target arm64-apple-watchos27.0 -target-sdk-version 27.0 -target-sdk-name watchos27.0 -in-process-plugin-server-path /Applications/Xcode-27.0.0-Release.Candidate.app/Contents/Developer/Toolchains/XcodeDefault.xctoolchain/usr/lib/swift/host/libSwiftInProcPluginServer.dylib -emit-module-doc-path /Users/admin/builder/spi-builder-workspace/.derivedData/Build/Intermediates.noindex/VDAnimation.build/Debug-watchos/VDAnimation-t.build/Objects-normal/arm64/VDAnimation.swiftdoc -emit-module-source-info-path /Users/admin/builder/spi-builder-workspace/.derivedData/Build/Intermediates.noindex/VDAnimation.build/Debug-watchos/VDAnimation-t.build/Objects-normal/arm64/VDAnimation.swiftsourceinfo -emit-objc-header-path /Users/admin/builder/spi-builder-workspace/.derivedData/Build/Intermediates.noindex/VDAnimation.build/Debug-watchos/VDAnimation-t.build/Objects-normal/arm64/VDAnimation-Swift.h -serialize-diagnostics-path /Users/admin/builder/spi-builder-workspace/.derivedData/Build/Intermediates.noindex/VDAnimation.build/Debug-watchos/VDAnimation-t.build/Objects-normal/arm64/VDAnimation-primary-emit-module.dia -emit-dependencies-path /Users/admin/builder/spi-builder-workspace/.derivedData/Build/Intermediates.noindex/VDAnimation.build/Debug-watchos/VDAnimation-t.build/Objects-normal/arm64/VDAnimation-primary-emit-module.d -parse-as-library -o /Users/admin/builder/spi-builder-workspace/.derivedData/Build/Intermediates.noindex/VDAnimation.build/Debug-watchos/VDAnimation-t.build/Objects-normal/arm64/VDAnimation.swiftmodule -emit-abi-descriptor-path /Users/admin/builder/spi-builder-workspace/.derivedData/Build/Intermediates.noindex/VDAnimation.build/Debug-watchos/VDAnimation-t.build/Objects-normal/arm64/VDAnimation.abi.json
SwiftCompile normal arm64 Compiling\ MotionBuilder.swift,\ MotionFrameLink.swift /Users/admin/builder/spi-builder-workspace/Sources/VDAnimation/MotionBuilder.swift /Users/admin/builder/spi-builder-workspace/Sources/VDAnimation/MotionFrameLink.swift (in target 'VDAnimation' from project 'VDAnimation')
/Users/admin/builder/spi-builder-workspace/Sources/VDAnimation/MotionFrameLink.swift:26:34: error: 'CAFrameRateRange' is unavailable in watchOS
 24 |     /// ```
 25 |     @available(iOS 15.0, macOS 14.0, tvOS 15.0, watchOS 8.0, *)
 26 |     var preferredFrameRateRange: CAFrameRateRange { get set }
    |                                  `- error: 'CAFrameRateRange' is unavailable in watchOS
 27 |
 28 |     /// Starts delivering frame callbacks.
/Applications/Xcode-27.0.0-Release.Candidate.app/Contents/Developer/Platforms/WatchOS.platform/Developer/SDKs/WatchOS27.0.sdk/System/Library/Frameworks/QuartzCore.framework/Headers/CAFrameRateRange.h:12:8: note: 'CAFrameRateRange' has been explicitly marked unavailable here
10 | #include <stdbool.h>
11 |
12 | struct CAFrameRateRange {
   |        `- note: 'CAFrameRateRange' has been explicitly marked unavailable here
13 |   float minimum;
14 |   float maximum;
/Users/admin/builder/spi-builder-workspace/Sources/VDAnimation/MotionFrameLink.swift:69:23: error: 'CADisplayLink' is unavailable in watchOS
 67 |
 68 |     private let tick: (_ timestamp: CFTimeInterval, _ targetTimestamp: CFTimeInterval) -> Void
 69 |     private var link: CADisplayLink?
    |                       `- error: 'CADisplayLink' is unavailable in watchOS
 70 |     private lazy var target = Target(self)
 71 |
/Applications/Xcode-27.0.0-Release.Candidate.app/Contents/Developer/Platforms/WatchOS.platform/Developer/SDKs/WatchOS27.0.sdk/System/Library/Frameworks/QuartzCore.framework/Headers/CADisplayLink.h:21:12: note: 'CADisplayLink' has been explicitly marked unavailable here
 19 | API_AVAILABLE(macos(14.0))
 20 |
 21 | @interface CADisplayLink : NSObject
    |            `- note: 'CADisplayLink' has been explicitly marked unavailable here
 22 | {
 23 | @private
/Users/admin/builder/spi-builder-workspace/Sources/VDAnimation/MotionFrameLink.swift:82:34: error: 'CAFrameRateRange' is unavailable in watchOS
 80 |
 81 |     @available(iOS 15.0, macOS 14.0, tvOS 15.0, watchOS 8.0, *)
 82 |     var preferredFrameRateRange: CAFrameRateRange {
    |                                  `- error: 'CAFrameRateRange' is unavailable in watchOS
 83 |         get { link?.preferredFrameRateRange ?? .default }
 84 |         set { link?.preferredFrameRateRange = newValue }
/Applications/Xcode-27.0.0-Release.Candidate.app/Contents/Developer/Platforms/WatchOS.platform/Developer/SDKs/WatchOS27.0.sdk/System/Library/Frameworks/QuartzCore.framework/Headers/CAFrameRateRange.h:12:8: note: 'CAFrameRateRange' has been explicitly marked unavailable here
10 | #include <stdbool.h>
11 |
12 | struct CAFrameRateRange {
   |        `- note: 'CAFrameRateRange' has been explicitly marked unavailable here
13 |   float minimum;
14 |   float maximum;
/Users/admin/builder/spi-builder-workspace/Sources/VDAnimation/MotionFrameLink.swift:109:39: error: 'CADisplayLink' is unavailable in watchOS
107 |         }
108 |
109 |         @objc func handleTick(_ link: CADisplayLink) {
    |                                       `- error: 'CADisplayLink' is unavailable in watchOS
110 |             adapter?.tick(link.timestamp, link.targetTimestamp)
111 |         }
/Applications/Xcode-27.0.0-Release.Candidate.app/Contents/Developer/Platforms/WatchOS.platform/Developer/SDKs/WatchOS27.0.sdk/System/Library/Frameworks/QuartzCore.framework/Headers/CADisplayLink.h:21:12: note: 'CADisplayLink' has been explicitly marked unavailable here
 19 | API_AVAILABLE(macos(14.0))
 20 |
 21 | @interface CADisplayLink : NSObject
    |            `- note: 'CADisplayLink' has been explicitly marked unavailable here
 22 | {
 23 | @private
/Users/admin/builder/spi-builder-workspace/Sources/VDAnimation/MotionFrameLink.swift:125:29: error: 'UIUpdateLink' is unavailable in watchOS
123 |
124 |     private let tick: (_ timestamp: CFTimeInterval, _ targetTimestamp: CFTimeInterval) -> Void
125 |     private let updateLink: UIUpdateLink
    |                             `- error: 'UIUpdateLink' is unavailable in watchOS
126 |
127 |     init(
/Applications/Xcode-27.0.0-Release.Candidate.app/Contents/Developer/Platforms/WatchOS.platform/Developer/SDKs/WatchOS27.0.sdk/System/Library/Frameworks/UIKit.framework/Headers/UIUpdateLink.h:22:12: note: 'UIUpdateLink' has been explicitly marked unavailable here
20 | /// Allows to formally participate in UI updates and influence UI update behavior.
21 | UIKIT_EXTERN NS_SWIFT_UI_ACTOR API_AVAILABLE(ios(18.0), tvos(18.0), visionos(2.0)) API_UNAVAILABLE(watchos, macCatalyst)
22 | @interface UIUpdateLink: NSObject
   |            `- note: 'UIUpdateLink' has been explicitly marked unavailable here
23 |
24 | +(instancetype)new NS_UNAVAILABLE;
/Users/admin/builder/spi-builder-workspace/Sources/VDAnimation/MotionFrameLink.swift:128:21: error: 'UIUpdateLink' is unavailable in watchOS
126 |
127 |     init(
128 |         updateLink: UIUpdateLink,
    |                     `- error: 'UIUpdateLink' is unavailable in watchOS
129 |         tick: @escaping (_ timestamp: CFTimeInterval, _ targetTimestamp: CFTimeInterval) -> Void
130 |     ) {
/Applications/Xcode-27.0.0-Release.Candidate.app/Contents/Developer/Platforms/WatchOS.platform/Developer/SDKs/WatchOS27.0.sdk/System/Library/Frameworks/UIKit.framework/Headers/UIUpdateLink.h:22:12: note: 'UIUpdateLink' has been explicitly marked unavailable here
20 | /// Allows to formally participate in UI updates and influence UI update behavior.
21 | UIKIT_EXTERN NS_SWIFT_UI_ACTOR API_AVAILABLE(ios(18.0), tvos(18.0), visionos(2.0)) API_UNAVAILABLE(watchos, macCatalyst)
22 | @interface UIUpdateLink: NSObject
   |            `- note: 'UIUpdateLink' has been explicitly marked unavailable here
23 |
24 | +(instancetype)new NS_UNAVAILABLE;
/Users/admin/builder/spi-builder-workspace/Sources/VDAnimation/MotionFrameLink.swift:145:34: error: 'CAFrameRateRange' is unavailable in watchOS
143 |     }
144 |
145 |     var preferredFrameRateRange: CAFrameRateRange {
    |                                  `- error: 'CAFrameRateRange' is unavailable in watchOS
146 |         get { updateLink.preferredFrameRateRange }
147 |         set { updateLink.preferredFrameRateRange = newValue }
/Applications/Xcode-27.0.0-Release.Candidate.app/Contents/Developer/Platforms/WatchOS.platform/Developer/SDKs/WatchOS27.0.sdk/System/Library/Frameworks/QuartzCore.framework/Headers/CAFrameRateRange.h:12:8: note: 'CAFrameRateRange' has been explicitly marked unavailable here
10 | #include <stdbool.h>
11 |
12 | struct CAFrameRateRange {
   |        `- note: 'CAFrameRateRange' has been explicitly marked unavailable here
13 |   float minimum;
14 |   float maximum;
/Users/admin/builder/spi-builder-workspace/Sources/VDAnimation/MotionFrameLink.swift:164:11: error: 'UIView' is unavailable in watchOS
162 | #if canImport(UIKit)
163 | @available(iOS 14.0, tvOS 14.0, watchOS 6.0, *)
164 | extension UIView: FrameLinkSource {
    |           `- error: 'UIView' is unavailable in watchOS
165 |
166 |     public func makeFrameLink(
/Applications/Xcode-27.0.0-Release.Candidate.app/Contents/Developer/Platforms/WatchOS.platform/Developer/SDKs/WatchOS27.0.sdk/System/Library/Frameworks/UIKit.framework/Headers/UIView.h:152:12: note: 'UIView' has been explicitly marked unavailable here
150 |
151 | UIKIT_EXTERN API_AVAILABLE(ios(2.0)) API_UNAVAILABLE(watchos) NS_SWIFT_UI_ACTOR
152 | @interface UIView : UIResponder <NSCoding, UIAppearance, UIAppearanceContainer, UIDynamicItem, UITraitEnvironment, UICoordinateSpace, UIFocusItem, UIFocusItemContainer, CALayerDelegate>
    |            `- note: 'UIView' has been explicitly marked unavailable here
153 |
154 | @property(class, nonatomic, readonly) Class layerClass;                        // default is [CALayer class]. Used when creating the underlying layer for the view.
/Users/admin/builder/spi-builder-workspace/Sources/VDAnimation/MotionFrameLink.swift:177:11: error: 'UIWindowScene' is unavailable in watchOS
175 |
176 | @available(iOS 14.0, tvOS 14.0, watchOS 6.0, *)
177 | extension UIWindowScene: FrameLinkSource {
    |           `- error: 'UIWindowScene' is unavailable in watchOS
178 |
179 |     public func makeFrameLink(
/Applications/Xcode-27.0.0-Release.Candidate.app/Contents/Developer/Platforms/WatchOS.platform/Developer/SDKs/WatchOS27.0.sdk/System/Library/Frameworks/UIKit.framework/Headers/UIWindowScene.h:22:12: note: 'UIWindowScene' has been explicitly marked unavailable here
 20 |
 21 | UIKIT_EXTERN API_AVAILABLE(ios(13.0)) API_UNAVAILABLE(watchos) NS_SWIFT_UI_ACTOR
 22 | @interface UIWindowScene : UIScene
    |            `- note: 'UIWindowScene' has been explicitly marked unavailable here
 23 |
 24 | #pragma mark Geometry
/Users/admin/builder/spi-builder-workspace/Sources/VDAnimation/MotionFrameLink.swift:317:41: error: 'CAFrameRateRange' is unavailable in watchOS
315 |     /// ```
316 |     @available(iOS 15.0, macOS 14.0, tvOS 15.0, watchOS 8.0, *)
317 |     public var preferredFrameRateRange: CAFrameRateRange {
    |                                         `- error: 'CAFrameRateRange' is unavailable in watchOS
318 |         get { frameLink?.preferredFrameRateRange ?? _preferredFrameRateRange }
319 |         set {
/Applications/Xcode-27.0.0-Release.Candidate.app/Contents/Developer/Platforms/WatchOS.platform/Developer/SDKs/WatchOS27.0.sdk/System/Library/Frameworks/QuartzCore.framework/Headers/CAFrameRateRange.h:12:8: note: 'CAFrameRateRange' has been explicitly marked unavailable here
10 | #include <stdbool.h>
11 |
12 | struct CAFrameRateRange {
   |        `- note: 'CAFrameRateRange' has been explicitly marked unavailable here
13 |   float minimum;
14 |   float maximum;
SwiftCompile normal arm64 /Users/admin/builder/spi-builder-workspace/Sources/VDAnimation/MotionBuilder.swift (in target 'VDAnimation' from project 'VDAnimation')
    cd /Users/admin/builder/spi-builder-workspace/.swiftpm/xcode
    builtin-SwiftPerFileCompile MotionBuilder.swift
SwiftCompile normal arm64 /Users/admin/builder/spi-builder-workspace/Sources/VDAnimation/MotionFrameLink.swift (in target 'VDAnimation' from project 'VDAnimation')
    cd /Users/admin/builder/spi-builder-workspace/.swiftpm/xcode
    builtin-SwiftPerFileCompile MotionFrameLink.swift
/Users/admin/builder/spi-builder-workspace/Sources/VDAnimation/MotionFrameLink.swift:348:43: error: 'CAFrameRateRange' is unavailable in watchOS
346 |
347 |     private var _progress = 0.0
348 |     private var _preferredFrameRateRange: CAFrameRateRange = .default
    |                                           `- error: 'CAFrameRateRange' is unavailable in watchOS
349 |
350 |     private let apply: (Value) -> Void
/Applications/Xcode-27.0.0-Release.Candidate.app/Contents/Developer/Platforms/WatchOS.platform/Developer/SDKs/WatchOS27.0.sdk/System/Library/Frameworks/QuartzCore.framework/Headers/CAFrameRateRange.h:12:8: note: 'CAFrameRateRange' has been explicitly marked unavailable here
10 | #include <stdbool.h>
11 |
12 | struct CAFrameRateRange {
   |        `- note: 'CAFrameRateRange' has been explicitly marked unavailable here
13 |   float minimum;
14 |   float maximum;
/Users/admin/builder/spi-builder-workspace/Sources/VDAnimation/MotionFrameLink.swift:348:63: error: 'default' is unavailable in watchOS
346 |
347 |     private var _progress = 0.0
348 |     private var _preferredFrameRateRange: CAFrameRateRange = .default
    |                                                               `- error: 'default' is unavailable in watchOS
349 |
350 |     private let apply: (Value) -> Void
/Applications/Xcode-27.0.0-Release.Candidate.app/Contents/Developer/Platforms/WatchOS.platform/Developer/SDKs/WatchOS27.0.sdk/System/Library/Frameworks/QuartzCore.framework/Headers/CAFrameRateRange.h:23:34: note: 'default' has been explicitly marked unavailable here
21 | CA_EXTERN_C_BEGIN
22 |
23 | CA_EXTERN const CAFrameRateRange CAFrameRateRangeDefault
   |                                  `- note: 'default' has been explicitly marked unavailable here
24 |   API_AVAILABLE(macos(12.0), ios(15.0), tvos(15.0)) API_UNAVAILABLE(watchos)
25 |   CF_SWIFT_NAME(CAFrameRateRange.default);
/Users/admin/builder/spi-builder-workspace/Sources/VDAnimation/MotionFrameLink.swift:83:21: error: 'preferredFrameRateRange' is unavailable in watchOS
 81 |     @available(iOS 15.0, macOS 14.0, tvOS 15.0, watchOS 8.0, *)
 82 |     var preferredFrameRateRange: CAFrameRateRange {
 83 |         get { link?.preferredFrameRateRange ?? .default }
    |                     `- error: 'preferredFrameRateRange' is unavailable in watchOS
 84 |         set { link?.preferredFrameRateRange = newValue }
 85 |     }
/Applications/Xcode-27.0.0-Release.Candidate.app/Contents/Developer/Platforms/WatchOS.platform/Developer/SDKs/WatchOS27.0.sdk/System/Library/Frameworks/QuartzCore.framework/Headers/CADisplayLink.h:100:39: note: 'preferredFrameRateRange' has been explicitly marked unavailable here
 98 |    animation sources. */
 99 |
100 | @property(nonatomic) CAFrameRateRange preferredFrameRateRange
    |                                       `- note: 'preferredFrameRateRange' has been explicitly marked unavailable here
101 |     API_AVAILABLE(ios(15.0), tvos(15.0)) API_UNAVAILABLE(watchos);
102 |
/Users/admin/builder/spi-builder-workspace/Sources/VDAnimation/MotionFrameLink.swift:83:49: error: 'default' is unavailable in watchOS
 81 |     @available(iOS 15.0, macOS 14.0, tvOS 15.0, watchOS 8.0, *)
 82 |     var preferredFrameRateRange: CAFrameRateRange {
 83 |         get { link?.preferredFrameRateRange ?? .default }
    |                                                 `- error: 'default' is unavailable in watchOS
 84 |         set { link?.preferredFrameRateRange = newValue }
 85 |     }
/Applications/Xcode-27.0.0-Release.Candidate.app/Contents/Developer/Platforms/WatchOS.platform/Developer/SDKs/WatchOS27.0.sdk/System/Library/Frameworks/QuartzCore.framework/Headers/CAFrameRateRange.h:23:34: note: 'default' has been explicitly marked unavailable here
21 | CA_EXTERN_C_BEGIN
22 |
23 | CA_EXTERN const CAFrameRateRange CAFrameRateRangeDefault
   |                                  `- note: 'default' has been explicitly marked unavailable here
24 |   API_AVAILABLE(macos(12.0), ios(15.0), tvos(15.0)) API_UNAVAILABLE(watchos)
25 |   CF_SWIFT_NAME(CAFrameRateRange.default);
/Users/admin/builder/spi-builder-workspace/Sources/VDAnimation/MotionFrameLink.swift:84:21: error: 'preferredFrameRateRange' is unavailable in watchOS
 82 |     var preferredFrameRateRange: CAFrameRateRange {
 83 |         get { link?.preferredFrameRateRange ?? .default }
 84 |         set { link?.preferredFrameRateRange = newValue }
    |                     `- error: 'preferredFrameRateRange' is unavailable in watchOS
 85 |     }
 86 |
/Applications/Xcode-27.0.0-Release.Candidate.app/Contents/Developer/Platforms/WatchOS.platform/Developer/SDKs/WatchOS27.0.sdk/System/Library/Frameworks/QuartzCore.framework/Headers/CADisplayLink.h:100:39: note: 'preferredFrameRateRange' has been explicitly marked unavailable here
 98 |    animation sources. */
 99 |
100 | @property(nonatomic) CAFrameRateRange preferredFrameRateRange
    |                                       `- note: 'preferredFrameRateRange' has been explicitly marked unavailable here
101 |     API_AVAILABLE(ios(15.0), tvos(15.0)) API_UNAVAILABLE(watchos);
102 |
/Users/admin/builder/spi-builder-workspace/Sources/VDAnimation/MotionFrameLink.swift:89:27: error: 'CADisplayLink' is unavailable in watchOS
 87 |     func activate() {
 88 |         guard link == nil else { return }
 89 |         let displayLink = CADisplayLink(target: target, selector: #selector(Target.handleTick))
    |                           `- error: 'CADisplayLink' is unavailable in watchOS
 90 |         displayLink.add(to: .main, forMode: .common)
 91 |         link = displayLink
/Applications/Xcode-27.0.0-Release.Candidate.app/Contents/Developer/Platforms/WatchOS.platform/Developer/SDKs/WatchOS27.0.sdk/System/Library/Frameworks/QuartzCore.framework/Headers/CADisplayLink.h:21:12: note: 'CADisplayLink' has been explicitly marked unavailable here
 19 | API_AVAILABLE(macos(14.0))
 20 |
 21 | @interface CADisplayLink : NSObject
    |            `- note: 'CADisplayLink' has been explicitly marked unavailable here
 22 | {
 23 | @private
/Users/admin/builder/spi-builder-workspace/Sources/VDAnimation/MotionFrameLink.swift:110:48: error: 'targetTimestamp' is unavailable in watchOS
108 |
109 |         @objc func handleTick(_ link: CADisplayLink) {
110 |             adapter?.tick(link.timestamp, link.targetTimestamp)
    |                                                `- error: 'targetTimestamp' is unavailable in watchOS
111 |         }
112 |     }
/Applications/Xcode-27.0.0-Release.Candidate.app/Contents/Developer/Platforms/WatchOS.platform/Developer/SDKs/WatchOS27.0.sdk/System/Library/Frameworks/QuartzCore.framework/Headers/CADisplayLink.h:64:47: note: 'targetTimestamp' has been explicitly marked unavailable here
 62 | /* The next timestamp that the client should target their render for. */
 63 |
 64 | @property(readonly, nonatomic) CFTimeInterval targetTimestamp
    |                                               `- note: 'targetTimestamp' has been explicitly marked unavailable here
 65 |     API_AVAILABLE(ios(10.0), tvos(10.0)) API_UNAVAILABLE(watchos);
 66 |
/Users/admin/builder/spi-builder-workspace/Sources/VDAnimation/MotionFrameLink.swift:170:52: error: 'UIUpdateLink' is unavailable in watchOS
168 |     ) -> any FrameLink {
169 |         if #available(iOS 18.0, tvOS 18.0, visionOS 2.0, *) {
170 |             return UIUpdateLinkAdapter(updateLink: UIUpdateLink(view: self), tick: tick)
    |                                                    `- error: 'UIUpdateLink' is unavailable in watchOS
171 |         }
172 |         return CADisplayLinkAdapter(tick: tick)
/Applications/Xcode-27.0.0-Release.Candidate.app/Contents/Developer/Platforms/WatchOS.platform/Developer/SDKs/WatchOS27.0.sdk/System/Library/Frameworks/UIKit.framework/Headers/UIUpdateLink.h:22:12: note: 'UIUpdateLink' has been explicitly marked unavailable here
20 | /// Allows to formally participate in UI updates and influence UI update behavior.
21 | UIKIT_EXTERN NS_SWIFT_UI_ACTOR API_AVAILABLE(ios(18.0), tvos(18.0), visionos(2.0)) API_UNAVAILABLE(watchos, macCatalyst)
22 | @interface UIUpdateLink: NSObject
   |            `- note: 'UIUpdateLink' has been explicitly marked unavailable here
23 |
24 | +(instancetype)new NS_UNAVAILABLE;
SwiftCompile normal arm64 Compiling\ WithMotion.swift /Users/admin/builder/spi-builder-workspace/Sources/VDAnimation/Views/WithMotion.swift (in target 'VDAnimation' from project 'VDAnimation')
SwiftCompile normal arm64 /Users/admin/builder/spi-builder-workspace/Sources/VDAnimation/Views/WithMotion.swift (in target 'VDAnimation' from project 'VDAnimation')
    cd /Users/admin/builder/spi-builder-workspace/.swiftpm/xcode
    builtin-SwiftPerFileCompile WithMotion.swift
SwiftCompile normal arm64 Compiling\ Tweenable.swift /Users/admin/builder/spi-builder-workspace/Sources/VDAnimation/Tweenable.swift (in target 'VDAnimation' from project 'VDAnimation')
/Users/admin/builder/spi-builder-workspace/Sources/VDAnimation/Tweenable.swift:436:36: error: 'CATransform3D' is unavailable in watchOS
434 |
435 | extension CATransform3D: Tweenable {
436 |     public static func lerp(_ lhs: CATransform3D, _ rhs: CATransform3D, _ t: Double) -> CATransform3D {
    |                                    `- error: 'CATransform3D' is unavailable in watchOS
437 |         CATransform3D(
438 |             m11: CGFloat.lerp(lhs.m11, rhs.m11, t),
/Applications/Xcode-27.0.0-Release.Candidate.app/Contents/Developer/Platforms/WatchOS.platform/Developer/SDKs/WatchOS27.0.sdk/System/Library/Frameworks/QuartzCore.framework/Headers/CATransform3D.h:17:8: note: 'CATransform3D' has been explicitly marked unavailable here
 15 | /* Homogeneous three-dimensional transforms. */
 16 |
 17 | struct CATransform3D
    |        `- note: 'CATransform3D' has been explicitly marked unavailable here
 18 | {
 19 |   CGFloat m11, m12, m13, m14;
/Users/admin/builder/spi-builder-workspace/Sources/VDAnimation/Tweenable.swift:436:58: error: 'CATransform3D' is unavailable in watchOS
434 |
435 | extension CATransform3D: Tweenable {
436 |     public static func lerp(_ lhs: CATransform3D, _ rhs: CATransform3D, _ t: Double) -> CATransform3D {
    |                                                          `- error: 'CATransform3D' is unavailable in watchOS
437 |         CATransform3D(
438 |             m11: CGFloat.lerp(lhs.m11, rhs.m11, t),
/Applications/Xcode-27.0.0-Release.Candidate.app/Contents/Developer/Platforms/WatchOS.platform/Developer/SDKs/WatchOS27.0.sdk/System/Library/Frameworks/QuartzCore.framework/Headers/CATransform3D.h:17:8: note: 'CATransform3D' has been explicitly marked unavailable here
 15 | /* Homogeneous three-dimensional transforms. */
 16 |
 17 | struct CATransform3D
    |        `- note: 'CATransform3D' has been explicitly marked unavailable here
 18 | {
 19 |   CGFloat m11, m12, m13, m14;
/Users/admin/builder/spi-builder-workspace/Sources/VDAnimation/Tweenable.swift:436:89: error: 'CATransform3D' is unavailable in watchOS
434 |
435 | extension CATransform3D: Tweenable {
436 |     public static func lerp(_ lhs: CATransform3D, _ rhs: CATransform3D, _ t: Double) -> CATransform3D {
    |                                                                                         `- error: 'CATransform3D' is unavailable in watchOS
437 |         CATransform3D(
438 |             m11: CGFloat.lerp(lhs.m11, rhs.m11, t),
/Applications/Xcode-27.0.0-Release.Candidate.app/Contents/Developer/Platforms/WatchOS.platform/Developer/SDKs/WatchOS27.0.sdk/System/Library/Frameworks/QuartzCore.framework/Headers/CATransform3D.h:17:8: note: 'CATransform3D' has been explicitly marked unavailable here
 15 | /* Homogeneous three-dimensional transforms. */
 16 |
 17 | struct CATransform3D
    |        `- note: 'CATransform3D' has been explicitly marked unavailable here
 18 | {
 19 |   CGFloat m11, m12, m13, m14;
/Users/admin/builder/spi-builder-workspace/Sources/VDAnimation/Tweenable.swift:435:11: error: 'CATransform3D' is unavailable in watchOS
433 | }
434 |
435 | extension CATransform3D: Tweenable {
    |           `- error: 'CATransform3D' is unavailable in watchOS
436 |     public static func lerp(_ lhs: CATransform3D, _ rhs: CATransform3D, _ t: Double) -> CATransform3D {
437 |         CATransform3D(
/Applications/Xcode-27.0.0-Release.Candidate.app/Contents/Developer/Platforms/WatchOS.platform/Developer/SDKs/WatchOS27.0.sdk/System/Library/Frameworks/QuartzCore.framework/Headers/CATransform3D.h:17:8: note: 'CATransform3D' has been explicitly marked unavailable here
 15 | /* Homogeneous three-dimensional transforms. */
 16 |
 17 | struct CATransform3D
    |        `- note: 'CATransform3D' has been explicitly marked unavailable here
 18 | {
 19 |   CGFloat m11, m12, m13, m14;
/Users/admin/builder/spi-builder-workspace/Sources/VDAnimation/Tweenable.swift:413:9: error: failed to produce diagnostic for expression; please submit a bug report (https://swift.org/contributing/#reporting-bugs)
411 | extension CGAffineTransformComponents: Tweenable {
412 |     public static func lerp(_ lhs: CGAffineTransformComponents, _ rhs: CGAffineTransformComponents, _ t: Double) -> CGAffineTransformComponents {
413 |         CGAffineTransformComponents(
    |         `- error: failed to produce diagnostic for expression; please submit a bug report (https://swift.org/contributing/#reporting-bugs)
414 |             scale: CGSize.lerp(lhs.scale, rhs.scale, t),
415 |             horizontalShear: CGFloat.lerp(lhs.horizontalShear, rhs.horizontalShear, t),
SwiftCompile normal arm64 /Users/admin/builder/spi-builder-workspace/Sources/VDAnimation/Tweenable.swift (in target 'VDAnimation' from project 'VDAnimation')
    cd /Users/admin/builder/spi-builder-workspace/.swiftpm/xcode
    builtin-SwiftPerFileCompile Tweenable.swift
SwiftCompile normal arm64 Compiling\ AnimationDriver.swift,\ CodableTweenable.swift /Users/admin/builder/spi-builder-workspace/Sources/VDAnimation/AnimationDriver.swift /Users/admin/builder/spi-builder-workspace/Sources/VDAnimation/CodableTweenable.swift (in target 'VDAnimation' from project 'VDAnimation')
SwiftCompile normal arm64 /Users/admin/builder/spi-builder-workspace/Sources/VDAnimation/AnimationDriver.swift (in target 'VDAnimation' from project 'VDAnimation')
    cd /Users/admin/builder/spi-builder-workspace/.swiftpm/xcode
    builtin-SwiftPerFileCompile AnimationDriver.swift
SwiftCompile normal arm64 /Users/admin/builder/spi-builder-workspace/Sources/VDAnimation/CodableTweenable.swift (in target 'VDAnimation' from project 'VDAnimation')
    cd /Users/admin/builder/spi-builder-workspace/.swiftpm/xcode
    builtin-SwiftPerFileCompile CodableTweenable.swift
SwiftCompile normal arm64 Compiling\ CodingKeys.swift,\ Colors+Previews.swift /Users/admin/builder/spi-builder-workspace/Sources/VDAnimation/CodingKeys.swift /Users/admin/builder/spi-builder-workspace/Sources/VDAnimation/Colors+Previews.swift (in target 'VDAnimation' from project 'VDAnimation')
/Users/admin/builder/spi-builder-workspace/Sources/VDAnimation/Colors+Previews.swift:93:25: error: initializer 'init(alignment:spacing:content:)' requires that 'UIKitGradient' conform to 'View'
 91 |                         Text("UIKit")
 92 |                             .frame(width: 70, alignment: .leading)
 93 |                         UIKitGradient(from: from, to: to)
    |                         `- error: initializer 'init(alignment:spacing:content:)' requires that 'UIKitGradient' conform to 'View'
 94 |                     }
 95 |                     .frame(height: 30)
SwiftUI.TupleContent:2:11: note: requirement from conditional conformance of 'TupleContent<some View, UIKitGradient>' to 'View'
1 | @available(iOS 26.0, macOS 26.0, tvOS 26.0, watchOS 26.0, *)
2 | extension TupleContent : View where repeat each Content : View {
  |           `- note: requirement from conditional conformance of 'TupleContent<some View, UIKitGradient>' to 'View'
3 |     nonisolated public static func _makeView(view: _GraphValue<TupleContent<repeat each Content>>, inputs: _ViewInputs) -> _ViewOutputs
4 |     nonisolated public static func _makeViewList(view: _GraphValue<TupleContent<repeat each Content>>, inputs: _ViewListInputs) -> _ViewListOutputs
/Users/admin/builder/spi-builder-workspace/Sources/VDAnimation/Colors+Previews.swift:93:25: error: generic struct 'HStack' requires that 'UIKitGradient' conform to 'View'
 91 |                         Text("UIKit")
 92 |                             .frame(width: 70, alignment: .leading)
 93 |                         UIKitGradient(from: from, to: to)
    |                         `- error: generic struct 'HStack' requires that 'UIKitGradient' conform to 'View'
 94 |                     }
 95 |                     .frame(height: 30)
SwiftUI.TupleContent:2:11: note: requirement from conditional conformance of 'TupleContent<some View, UIKitGradient>' to 'View'
1 | @available(iOS 26.0, macOS 26.0, tvOS 26.0, watchOS 26.0, *)
2 | extension TupleContent : View where repeat each Content : View {
  |           `- note: requirement from conditional conformance of 'TupleContent<some View, UIKitGradient>' to 'View'
3 |     nonisolated public static func _makeView(view: _GraphValue<TupleContent<repeat each Content>>, inputs: _ViewInputs) -> _ViewOutputs
4 |     nonisolated public static func _makeViewList(view: _GraphValue<TupleContent<repeat each Content>>, inputs: _ViewListInputs) -> _ViewListOutputs
/Users/admin/builder/spi-builder-workspace/Sources/VDAnimation/Colors+Previews.swift:165:30: error: cannot find type 'Context' in scope
163 |     let to: DisplayP3
164 |
165 |     func makeUIView(context: Context) -> UIKitGradientView {
    |                              `- error: cannot find type 'Context' in scope
166 |         UIKitGradientView(from: from, to: to)
167 |     }
/Users/admin/builder/spi-builder-workspace/Sources/VDAnimation/Colors+Previews.swift:169:61: error: cannot find type 'Context' in scope
167 |     }
168 |
169 |     func updateUIView(_ uiView: UIKitGradientView, context: Context) {
    |                                                             `- error: cannot find type 'Context' in scope
170 |         uiView.from = from
171 |         uiView.to = to
/Users/admin/builder/spi-builder-workspace/Sources/VDAnimation/Colors+Previews.swift:160:31: error: cannot find type 'UIViewRepresentable' in scope
158 | #if canImport(UIKit)
159 |
160 | private struct UIKitGradient: UIViewRepresentable {
    |                               `- error: cannot find type 'UIViewRepresentable' in scope
161 |
162 |     let from: DisplayP3
SwiftCompile normal arm64 /Users/admin/builder/spi-builder-workspace/Sources/VDAnimation/CodingKeys.swift (in target 'VDAnimation' from project 'VDAnimation')
    cd /Users/admin/builder/spi-builder-workspace/.swiftpm/xcode
    builtin-SwiftPerFileCompile CodingKeys.swift
SwiftCompile normal arm64 /Users/admin/builder/spi-builder-workspace/Sources/VDAnimation/Colors+Previews.swift (in target 'VDAnimation' from project 'VDAnimation')
    cd /Users/admin/builder/spi-builder-workspace/.swiftpm/xcode
    builtin-SwiftPerFileCompile Colors+Previews.swift
SwiftCompile normal arm64 Compiling\ TweenableMacro.swift /Users/admin/builder/spi-builder-workspace/Sources/VDAnimation/TweenableMacro.swift (in target 'VDAnimation' from project 'VDAnimation')
SwiftCompile normal arm64 /Users/admin/builder/spi-builder-workspace/Sources/VDAnimation/TweenableMacro.swift (in target 'VDAnimation' from project 'VDAnimation')
    cd /Users/admin/builder/spi-builder-workspace/.swiftpm/xcode
    builtin-SwiftPerFileCompile TweenableMacro.swift
SwiftCompile normal arm64 Compiling\ AnimatedView.swift /Users/admin/builder/spi-builder-workspace/Sources/VDAnimation/Views/AnimatedView.swift (in target 'VDAnimation' from project 'VDAnimation')
SwiftCompile normal arm64 /Users/admin/builder/spi-builder-workspace/Sources/VDAnimation/Views/AnimatedView.swift (in target 'VDAnimation' from project 'VDAnimation')
    cd /Users/admin/builder/spi-builder-workspace/.swiftpm/xcode
    builtin-SwiftPerFileCompile AnimatedView.swift
SwiftCompile normal arm64 Compiling\ Path+lerp.swift,\ Tween.swift /Users/admin/builder/spi-builder-workspace/Sources/VDAnimation/Path+lerp.swift /Users/admin/builder/spi-builder-workspace/Sources/VDAnimation/Tween.swift (in target 'VDAnimation' from project 'VDAnimation')
SwiftCompile normal arm64 /Users/admin/builder/spi-builder-workspace/Sources/VDAnimation/Path+lerp.swift (in target 'VDAnimation' from project 'VDAnimation')
    cd /Users/admin/builder/spi-builder-workspace/.swiftpm/xcode
    builtin-SwiftPerFileCompile Path+lerp.swift
SwiftCompile normal arm64 /Users/admin/builder/spi-builder-workspace/Sources/VDAnimation/Tween.swift (in target 'VDAnimation' from project 'VDAnimation')
    cd /Users/admin/builder/spi-builder-workspace/.swiftpm/xcode
    builtin-SwiftPerFileCompile Tween.swift
SwiftCompile normal arm64 Compiling\ Colors+Spaces.swift,\ Curve.swift /Users/admin/builder/spi-builder-workspace/Sources/VDAnimation/Colors+Spaces.swift /Users/admin/builder/spi-builder-workspace/Sources/VDAnimation/Curve.swift (in target 'VDAnimation' from project 'VDAnimation')
SwiftCompile normal arm64 /Users/admin/builder/spi-builder-workspace/Sources/VDAnimation/Colors+Spaces.swift (in target 'VDAnimation' from project 'VDAnimation')
    cd /Users/admin/builder/spi-builder-workspace/.swiftpm/xcode
    builtin-SwiftPerFileCompile Colors+Spaces.swift
SwiftCompile normal arm64 /Users/admin/builder/spi-builder-workspace/Sources/VDAnimation/Curve.swift (in target 'VDAnimation' from project 'VDAnimation')
    cd /Users/admin/builder/spi-builder-workspace/.swiftpm/xcode
    builtin-SwiftPerFileCompile Curve.swift
SwiftExplicitDependencyGeneratePcm arm64_32 /Users/admin/builder/spi-builder-workspace/.derivedData/SDKExplicitPrecompiledModules/SwiftUI-9AYG9OCT5VOJK7V4MX1WYR86T.pcm
SwiftDriverJobDiscovery normal arm64 Compiling TweenableMacro.swift (in target 'VDAnimation' from project 'VDAnimation')
SwiftCompile normal arm64 Compiling\ Extensions.swift,\ Motion.swift /Users/admin/builder/spi-builder-workspace/Sources/VDAnimation/Extensions.swift /Users/admin/builder/spi-builder-workspace/Sources/VDAnimation/Motion.swift (in target 'VDAnimation' from project 'VDAnimation')
SwiftCompile normal arm64 /Users/admin/builder/spi-builder-workspace/Sources/VDAnimation/Extensions.swift (in target 'VDAnimation' from project 'VDAnimation')
    cd /Users/admin/builder/spi-builder-workspace/.swiftpm/xcode
    builtin-SwiftPerFileCompile Extensions.swift
SwiftCompile normal arm64 /Users/admin/builder/spi-builder-workspace/Sources/VDAnimation/Motion.swift (in target 'VDAnimation' from project 'VDAnimation')
    cd /Users/admin/builder/spi-builder-workspace/.swiftpm/xcode
    builtin-SwiftPerFileCompile Motion.swift
SwiftDriverJobDiscovery normal arm64 Compiling AnimationDriver.swift, CodableTweenable.swift (in target 'VDAnimation' from project 'VDAnimation')
SwiftEmitModule normal arm64_32 Emitting\ module\ for\ VDAnimation (in target 'VDAnimation' from project 'VDAnimation')
SwiftCompile normal arm64_32 (in target 'VDAnimation' from project 'VDAnimation')
    cd /Users/admin/builder/spi-builder-workspace/.swiftpm/xcode

SwiftCompile normal arm64_32 Compiling\ AnimationDriver.swift,\ CodableTweenable.swift /Users/admin/builder/spi-builder-workspace/Sources/VDAnimation/AnimationDriver.swift /Users/admin/builder/spi-builder-workspace/Sources/VDAnimation/CodableTweenable.swift (in target 'VDAnimation' from project 'VDAnimation')
SwiftCompile normal arm64_32 /Users/admin/builder/spi-builder-workspace/Sources/VDAnimation/AnimationDriver.swift (in target 'VDAnimation' from project 'VDAnimation')
    cd /Users/admin/builder/spi-builder-workspace/.swiftpm/xcode
    builtin-SwiftPerFileCompile AnimationDriver.swift
SwiftCompile normal arm64_32 /Users/admin/builder/spi-builder-workspace/Sources/VDAnimation/CodableTweenable.swift (in target 'VDAnimation' from project 'VDAnimation')
    cd /Users/admin/builder/spi-builder-workspace/.swiftpm/xcode
    builtin-SwiftPerFileCompile CodableTweenable.swift
PruneExplicitPrecompiledModules /Users/admin/builder/spi-builder-workspace/.derivedData/Build/Intermediates.noindex/SwiftExplicitPrecompiledModules
PruneExplicitPrecompiledModules /Users/admin/builder/spi-builder-workspace/.derivedData/SDKExplicitPrecompiledModules
PruneExplicitPrecompiledModules /Users/admin/builder/spi-builder-workspace/.derivedData/Build/Intermediates.noindex/ExplicitPrecompiledModules
2026-09-24 12:38:30.530 xcodebuild[727:4364] [MT] IDERunDestination: Supported platforms for the buildables in the current scheme is empty.
** BUILD FAILED **
The following build commands failed:
	SwiftCompile normal arm64 (in target 'VDAnimation' from project 'VDAnimation')
	SwiftEmitModule normal arm64 Emitting\ module\ for\ VDAnimation (in target 'VDAnimation' from project 'VDAnimation')
	Building workspace VDAnimation with scheme VDAnimation
(3 failures)
Command line invocation:
    /Applications/Xcode-27.0.0-Release.Candidate.app/Contents/Developer/usr/bin/xcodebuild -IDEClonedSourcePackagesDirPathOverride=/Users/admin/builder/spi-builder-workspace/.dependencies -resolvePackageDependencies
Resolve Package Graph
Resolved source packages:
  swift-syntax: https://github.com/apple/swift-syntax.git @ 600.0.1
  VDAnimation: /Users/admin/builder/spi-builder-workspace
resolved source packages: swift-syntax, VDAnimation
2026-09-24 12:39:10.289 xcodebuild[1352:7542] [MT] IDERunDestination: Supported platforms for the buildables in the current scheme is empty.
{
  "dependencies" : [
    {
      "identity" : "swift-syntax",
      "requirement" : {
        "range" : [
          {
            "lower_bound" : "600.0.0",
            "upper_bound" : "601.0.0"
          }
        ]
      },
      "type" : "sourceControl",
      "url" : "https://github.com/apple/swift-syntax.git"
    }
  ],
  "manifest_display_name" : "VDAnimation",
  "name" : "VDAnimation",
  "path" : "/Users/admin/builder/spi-builder-workspace",
  "platforms" : [
    {
      "name" : "macos",
      "version" : "10.15"
    },
    {
      "name" : "ios",
      "version" : "13.0"
    }
  ],
  "products" : [
    {
      "name" : "VDAnimation",
      "targets" : [
        "VDAnimation"
      ],
      "type" : {
        "library" : [
          "automatic"
        ]
      }
    },
    {
      "name" : "VDAnimationMacros",
      "targets" : [
        "VDAnimationMacros"
      ],
      "type" : {
        "macro" : null
      }
    }
  ],
  "targets" : [
    {
      "c99name" : "VDAnimationTests",
      "module_type" : "SwiftTarget",
      "name" : "VDAnimationTests",
      "path" : "Tests/VDAnimationTests",
      "sources" : [
        "VDAnimationTests.swift"
      ],
      "target_dependencies" : [
        "VDAnimation"
      ],
      "type" : "test"
    },
    {
      "c99name" : "VDAnimationMacros",
      "module_type" : "SwiftTarget",
      "name" : "VDAnimationMacros",
      "path" : "Sources/VDAnimationMacros",
      "product_dependencies" : [
        "SwiftSyntaxMacros",
        "SwiftCompilerPlugin"
      ],
      "product_memberships" : [
        "VDAnimation",
        "VDAnimationMacros"
      ],
      "sources" : [
        "Tweenable.swift",
        "Utils/StringError.swift",
        "Utils/SyntaxExt.swift",
        "VDAnimationMacrosPlugin.swift"
      ],
      "type" : "macro"
    },
    {
      "c99name" : "VDAnimation",
      "module_type" : "SwiftTarget",
      "name" : "VDAnimation",
      "path" : "Sources/VDAnimation",
      "product_memberships" : [
        "VDAnimation"
      ],
      "sources" : [
        "AnimationDriver.swift",
        "CodableTweenable.swift",
        "CodingKeys.swift",
        "Colors+Previews.swift",
        "Colors+Spaces.swift",
        "Curve.swift",
        "Extensions.swift",
        "Motion.swift",
        "MotionBuilder.swift",
        "MotionFrameLink.swift",
        "Path+lerp.swift",
        "Tween.swift",
        "Tweenable.swift",
        "TweenableMacro.swift",
        "Views/AnimatedView.swift",
        "Views/WithMotion.swift"
      ],
      "target_dependencies" : [
        "VDAnimationMacros"
      ],
      "type" : "library"
    }
  ],
  "tools_version" : "5.9"
}
{
  "workspace" : {
    "name" : "VDAnimation",
    "schemes" : [
      "VDAnimation"
    ]
  }
}
2026-09-24 12:39:11.906 xcodebuild[1361:7613] [MT] IDERunDestination: Supported platforms for the buildables in the current scheme is empty.
Running build ...
env DEVELOPER_DIR=/Applications/Xcode-27.0.0-Release.Candidate.app xcrun xcodebuild -IDEClonedSourcePackagesDirPathOverride=$PWD/.dependencies -skipMacroValidation -skipPackagePluginValidation -derivedDataPath $PWD/.derivedData build -scheme VDAnimation -destination generic/platform=watchOS
Command line invocation:
    /Applications/Xcode-27.0.0-Release.Candidate.app/Contents/Developer/usr/bin/xcodebuild -IDEClonedSourcePackagesDirPathOverride=/Users/admin/builder/spi-builder-workspace/.dependencies -skipMacroValidation -skipPackagePluginValidation -derivedDataPath /Users/admin/builder/spi-builder-workspace/.derivedData build -scheme VDAnimation -destination generic/platform=watchOS
Resolve Package Graph
Resolved source packages:
  swift-syntax: https://github.com/apple/swift-syntax.git @ 600.0.1
  VDAnimation: /Users/admin/builder/spi-builder-workspace
ComputePackagePrebuildTargetDependencyGraph
Prepare packages
CreateBuildRequest
SendProjectDescription
CreateBuildOperation
ComputeTargetDependencyGraph
note: Building targets in dependency order
note: Target dependency graph (20 targets)
    Target 'VDAnimation-product' in project 'VDAnimation'
        ➜ Explicit dependency on target 'VDAnimation' in project 'VDAnimation'
        ➜ Explicit dependency on target 'VDAnimationMacros' in project 'VDAnimation'
    Target 'VDAnimation' in project 'VDAnimation'
        ➜ Explicit dependency on target 'VDAnimationMacros' in project 'VDAnimation'
    Target 'VDAnimationMacros' in project 'VDAnimation'
        ➜ Explicit dependency on target 'SwiftSyntaxMacros-product' in project 'swift-syntax'
        ➜ Explicit dependency on target 'SwiftCompilerPlugin-product' in project 'swift-syntax'
    Target 'SwiftCompilerPlugin-product' in project 'swift-syntax'
        ➜ Explicit dependency on target 'SwiftCompilerPlugin' in project 'swift-syntax'
        ➜ Explicit dependency on target '_SwiftSyntaxCShims' in project 'swift-syntax'
        ➜ Explicit dependency on target 'SwiftSyntax509' in project 'swift-syntax'
        ➜ Explicit dependency on target 'SwiftSyntax510' in project 'swift-syntax'
        ➜ Explicit dependency on target 'SwiftSyntax600' in project 'swift-syntax'
        ➜ Explicit dependency on target 'SwiftSyntax' in project 'swift-syntax'
        ➜ Explicit dependency on target 'SwiftDiagnostics' in project 'swift-syntax'
        ➜ Explicit dependency on target 'SwiftParser' in project 'swift-syntax'
        ➜ Explicit dependency on target 'SwiftOperators' in project 'swift-syntax'
        ➜ Explicit dependency on target 'SwiftBasicFormat' in project 'swift-syntax'
        ➜ Explicit dependency on target 'SwiftParserDiagnostics' in project 'swift-syntax'
        ➜ Explicit dependency on target 'SwiftSyntaxBuilder' in project 'swift-syntax'
        ➜ Explicit dependency on target 'SwiftSyntaxMacros' in project 'swift-syntax'
        ➜ Explicit dependency on target 'SwiftSyntaxMacroExpansion' in project 'swift-syntax'
        ➜ Explicit dependency on target 'SwiftCompilerPluginMessageHandling' in project 'swift-syntax'
    Target 'SwiftCompilerPlugin' in project 'swift-syntax'
        ➜ Explicit dependency on target '_SwiftSyntaxCShims' in project 'swift-syntax'
        ➜ Explicit dependency on target 'SwiftSyntax509' in project 'swift-syntax'
        ➜ Explicit dependency on target 'SwiftSyntax510' in project 'swift-syntax'
        ➜ Explicit dependency on target 'SwiftSyntax600' in project 'swift-syntax'
        ➜ Explicit dependency on target 'SwiftSyntax' in project 'swift-syntax'
        ➜ Explicit dependency on target 'SwiftDiagnostics' in project 'swift-syntax'
        ➜ Explicit dependency on target 'SwiftParser' in project 'swift-syntax'
        ➜ Explicit dependency on target 'SwiftOperators' in project 'swift-syntax'
        ➜ Explicit dependency on target 'SwiftBasicFormat' in project 'swift-syntax'
        ➜ Explicit dependency on target 'SwiftParserDiagnostics' in project 'swift-syntax'
        ➜ Explicit dependency on target 'SwiftSyntaxBuilder' in project 'swift-syntax'
        ➜ Explicit dependency on target 'SwiftSyntaxMacros' in project 'swift-syntax'
        ➜ Explicit dependency on target 'SwiftSyntaxMacroExpansion' in project 'swift-syntax'
        ➜ Explicit dependency on target 'SwiftCompilerPluginMessageHandling' in project 'swift-syntax'
    Target 'SwiftCompilerPluginMessageHandling' in project 'swift-syntax'
        ➜ Explicit dependency on target '_SwiftSyntaxCShims' in project 'swift-syntax'
        ➜ Explicit dependency on target 'SwiftSyntax509' in project 'swift-syntax'
        ➜ Explicit dependency on target 'SwiftSyntax510' in project 'swift-syntax'
        ➜ Explicit dependency on target 'SwiftSyntax600' in project 'swift-syntax'
        ➜ Explicit dependency on target 'SwiftSyntax' in project 'swift-syntax'
        ➜ Explicit dependency on target 'SwiftDiagnostics' in project 'swift-syntax'
        ➜ Explicit dependency on target 'SwiftParser' in project 'swift-syntax'
        ➜ Explicit dependency on target 'SwiftOperators' in project 'swift-syntax'
        ➜ Explicit dependency on target 'SwiftBasicFormat' in project 'swift-syntax'
        ➜ Explicit dependency on target 'SwiftParserDiagnostics' in project 'swift-syntax'
        ➜ Explicit dependency on target 'SwiftSyntaxBuilder' in project 'swift-syntax'
        ➜ Explicit dependency on target 'SwiftSyntaxMacros' in project 'swift-syntax'
        ➜ Explicit dependency on target 'SwiftSyntaxMacroExpansion' in project 'swift-syntax'
    Target 'SwiftSyntaxMacroExpansion' in project 'swift-syntax'
        ➜ Explicit dependency on target '_SwiftSyntaxCShims' in project 'swift-syntax'
        ➜ Explicit dependency on target 'SwiftSyntax509' in project 'swift-syntax'
        ➜ Explicit dependency on target 'SwiftSyntax510' in project 'swift-syntax'
        ➜ Explicit dependency on target 'SwiftSyntax600' in project 'swift-syntax'
        ➜ Explicit dependency on target 'SwiftSyntax' in project 'swift-syntax'
        ➜ Explicit dependency on target 'SwiftBasicFormat' in project 'swift-syntax'
        ➜ Explicit dependency on target 'SwiftParser' in project 'swift-syntax'
        ➜ Explicit dependency on target 'SwiftDiagnostics' in project 'swift-syntax'
        ➜ Explicit dependency on target 'SwiftParserDiagnostics' in project 'swift-syntax'
        ➜ Explicit dependency on target 'SwiftSyntaxBuilder' in project 'swift-syntax'
        ➜ Explicit dependency on target 'SwiftSyntaxMacros' in project 'swift-syntax'
        ➜ Explicit dependency on target 'SwiftOperators' in project 'swift-syntax'
    Target 'SwiftOperators' in project 'swift-syntax'
        ➜ Explicit dependency on target '_SwiftSyntaxCShims' in project 'swift-syntax'
        ➜ Explicit dependency on target 'SwiftSyntax509' in project 'swift-syntax'
        ➜ Explicit dependency on target 'SwiftSyntax510' in project 'swift-syntax'
        ➜ Explicit dependency on target 'SwiftSyntax600' in project 'swift-syntax'
        ➜ Explicit dependency on target 'SwiftSyntax' in project 'swift-syntax'
        ➜ Explicit dependency on target 'SwiftDiagnostics' in project 'swift-syntax'
        ➜ Explicit dependency on target 'SwiftParser' in project 'swift-syntax'
    Target 'SwiftSyntaxMacros-product' in project 'swift-syntax'
        ➜ Explicit dependency on target 'SwiftSyntaxMacros' in project 'swift-syntax'
        ➜ Explicit dependency on target '_SwiftSyntaxCShims' in project 'swift-syntax'
        ➜ Explicit dependency on target 'SwiftSyntax509' in project 'swift-syntax'
        ➜ Explicit dependency on target 'SwiftSyntax510' in project 'swift-syntax'
        ➜ Explicit dependency on target 'SwiftSyntax600' in project 'swift-syntax'
        ➜ Explicit dependency on target 'SwiftSyntax' in project 'swift-syntax'
        ➜ Explicit dependency on target 'SwiftDiagnostics' in project 'swift-syntax'
        ➜ Explicit dependency on target 'SwiftParser' in project 'swift-syntax'
        ➜ Explicit dependency on target 'SwiftBasicFormat' in project 'swift-syntax'
        ➜ Explicit dependency on target 'SwiftParserDiagnostics' in project 'swift-syntax'
        ➜ Explicit dependency on target 'SwiftSyntaxBuilder' in project 'swift-syntax'
    Target 'SwiftSyntaxMacros' in project 'swift-syntax'
        ➜ Explicit dependency on target '_SwiftSyntaxCShims' in project 'swift-syntax'
        ➜ Explicit dependency on target 'SwiftSyntax509' in project 'swift-syntax'
        ➜ Explicit dependency on target 'SwiftSyntax510' in project 'swift-syntax'
        ➜ Explicit dependency on target 'SwiftSyntax600' in project 'swift-syntax'
        ➜ Explicit dependency on target 'SwiftSyntax' in project 'swift-syntax'
        ➜ Explicit dependency on target 'SwiftDiagnostics' in project 'swift-syntax'
        ➜ Explicit dependency on target 'SwiftParser' in project 'swift-syntax'
        ➜ Explicit dependency on target 'SwiftBasicFormat' in project 'swift-syntax'
        ➜ Explicit dependency on target 'SwiftParserDiagnostics' in project 'swift-syntax'
        ➜ Explicit dependency on target 'SwiftSyntaxBuilder' in project 'swift-syntax'
    Target 'SwiftSyntaxBuilder' in project 'swift-syntax'
        ➜ Explicit dependency on target '_SwiftSyntaxCShims' in project 'swift-syntax'
        ➜ Explicit dependency on target 'SwiftSyntax509' in project 'swift-syntax'
        ➜ Explicit dependency on target 'SwiftSyntax510' in project 'swift-syntax'
        ➜ Explicit dependency on target 'SwiftSyntax600' in project 'swift-syntax'
        ➜ Explicit dependency on target 'SwiftSyntax' in project 'swift-syntax'
        ➜ Explicit dependency on target 'SwiftBasicFormat' in project 'swift-syntax'
        ➜ Explicit dependency on target 'SwiftParser' in project 'swift-syntax'
        ➜ Explicit dependency on target 'SwiftDiagnostics' in project 'swift-syntax'
        ➜ Explicit dependency on target 'SwiftParserDiagnostics' in project 'swift-syntax'
    Target 'SwiftParserDiagnostics' in project 'swift-syntax'
        ➜ Explicit dependency on target '_SwiftSyntaxCShims' in project 'swift-syntax'
        ➜ Explicit dependency on target 'SwiftSyntax509' in project 'swift-syntax'
        ➜ Explicit dependency on target 'SwiftSyntax510' in project 'swift-syntax'
        ➜ Explicit dependency on target 'SwiftSyntax600' in project 'swift-syntax'
        ➜ Explicit dependency on target 'SwiftSyntax' in project 'swift-syntax'
        ➜ Explicit dependency on target 'SwiftBasicFormat' in project 'swift-syntax'
        ➜ Explicit dependency on target 'SwiftDiagnostics' in project 'swift-syntax'
        ➜ Explicit dependency on target 'SwiftParser' in project 'swift-syntax'
    Target 'SwiftBasicFormat' in project 'swift-syntax'
        ➜ Explicit dependency on target '_SwiftSyntaxCShims' in project 'swift-syntax'
        ➜ Explicit dependency on target 'SwiftSyntax509' in project 'swift-syntax'
        ➜ Explicit dependency on target 'SwiftSyntax510' in project 'swift-syntax'
        ➜ Explicit dependency on target 'SwiftSyntax600' in project 'swift-syntax'
        ➜ Explicit dependency on target 'SwiftSyntax' in project 'swift-syntax'
    Target 'SwiftParser' in project 'swift-syntax'
        ➜ Explicit dependency on target '_SwiftSyntaxCShims' in project 'swift-syntax'
        ➜ Explicit dependency on target 'SwiftSyntax509' in project 'swift-syntax'
        ➜ Explicit dependency on target 'SwiftSyntax510' in project 'swift-syntax'
        ➜ Explicit dependency on target 'SwiftSyntax600' in project 'swift-syntax'
        ➜ Explicit dependency on target 'SwiftSyntax' in project 'swift-syntax'
    Target 'SwiftDiagnostics' in project 'swift-syntax'
        ➜ Explicit dependency on target '_SwiftSyntaxCShims' in project 'swift-syntax'
        ➜ Explicit dependency on target 'SwiftSyntax509' in project 'swift-syntax'
        ➜ Explicit dependency on target 'SwiftSyntax510' in project 'swift-syntax'
        ➜ Explicit dependency on target 'SwiftSyntax600' in project 'swift-syntax'
        ➜ Explicit dependency on target 'SwiftSyntax' in project 'swift-syntax'
    Target 'SwiftSyntax' in project 'swift-syntax'
        ➜ Explicit dependency on target '_SwiftSyntaxCShims' in project 'swift-syntax'
        ➜ Explicit dependency on target 'SwiftSyntax509' in project 'swift-syntax'
        ➜ Explicit dependency on target 'SwiftSyntax510' in project 'swift-syntax'
        ➜ Explicit dependency on target 'SwiftSyntax600' in project 'swift-syntax'
    Target 'SwiftSyntax600' in project 'swift-syntax' (no dependencies)
    Target 'SwiftSyntax510' in project 'swift-syntax' (no dependencies)
    Target 'SwiftSyntax509' in project 'swift-syntax' (no dependencies)
    Target '_SwiftSyntaxCShims' in project 'swift-syntax' (no dependencies)
GatherProvisioningInputs
CreateBuildDescription
ClangStatCache /Applications/Xcode-27.0.0-Release.Candidate.app/Contents/Developer/Toolchains/XcodeDefault.xctoolchain/usr/bin/clang-stat-cache /Applications/Xcode-27.0.0-Release.Candidate.app/Contents/Developer/Platforms/WatchOS.platform/Developer/SDKs/WatchOS27.0.sdk /Users/admin/builder/spi-builder-workspace/.derivedData/SDKStatCaches.noindex/watchos27.0-24R360-e829b21a6f8c9b70876ba0858053c04477534ef55a1706bf4c1112bbb242f0a2.sdkstatcache
    cd /Users/admin/builder/spi-builder-workspace/.swiftpm/xcode
    /Applications/Xcode-27.0.0-Release.Candidate.app/Contents/Developer/Toolchains/XcodeDefault.xctoolchain/usr/bin/clang-stat-cache /Applications/Xcode-27.0.0-Release.Candidate.app/Contents/Developer/Platforms/WatchOS.platform/Developer/SDKs/WatchOS27.0.sdk -o /Users/admin/builder/spi-builder-workspace/.derivedData/SDKStatCaches.noindex/watchos27.0-24R360-e829b21a6f8c9b70876ba0858053c04477534ef55a1706bf4c1112bbb242f0a2.sdkstatcache
ClangStatCache /Applications/Xcode-27.0.0-Release.Candidate.app/Contents/Developer/Toolchains/XcodeDefault.xctoolchain/usr/bin/clang-stat-cache /Applications/Xcode-27.0.0-Release.Candidate.app/Contents/Developer/Platforms/MacOSX.platform/Developer/SDKs/MacOSX27.0.sdk /Users/admin/builder/spi-builder-workspace/.derivedData/SDKStatCaches.noindex/macosx27.0-26A425-e829b21a6f8c9b70876ba0858053c0446a22442a12e9d48fe1a705f55a1adfc4.sdkstatcache
    cd /Users/admin/builder/spi-builder-workspace/.swiftpm/xcode
    /Applications/Xcode-27.0.0-Release.Candidate.app/Contents/Developer/Toolchains/XcodeDefault.xctoolchain/usr/bin/clang-stat-cache /Applications/Xcode-27.0.0-Release.Candidate.app/Contents/Developer/Platforms/MacOSX.platform/Developer/SDKs/MacOSX27.0.sdk -o /Users/admin/builder/spi-builder-workspace/.derivedData/SDKStatCaches.noindex/macosx27.0-26A425-e829b21a6f8c9b70876ba0858053c0446a22442a12e9d48fe1a705f55a1adfc4.sdkstatcache
SwiftDriver VDAnimation normal arm64_32 com.apple.xcode.tools.swift.compiler (in target 'VDAnimation' from project 'VDAnimation')
    cd /Users/admin/builder/spi-builder-workspace/.swiftpm/xcode
    builtin-SwiftDriver -- /Applications/Xcode-27.0.0-Release.Candidate.app/Contents/Developer/Toolchains/XcodeDefault.xctoolchain/usr/bin/swiftc -parse-as-library -module-name VDAnimation -Onone @/Users/admin/builder/spi-builder-workspace/.derivedData/Build/Intermediates.noindex/VDAnimation.build/Debug-watchos/VDAnimation-t.build/Objects-normal/arm64_32/VDAnimation.SwiftFileList -DSWIFT_PACKAGE -DDEBUG -DSWIFT_MODULE_RESOURCE_BUNDLE_UNAVAILABLE -DXcode -plugin-path /Applications/Xcode-27.0.0-Release.Candidate.app/Contents/Developer/Toolchains/XcodeDefault.xctoolchain/usr/lib/swift/host/plugins/testing -enable-experimental-feature DebugDescriptionMacro -sdk /Applications/Xcode-27.0.0-Release.Candidate.app/Contents/Developer/Platforms/WatchOS.platform/Developer/SDKs/WatchOS27.0.sdk -target arm64_32-apple-watchos9.0 -g -module-cache-path /Users/admin/builder/spi-builder-workspace/.derivedData/ModuleCache.noindex -Xfrontend -serialize-debugging-options -profile-coverage-mapping -profile-generate -enable-testing -index-store-path /Users/admin/builder/spi-builder-workspace/.derivedData/Index.noindex/DataStore -Xcc -D_LIBCPP_HARDENING_MODE\=_LIBCPP_HARDENING_MODE_DEBUG -swift-version 5 -I /Users/admin/builder/spi-builder-workspace/.derivedData/Build/Products/Debug-watchos -Isystem /Applications/Xcode-27.0.0-Release.Candidate.app/Contents/Developer/Platforms/WatchOS.platform/Developer/usr/lib -F /Users/admin/builder/spi-builder-workspace/.derivedData/Build/Products/Debug-watchos -F /Applications/Xcode-27.0.0-Release.Candidate.app/Contents/Developer/Platforms/WatchOS.platform/Developer/Library/Frameworks -F /Applications/Xcode-27.0.0-Release.Candidate.app/Contents/Developer/Platforms/WatchOS.platform/Developer/SDKs/WatchOS27.0.sdk/Developer/Library/Frameworks -Xfrontend -load-plugin-executable -Xfrontend /Users/admin/builder/spi-builder-workspace/.derivedData/Build/Products/Debug/VDAnimationMacros\#VDAnimationMacros -c -j10 -enable-batch-mode -incremental -Xcc -ivfsstatcache -Xcc /Users/admin/builder/spi-builder-workspace/.derivedData/SDKStatCaches.noindex/watchos27.0-24R360-e829b21a6f8c9b70876ba0858053c04477534ef55a1706bf4c1112bbb242f0a2.sdkstatcache -output-file-map /Users/admin/builder/spi-builder-workspace/.derivedData/Build/Intermediates.noindex/VDAnimation.build/Debug-watchos/VDAnimation-t.build/Objects-normal/arm64_32/VDAnimation-OutputFileMap.json -save-temps -no-color-diagnostics -explicit-module-build -module-cache-path /Users/admin/builder/spi-builder-workspace/.derivedData/Build/Intermediates.noindex/SwiftExplicitPrecompiledModules -clang-scanner-module-cache-path /Users/admin/builder/spi-builder-workspace/.derivedData/ModuleCache.noindex -sdk-module-cache-path /Users/admin/builder/spi-builder-workspace/.derivedData/SDKExplicitPrecompiledModules -emit-dependencies -emit-module -emit-module-path /Users/admin/builder/spi-builder-workspace/.derivedData/Build/Intermediates.noindex/VDAnimation.build/Debug-watchos/VDAnimation-t.build/Objects-normal/arm64_32/VDAnimation.swiftmodule -serialize-diagnostics -dependency-scan-serialize-diagnostics-path /Users/admin/builder/spi-builder-workspace/.derivedData/Build/Intermediates.noindex/VDAnimation.build/Debug-watchos/VDAnimation-t.build/Objects-normal/arm64_32/VDAnimation-dependency-scan.dia -validate-clang-modules-once -clang-build-session-file /Users/admin/builder/spi-builder-workspace/.derivedData/ModuleCache.noindex/Session.modulevalidation -Xcc -fmodules-prune-interval\=86400 -Xcc -fmodules-prune-after\=345600 -package-name spi_builder_workspace -emit-const-values -const-gather-protocols-list /Users/admin/builder/spi-builder-workspace/.derivedData/Build/Intermediates.noindex/VDAnimation.build/Debug-watchos/VDAnimation-t.build/Objects-normal/arm64_32/VDAnimation_const_extract_protocols.json -Xcc -I/Users/admin/builder/spi-builder-workspace/.derivedData/Build/Products/Debug-watchos/include -Xcc -I/Users/admin/builder/spi-builder-workspace/.derivedData/Build/Intermediates.noindex/VDAnimation.build/Debug-watchos/VDAnimation-t.build/DerivedSources-normal/arm64_32 -Xcc -I/Users/admin/builder/spi-builder-workspace/.derivedData/Build/Intermediates.noindex/VDAnimation.build/Debug-watchos/VDAnimation-t.build/DerivedSources/arm64_32 -Xcc -I/Users/admin/builder/spi-builder-workspace/.derivedData/Build/Intermediates.noindex/VDAnimation.build/Debug-watchos/VDAnimation-t.build/DerivedSources -Xcc -DSWIFT_PACKAGE -Xcc -DDEBUG\=1 -emit-objc-header -emit-objc-header-path /Users/admin/builder/spi-builder-workspace/.derivedData/Build/Intermediates.noindex/VDAnimation.build/Debug-watchos/VDAnimation-t.build/Objects-normal/arm64_32/VDAnimation-Swift.h -working-directory /Users/admin/builder/spi-builder-workspace/.swiftpm/xcode -experimental-emit-module-separately -disable-cmo
SwiftDriver VDAnimation normal arm64 com.apple.xcode.tools.swift.compiler (in target 'VDAnimation' from project 'VDAnimation')
    cd /Users/admin/builder/spi-builder-workspace/.swiftpm/xcode
    builtin-SwiftDriver -- /Applications/Xcode-27.0.0-Release.Candidate.app/Contents/Developer/Toolchains/XcodeDefault.xctoolchain/usr/bin/swiftc -parse-as-library -module-name VDAnimation -Onone @/Users/admin/builder/spi-builder-workspace/.derivedData/Build/Intermediates.noindex/VDAnimation.build/Debug-watchos/VDAnimation-t.build/Objects-normal/arm64/VDAnimation.SwiftFileList -DSWIFT_PACKAGE -DDEBUG -DSWIFT_MODULE_RESOURCE_BUNDLE_UNAVAILABLE -DXcode -plugin-path /Applications/Xcode-27.0.0-Release.Candidate.app/Contents/Developer/Toolchains/XcodeDefault.xctoolchain/usr/lib/swift/host/plugins/testing -enable-experimental-feature DebugDescriptionMacro -sdk /Applications/Xcode-27.0.0-Release.Candidate.app/Contents/Developer/Platforms/WatchOS.platform/Developer/SDKs/WatchOS27.0.sdk -target arm64-apple-watchos9.0 -g -module-cache-path /Users/admin/builder/spi-builder-workspace/.derivedData/ModuleCache.noindex -Xfrontend -serialize-debugging-options -profile-coverage-mapping -profile-generate -enable-testing -index-store-path /Users/admin/builder/spi-builder-workspace/.derivedData/Index.noindex/DataStore -Xcc -D_LIBCPP_HARDENING_MODE\=_LIBCPP_HARDENING_MODE_DEBUG -swift-version 5 -I /Users/admin/builder/spi-builder-workspace/.derivedData/Build/Products/Debug-watchos -Isystem /Applications/Xcode-27.0.0-Release.Candidate.app/Contents/Developer/Platforms/WatchOS.platform/Developer/usr/lib -F /Users/admin/builder/spi-builder-workspace/.derivedData/Build/Products/Debug-watchos -F /Applications/Xcode-27.0.0-Release.Candidate.app/Contents/Developer/Platforms/WatchOS.platform/Developer/Library/Frameworks -F /Applications/Xcode-27.0.0-Release.Candidate.app/Contents/Developer/Platforms/WatchOS.platform/Developer/SDKs/WatchOS27.0.sdk/Developer/Library/Frameworks -Xfrontend -load-plugin-executable -Xfrontend /Users/admin/builder/spi-builder-workspace/.derivedData/Build/Products/Debug/VDAnimationMacros\#VDAnimationMacros -c -j10 -enable-batch-mode -incremental -Xcc -ivfsstatcache -Xcc /Users/admin/builder/spi-builder-workspace/.derivedData/SDKStatCaches.noindex/watchos27.0-24R360-e829b21a6f8c9b70876ba0858053c04477534ef55a1706bf4c1112bbb242f0a2.sdkstatcache -output-file-map /Users/admin/builder/spi-builder-workspace/.derivedData/Build/Intermediates.noindex/VDAnimation.build/Debug-watchos/VDAnimation-t.build/Objects-normal/arm64/VDAnimation-OutputFileMap.json -save-temps -no-color-diagnostics -explicit-module-build -module-cache-path /Users/admin/builder/spi-builder-workspace/.derivedData/Build/Intermediates.noindex/SwiftExplicitPrecompiledModules -clang-scanner-module-cache-path /Users/admin/builder/spi-builder-workspace/.derivedData/ModuleCache.noindex -sdk-module-cache-path /Users/admin/builder/spi-builder-workspace/.derivedData/SDKExplicitPrecompiledModules -emit-dependencies -emit-module -emit-module-path /Users/admin/builder/spi-builder-workspace/.derivedData/Build/Intermediates.noindex/VDAnimation.build/Debug-watchos/VDAnimation-t.build/Objects-normal/arm64/VDAnimation.swiftmodule -serialize-diagnostics -dependency-scan-serialize-diagnostics-path /Users/admin/builder/spi-builder-workspace/.derivedData/Build/Intermediates.noindex/VDAnimation.build/Debug-watchos/VDAnimation-t.build/Objects-normal/arm64/VDAnimation-dependency-scan.dia -validate-clang-modules-once -clang-build-session-file /Users/admin/builder/spi-builder-workspace/.derivedData/ModuleCache.noindex/Session.modulevalidation -Xcc -fmodules-prune-interval\=86400 -Xcc -fmodules-prune-after\=345600 -package-name spi_builder_workspace -emit-const-values -const-gather-protocols-list /Users/admin/builder/spi-builder-workspace/.derivedData/Build/Intermediates.noindex/VDAnimation.build/Debug-watchos/VDAnimation-t.build/Objects-normal/arm64/VDAnimation_const_extract_protocols.json -Xcc -I/Users/admin/builder/spi-builder-workspace/.derivedData/Build/Products/Debug-watchos/include -Xcc -I/Users/admin/builder/spi-builder-workspace/.derivedData/Build/Intermediates.noindex/VDAnimation.build/Debug-watchos/VDAnimation-t.build/DerivedSources-normal/arm64 -Xcc -I/Users/admin/builder/spi-builder-workspace/.derivedData/Build/Intermediates.noindex/VDAnimation.build/Debug-watchos/VDAnimation-t.build/DerivedSources/arm64 -Xcc -I/Users/admin/builder/spi-builder-workspace/.derivedData/Build/Intermediates.noindex/VDAnimation.build/Debug-watchos/VDAnimation-t.build/DerivedSources -Xcc -DSWIFT_PACKAGE -Xcc -DDEBUG\=1 -emit-objc-header -emit-objc-header-path /Users/admin/builder/spi-builder-workspace/.derivedData/Build/Intermediates.noindex/VDAnimation.build/Debug-watchos/VDAnimation-t.build/Objects-normal/arm64/VDAnimation-Swift.h -working-directory /Users/admin/builder/spi-builder-workspace/.swiftpm/xcode -experimental-emit-module-separately -disable-cmo
SwiftCompile normal arm64 Compiling\ CodingKeys.swift,\ Colors+Previews.swift /Users/admin/builder/spi-builder-workspace/Sources/VDAnimation/CodingKeys.swift /Users/admin/builder/spi-builder-workspace/Sources/VDAnimation/Colors+Previews.swift (in target 'VDAnimation' from project 'VDAnimation')
SwiftCompile normal arm64 /Users/admin/builder/spi-builder-workspace/Sources/VDAnimation/CodingKeys.swift (in target 'VDAnimation' from project 'VDAnimation')
    cd /Users/admin/builder/spi-builder-workspace/.swiftpm/xcode
    builtin-SwiftPerFileCompile CodingKeys.swift
SwiftCompile normal arm64 /Users/admin/builder/spi-builder-workspace/Sources/VDAnimation/Colors+Previews.swift (in target 'VDAnimation' from project 'VDAnimation')
    cd /Users/admin/builder/spi-builder-workspace/.swiftpm/xcode
    builtin-SwiftPerFileCompile Colors+Previews.swift
/Users/admin/builder/spi-builder-workspace/Sources/VDAnimation/Colors+Previews.swift:93:25: error: initializer 'init(alignment:spacing:content:)' requires that 'UIKitGradient' conform to 'View'
 91 |                         Text("UIKit")
 92 |                             .frame(width: 70, alignment: .leading)
 93 |                         UIKitGradient(from: from, to: to)
    |                         `- error: initializer 'init(alignment:spacing:content:)' requires that 'UIKitGradient' conform to 'View'
 94 |                     }
 95 |                     .frame(height: 30)
SwiftUI.TupleContent:2:11: note: requirement from conditional conformance of 'TupleContent<some View, UIKitGradient>' to 'View'
1 | @available(iOS 26.0, macOS 26.0, tvOS 26.0, watchOS 26.0, *)
2 | extension TupleContent : View where repeat each Content : View {
  |           `- note: requirement from conditional conformance of 'TupleContent<some View, UIKitGradient>' to 'View'
3 |     nonisolated public static func _makeView(view: _GraphValue<TupleContent<repeat each Content>>, inputs: _ViewInputs) -> _ViewOutputs
4 |     nonisolated public static func _makeViewList(view: _GraphValue<TupleContent<repeat each Content>>, inputs: _ViewListInputs) -> _ViewListOutputs
/Users/admin/builder/spi-builder-workspace/Sources/VDAnimation/Colors+Previews.swift:93:25: error: generic struct 'HStack' requires that 'UIKitGradient' conform to 'View'
 91 |                         Text("UIKit")
 92 |                             .frame(width: 70, alignment: .leading)
 93 |                         UIKitGradient(from: from, to: to)
    |                         `- error: generic struct 'HStack' requires that 'UIKitGradient' conform to 'View'
 94 |                     }
 95 |                     .frame(height: 30)
SwiftUI.TupleContent:2:11: note: requirement from conditional conformance of 'TupleContent<some View, UIKitGradient>' to 'View'
1 | @available(iOS 26.0, macOS 26.0, tvOS 26.0, watchOS 26.0, *)
2 | extension TupleContent : View where repeat each Content : View {
  |           `- note: requirement from conditional conformance of 'TupleContent<some View, UIKitGradient>' to 'View'
3 |     nonisolated public static func _makeView(view: _GraphValue<TupleContent<repeat each Content>>, inputs: _ViewInputs) -> _ViewOutputs
4 |     nonisolated public static func _makeViewList(view: _GraphValue<TupleContent<repeat each Content>>, inputs: _ViewListInputs) -> _ViewListOutputs
/Users/admin/builder/spi-builder-workspace/Sources/VDAnimation/Colors+Previews.swift:165:30: error: cannot find type 'Context' in scope
163 |     let to: DisplayP3
164 |
165 |     func makeUIView(context: Context) -> UIKitGradientView {
    |                              `- error: cannot find type 'Context' in scope
166 |         UIKitGradientView(from: from, to: to)
167 |     }
/Users/admin/builder/spi-builder-workspace/Sources/VDAnimation/Colors+Previews.swift:169:61: error: cannot find type 'Context' in scope
167 |     }
168 |
169 |     func updateUIView(_ uiView: UIKitGradientView, context: Context) {
    |                                                             `- error: cannot find type 'Context' in scope
170 |         uiView.from = from
171 |         uiView.to = to
/Users/admin/builder/spi-builder-workspace/Sources/VDAnimation/Colors+Previews.swift:160:31: error: cannot find type 'UIViewRepresentable' in scope
158 | #if canImport(UIKit)
159 |
160 | private struct UIKitGradient: UIViewRepresentable {
    |                               `- error: cannot find type 'UIViewRepresentable' in scope
161 |
162 |     let from: DisplayP3
SwiftCompile normal arm64 Compiling\ Colors+Spaces.swift,\ Curve.swift /Users/admin/builder/spi-builder-workspace/Sources/VDAnimation/Colors+Spaces.swift /Users/admin/builder/spi-builder-workspace/Sources/VDAnimation/Curve.swift (in target 'VDAnimation' from project 'VDAnimation')
SwiftCompile normal arm64 /Users/admin/builder/spi-builder-workspace/Sources/VDAnimation/Colors+Spaces.swift (in target 'VDAnimation' from project 'VDAnimation')
    cd /Users/admin/builder/spi-builder-workspace/.swiftpm/xcode
    builtin-SwiftPerFileCompile Colors+Spaces.swift
SwiftCompile normal arm64 /Users/admin/builder/spi-builder-workspace/Sources/VDAnimation/Curve.swift (in target 'VDAnimation' from project 'VDAnimation')
    cd /Users/admin/builder/spi-builder-workspace/.swiftpm/xcode
    builtin-SwiftPerFileCompile Curve.swift
SwiftEmitModule normal arm64 Emitting\ module\ for\ VDAnimation (in target 'VDAnimation' from project 'VDAnimation')
/Users/admin/builder/spi-builder-workspace/Sources/VDAnimation/Colors+Previews.swift:93:25: error: generic struct 'HStack' requires that 'UIKitGradient' conform to 'View'
 91 |                         Text("UIKit")
 92 |                             .frame(width: 70, alignment: .leading)
 93 |                         UIKitGradient(from: from, to: to)
    |                         `- error: generic struct 'HStack' requires that 'UIKitGradient' conform to 'View'
 94 |                     }
 95 |                     .frame(height: 30)
SwiftUI.TupleContent:2:11: note: requirement from conditional conformance of 'TupleContent<some View, UIKitGradient>' to 'View'
1 | @available(iOS 26.0, macOS 26.0, tvOS 26.0, watchOS 26.0, *)
2 | extension TupleContent : View where repeat each Content : View {
  |           `- note: requirement from conditional conformance of 'TupleContent<some View, UIKitGradient>' to 'View'
3 |     nonisolated public static func _makeView(view: _GraphValue<TupleContent<repeat each Content>>, inputs: _ViewInputs) -> _ViewOutputs
4 |     nonisolated public static func _makeViewList(view: _GraphValue<TupleContent<repeat each Content>>, inputs: _ViewListInputs) -> _ViewListOutputs
/Users/admin/builder/spi-builder-workspace/Sources/VDAnimation/Colors+Previews.swift:93:25: error: initializer 'init(alignment:spacing:content:)' requires that 'UIKitGradient' conform to 'View'
 91 |                         Text("UIKit")
 92 |                             .frame(width: 70, alignment: .leading)
 93 |                         UIKitGradient(from: from, to: to)
    |                         `- error: initializer 'init(alignment:spacing:content:)' requires that 'UIKitGradient' conform to 'View'
 94 |                     }
 95 |                     .frame(height: 30)
SwiftUI.TupleContent:2:11: note: requirement from conditional conformance of 'TupleContent<some View, UIKitGradient>' to 'View'
1 | @available(iOS 26.0, macOS 26.0, tvOS 26.0, watchOS 26.0, *)
2 | extension TupleContent : View where repeat each Content : View {
  |           `- note: requirement from conditional conformance of 'TupleContent<some View, UIKitGradient>' to 'View'
3 |     nonisolated public static func _makeView(view: _GraphValue<TupleContent<repeat each Content>>, inputs: _ViewInputs) -> _ViewOutputs
4 |     nonisolated public static func _makeViewList(view: _GraphValue<TupleContent<repeat each Content>>, inputs: _ViewListInputs) -> _ViewListOutputs
/Users/admin/builder/spi-builder-workspace/Sources/VDAnimation/Colors+Previews.swift:165:30: error: cannot find type 'Context' in scope
163 |     let to: DisplayP3
164 |
165 |     func makeUIView(context: Context) -> UIKitGradientView {
    |                              `- error: cannot find type 'Context' in scope
166 |         UIKitGradientView(from: from, to: to)
167 |     }
/Users/admin/builder/spi-builder-workspace/Sources/VDAnimation/Colors+Previews.swift:169:61: error: cannot find type 'Context' in scope
167 |     }
168 |
169 |     func updateUIView(_ uiView: UIKitGradientView, context: Context) {
    |                                                             `- error: cannot find type 'Context' in scope
170 |         uiView.from = from
171 |         uiView.to = to
/Users/admin/builder/spi-builder-workspace/Sources/VDAnimation/Colors+Previews.swift:160:31: error: cannot find type 'UIViewRepresentable' in scope
158 | #if canImport(UIKit)
159 |
160 | private struct UIKitGradient: UIViewRepresentable {
    |                               `- error: cannot find type 'UIViewRepresentable' in scope
161 |
162 |     let from: DisplayP3
/Users/admin/builder/spi-builder-workspace/Sources/VDAnimation/Colors+Previews.swift:176:40: error: 'UIView' is unavailable in watchOS
174 | }
175 |
176 | private final class UIKitGradientView: UIView {
    |                                        `- error: 'UIView' is unavailable in watchOS
177 |
178 |     var from: DisplayP3
/Applications/Xcode-27.0.0-Release.Candidate.app/Contents/Developer/Platforms/WatchOS.platform/Developer/SDKs/WatchOS27.0.sdk/System/Library/Frameworks/UIKit.framework/Headers/UIView.h:152:12: note: 'UIView' has been explicitly marked unavailable here
150 |
151 | UIKIT_EXTERN API_AVAILABLE(ios(2.0)) API_UNAVAILABLE(watchos) NS_SWIFT_UI_ACTOR
152 | @interface UIView : UIResponder <NSCoding, UIAppearance, UIAppearanceContainer, UIDynamicItem, UITraitEnvironment, UICoordinateSpace, UIFocusItem, UIFocusItemContainer, CALayerDelegate>
    |            `- note: 'UIView' has been explicitly marked unavailable here
153 |
154 | @property(class, nonatomic, readonly) Class layerClass;                        // default is [CALayer class]. Used when creating the underlying layer for the view.
/Users/admin/builder/spi-builder-workspace/Sources/VDAnimation/MotionFrameLink.swift:26:34: error: 'CAFrameRateRange' is unavailable in watchOS
 24 |     /// ```
 25 |     @available(iOS 15.0, macOS 14.0, tvOS 15.0, watchOS 8.0, *)
 26 |     var preferredFrameRateRange: CAFrameRateRange { get set }
    |                                  `- error: 'CAFrameRateRange' is unavailable in watchOS
 27 |
 28 |     /// Starts delivering frame callbacks.
/Applications/Xcode-27.0.0-Release.Candidate.app/Contents/Developer/Platforms/WatchOS.platform/Developer/SDKs/WatchOS27.0.sdk/System/Library/Frameworks/QuartzCore.framework/Headers/CAFrameRateRange.h:12:8: note: 'CAFrameRateRange' has been explicitly marked unavailable here
10 | #include <stdbool.h>
11 |
12 | struct CAFrameRateRange {
   |        `- note: 'CAFrameRateRange' has been explicitly marked unavailable here
13 |   float minimum;
14 |   float maximum;
/Users/admin/builder/spi-builder-workspace/Sources/VDAnimation/MotionFrameLink.swift:69:23: error: 'CADisplayLink' is unavailable in watchOS
 67 |
 68 |     private let tick: (_ timestamp: CFTimeInterval, _ targetTimestamp: CFTimeInterval) -> Void
 69 |     private var link: CADisplayLink?
    |                       `- error: 'CADisplayLink' is unavailable in watchOS
 70 |     private lazy var target = Target(self)
 71 |
/Applications/Xcode-27.0.0-Release.Candidate.app/Contents/Developer/Platforms/WatchOS.platform/Developer/SDKs/WatchOS27.0.sdk/System/Library/Frameworks/QuartzCore.framework/Headers/CADisplayLink.h:21:12: note: 'CADisplayLink' has been explicitly marked unavailable here
 19 | API_AVAILABLE(macos(14.0))
 20 |
 21 | @interface CADisplayLink : NSObject
    |            `- note: 'CADisplayLink' has been explicitly marked unavailable here
 22 | {
 23 | @private
/Users/admin/builder/spi-builder-workspace/Sources/VDAnimation/MotionFrameLink.swift:82:34: error: 'CAFrameRateRange' is unavailable in watchOS
 80 |
 81 |     @available(iOS 15.0, macOS 14.0, tvOS 15.0, watchOS 8.0, *)
 82 |     var preferredFrameRateRange: CAFrameRateRange {
    |                                  `- error: 'CAFrameRateRange' is unavailable in watchOS
 83 |         get { link?.preferredFrameRateRange ?? .default }
 84 |         set { link?.preferredFrameRateRange = newValue }
/Applications/Xcode-27.0.0-Release.Candidate.app/Contents/Developer/Platforms/WatchOS.platform/Developer/SDKs/WatchOS27.0.sdk/System/Library/Frameworks/QuartzCore.framework/Headers/CAFrameRateRange.h:12:8: note: 'CAFrameRateRange' has been explicitly marked unavailable here
10 | #include <stdbool.h>
11 |
12 | struct CAFrameRateRange {
   |        `- note: 'CAFrameRateRange' has been explicitly marked unavailable here
13 |   float minimum;
14 |   float maximum;
/Users/admin/builder/spi-builder-workspace/Sources/VDAnimation/MotionFrameLink.swift:109:39: error: 'CADisplayLink' is unavailable in watchOS
107 |         }
108 |
109 |         @objc func handleTick(_ link: CADisplayLink) {
    |                                       `- error: 'CADisplayLink' is unavailable in watchOS
110 |             adapter?.tick(link.timestamp, link.targetTimestamp)
111 |         }
/Applications/Xcode-27.0.0-Release.Candidate.app/Contents/Developer/Platforms/WatchOS.platform/Developer/SDKs/WatchOS27.0.sdk/System/Library/Frameworks/QuartzCore.framework/Headers/CADisplayLink.h:21:12: note: 'CADisplayLink' has been explicitly marked unavailable here
 19 | API_AVAILABLE(macos(14.0))
 20 |
 21 | @interface CADisplayLink : NSObject
    |            `- note: 'CADisplayLink' has been explicitly marked unavailable here
 22 | {
 23 | @private
/Users/admin/builder/spi-builder-workspace/Sources/VDAnimation/MotionFrameLink.swift:125:29: error: 'UIUpdateLink' is unavailable in watchOS
123 |
124 |     private let tick: (_ timestamp: CFTimeInterval, _ targetTimestamp: CFTimeInterval) -> Void
125 |     private let updateLink: UIUpdateLink
    |                             `- error: 'UIUpdateLink' is unavailable in watchOS
126 |
127 |     init(
/Applications/Xcode-27.0.0-Release.Candidate.app/Contents/Developer/Platforms/WatchOS.platform/Developer/SDKs/WatchOS27.0.sdk/System/Library/Frameworks/UIKit.framework/Headers/UIUpdateLink.h:22:12: note: 'UIUpdateLink' has been explicitly marked unavailable here
20 | /// Allows to formally participate in UI updates and influence UI update behavior.
21 | UIKIT_EXTERN NS_SWIFT_UI_ACTOR API_AVAILABLE(ios(18.0), tvos(18.0), visionos(2.0)) API_UNAVAILABLE(watchos, macCatalyst)
22 | @interface UIUpdateLink: NSObject
   |            `- note: 'UIUpdateLink' has been explicitly marked unavailable here
23 |
24 | +(instancetype)new NS_UNAVAILABLE;
/Users/admin/builder/spi-builder-workspace/Sources/VDAnimation/MotionFrameLink.swift:128:21: error: 'UIUpdateLink' is unavailable in watchOS
126 |
127 |     init(
128 |         updateLink: UIUpdateLink,
    |                     `- error: 'UIUpdateLink' is unavailable in watchOS
129 |         tick: @escaping (_ timestamp: CFTimeInterval, _ targetTimestamp: CFTimeInterval) -> Void
130 |     ) {
/Applications/Xcode-27.0.0-Release.Candidate.app/Contents/Developer/Platforms/WatchOS.platform/Developer/SDKs/WatchOS27.0.sdk/System/Library/Frameworks/UIKit.framework/Headers/UIUpdateLink.h:22:12: note: 'UIUpdateLink' has been explicitly marked unavailable here
20 | /// Allows to formally participate in UI updates and influence UI update behavior.
21 | UIKIT_EXTERN NS_SWIFT_UI_ACTOR API_AVAILABLE(ios(18.0), tvos(18.0), visionos(2.0)) API_UNAVAILABLE(watchos, macCatalyst)
22 | @interface UIUpdateLink: NSObject
   |            `- note: 'UIUpdateLink' has been explicitly marked unavailable here
23 |
24 | +(instancetype)new NS_UNAVAILABLE;
/Users/admin/builder/spi-builder-workspace/Sources/VDAnimation/MotionFrameLink.swift:145:34: error: 'CAFrameRateRange' is unavailable in watchOS
143 |     }
144 |
145 |     var preferredFrameRateRange: CAFrameRateRange {
    |                                  `- error: 'CAFrameRateRange' is unavailable in watchOS
146 |         get { updateLink.preferredFrameRateRange }
147 |         set { updateLink.preferredFrameRateRange = newValue }
/Applications/Xcode-27.0.0-Release.Candidate.app/Contents/Developer/Platforms/WatchOS.platform/Developer/SDKs/WatchOS27.0.sdk/System/Library/Frameworks/QuartzCore.framework/Headers/CAFrameRateRange.h:12:8: note: 'CAFrameRateRange' has been explicitly marked unavailable here
10 | #include <stdbool.h>
11 |
12 | struct CAFrameRateRange {
   |        `- note: 'CAFrameRateRange' has been explicitly marked unavailable here
13 |   float minimum;
14 |   float maximum;
/Users/admin/builder/spi-builder-workspace/Sources/VDAnimation/MotionFrameLink.swift:164:11: error: 'UIView' is unavailable in watchOS
162 | #if canImport(UIKit)
163 | @available(iOS 14.0, tvOS 14.0, watchOS 6.0, *)
164 | extension UIView: FrameLinkSource {
    |           `- error: 'UIView' is unavailable in watchOS
165 |
166 |     public func makeFrameLink(
/Applications/Xcode-27.0.0-Release.Candidate.app/Contents/Developer/Platforms/WatchOS.platform/Developer/SDKs/WatchOS27.0.sdk/System/Library/Frameworks/UIKit.framework/Headers/UIView.h:152:12: note: 'UIView' has been explicitly marked unavailable here
150 |
151 | UIKIT_EXTERN API_AVAILABLE(ios(2.0)) API_UNAVAILABLE(watchos) NS_SWIFT_UI_ACTOR
152 | @interface UIView : UIResponder <NSCoding, UIAppearance, UIAppearanceContainer, UIDynamicItem, UITraitEnvironment, UICoordinateSpace, UIFocusItem, UIFocusItemContainer, CALayerDelegate>
    |            `- note: 'UIView' has been explicitly marked unavailable here
153 |
154 | @property(class, nonatomic, readonly) Class layerClass;                        // default is [CALayer class]. Used when creating the underlying layer for the view.
/Users/admin/builder/spi-builder-workspace/Sources/VDAnimation/MotionFrameLink.swift:177:11: error: 'UIWindowScene' is unavailable in watchOS
175 |
176 | @available(iOS 14.0, tvOS 14.0, watchOS 6.0, *)
177 | extension UIWindowScene: FrameLinkSource {
    |           `- error: 'UIWindowScene' is unavailable in watchOS
178 |
179 |     public func makeFrameLink(
/Applications/Xcode-27.0.0-Release.Candidate.app/Contents/Developer/Platforms/WatchOS.platform/Developer/SDKs/WatchOS27.0.sdk/System/Library/Frameworks/UIKit.framework/Headers/UIWindowScene.h:22:12: note: 'UIWindowScene' has been explicitly marked unavailable here
 20 |
 21 | UIKIT_EXTERN API_AVAILABLE(ios(13.0)) API_UNAVAILABLE(watchos) NS_SWIFT_UI_ACTOR
 22 | @interface UIWindowScene : UIScene
    |            `- note: 'UIWindowScene' has been explicitly marked unavailable here
 23 |
 24 | #pragma mark Geometry
/Users/admin/builder/spi-builder-workspace/Sources/VDAnimation/MotionFrameLink.swift:317:41: error: 'CAFrameRateRange' is unavailable in watchOS
315 |     /// ```
316 |     @available(iOS 15.0, macOS 14.0, tvOS 15.0, watchOS 8.0, *)
317 |     public var preferredFrameRateRange: CAFrameRateRange {
    |                                         `- error: 'CAFrameRateRange' is unavailable in watchOS
318 |         get { frameLink?.preferredFrameRateRange ?? _preferredFrameRateRange }
319 |         set {
/Applications/Xcode-27.0.0-Release.Candidate.app/Contents/Developer/Platforms/WatchOS.platform/Developer/SDKs/WatchOS27.0.sdk/System/Library/Frameworks/QuartzCore.framework/Headers/CAFrameRateRange.h:12:8: note: 'CAFrameRateRange' has been explicitly marked unavailable here
10 | #include <stdbool.h>
11 |
12 | struct CAFrameRateRange {
   |        `- note: 'CAFrameRateRange' has been explicitly marked unavailable here
13 |   float minimum;
14 |   float maximum;
/Users/admin/builder/spi-builder-workspace/Sources/VDAnimation/MotionFrameLink.swift:348:43: error: 'CAFrameRateRange' is unavailable in watchOS
346 |
347 |     private var _progress = 0.0
348 |     private var _preferredFrameRateRange: CAFrameRateRange = .default
    |                                           `- error: 'CAFrameRateRange' is unavailable in watchOS
349 |
350 |     private let apply: (Value) -> Void
/Applications/Xcode-27.0.0-Release.Candidate.app/Contents/Developer/Platforms/WatchOS.platform/Developer/SDKs/WatchOS27.0.sdk/System/Library/Frameworks/QuartzCore.framework/Headers/CAFrameRateRange.h:12:8: note: 'CAFrameRateRange' has been explicitly marked unavailable here
10 | #include <stdbool.h>
11 |
12 | struct CAFrameRateRange {
   |        `- note: 'CAFrameRateRange' has been explicitly marked unavailable here
13 |   float minimum;
14 |   float maximum;
/Users/admin/builder/spi-builder-workspace/Sources/VDAnimation/MotionFrameLink.swift:348:63: error: 'default' is unavailable in watchOS
346 |
347 |     private var _progress = 0.0
348 |     private var _preferredFrameRateRange: CAFrameRateRange = .default
    |                                                               `- error: 'default' is unavailable in watchOS
349 |
350 |     private let apply: (Value) -> Void
/Applications/Xcode-27.0.0-Release.Candidate.app/Contents/Developer/Platforms/WatchOS.platform/Developer/SDKs/WatchOS27.0.sdk/System/Library/Frameworks/QuartzCore.framework/Headers/CAFrameRateRange.h:23:34: note: 'default' has been explicitly marked unavailable here
21 | CA_EXTERN_C_BEGIN
22 |
23 | CA_EXTERN const CAFrameRateRange CAFrameRateRangeDefault
   |                                  `- note: 'default' has been explicitly marked unavailable here
24 |   API_AVAILABLE(macos(12.0), ios(15.0), tvos(15.0)) API_UNAVAILABLE(watchos)
25 |   CF_SWIFT_NAME(CAFrameRateRange.default);
/Users/admin/builder/spi-builder-workspace/Sources/VDAnimation/Tweenable.swift:436:36: error: 'CATransform3D' is unavailable in watchOS
434 |
435 | extension CATransform3D: Tweenable {
436 |     public static func lerp(_ lhs: CATransform3D, _ rhs: CATransform3D, _ t: Double) -> CATransform3D {
    |                                    `- error: 'CATransform3D' is unavailable in watchOS
437 |         CATransform3D(
438 |             m11: CGFloat.lerp(lhs.m11, rhs.m11, t),
/Applications/Xcode-27.0.0-Release.Candidate.app/Contents/Developer/Platforms/WatchOS.platform/Developer/SDKs/WatchOS27.0.sdk/System/Library/Frameworks/QuartzCore.framework/Headers/CATransform3D.h:17:8: note: 'CATransform3D' has been explicitly marked unavailable here
 15 | /* Homogeneous three-dimensional transforms. */
 16 |
 17 | struct CATransform3D
    |        `- note: 'CATransform3D' has been explicitly marked unavailable here
 18 | {
 19 |   CGFloat m11, m12, m13, m14;
/Users/admin/builder/spi-builder-workspace/Sources/VDAnimation/Tweenable.swift:436:58: error: 'CATransform3D' is unavailable in watchOS
434 |
435 | extension CATransform3D: Tweenable {
436 |     public static func lerp(_ lhs: CATransform3D, _ rhs: CATransform3D, _ t: Double) -> CATransform3D {
    |                                                          `- error: 'CATransform3D' is unavailable in watchOS
437 |         CATransform3D(
438 |             m11: CGFloat.lerp(lhs.m11, rhs.m11, t),
/Applications/Xcode-27.0.0-Release.Candidate.app/Contents/Developer/Platforms/WatchOS.platform/Developer/SDKs/WatchOS27.0.sdk/System/Library/Frameworks/QuartzCore.framework/Headers/CATransform3D.h:17:8: note: 'CATransform3D' has been explicitly marked unavailable here
 15 | /* Homogeneous three-dimensional transforms. */
 16 |
 17 | struct CATransform3D
    |        `- note: 'CATransform3D' has been explicitly marked unavailable here
 18 | {
 19 |   CGFloat m11, m12, m13, m14;
/Users/admin/builder/spi-builder-workspace/Sources/VDAnimation/Tweenable.swift:436:89: error: 'CATransform3D' is unavailable in watchOS
434 |
435 | extension CATransform3D: Tweenable {
436 |     public static func lerp(_ lhs: CATransform3D, _ rhs: CATransform3D, _ t: Double) -> CATransform3D {
    |                                                                                         `- error: 'CATransform3D' is unavailable in watchOS
437 |         CATransform3D(
438 |             m11: CGFloat.lerp(lhs.m11, rhs.m11, t),
/Applications/Xcode-27.0.0-Release.Candidate.app/Contents/Developer/Platforms/WatchOS.platform/Developer/SDKs/WatchOS27.0.sdk/System/Library/Frameworks/QuartzCore.framework/Headers/CATransform3D.h:17:8: note: 'CATransform3D' has been explicitly marked unavailable here
 15 | /* Homogeneous three-dimensional transforms. */
 16 |
 17 | struct CATransform3D
    |        `- note: 'CATransform3D' has been explicitly marked unavailable here
 18 | {
 19 |   CGFloat m11, m12, m13, m14;
/Users/admin/builder/spi-builder-workspace/Sources/VDAnimation/Tweenable.swift:435:11: error: 'CATransform3D' is unavailable in watchOS
433 | }
434 |
435 | extension CATransform3D: Tweenable {
    |           `- error: 'CATransform3D' is unavailable in watchOS
436 |     public static func lerp(_ lhs: CATransform3D, _ rhs: CATransform3D, _ t: Double) -> CATransform3D {
437 |         CATransform3D(
/Applications/Xcode-27.0.0-Release.Candidate.app/Contents/Developer/Platforms/WatchOS.platform/Developer/SDKs/WatchOS27.0.sdk/System/Library/Frameworks/QuartzCore.framework/Headers/CATransform3D.h:17:8: note: 'CATransform3D' has been explicitly marked unavailable here
 15 | /* Homogeneous three-dimensional transforms. */
 16 |
 17 | struct CATransform3D
    |        `- note: 'CATransform3D' has been explicitly marked unavailable here
 18 | {
 19 |   CGFloat m11, m12, m13, m14;
Failed frontend command:
/Applications/Xcode-27.0.0-Release.Candidate.app/Contents/Developer/Toolchains/XcodeDefault.xctoolchain/usr/bin/swift-frontend -frontend -emit-module -experimental-skip-non-inlinable-function-bodies-without-types /Users/admin/builder/spi-builder-workspace/Sources/VDAnimation/AnimationDriver.swift /Users/admin/builder/spi-builder-workspace/Sources/VDAnimation/CodableTweenable.swift /Users/admin/builder/spi-builder-workspace/Sources/VDAnimation/CodingKeys.swift /Users/admin/builder/spi-builder-workspace/Sources/VDAnimation/Colors+Previews.swift /Users/admin/builder/spi-builder-workspace/Sources/VDAnimation/Colors+Spaces.swift /Users/admin/builder/spi-builder-workspace/Sources/VDAnimation/Curve.swift /Users/admin/builder/spi-builder-workspace/Sources/VDAnimation/Extensions.swift /Users/admin/builder/spi-builder-workspace/Sources/VDAnimation/Motion.swift /Users/admin/builder/spi-builder-workspace/Sources/VDAnimation/MotionBuilder.swift /Users/admin/builder/spi-builder-workspace/Sources/VDAnimation/MotionFrameLink.swift /Users/admin/builder/spi-builder-workspace/Sources/VDAnimation/Path+lerp.swift /Users/admin/builder/spi-builder-workspace/Sources/VDAnimation/Tween.swift /Users/admin/builder/spi-builder-workspace/Sources/VDAnimation/Tweenable.swift /Users/admin/builder/spi-builder-workspace/Sources/VDAnimation/TweenableMacro.swift /Users/admin/builder/spi-builder-workspace/Sources/VDAnimation/Views/AnimatedView.swift /Users/admin/builder/spi-builder-workspace/Sources/VDAnimation/Views/WithMotion.swift -target arm64-apple-watchos9.0 -module-can-import-version UIKit 9127.0.84.1 9127.0.84 -disable-cross-import-overlay-search -load-resolved-plugin /Applications/Xcode-27.0.0-Release.Candidate.app/Contents/Developer/Platforms/WatchOS.platform/Developer/usr/lib/swift/host/plugins/libFoundationMacros.dylib\#/Applications/Xcode-27.0.0-Release.Candidate.app/Contents/Developer/Platforms/WatchOS.platform/Developer/usr/bin/swift-plugin-server\#FoundationMacros -load-resolved-plugin /Applications/Xcode-27.0.0-Release.Candidate.app/Contents/Developer/Platforms/WatchOS.platform/Developer/usr/lib/swift/host/plugins/libObservationMacros.dylib\#/Applications/Xcode-27.0.0-Release.Candidate.app/Contents/Developer/Platforms/WatchOS.platform/Developer/usr/bin/swift-plugin-server\#ObservationMacros -load-resolved-plugin /Applications/Xcode-27.0.0-Release.Candidate.app/Contents/Developer/Platforms/WatchOS.platform/Developer/usr/lib/swift/host/plugins/libPreviewsMacros.dylib\#/Applications/Xcode-27.0.0-Release.Candidate.app/Contents/Developer/Platforms/WatchOS.platform/Developer/usr/bin/swift-plugin-server\#PreviewsMacros -load-resolved-plugin /Applications/Xcode-27.0.0-Release.Candidate.app/Contents/Developer/Platforms/WatchOS.platform/Developer/usr/lib/swift/host/plugins/libSwiftMacros.dylib\#/Applications/Xcode-27.0.0-Release.Candidate.app/Contents/Developer/Platforms/WatchOS.platform/Developer/usr/bin/swift-plugin-server\#SwiftMacros -load-resolved-plugin /Applications/Xcode-27.0.0-Release.Candidate.app/Contents/Developer/Platforms/WatchOS.platform/Developer/usr/lib/swift/host/plugins/libSwiftUIMacros.dylib\#/Applications/Xcode-27.0.0-Release.Candidate.app/Contents/Developer/Platforms/WatchOS.platform/Developer/usr/bin/swift-plugin-server\#SwiftUIMacros -load-resolved-plugin \#/Users/admin/builder/spi-builder-workspace/.derivedData/Build/Products/Debug/VDAnimationMacros\#VDAnimationMacros -disable-implicit-swift-modules -Xcc -fno-implicit-modules -Xcc -fno-implicit-module-maps -explicit-swift-module-map-file /Users/admin/builder/spi-builder-workspace/.derivedData/Build/Intermediates.noindex/VDAnimation.build/Debug-watchos/VDAnimation-t.build/Objects-normal/arm64/VDAnimation-dependencies-1.json -Xllvm -aarch64-use-tbi -enable-objc-interop -stack-check -sdk /Applications/Xcode-27.0.0-Release.Candidate.app/Contents/Developer/Platforms/WatchOS.platform/Developer/SDKs/WatchOS27.0.sdk -I /Users/admin/builder/spi-builder-workspace/.derivedData/Build/Products/Debug-watchos -Isystem /Applications/Xcode-27.0.0-Release.Candidate.app/Contents/Developer/Platforms/WatchOS.platform/Developer/usr/lib -F /Users/admin/builder/spi-builder-workspace/.derivedData/Build/Products/Debug-watchos -F /Applications/Xcode-27.0.0-Release.Candidate.app/Contents/Developer/Platforms/WatchOS.platform/Developer/Library/Frameworks -F /Applications/Xcode-27.0.0-Release.Candidate.app/Contents/Developer/Platforms/WatchOS.platform/Developer/SDKs/WatchOS27.0.sdk/Developer/Library/Frameworks -module-cache-path /Users/admin/builder/spi-builder-workspace/.derivedData/Build/Intermediates.noindex/SwiftExplicitPrecompiledModules -no-color-diagnostics -Xcc -fno-color-diagnostics -enable-testing -g -debug-info-format\=dwarf -dwarf-version\=4 -profile-generate -profile-coverage-mapping -swift-version 5 -Onone -D SWIFT_PACKAGE -D DEBUG -D SWIFT_MODULE_RESOURCE_BUNDLE_UNAVAILABLE -D Xcode -serialize-debugging-options -load-plugin-executable /Users/admin/builder/spi-builder-workspace/.derivedData/Build/Products/Debug/VDAnimationMacros\#VDAnimationMacros -enable-experimental-feature DebugDescriptionMacro -empty-abi-descriptor -validate-clang-modules-once -clang-build-session-file /Users/admin/builder/spi-builder-workspace/.derivedData/ModuleCache.noindex/Session.modulevalidation -Xcc -working-directory -Xcc /Users/admin/builder/spi-builder-workspace/.swiftpm/xcode -enable-anonymous-context-mangled-names -file-compilation-dir /Users/admin/builder/spi-builder-workspace/.swiftpm/xcode -Xcc -D_LIBCPP_HARDENING_MODE\=_LIBCPP_HARDENING_MODE_DEBUG -Xcc -ivfsstatcache -Xcc /Users/admin/builder/spi-builder-workspace/.derivedData/SDKStatCaches.noindex/watchos27.0-24R360-e829b21a6f8c9b70876ba0858053c04477534ef55a1706bf4c1112bbb242f0a2.sdkstatcache -Xcc -fmodules-prune-interval\=86400 -Xcc -fmodules-prune-after\=345600 -Xcc -I/Users/admin/builder/spi-builder-workspace/.derivedData/Build/Products/Debug-watchos/include -Xcc -I/Users/admin/builder/spi-builder-workspace/.derivedData/Build/Intermediates.noindex/VDAnimation.build/Debug-watchos/VDAnimation-t.build/DerivedSources-normal/arm64 -Xcc -I/Users/admin/builder/spi-builder-workspace/.derivedData/Build/Intermediates.noindex/VDAnimation.build/Debug-watchos/VDAnimation-t.build/DerivedSources/arm64 -Xcc -I/Users/admin/builder/spi-builder-workspace/.derivedData/Build/Intermediates.noindex/VDAnimation.build/Debug-watchos/VDAnimation-t.build/DerivedSources -Xcc -DSWIFT_PACKAGE -Xcc -DDEBUG\=1 -no-auto-bridging-header-chaining -module-name VDAnimation -package-name spi_builder_workspace -const-gather-protocols-file /Users/admin/builder/spi-builder-workspace/.derivedData/Build/Intermediates.noindex/VDAnimation.build/Debug-watchos/VDAnimation-t.build/Objects-normal/arm64/VDAnimation_const_extract_protocols.json -disable-clang-spi -clang-target arm64-apple-watchos27.0 -target-sdk-version 27.0 -target-sdk-name watchos27.0 -in-process-plugin-server-path /Applications/Xcode-27.0.0-Release.Candidate.app/Contents/Developer/Toolchains/XcodeDefault.xctoolchain/usr/lib/swift/host/libSwiftInProcPluginServer.dylib -emit-module-doc-path /Users/admin/builder/spi-builder-workspace/.derivedData/Build/Intermediates.noindex/VDAnimation.build/Debug-watchos/VDAnimation-t.build/Objects-normal/arm64/VDAnimation.swiftdoc -emit-module-source-info-path /Users/admin/builder/spi-builder-workspace/.derivedData/Build/Intermediates.noindex/VDAnimation.build/Debug-watchos/VDAnimation-t.build/Objects-normal/arm64/VDAnimation.swiftsourceinfo -emit-objc-header-path /Users/admin/builder/spi-builder-workspace/.derivedData/Build/Intermediates.noindex/VDAnimation.build/Debug-watchos/VDAnimation-t.build/Objects-normal/arm64/VDAnimation-Swift.h -serialize-diagnostics-path /Users/admin/builder/spi-builder-workspace/.derivedData/Build/Intermediates.noindex/VDAnimation.build/Debug-watchos/VDAnimation-t.build/Objects-normal/arm64/VDAnimation-primary-emit-module.dia -emit-dependencies-path /Users/admin/builder/spi-builder-workspace/.derivedData/Build/Intermediates.noindex/VDAnimation.build/Debug-watchos/VDAnimation-t.build/Objects-normal/arm64/VDAnimation-primary-emit-module.d -parse-as-library -o /Users/admin/builder/spi-builder-workspace/.derivedData/Build/Intermediates.noindex/VDAnimation.build/Debug-watchos/VDAnimation-t.build/Objects-normal/arm64/VDAnimation.swiftmodule -emit-abi-descriptor-path /Users/admin/builder/spi-builder-workspace/.derivedData/Build/Intermediates.noindex/VDAnimation.build/Debug-watchos/VDAnimation-t.build/Objects-normal/arm64/VDAnimation.abi.json
SwiftCompile normal arm64 (in target 'VDAnimation' from project 'VDAnimation')
    cd /Users/admin/builder/spi-builder-workspace/.swiftpm/xcode

SwiftCompile normal arm64 Compiling\ MotionFrameLink.swift /Users/admin/builder/spi-builder-workspace/Sources/VDAnimation/MotionFrameLink.swift (in target 'VDAnimation' from project 'VDAnimation')
/Users/admin/builder/spi-builder-workspace/Sources/VDAnimation/MotionFrameLink.swift:26:34: error: 'CAFrameRateRange' is unavailable in watchOS
 24 |     /// ```
 25 |     @available(iOS 15.0, macOS 14.0, tvOS 15.0, watchOS 8.0, *)
 26 |     var preferredFrameRateRange: CAFrameRateRange { get set }
    |                                  `- error: 'CAFrameRateRange' is unavailable in watchOS
 27 |
 28 |     /// Starts delivering frame callbacks.
/Applications/Xcode-27.0.0-Release.Candidate.app/Contents/Developer/Platforms/WatchOS.platform/Developer/SDKs/WatchOS27.0.sdk/System/Library/Frameworks/QuartzCore.framework/Headers/CAFrameRateRange.h:12:8: note: 'CAFrameRateRange' has been explicitly marked unavailable here
10 | #include <stdbool.h>
11 |
12 | struct CAFrameRateRange {
   |        `- note: 'CAFrameRateRange' has been explicitly marked unavailable here
13 |   float minimum;
14 |   float maximum;
/Users/admin/builder/spi-builder-workspace/Sources/VDAnimation/MotionFrameLink.swift:69:23: error: 'CADisplayLink' is unavailable in watchOS
 67 |
 68 |     private let tick: (_ timestamp: CFTimeInterval, _ targetTimestamp: CFTimeInterval) -> Void
 69 |     private var link: CADisplayLink?
    |                       `- error: 'CADisplayLink' is unavailable in watchOS
 70 |     private lazy var target = Target(self)
 71 |
/Applications/Xcode-27.0.0-Release.Candidate.app/Contents/Developer/Platforms/WatchOS.platform/Developer/SDKs/WatchOS27.0.sdk/System/Library/Frameworks/QuartzCore.framework/Headers/CADisplayLink.h:21:12: note: 'CADisplayLink' has been explicitly marked unavailable here
 19 | API_AVAILABLE(macos(14.0))
 20 |
 21 | @interface CADisplayLink : NSObject
    |            `- note: 'CADisplayLink' has been explicitly marked unavailable here
 22 | {
 23 | @private
/Users/admin/builder/spi-builder-workspace/Sources/VDAnimation/MotionFrameLink.swift:82:34: error: 'CAFrameRateRange' is unavailable in watchOS
 80 |
 81 |     @available(iOS 15.0, macOS 14.0, tvOS 15.0, watchOS 8.0, *)
 82 |     var preferredFrameRateRange: CAFrameRateRange {
    |                                  `- error: 'CAFrameRateRange' is unavailable in watchOS
 83 |         get { link?.preferredFrameRateRange ?? .default }
 84 |         set { link?.preferredFrameRateRange = newValue }
/Applications/Xcode-27.0.0-Release.Candidate.app/Contents/Developer/Platforms/WatchOS.platform/Developer/SDKs/WatchOS27.0.sdk/System/Library/Frameworks/QuartzCore.framework/Headers/CAFrameRateRange.h:12:8: note: 'CAFrameRateRange' has been explicitly marked unavailable here
10 | #include <stdbool.h>
11 |
12 | struct CAFrameRateRange {
   |        `- note: 'CAFrameRateRange' has been explicitly marked unavailable here
13 |   float minimum;
14 |   float maximum;
/Users/admin/builder/spi-builder-workspace/Sources/VDAnimation/MotionFrameLink.swift:109:39: error: 'CADisplayLink' is unavailable in watchOS
107 |         }
108 |
109 |         @objc func handleTick(_ link: CADisplayLink) {
    |                                       `- error: 'CADisplayLink' is unavailable in watchOS
110 |             adapter?.tick(link.timestamp, link.targetTimestamp)
111 |         }
/Applications/Xcode-27.0.0-Release.Candidate.app/Contents/Developer/Platforms/WatchOS.platform/Developer/SDKs/WatchOS27.0.sdk/System/Library/Frameworks/QuartzCore.framework/Headers/CADisplayLink.h:21:12: note: 'CADisplayLink' has been explicitly marked unavailable here
 19 | API_AVAILABLE(macos(14.0))
 20 |
 21 | @interface CADisplayLink : NSObject
    |            `- note: 'CADisplayLink' has been explicitly marked unavailable here
 22 | {
 23 | @private
/Users/admin/builder/spi-builder-workspace/Sources/VDAnimation/MotionFrameLink.swift:125:29: error: 'UIUpdateLink' is unavailable in watchOS
123 |
124 |     private let tick: (_ timestamp: CFTimeInterval, _ targetTimestamp: CFTimeInterval) -> Void
125 |     private let updateLink: UIUpdateLink
    |                             `- error: 'UIUpdateLink' is unavailable in watchOS
126 |
127 |     init(
/Applications/Xcode-27.0.0-Release.Candidate.app/Contents/Developer/Platforms/WatchOS.platform/Developer/SDKs/WatchOS27.0.sdk/System/Library/Frameworks/UIKit.framework/Headers/UIUpdateLink.h:22:12: note: 'UIUpdateLink' has been explicitly marked unavailable here
20 | /// Allows to formally participate in UI updates and influence UI update behavior.
21 | UIKIT_EXTERN NS_SWIFT_UI_ACTOR API_AVAILABLE(ios(18.0), tvos(18.0), visionos(2.0)) API_UNAVAILABLE(watchos, macCatalyst)
22 | @interface UIUpdateLink: NSObject
   |            `- note: 'UIUpdateLink' has been explicitly marked unavailable here
23 |
24 | +(instancetype)new NS_UNAVAILABLE;
/Users/admin/builder/spi-builder-workspace/Sources/VDAnimation/MotionFrameLink.swift:128:21: error: 'UIUpdateLink' is unavailable in watchOS
126 |
127 |     init(
128 |         updateLink: UIUpdateLink,
    |                     `- error: 'UIUpdateLink' is unavailable in watchOS
129 |         tick: @escaping (_ timestamp: CFTimeInterval, _ targetTimestamp: CFTimeInterval) -> Void
130 |     ) {
/Applications/Xcode-27.0.0-Release.Candidate.app/Contents/Developer/Platforms/WatchOS.platform/Developer/SDKs/WatchOS27.0.sdk/System/Library/Frameworks/UIKit.framework/Headers/UIUpdateLink.h:22:12: note: 'UIUpdateLink' has been explicitly marked unavailable here
20 | /// Allows to formally participate in UI updates and influence UI update behavior.
21 | UIKIT_EXTERN NS_SWIFT_UI_ACTOR API_AVAILABLE(ios(18.0), tvos(18.0), visionos(2.0)) API_UNAVAILABLE(watchos, macCatalyst)
22 | @interface UIUpdateLink: NSObject
   |            `- note: 'UIUpdateLink' has been explicitly marked unavailable here
23 |
24 | +(instancetype)new NS_UNAVAILABLE;
/Users/admin/builder/spi-builder-workspace/Sources/VDAnimation/MotionFrameLink.swift:145:34: error: 'CAFrameRateRange' is unavailable in watchOS
143 |     }
144 |
145 |     var preferredFrameRateRange: CAFrameRateRange {
    |                                  `- error: 'CAFrameRateRange' is unavailable in watchOS
146 |         get { updateLink.preferredFrameRateRange }
147 |         set { updateLink.preferredFrameRateRange = newValue }
/Applications/Xcode-27.0.0-Release.Candidate.app/Contents/Developer/Platforms/WatchOS.platform/Developer/SDKs/WatchOS27.0.sdk/System/Library/Frameworks/QuartzCore.framework/Headers/CAFrameRateRange.h:12:8: note: 'CAFrameRateRange' has been explicitly marked unavailable here
10 | #include <stdbool.h>
11 |
12 | struct CAFrameRateRange {
   |        `- note: 'CAFrameRateRange' has been explicitly marked unavailable here
13 |   float minimum;
14 |   float maximum;
/Users/admin/builder/spi-builder-workspace/Sources/VDAnimation/MotionFrameLink.swift:164:11: error: 'UIView' is unavailable in watchOS
162 | #if canImport(UIKit)
163 | @available(iOS 14.0, tvOS 14.0, watchOS 6.0, *)
164 | extension UIView: FrameLinkSource {
    |           `- error: 'UIView' is unavailable in watchOS
165 |
166 |     public func makeFrameLink(
/Applications/Xcode-27.0.0-Release.Candidate.app/Contents/Developer/Platforms/WatchOS.platform/Developer/SDKs/WatchOS27.0.sdk/System/Library/Frameworks/UIKit.framework/Headers/UIView.h:152:12: note: 'UIView' has been explicitly marked unavailable here
150 |
151 | UIKIT_EXTERN API_AVAILABLE(ios(2.0)) API_UNAVAILABLE(watchos) NS_SWIFT_UI_ACTOR
152 | @interface UIView : UIResponder <NSCoding, UIAppearance, UIAppearanceContainer, UIDynamicItem, UITraitEnvironment, UICoordinateSpace, UIFocusItem, UIFocusItemContainer, CALayerDelegate>
    |            `- note: 'UIView' has been explicitly marked unavailable here
153 |
154 | @property(class, nonatomic, readonly) Class layerClass;                        // default is [CALayer class]. Used when creating the underlying layer for the view.
/Users/admin/builder/spi-builder-workspace/Sources/VDAnimation/MotionFrameLink.swift:177:11: error: 'UIWindowScene' is unavailable in watchOS
175 |
176 | @available(iOS 14.0, tvOS 14.0, watchOS 6.0, *)
177 | extension UIWindowScene: FrameLinkSource {
    |           `- error: 'UIWindowScene' is unavailable in watchOS
178 |
179 |     public func makeFrameLink(
/Applications/Xcode-27.0.0-Release.Candidate.app/Contents/Developer/Platforms/WatchOS.platform/Developer/SDKs/WatchOS27.0.sdk/System/Library/Frameworks/UIKit.framework/Headers/UIWindowScene.h:22:12: note: 'UIWindowScene' has been explicitly marked unavailable here
 20 |
 21 | UIKIT_EXTERN API_AVAILABLE(ios(13.0)) API_UNAVAILABLE(watchos) NS_SWIFT_UI_ACTOR
 22 | @interface UIWindowScene : UIScene
    |            `- note: 'UIWindowScene' has been explicitly marked unavailable here
 23 |
 24 | #pragma mark Geometry
/Users/admin/builder/spi-builder-workspace/Sources/VDAnimation/MotionFrameLink.swift:317:41: error: 'CAFrameRateRange' is unavailable in watchOS
315 |     /// ```
316 |     @available(iOS 15.0, macOS 14.0, tvOS 15.0, watchOS 8.0, *)
317 |     public var preferredFrameRateRange: CAFrameRateRange {
    |                                         `- error: 'CAFrameRateRange' is unavailable in watchOS
318 |         get { frameLink?.preferredFrameRateRange ?? _preferredFrameRateRange }
319 |         set {
/Applications/Xcode-27.0.0-Release.Candidate.app/Contents/Developer/Platforms/WatchOS.platform/Developer/SDKs/WatchOS27.0.sdk/System/Library/Frameworks/QuartzCore.framework/Headers/CAFrameRateRange.h:12:8: note: 'CAFrameRateRange' has been explicitly marked unavailable here
10 | #include <stdbool.h>
11 |
12 | struct CAFrameRateRange {
   |        `- note: 'CAFrameRateRange' has been explicitly marked unavailable here
13 |   float minimum;
14 |   float maximum;
/Users/admin/builder/spi-builder-workspace/Sources/VDAnimation/MotionFrameLink.swift:348:43: error: 'CAFrameRateRange' is unavailable in watchOS
346 |
347 |     private var _progress = 0.0
348 |     private var _preferredFrameRateRange: CAFrameRateRange = .default
    |                                           `- error: 'CAFrameRateRange' is unavailable in watchOS
349 |
350 |     private let apply: (Value) -> Void
/Applications/Xcode-27.0.0-Release.Candidate.app/Contents/Developer/Platforms/WatchOS.platform/Developer/SDKs/WatchOS27.0.sdk/System/Library/Frameworks/QuartzCore.framework/Headers/CAFrameRateRange.h:12:8: note: 'CAFrameRateRange' has been explicitly marked unavailable here
10 | #include <stdbool.h>
11 |
12 | struct CAFrameRateRange {
   |        `- note: 'CAFrameRateRange' has been explicitly marked unavailable here
13 |   float minimum;
14 |   float maximum;
/Users/admin/builder/spi-builder-workspace/Sources/VDAnimation/MotionFrameLink.swift:348:63: error: 'default' is unavailable in watchOS
346 |
347 |     private var _progress = 0.0
348 |     private var _preferredFrameRateRange: CAFrameRateRange = .default
    |                                                               `- error: 'default' is unavailable in watchOS
349 |
350 |     private let apply: (Value) -> Void
/Applications/Xcode-27.0.0-Release.Candidate.app/Contents/Developer/Platforms/WatchOS.platform/Developer/SDKs/WatchOS27.0.sdk/System/Library/Frameworks/QuartzCore.framework/Headers/CAFrameRateRange.h:23:34: note: 'default' has been explicitly marked unavailable here
21 | CA_EXTERN_C_BEGIN
22 |
23 | CA_EXTERN const CAFrameRateRange CAFrameRateRangeDefault
   |                                  `- note: 'default' has been explicitly marked unavailable here
24 |   API_AVAILABLE(macos(12.0), ios(15.0), tvos(15.0)) API_UNAVAILABLE(watchos)
25 |   CF_SWIFT_NAME(CAFrameRateRange.default);
/Users/admin/builder/spi-builder-workspace/Sources/VDAnimation/MotionFrameLink.swift:83:21: error: 'preferredFrameRateRange' is unavailable in watchOS
 81 |     @available(iOS 15.0, macOS 14.0, tvOS 15.0, watchOS 8.0, *)
 82 |     var preferredFrameRateRange: CAFrameRateRange {
 83 |         get { link?.preferredFrameRateRange ?? .default }
    |                     `- error: 'preferredFrameRateRange' is unavailable in watchOS
 84 |         set { link?.preferredFrameRateRange = newValue }
 85 |     }
/Applications/Xcode-27.0.0-Release.Candidate.app/Contents/Developer/Platforms/WatchOS.platform/Developer/SDKs/WatchOS27.0.sdk/System/Library/Frameworks/QuartzCore.framework/Headers/CADisplayLink.h:100:39: note: 'preferredFrameRateRange' has been explicitly marked unavailable here
 98 |    animation sources. */
 99 |
100 | @property(nonatomic) CAFrameRateRange preferredFrameRateRange
    |                                       `- note: 'preferredFrameRateRange' has been explicitly marked unavailable here
101 |     API_AVAILABLE(ios(15.0), tvos(15.0)) API_UNAVAILABLE(watchos);
102 |
/Users/admin/builder/spi-builder-workspace/Sources/VDAnimation/MotionFrameLink.swift:83:49: error: 'default' is unavailable in watchOS
 81 |     @available(iOS 15.0, macOS 14.0, tvOS 15.0, watchOS 8.0, *)
 82 |     var preferredFrameRateRange: CAFrameRateRange {
 83 |         get { link?.preferredFrameRateRange ?? .default }
    |                                                 `- error: 'default' is unavailable in watchOS
 84 |         set { link?.preferredFrameRateRange = newValue }
 85 |     }
/Applications/Xcode-27.0.0-Release.Candidate.app/Contents/Developer/Platforms/WatchOS.platform/Developer/SDKs/WatchOS27.0.sdk/System/Library/Frameworks/QuartzCore.framework/Headers/CAFrameRateRange.h:23:34: note: 'default' has been explicitly marked unavailable here
21 | CA_EXTERN_C_BEGIN
22 |
23 | CA_EXTERN const CAFrameRateRange CAFrameRateRangeDefault
   |                                  `- note: 'default' has been explicitly marked unavailable here
24 |   API_AVAILABLE(macos(12.0), ios(15.0), tvos(15.0)) API_UNAVAILABLE(watchos)
25 |   CF_SWIFT_NAME(CAFrameRateRange.default);
/Users/admin/builder/spi-builder-workspace/Sources/VDAnimation/MotionFrameLink.swift:84:21: error: 'preferredFrameRateRange' is unavailable in watchOS
 82 |     var preferredFrameRateRange: CAFrameRateRange {
 83 |         get { link?.preferredFrameRateRange ?? .default }
 84 |         set { link?.preferredFrameRateRange = newValue }
    |                     `- error: 'preferredFrameRateRange' is unavailable in watchOS
 85 |     }
 86 |
/Applications/Xcode-27.0.0-Release.Candidate.app/Contents/Developer/Platforms/WatchOS.platform/Developer/SDKs/WatchOS27.0.sdk/System/Library/Frameworks/QuartzCore.framework/Headers/CADisplayLink.h:100:39: note: 'preferredFrameRateRange' has been explicitly marked unavailable here
 98 |    animation sources. */
 99 |
100 | @property(nonatomic) CAFrameRateRange preferredFrameRateRange
    |                                       `- note: 'preferredFrameRateRange' has been explicitly marked unavailable here
101 |     API_AVAILABLE(ios(15.0), tvos(15.0)) API_UNAVAILABLE(watchos);
102 |
/Users/admin/builder/spi-builder-workspace/Sources/VDAnimation/MotionFrameLink.swift:89:27: error: 'CADisplayLink' is unavailable in watchOS
 87 |     func activate() {
 88 |         guard link == nil else { return }
 89 |         let displayLink = CADisplayLink(target: target, selector: #selector(Target.handleTick))
    |                           `- error: 'CADisplayLink' is unavailable in watchOS
 90 |         displayLink.add(to: .main, forMode: .common)
 91 |         link = displayLink
/Applications/Xcode-27.0.0-Release.Candidate.app/Contents/Developer/Platforms/WatchOS.platform/Developer/SDKs/WatchOS27.0.sdk/System/Library/Frameworks/QuartzCore.framework/Headers/CADisplayLink.h:21:12: note: 'CADisplayLink' has been explicitly marked unavailable here
 19 | API_AVAILABLE(macos(14.0))
 20 |
 21 | @interface CADisplayLink : NSObject
    |            `- note: 'CADisplayLink' has been explicitly marked unavailable here
 22 | {
 23 | @private
/Users/admin/builder/spi-builder-workspace/Sources/VDAnimation/MotionFrameLink.swift:110:48: error: 'targetTimestamp' is unavailable in watchOS
108 |
109 |         @objc func handleTick(_ link: CADisplayLink) {
110 |             adapter?.tick(link.timestamp, link.targetTimestamp)
    |                                                `- error: 'targetTimestamp' is unavailable in watchOS
111 |         }
112 |     }
/Applications/Xcode-27.0.0-Release.Candidate.app/Contents/Developer/Platforms/WatchOS.platform/Developer/SDKs/WatchOS27.0.sdk/System/Library/Frameworks/QuartzCore.framework/Headers/CADisplayLink.h:64:47: note: 'targetTimestamp' has been explicitly marked unavailable here
 62 | /* The next timestamp that the client should target their render for. */
 63 |
 64 | @property(readonly, nonatomic) CFTimeInterval targetTimestamp
    |                                               `- note: 'targetTimestamp' has been explicitly marked unavailable here
 65 |     API_AVAILABLE(ios(10.0), tvos(10.0)) API_UNAVAILABLE(watchos);
 66 |
/Users/admin/builder/spi-builder-workspace/Sources/VDAnimation/MotionFrameLink.swift:170:52: error: 'UIUpdateLink' is unavailable in watchOS
168 |     ) -> any FrameLink {
169 |         if #available(iOS 18.0, tvOS 18.0, visionOS 2.0, *) {
170 |             return UIUpdateLinkAdapter(updateLink: UIUpdateLink(view: self), tick: tick)
    |                                                    `- error: 'UIUpdateLink' is unavailable in watchOS
171 |         }
172 |         return CADisplayLinkAdapter(tick: tick)
/Applications/Xcode-27.0.0-Release.Candidate.app/Contents/Developer/Platforms/WatchOS.platform/Developer/SDKs/WatchOS27.0.sdk/System/Library/Frameworks/UIKit.framework/Headers/UIUpdateLink.h:22:12: note: 'UIUpdateLink' has been explicitly marked unavailable here
20 | /// Allows to formally participate in UI updates and influence UI update behavior.
21 | UIKIT_EXTERN NS_SWIFT_UI_ACTOR API_AVAILABLE(ios(18.0), tvos(18.0), visionos(2.0)) API_UNAVAILABLE(watchos, macCatalyst)
22 | @interface UIUpdateLink: NSObject
   |            `- note: 'UIUpdateLink' has been explicitly marked unavailable here
23 |
24 | +(instancetype)new NS_UNAVAILABLE;
SwiftCompile normal arm64 /Users/admin/builder/spi-builder-workspace/Sources/VDAnimation/MotionFrameLink.swift (in target 'VDAnimation' from project 'VDAnimation')
    cd /Users/admin/builder/spi-builder-workspace/.swiftpm/xcode
    builtin-SwiftPerFileCompile MotionFrameLink.swift
SwiftCompile normal arm64 Compiling\ Path+lerp.swift /Users/admin/builder/spi-builder-workspace/Sources/VDAnimation/Path+lerp.swift (in target 'VDAnimation' from project 'VDAnimation')
SwiftCompile normal arm64 /Users/admin/builder/spi-builder-workspace/Sources/VDAnimation/Path+lerp.swift (in target 'VDAnimation' from project 'VDAnimation')
    cd /Users/admin/builder/spi-builder-workspace/.swiftpm/xcode
    builtin-SwiftPerFileCompile Path+lerp.swift
SwiftCompile normal arm64 Compiling\ Tweenable.swift /Users/admin/builder/spi-builder-workspace/Sources/VDAnimation/Tweenable.swift (in target 'VDAnimation' from project 'VDAnimation')
SwiftCompile normal arm64 /Users/admin/builder/spi-builder-workspace/Sources/VDAnimation/Tweenable.swift (in target 'VDAnimation' from project 'VDAnimation')
    cd /Users/admin/builder/spi-builder-workspace/.swiftpm/xcode
    builtin-SwiftPerFileCompile Tweenable.swift
/Users/admin/builder/spi-builder-workspace/Sources/VDAnimation/Tweenable.swift:436:36: error: 'CATransform3D' is unavailable in watchOS
434 |
435 | extension CATransform3D: Tweenable {
436 |     public static func lerp(_ lhs: CATransform3D, _ rhs: CATransform3D, _ t: Double) -> CATransform3D {
    |                                    `- error: 'CATransform3D' is unavailable in watchOS
437 |         CATransform3D(
438 |             m11: CGFloat.lerp(lhs.m11, rhs.m11, t),
/Applications/Xcode-27.0.0-Release.Candidate.app/Contents/Developer/Platforms/WatchOS.platform/Developer/SDKs/WatchOS27.0.sdk/System/Library/Frameworks/QuartzCore.framework/Headers/CATransform3D.h:17:8: note: 'CATransform3D' has been explicitly marked unavailable here
 15 | /* Homogeneous three-dimensional transforms. */
 16 |
 17 | struct CATransform3D
    |        `- note: 'CATransform3D' has been explicitly marked unavailable here
 18 | {
 19 |   CGFloat m11, m12, m13, m14;
/Users/admin/builder/spi-builder-workspace/Sources/VDAnimation/Tweenable.swift:436:58: error: 'CATransform3D' is unavailable in watchOS
434 |
435 | extension CATransform3D: Tweenable {
436 |     public static func lerp(_ lhs: CATransform3D, _ rhs: CATransform3D, _ t: Double) -> CATransform3D {
    |                                                          `- error: 'CATransform3D' is unavailable in watchOS
437 |         CATransform3D(
438 |             m11: CGFloat.lerp(lhs.m11, rhs.m11, t),
/Applications/Xcode-27.0.0-Release.Candidate.app/Contents/Developer/Platforms/WatchOS.platform/Developer/SDKs/WatchOS27.0.sdk/System/Library/Frameworks/QuartzCore.framework/Headers/CATransform3D.h:17:8: note: 'CATransform3D' has been explicitly marked unavailable here
 15 | /* Homogeneous three-dimensional transforms. */
 16 |
 17 | struct CATransform3D
    |        `- note: 'CATransform3D' has been explicitly marked unavailable here
 18 | {
 19 |   CGFloat m11, m12, m13, m14;
/Users/admin/builder/spi-builder-workspace/Sources/VDAnimation/Tweenable.swift:436:89: error: 'CATransform3D' is unavailable in watchOS
434 |
435 | extension CATransform3D: Tweenable {
436 |     public static func lerp(_ lhs: CATransform3D, _ rhs: CATransform3D, _ t: Double) -> CATransform3D {
    |                                                                                         `- error: 'CATransform3D' is unavailable in watchOS
437 |         CATransform3D(
438 |             m11: CGFloat.lerp(lhs.m11, rhs.m11, t),
/Applications/Xcode-27.0.0-Release.Candidate.app/Contents/Developer/Platforms/WatchOS.platform/Developer/SDKs/WatchOS27.0.sdk/System/Library/Frameworks/QuartzCore.framework/Headers/CATransform3D.h:17:8: note: 'CATransform3D' has been explicitly marked unavailable here
 15 | /* Homogeneous three-dimensional transforms. */
 16 |
 17 | struct CATransform3D
    |        `- note: 'CATransform3D' has been explicitly marked unavailable here
 18 | {
 19 |   CGFloat m11, m12, m13, m14;
/Users/admin/builder/spi-builder-workspace/Sources/VDAnimation/Tweenable.swift:435:11: error: 'CATransform3D' is unavailable in watchOS
433 | }
434 |
435 | extension CATransform3D: Tweenable {
    |           `- error: 'CATransform3D' is unavailable in watchOS
436 |     public static func lerp(_ lhs: CATransform3D, _ rhs: CATransform3D, _ t: Double) -> CATransform3D {
437 |         CATransform3D(
/Applications/Xcode-27.0.0-Release.Candidate.app/Contents/Developer/Platforms/WatchOS.platform/Developer/SDKs/WatchOS27.0.sdk/System/Library/Frameworks/QuartzCore.framework/Headers/CATransform3D.h:17:8: note: 'CATransform3D' has been explicitly marked unavailable here
 15 | /* Homogeneous three-dimensional transforms. */
 16 |
 17 | struct CATransform3D
    |        `- note: 'CATransform3D' has been explicitly marked unavailable here
 18 | {
 19 |   CGFloat m11, m12, m13, m14;
/Users/admin/builder/spi-builder-workspace/Sources/VDAnimation/Tweenable.swift:413:9: error: failed to produce diagnostic for expression; please submit a bug report (https://swift.org/contributing/#reporting-bugs)
411 | extension CGAffineTransformComponents: Tweenable {
412 |     public static func lerp(_ lhs: CGAffineTransformComponents, _ rhs: CGAffineTransformComponents, _ t: Double) -> CGAffineTransformComponents {
413 |         CGAffineTransformComponents(
    |         `- error: failed to produce diagnostic for expression; please submit a bug report (https://swift.org/contributing/#reporting-bugs)
414 |             scale: CGSize.lerp(lhs.scale, rhs.scale, t),
415 |             horizontalShear: CGFloat.lerp(lhs.horizontalShear, rhs.horizontalShear, t),
SwiftCompile normal arm64 Compiling\ Tween.swift /Users/admin/builder/spi-builder-workspace/Sources/VDAnimation/Tween.swift (in target 'VDAnimation' from project 'VDAnimation')
SwiftCompile normal arm64 /Users/admin/builder/spi-builder-workspace/Sources/VDAnimation/Tween.swift (in target 'VDAnimation' from project 'VDAnimation')
    cd /Users/admin/builder/spi-builder-workspace/.swiftpm/xcode
    builtin-SwiftPerFileCompile Tween.swift
SwiftCompile normal arm64 Compiling\ AnimatedView.swift /Users/admin/builder/spi-builder-workspace/Sources/VDAnimation/Views/AnimatedView.swift (in target 'VDAnimation' from project 'VDAnimation')
SwiftCompile normal arm64 /Users/admin/builder/spi-builder-workspace/Sources/VDAnimation/Views/AnimatedView.swift (in target 'VDAnimation' from project 'VDAnimation')
    cd /Users/admin/builder/spi-builder-workspace/.swiftpm/xcode
    builtin-SwiftPerFileCompile AnimatedView.swift
SwiftCompile normal arm64 Compiling\ Extensions.swift,\ Motion.swift /Users/admin/builder/spi-builder-workspace/Sources/VDAnimation/Extensions.swift /Users/admin/builder/spi-builder-workspace/Sources/VDAnimation/Motion.swift (in target 'VDAnimation' from project 'VDAnimation')
SwiftCompile normal arm64 /Users/admin/builder/spi-builder-workspace/Sources/VDAnimation/Extensions.swift (in target 'VDAnimation' from project 'VDAnimation')
    cd /Users/admin/builder/spi-builder-workspace/.swiftpm/xcode
    builtin-SwiftPerFileCompile Extensions.swift
SwiftCompile normal arm64 /Users/admin/builder/spi-builder-workspace/Sources/VDAnimation/Motion.swift (in target 'VDAnimation' from project 'VDAnimation')
    cd /Users/admin/builder/spi-builder-workspace/.swiftpm/xcode
    builtin-SwiftPerFileCompile Motion.swift
SwiftCompile normal arm64 Compiling\ MotionBuilder.swift /Users/admin/builder/spi-builder-workspace/Sources/VDAnimation/MotionBuilder.swift (in target 'VDAnimation' from project 'VDAnimation')
SwiftCompile normal arm64 /Users/admin/builder/spi-builder-workspace/Sources/VDAnimation/MotionBuilder.swift (in target 'VDAnimation' from project 'VDAnimation')
    cd /Users/admin/builder/spi-builder-workspace/.swiftpm/xcode
    builtin-SwiftPerFileCompile MotionBuilder.swift
SwiftEmitModule normal arm64_32 Emitting\ module\ for\ VDAnimation (in target 'VDAnimation' from project 'VDAnimation')
/Users/admin/builder/spi-builder-workspace/Sources/VDAnimation/Colors+Previews.swift:93:25: error: initializer 'init(alignment:spacing:content:)' requires that 'UIKitGradient' conform to 'View'
 91 |                         Text("UIKit")
 92 |                             .frame(width: 70, alignment: .leading)
 93 |                         UIKitGradient(from: from, to: to)
    |                         `- error: initializer 'init(alignment:spacing:content:)' requires that 'UIKitGradient' conform to 'View'
 94 |                     }
 95 |                     .frame(height: 30)
SwiftUI.TupleContent:2:11: note: requirement from conditional conformance of 'TupleContent<some View, UIKitGradient>' to 'View'
1 | @available(iOS 26.0, macOS 26.0, tvOS 26.0, watchOS 26.0, *)
2 | extension TupleContent : View where repeat each Content : View {
  |           `- note: requirement from conditional conformance of 'TupleContent<some View, UIKitGradient>' to 'View'
3 |     nonisolated public static func _makeView(view: _GraphValue<TupleContent<repeat each Content>>, inputs: _ViewInputs) -> _ViewOutputs
4 |     nonisolated public static func _makeViewList(view: _GraphValue<TupleContent<repeat each Content>>, inputs: _ViewListInputs) -> _ViewListOutputs
/Users/admin/builder/spi-builder-workspace/Sources/VDAnimation/Colors+Previews.swift:93:25: error: generic struct 'HStack' requires that 'UIKitGradient' conform to 'View'
 91 |                         Text("UIKit")
 92 |                             .frame(width: 70, alignment: .leading)
 93 |                         UIKitGradient(from: from, to: to)
    |                         `- error: generic struct 'HStack' requires that 'UIKitGradient' conform to 'View'
 94 |                     }
 95 |                     .frame(height: 30)
SwiftUI.TupleContent:2:11: note: requirement from conditional conformance of 'TupleContent<some View, UIKitGradient>' to 'View'
1 | @available(iOS 26.0, macOS 26.0, tvOS 26.0, watchOS 26.0, *)
2 | extension TupleContent : View where repeat each Content : View {
  |           `- note: requirement from conditional conformance of 'TupleContent<some View, UIKitGradient>' to 'View'
3 |     nonisolated public static func _makeView(view: _GraphValue<TupleContent<repeat each Content>>, inputs: _ViewInputs) -> _ViewOutputs
4 |     nonisolated public static func _makeViewList(view: _GraphValue<TupleContent<repeat each Content>>, inputs: _ViewListInputs) -> _ViewListOutputs
/Users/admin/builder/spi-builder-workspace/Sources/VDAnimation/Colors+Previews.swift:165:30: error: cannot find type 'Context' in scope
163 |     let to: DisplayP3
164 |
165 |     func makeUIView(context: Context) -> UIKitGradientView {
    |                              `- error: cannot find type 'Context' in scope
166 |         UIKitGradientView(from: from, to: to)
167 |     }
/Users/admin/builder/spi-builder-workspace/Sources/VDAnimation/Colors+Previews.swift:169:61: error: cannot find type 'Context' in scope
167 |     }
168 |
169 |     func updateUIView(_ uiView: UIKitGradientView, context: Context) {
    |                                                             `- error: cannot find type 'Context' in scope
170 |         uiView.from = from
171 |         uiView.to = to
/Users/admin/builder/spi-builder-workspace/Sources/VDAnimation/Colors+Previews.swift:160:31: error: cannot find type 'UIViewRepresentable' in scope
158 | #if canImport(UIKit)
159 |
160 | private struct UIKitGradient: UIViewRepresentable {
    |                               `- error: cannot find type 'UIViewRepresentable' in scope
161 |
162 |     let from: DisplayP3
SwiftCompile normal arm64_32 (in target 'VDAnimation' from project 'VDAnimation')
    cd /Users/admin/builder/spi-builder-workspace/.swiftpm/xcode

SwiftDriverJobDiscovery normal arm64 Compiling MotionBuilder.swift (in target 'VDAnimation' from project 'VDAnimation')
SwiftCompile normal arm64_32 Compiling\ AnimatedView.swift /Users/admin/builder/spi-builder-workspace/Sources/VDAnimation/Views/AnimatedView.swift (in target 'VDAnimation' from project 'VDAnimation')
SwiftCompile normal arm64_32 /Users/admin/builder/spi-builder-workspace/Sources/VDAnimation/Views/AnimatedView.swift (in target 'VDAnimation' from project 'VDAnimation')
    cd /Users/admin/builder/spi-builder-workspace/.swiftpm/xcode
    builtin-SwiftPerFileCompile AnimatedView.swift
PruneExplicitPrecompiledModules /Users/admin/builder/spi-builder-workspace/.derivedData/Build/Intermediates.noindex/SwiftExplicitPrecompiledModules
PruneExplicitPrecompiledModules /Users/admin/builder/spi-builder-workspace/.derivedData/Build/Intermediates.noindex/ExplicitPrecompiledModules
PruneExplicitPrecompiledModules /Users/admin/builder/spi-builder-workspace/.derivedData/SDKExplicitPrecompiledModules
2026-09-24 12:39:13.185 xcodebuild[1363:7643] [MT] IDERunDestination: Supported platforms for the buildables in the current scheme is empty.
** BUILD FAILED **
The following build commands failed:
	SwiftEmitModule normal arm64 Emitting\ module\ for\ VDAnimation (in target 'VDAnimation' from project 'VDAnimation')
	SwiftCompile normal arm64 (in target 'VDAnimation' from project 'VDAnimation')
	Building workspace VDAnimation with scheme VDAnimation
(3 failures)
BUILD FAILURE 6.4 watchOS