The Swift Package Index logo.Swift Package Index

Build Information

Failed to build KEXPPower, reference 4.1.0 (0fd684), with Swift 6.4 for watchOS using Xcode 27.0 on 25 Sep 2026 05:17:26 UTC.

Build Command

env DEVELOPER_DIR=/Applications/Xcode-27.0.0-Release.Candidate.app xcrun xcodebuild -IDEClonedSourcePackagesDirPathOverride=$PWD/.dependencies -skipMacroValidation -skipPackagePluginValidation -derivedDataPath $PWD/.derivedData build -scheme KEXPPower -destination generic/platform=watchOS

Build Log

========================================
RunAll
========================================
Builder version: 5.1.0
Interrupt handler set up.
========================================
Checkout
========================================
Clone URL: https://github.com/KEXP/KEXPPower.git
Reference: 4.1.0
Initialized empty Git repository in /Users/admin/builder/spi-builder-workspace/.git/
From https://github.com/KEXP/KEXPPower
 * tag               4.1.0      -> FETCH_HEAD
HEAD is now at 0fd684b Add program image support and align archive lookback to 14 days.
Cloned https://github.com/KEXP/KEXPPower.git
Revision (git rev-parse @):
0fd684b7a10b28e99311d70aac92e4175dd5e354
SUCCESS checkout https://github.com/KEXP/KEXPPower.git at 4.1.0
========================================
Build
========================================
Selected platform:         watchOS
Swift version:             6.4
Building package at path:  $PWD
https://github.com/KEXP/KEXPPower.git
Command line invocation:
    /Applications/Xcode-27.0.0-Release.Candidate.app/Contents/Developer/usr/bin/xcodebuild -IDEClonedSourcePackagesDirPathOverride=/Users/admin/builder/spi-builder-workspace/.dependencies -resolvePackageDependencies
Resolve Package Graph
Resolve Package Graph
Resolved source packages:
  KEXPPower: /Users/admin/builder/spi-builder-workspace
resolved source packages: KEXPPower
2026-09-25 01:16:38.175 xcodebuild[529:3034] [MT] IDERunDestination: Supported platforms for the buildables in the current scheme is empty.
2026-09-25 01:16:38.323 xcodebuild[529:3034] [MT] IDERunDestination: Supported platforms for the buildables in the current scheme is empty.
2026-09-25 01:16:39.921 xcodebuild[529:3034] [MT] IDERunDestination: Supported platforms for the buildables in the current scheme is empty.
{
  "default_localization" : "en",
  "dependencies" : [
  ],
  "manifest_display_name" : "KEXPPower",
  "name" : "KEXPPower",
  "path" : "/Users/admin/builder/spi-builder-workspace",
  "platforms" : [
    {
      "name" : "ios",
      "version" : "26.0"
    }
  ],
  "products" : [
    {
      "name" : "KEXPPower",
      "targets" : [
        "KEXPPower"
      ],
      "type" : {
        "library" : [
          "automatic"
        ]
      }
    }
  ],
  "swift_languages_versions" : [
    "5"
  ],
  "targets" : [
    {
      "c99name" : "KEXPPowerTests",
      "module_type" : "SwiftTarget",
      "name" : "KEXPPowerTests",
      "path" : "KEXPPowerTests",
      "resources" : [
        {
          "path" : "/Users/admin/builder/spi-builder-workspace/KEXPPowerTests/Samples/AppleMusicSample.json",
          "rule" : {
            "process" : {
            }
          }
        },
        {
          "path" : "/Users/admin/builder/spi-builder-workspace/KEXPPowerTests/Samples/ArchiveStreamSample.json",
          "rule" : {
            "process" : {
            }
          }
        },
        {
          "path" : "/Users/admin/builder/spi-builder-workspace/KEXPPowerTests/Samples/PlaySample.json",
          "rule" : {
            "process" : {
            }
          }
        },
        {
          "path" : "/Users/admin/builder/spi-builder-workspace/KEXPPowerTests/Samples/ShowSample.json",
          "rule" : {
            "process" : {
            }
          }
        },
        {
          "path" : "/Users/admin/builder/spi-builder-workspace/KEXPPowerTests/Samples/ShowStartSample.json",
          "rule" : {
            "process" : {
            }
          }
        }
      ],
      "sources" : [
        "Tests/Helpers/PlayFormattersTests.swift",
        "Tests/Model/AppleMusicResultParseTests.swift",
        "Tests/Model/ArchiveStreamParseTests.swift",
        "Tests/Model/PlayResultParseTests.swift",
        "Tests/Model/ShowResultParseTests.swift",
        "Tests/Model/ShowStartResultParseTests.swift",
        "XCTestCase+Helpers.swift"
      ],
      "target_dependencies" : [
        "KEXPPower"
      ],
      "type" : "test"
    },
    {
      "c99name" : "KEXPPower",
      "module_type" : "SwiftTarget",
      "name" : "KEXPPower",
      "path" : "KEXPPower",
      "product_memberships" : [
        "KEXPPower"
      ],
      "sources" : [
        "Archive/ArchiveManager.swift",
        "Archive/Models/DateShows.swift",
        "Archive/Models/GenreShows.swift",
        "Archive/Models/HostNameShows.swift",
        "Archive/Models/ShowNameShows.swift",
        "Helpers/DateFormatter+StandardFormatters.swift",
        "Helpers/PlayFormatters.swift",
        "Helpers/UIImageView+Loading.swift",
        "Models/AppleMusic/AppleMusicResult.swift",
        "Models/KEXP/ArchiveShow.swift",
        "Models/KEXP/ArchiveShowStart.swift",
        "Models/KEXP/ArchiveStreamResult.swift",
        "Models/KEXP/PlayResult.swift",
        "Models/KEXP/ShowResult.swift",
        "Networking/NetworkManager.swift",
        "Networking/Reachability.swift",
        "Networking/Router.swift",
        "Public API/AvailableStreams.swift",
        "Public API/KEXPPower.swift"
      ],
      "type" : "library"
    }
  ],
  "tools_version" : "6.0"
}
{
  "workspace" : {
    "name" : "KEXPPower",
    "schemes" : [
      "KEXPPower",
      "KEXPPowerTests"
    ]
  }
}
2026-09-25 01:17:16.571 xcodebuild[626:3851] [MT] IDERunDestination: Supported platforms for the buildables in the current scheme is empty.
{
  "workspace" : {
    "name" : "KEXPPower",
    "schemes" : [
      "KEXPPower",
      "KEXPPowerTests"
    ]
  }
}
2026-09-25 01:17:17.600 xcodebuild[628:3900] [MT] IDERunDestination: Supported platforms for the buildables in the current scheme is empty.
2026-09-25 01:17:17.743 xcodebuild[628:3900] [MT] IDERunDestination: Supported platforms for the buildables in the current scheme is empty.
Running build ...
env DEVELOPER_DIR=/Applications/Xcode-27.0.0-Release.Candidate.app xcrun xcodebuild -IDEClonedSourcePackagesDirPathOverride=$PWD/.dependencies -skipMacroValidation -skipPackagePluginValidation -derivedDataPath $PWD/.derivedData build -scheme KEXPPower -destination generic/platform=watchOS
Command line invocation:
    /Applications/Xcode-27.0.0-Release.Candidate.app/Contents/Developer/usr/bin/xcodebuild -IDEClonedSourcePackagesDirPathOverride=/Users/admin/builder/spi-builder-workspace/.dependencies -skipMacroValidation -skipPackagePluginValidation -derivedDataPath /Users/admin/builder/spi-builder-workspace/.derivedData build -scheme KEXPPower -destination generic/platform=watchOS
Resolve Package Graph
Resolved source packages:
  KEXPPower: /Users/admin/builder/spi-builder-workspace
ComputePackagePrebuildTargetDependencyGraph
Prepare packages
CreateBuildRequest
SendProjectDescription
CreateBuildOperation
ComputeTargetDependencyGraph
note: Building targets in dependency order
note: Target dependency graph (2 targets)
    Target 'KEXPPower-product' in project 'KEXPPower'
        ➜ Explicit dependency on target 'KEXPPower' in project 'KEXPPower'
    Target 'KEXPPower' in project 'KEXPPower' (no dependencies)
GatherProvisioningInputs
CreateBuildDescription
ExecuteExternalTool /Applications/Xcode-27.0.0-Release.Candidate.app/Contents/Developer/Toolchains/XcodeDefault.xctoolchain/usr/bin/clang -v -E -dM -isysroot /Applications/Xcode-27.0.0-Release.Candidate.app/Contents/Developer/Platforms/WatchOS.platform/Developer/SDKs/WatchOS27.0.sdk -x c -c /dev/null
ExecuteExternalTool /Applications/Xcode-27.0.0-Release.Candidate.app/Contents/Developer/Toolchains/XcodeDefault.xctoolchain/usr/bin/swiftc --version
ExecuteExternalTool /Applications/Xcode-27.0.0-Release.Candidate.app/Contents/Developer/Toolchains/XcodeDefault.xctoolchain/usr/bin/ld -version_details
Build description signature: a613fc97c68594c58e38b7f208a2471d
Build description path: /Users/admin/builder/spi-builder-workspace/.derivedData/Build/Intermediates.noindex/XCBuildData/a613fc97c68594c58e38b7f208a2471d.xcbuilddata
CreateBuildDirectory /Users/admin/builder/spi-builder-workspace/.derivedData/SDKExplicitPrecompiledModules
    cd /Users/admin/builder/spi-builder-workspace/.swiftpm/xcode
    builtin-create-build-directory /Users/admin/builder/spi-builder-workspace/.derivedData/SDKExplicitPrecompiledModules
CreateBuildDirectory /Users/admin/builder/spi-builder-workspace/.derivedData/ModuleCache.noindex
    cd /Users/admin/builder/spi-builder-workspace/.swiftpm/xcode
    builtin-create-build-directory /Users/admin/builder/spi-builder-workspace/.derivedData/ModuleCache.noindex
CreateBuildDirectory /Users/admin/builder/spi-builder-workspace/.derivedData/CompilationCache.noindex
    cd /Users/admin/builder/spi-builder-workspace/.swiftpm/xcode
    builtin-create-build-directory /Users/admin/builder/spi-builder-workspace/.derivedData/CompilationCache.noindex
CreateBuildDirectory /Users/admin/builder/spi-builder-workspace/.derivedData/Build/Products
    cd /Users/admin/builder/spi-builder-workspace/.swiftpm/xcode
    builtin-create-build-directory /Users/admin/builder/spi-builder-workspace/.derivedData/Build/Products
ClangStatCache /Applications/Xcode-27.0.0-Release.Candidate.app/Contents/Developer/Toolchains/XcodeDefault.xctoolchain/usr/bin/clang-stat-cache /Applications/Xcode-27.0.0-Release.Candidate.app/Contents/Developer/Platforms/WatchOS.platform/Developer/SDKs/WatchOS27.0.sdk /Users/admin/builder/spi-builder-workspace/.derivedData/SDKStatCaches.noindex/watchos27.0-24R360-e829b21a6f8c9b70876ba0858053c04477534ef55a1706bf4c1112bbb242f0a2.sdkstatcache
    cd /Users/admin/builder/spi-builder-workspace/.swiftpm/xcode
    /Applications/Xcode-27.0.0-Release.Candidate.app/Contents/Developer/Toolchains/XcodeDefault.xctoolchain/usr/bin/clang-stat-cache /Applications/Xcode-27.0.0-Release.Candidate.app/Contents/Developer/Platforms/WatchOS.platform/Developer/SDKs/WatchOS27.0.sdk -o /Users/admin/builder/spi-builder-workspace/.derivedData/SDKStatCaches.noindex/watchos27.0-24R360-e829b21a6f8c9b70876ba0858053c04477534ef55a1706bf4c1112bbb242f0a2.sdkstatcache
CreateBuildDirectory /Users/admin/builder/spi-builder-workspace/.derivedData/Build/Intermediates.noindex
    cd /Users/admin/builder/spi-builder-workspace/.swiftpm/xcode
    builtin-create-build-directory /Users/admin/builder/spi-builder-workspace/.derivedData/Build/Intermediates.noindex
CreateBuildDirectory /Users/admin/builder/spi-builder-workspace/.derivedData/Build/Intermediates.noindex/SwiftExplicitPrecompiledModules
    cd /Users/admin/builder/spi-builder-workspace/.swiftpm/xcode
    builtin-create-build-directory /Users/admin/builder/spi-builder-workspace/.derivedData/Build/Intermediates.noindex/SwiftExplicitPrecompiledModules
CreateBuildDirectory /Users/admin/builder/spi-builder-workspace/.derivedData/Build/Intermediates.noindex/PrecompiledHeaders
    cd /Users/admin/builder/spi-builder-workspace/.swiftpm/xcode
    builtin-create-build-directory /Users/admin/builder/spi-builder-workspace/.derivedData/Build/Intermediates.noindex/PrecompiledHeaders
CreateBuildDirectory /Users/admin/builder/spi-builder-workspace/.derivedData/Build/Intermediates.noindex/ExplicitPrecompiledModules
    cd /Users/admin/builder/spi-builder-workspace/.swiftpm/xcode
    builtin-create-build-directory /Users/admin/builder/spi-builder-workspace/.derivedData/Build/Intermediates.noindex/ExplicitPrecompiledModules
CreateBuildDirectory /Users/admin/builder/spi-builder-workspace/.derivedData/Build/Intermediates.noindex/EagerLinkingTBDs/Debug-watchos
    cd /Users/admin/builder/spi-builder-workspace/.swiftpm/xcode
    builtin-create-build-directory /Users/admin/builder/spi-builder-workspace/.derivedData/Build/Intermediates.noindex/EagerLinkingTBDs/Debug-watchos
CreateBuildDirectory /Users/admin/builder/spi-builder-workspace/.derivedData/Build/Products/Debug-watchos
    cd /Users/admin/builder/spi-builder-workspace/.swiftpm/xcode
    builtin-create-build-directory /Users/admin/builder/spi-builder-workspace/.derivedData/Build/Products/Debug-watchos
CreateBuildDirectory /Users/admin/builder/spi-builder-workspace/.derivedData/Build/Products/Debug-watchos/PackageFrameworks
    cd /Users/admin/builder/spi-builder-workspace/.swiftpm/xcode
    builtin-create-build-directory /Users/admin/builder/spi-builder-workspace/.derivedData/Build/Products/Debug-watchos/PackageFrameworks
WriteAuxiliaryFile /Users/admin/builder/spi-builder-workspace/.derivedData/Build/Intermediates.noindex/KEXPPower.build/Debug-watchos/KEXPPower-t.build/KEXPPower.modulemap (in target 'KEXPPower' from project 'KEXPPower')
    cd /Users/admin/builder/spi-builder-workspace
    write-file /Users/admin/builder/spi-builder-workspace/.derivedData/Build/Intermediates.noindex/KEXPPower.build/Debug-watchos/KEXPPower-t.build/KEXPPower.modulemap
WriteAuxiliaryFile /Users/admin/builder/spi-builder-workspace/.derivedData/Build/Intermediates.noindex/KEXPPower.build/Debug-watchos/KEXPPower-t.build/Objects-normal/arm64_32/KEXPPower_const_extract_protocols.json (in target 'KEXPPower' from project 'KEXPPower')
    cd /Users/admin/builder/spi-builder-workspace
    write-file /Users/admin/builder/spi-builder-workspace/.derivedData/Build/Intermediates.noindex/KEXPPower.build/Debug-watchos/KEXPPower-t.build/Objects-normal/arm64_32/KEXPPower_const_extract_protocols.json
WriteAuxiliaryFile /Users/admin/builder/spi-builder-workspace/.derivedData/Build/Intermediates.noindex/KEXPPower.build/Debug-watchos/KEXPPower-t.build/Objects-normal/arm64_32/KEXPPower-OutputFileMap.json (in target 'KEXPPower' from project 'KEXPPower')
    cd /Users/admin/builder/spi-builder-workspace
    write-file /Users/admin/builder/spi-builder-workspace/.derivedData/Build/Intermediates.noindex/KEXPPower.build/Debug-watchos/KEXPPower-t.build/Objects-normal/arm64_32/KEXPPower-OutputFileMap.json
WriteAuxiliaryFile /Users/admin/builder/spi-builder-workspace/.derivedData/Build/Intermediates.noindex/KEXPPower.build/Debug-watchos/KEXPPower-t.build/Objects-normal/arm64/KEXPPower.SwiftFileList (in target 'KEXPPower' from project 'KEXPPower')
    cd /Users/admin/builder/spi-builder-workspace
    write-file /Users/admin/builder/spi-builder-workspace/.derivedData/Build/Intermediates.noindex/KEXPPower.build/Debug-watchos/KEXPPower-t.build/Objects-normal/arm64/KEXPPower.SwiftFileList
WriteAuxiliaryFile /Users/admin/builder/spi-builder-workspace/.derivedData/Build/Intermediates.noindex/KEXPPower.build/Debug-watchos/KEXPPower-t.build/Objects-normal/arm64_32/KEXPPower.SwiftConstValuesFileList (in target 'KEXPPower' from project 'KEXPPower')
    cd /Users/admin/builder/spi-builder-workspace
    write-file /Users/admin/builder/spi-builder-workspace/.derivedData/Build/Intermediates.noindex/KEXPPower.build/Debug-watchos/KEXPPower-t.build/Objects-normal/arm64_32/KEXPPower.SwiftConstValuesFileList
WriteAuxiliaryFile /Users/admin/builder/spi-builder-workspace/.derivedData/Build/Intermediates.noindex/KEXPPower.build/Debug-watchos/KEXPPower-t.build/Objects-normal/arm64_32/KEXPPower.SwiftFileList (in target 'KEXPPower' from project 'KEXPPower')
    cd /Users/admin/builder/spi-builder-workspace
    write-file /Users/admin/builder/spi-builder-workspace/.derivedData/Build/Intermediates.noindex/KEXPPower.build/Debug-watchos/KEXPPower-t.build/Objects-normal/arm64_32/KEXPPower.SwiftFileList
WriteAuxiliaryFile /Users/admin/builder/spi-builder-workspace/.derivedData/Build/Intermediates.noindex/KEXPPower.build/Debug-watchos/KEXPPower-t.build/Objects-normal/arm64/KEXPPower_const_extract_protocols.json (in target 'KEXPPower' from project 'KEXPPower')
    cd /Users/admin/builder/spi-builder-workspace
    write-file /Users/admin/builder/spi-builder-workspace/.derivedData/Build/Intermediates.noindex/KEXPPower.build/Debug-watchos/KEXPPower-t.build/Objects-normal/arm64/KEXPPower_const_extract_protocols.json
WriteAuxiliaryFile /Users/admin/builder/spi-builder-workspace/.derivedData/Build/Intermediates.noindex/KEXPPower.build/Debug-watchos/KEXPPower-t.build/Objects-normal/arm64_32/KEXPPower.LinkFileList (in target 'KEXPPower' from project 'KEXPPower')
    cd /Users/admin/builder/spi-builder-workspace
    write-file /Users/admin/builder/spi-builder-workspace/.derivedData/Build/Intermediates.noindex/KEXPPower.build/Debug-watchos/KEXPPower-t.build/Objects-normal/arm64_32/KEXPPower.LinkFileList
WriteAuxiliaryFile /Users/admin/builder/spi-builder-workspace/.derivedData/Build/Intermediates.noindex/KEXPPower.build/Debug-watchos/KEXPPower-t.build/Objects-normal/arm64/KEXPPower.SwiftConstValuesFileList (in target 'KEXPPower' from project 'KEXPPower')
    cd /Users/admin/builder/spi-builder-workspace
    write-file /Users/admin/builder/spi-builder-workspace/.derivedData/Build/Intermediates.noindex/KEXPPower.build/Debug-watchos/KEXPPower-t.build/Objects-normal/arm64/KEXPPower.SwiftConstValuesFileList
WriteAuxiliaryFile /Users/admin/builder/spi-builder-workspace/.derivedData/Build/Intermediates.noindex/KEXPPower.build/Debug-watchos/KEXPPower-t.build/Objects-normal/arm64/KEXPPower.LinkFileList (in target 'KEXPPower' from project 'KEXPPower')
    cd /Users/admin/builder/spi-builder-workspace
    write-file /Users/admin/builder/spi-builder-workspace/.derivedData/Build/Intermediates.noindex/KEXPPower.build/Debug-watchos/KEXPPower-t.build/Objects-normal/arm64/KEXPPower.LinkFileList
WriteAuxiliaryFile /Users/admin/builder/spi-builder-workspace/.derivedData/Build/Intermediates.noindex/KEXPPower.build/Debug-watchos/KEXPPower-t.build/Objects-normal/arm64/KEXPPower-OutputFileMap.json (in target 'KEXPPower' from project 'KEXPPower')
    cd /Users/admin/builder/spi-builder-workspace
    write-file /Users/admin/builder/spi-builder-workspace/.derivedData/Build/Intermediates.noindex/KEXPPower.build/Debug-watchos/KEXPPower-t.build/Objects-normal/arm64/KEXPPower-OutputFileMap.json
WriteAuxiliaryFile /Users/admin/builder/spi-builder-workspace/.derivedData/Build/Intermediates.noindex/KEXPPower.build/Debug-watchos/KEXPPower-t.build/KEXPPower.DependencyStaticMetadataFileList (in target 'KEXPPower' from project 'KEXPPower')
    cd /Users/admin/builder/spi-builder-workspace
    write-file /Users/admin/builder/spi-builder-workspace/.derivedData/Build/Intermediates.noindex/KEXPPower.build/Debug-watchos/KEXPPower-t.build/KEXPPower.DependencyStaticMetadataFileList
WriteAuxiliaryFile /Users/admin/builder/spi-builder-workspace/.derivedData/Build/Intermediates.noindex/KEXPPower.build/Debug-watchos/KEXPPower-t.build/KEXPPower.DependencyMetadataFileList (in target 'KEXPPower' from project 'KEXPPower')
    cd /Users/admin/builder/spi-builder-workspace
    write-file /Users/admin/builder/spi-builder-workspace/.derivedData/Build/Intermediates.noindex/KEXPPower.build/Debug-watchos/KEXPPower-t.build/KEXPPower.DependencyMetadataFileList
Copy /Users/admin/builder/spi-builder-workspace/.derivedData/Build/Intermediates.noindex/GeneratedModuleMaps-watchos/KEXPPower.modulemap /Users/admin/builder/spi-builder-workspace/.derivedData/Build/Intermediates.noindex/KEXPPower.build/Debug-watchos/KEXPPower-t.build/KEXPPower.modulemap (in target 'KEXPPower' from project 'KEXPPower')
    cd /Users/admin/builder/spi-builder-workspace
    builtin-copy -exclude .DS_Store -exclude CVS -exclude .svn -exclude .git -exclude .hg -resolve-src-symlinks /Users/admin/builder/spi-builder-workspace/.derivedData/Build/Intermediates.noindex/KEXPPower.build/Debug-watchos/KEXPPower-t.build/KEXPPower.modulemap /Users/admin/builder/spi-builder-workspace/.derivedData/Build/Intermediates.noindex/GeneratedModuleMaps-watchos
SwiftDriver KEXPPower normal arm64 com.apple.xcode.tools.swift.compiler (in target 'KEXPPower' from project 'KEXPPower')
    cd /Users/admin/builder/spi-builder-workspace/.swiftpm/xcode
    builtin-SwiftDriver -- /Applications/Xcode-27.0.0-Release.Candidate.app/Contents/Developer/Toolchains/XcodeDefault.xctoolchain/usr/bin/swiftc -parse-as-library -module-name KEXPPower -Onone @/Users/admin/builder/spi-builder-workspace/.derivedData/Build/Intermediates.noindex/KEXPPower.build/Debug-watchos/KEXPPower-t.build/Objects-normal/arm64/KEXPPower.SwiftFileList -DSWIFT_PACKAGE -DDEBUG -DSWIFT_MODULE_RESOURCE_BUNDLE_UNAVAILABLE -DXcode -plugin-path /Applications/Xcode-27.0.0-Release.Candidate.app/Contents/Developer/Toolchains/XcodeDefault.xctoolchain/usr/lib/swift/host/plugins/testing -enable-experimental-feature DebugDescriptionMacro -sdk /Applications/Xcode-27.0.0-Release.Candidate.app/Contents/Developer/Platforms/WatchOS.platform/Developer/SDKs/WatchOS27.0.sdk -target arm64-apple-watchos26.0 -g -module-cache-path /Users/admin/builder/spi-builder-workspace/.derivedData/ModuleCache.noindex -Xfrontend -serialize-debugging-options -profile-coverage-mapping -profile-generate -enable-testing -index-store-path /Users/admin/builder/spi-builder-workspace/.derivedData/Index.noindex/DataStore -Xcc -D_LIBCPP_HARDENING_MODE\=_LIBCPP_HARDENING_MODE_DEBUG -swift-version 5 -I /Users/admin/builder/spi-builder-workspace/.derivedData/Build/Products/Debug-watchos -Isystem /Applications/Xcode-27.0.0-Release.Candidate.app/Contents/Developer/Platforms/WatchOS.platform/Developer/usr/lib -F /Users/admin/builder/spi-builder-workspace/.derivedData/Build/Products/Debug-watchos -F /Applications/Xcode-27.0.0-Release.Candidate.app/Contents/Developer/Platforms/WatchOS.platform/Developer/Library/Frameworks -F /Applications/Xcode-27.0.0-Release.Candidate.app/Contents/Developer/Platforms/WatchOS.platform/Developer/SDKs/WatchOS27.0.sdk/Developer/Library/Frameworks -emit-localized-strings -emit-localized-strings-path /Users/admin/builder/spi-builder-workspace/.derivedData/Build/Intermediates.noindex/KEXPPower.build/Debug-watchos/KEXPPower-t.build/Objects-normal/arm64 -c -j10 -enable-batch-mode -incremental -Xcc -ivfsstatcache -Xcc /Users/admin/builder/spi-builder-workspace/.derivedData/SDKStatCaches.noindex/watchos27.0-24R360-e829b21a6f8c9b70876ba0858053c04477534ef55a1706bf4c1112bbb242f0a2.sdkstatcache -output-file-map /Users/admin/builder/spi-builder-workspace/.derivedData/Build/Intermediates.noindex/KEXPPower.build/Debug-watchos/KEXPPower-t.build/Objects-normal/arm64/KEXPPower-OutputFileMap.json -save-temps -no-color-diagnostics -explicit-module-build -module-cache-path /Users/admin/builder/spi-builder-workspace/.derivedData/Build/Intermediates.noindex/SwiftExplicitPrecompiledModules -clang-scanner-module-cache-path /Users/admin/builder/spi-builder-workspace/.derivedData/ModuleCache.noindex -sdk-module-cache-path /Users/admin/builder/spi-builder-workspace/.derivedData/SDKExplicitPrecompiledModules -emit-dependencies -emit-module -emit-module-path /Users/admin/builder/spi-builder-workspace/.derivedData/Build/Intermediates.noindex/KEXPPower.build/Debug-watchos/KEXPPower-t.build/Objects-normal/arm64/KEXPPower.swiftmodule -serialize-diagnostics -dependency-scan-serialize-diagnostics-path /Users/admin/builder/spi-builder-workspace/.derivedData/Build/Intermediates.noindex/KEXPPower.build/Debug-watchos/KEXPPower-t.build/Objects-normal/arm64/KEXPPower-dependency-scan.dia -validate-clang-modules-once -clang-build-session-file /Users/admin/builder/spi-builder-workspace/.derivedData/ModuleCache.noindex/Session.modulevalidation -Xcc -fmodules-prune-interval\=86400 -Xcc -fmodules-prune-after\=345600 -package-name spi_builder_workspace -emit-const-values -const-gather-protocols-list /Users/admin/builder/spi-builder-workspace/.derivedData/Build/Intermediates.noindex/KEXPPower.build/Debug-watchos/KEXPPower-t.build/Objects-normal/arm64/KEXPPower_const_extract_protocols.json -Xcc -I/Users/admin/builder/spi-builder-workspace/.derivedData/Build/Products/Debug-watchos/include -Xcc -I/Users/admin/builder/spi-builder-workspace/.derivedData/Build/Intermediates.noindex/KEXPPower.build/Debug-watchos/KEXPPower-t.build/DerivedSources-normal/arm64 -Xcc -I/Users/admin/builder/spi-builder-workspace/.derivedData/Build/Intermediates.noindex/KEXPPower.build/Debug-watchos/KEXPPower-t.build/DerivedSources/arm64 -Xcc -I/Users/admin/builder/spi-builder-workspace/.derivedData/Build/Intermediates.noindex/KEXPPower.build/Debug-watchos/KEXPPower-t.build/DerivedSources -Xcc -DSWIFT_PACKAGE -Xcc -DDEBUG\=1 -emit-objc-header -emit-objc-header-path /Users/admin/builder/spi-builder-workspace/.derivedData/Build/Intermediates.noindex/KEXPPower.build/Debug-watchos/KEXPPower-t.build/Objects-normal/arm64/KEXPPower-Swift.h -working-directory /Users/admin/builder/spi-builder-workspace/.swiftpm/xcode -experimental-emit-module-separately -disable-cmo
/Users/admin/builder/spi-builder-workspace/KEXPPower/Networking/Reachability.swift:10:8: error: Unable to resolve module dependency: 'SystemConfiguration' (in target 'KEXPPower' from project 'KEXPPower')
    note: A dependency of main module 'KEXPPower'
/Users/admin/builder/spi-builder-workspace/KEXPPower/Networking/Reachability.swift:10:8: note: A dependency of main module 'KEXPPower'
import SystemConfiguration
       ^ (in target 'KEXPPower' from project 'KEXPPower')
SwiftDriver KEXPPower normal arm64_32 com.apple.xcode.tools.swift.compiler (in target 'KEXPPower' from project 'KEXPPower')
    cd /Users/admin/builder/spi-builder-workspace/.swiftpm/xcode
    builtin-SwiftDriver -- /Applications/Xcode-27.0.0-Release.Candidate.app/Contents/Developer/Toolchains/XcodeDefault.xctoolchain/usr/bin/swiftc -parse-as-library -module-name KEXPPower -Onone @/Users/admin/builder/spi-builder-workspace/.derivedData/Build/Intermediates.noindex/KEXPPower.build/Debug-watchos/KEXPPower-t.build/Objects-normal/arm64_32/KEXPPower.SwiftFileList -DSWIFT_PACKAGE -DDEBUG -DSWIFT_MODULE_RESOURCE_BUNDLE_UNAVAILABLE -DXcode -plugin-path /Applications/Xcode-27.0.0-Release.Candidate.app/Contents/Developer/Toolchains/XcodeDefault.xctoolchain/usr/lib/swift/host/plugins/testing -enable-experimental-feature DebugDescriptionMacro -sdk /Applications/Xcode-27.0.0-Release.Candidate.app/Contents/Developer/Platforms/WatchOS.platform/Developer/SDKs/WatchOS27.0.sdk -target arm64_32-apple-watchos26.0 -g -module-cache-path /Users/admin/builder/spi-builder-workspace/.derivedData/ModuleCache.noindex -Xfrontend -serialize-debugging-options -profile-coverage-mapping -profile-generate -enable-testing -index-store-path /Users/admin/builder/spi-builder-workspace/.derivedData/Index.noindex/DataStore -Xcc -D_LIBCPP_HARDENING_MODE\=_LIBCPP_HARDENING_MODE_DEBUG -swift-version 5 -I /Users/admin/builder/spi-builder-workspace/.derivedData/Build/Products/Debug-watchos -Isystem /Applications/Xcode-27.0.0-Release.Candidate.app/Contents/Developer/Platforms/WatchOS.platform/Developer/usr/lib -F /Users/admin/builder/spi-builder-workspace/.derivedData/Build/Products/Debug-watchos -F /Applications/Xcode-27.0.0-Release.Candidate.app/Contents/Developer/Platforms/WatchOS.platform/Developer/Library/Frameworks -F /Applications/Xcode-27.0.0-Release.Candidate.app/Contents/Developer/Platforms/WatchOS.platform/Developer/SDKs/WatchOS27.0.sdk/Developer/Library/Frameworks -emit-localized-strings -emit-localized-strings-path /Users/admin/builder/spi-builder-workspace/.derivedData/Build/Intermediates.noindex/KEXPPower.build/Debug-watchos/KEXPPower-t.build/Objects-normal/arm64_32 -c -j10 -enable-batch-mode -incremental -Xcc -ivfsstatcache -Xcc /Users/admin/builder/spi-builder-workspace/.derivedData/SDKStatCaches.noindex/watchos27.0-24R360-e829b21a6f8c9b70876ba0858053c04477534ef55a1706bf4c1112bbb242f0a2.sdkstatcache -output-file-map /Users/admin/builder/spi-builder-workspace/.derivedData/Build/Intermediates.noindex/KEXPPower.build/Debug-watchos/KEXPPower-t.build/Objects-normal/arm64_32/KEXPPower-OutputFileMap.json -save-temps -no-color-diagnostics -explicit-module-build -module-cache-path /Users/admin/builder/spi-builder-workspace/.derivedData/Build/Intermediates.noindex/SwiftExplicitPrecompiledModules -clang-scanner-module-cache-path /Users/admin/builder/spi-builder-workspace/.derivedData/ModuleCache.noindex -sdk-module-cache-path /Users/admin/builder/spi-builder-workspace/.derivedData/SDKExplicitPrecompiledModules -emit-dependencies -emit-module -emit-module-path /Users/admin/builder/spi-builder-workspace/.derivedData/Build/Intermediates.noindex/KEXPPower.build/Debug-watchos/KEXPPower-t.build/Objects-normal/arm64_32/KEXPPower.swiftmodule -serialize-diagnostics -dependency-scan-serialize-diagnostics-path /Users/admin/builder/spi-builder-workspace/.derivedData/Build/Intermediates.noindex/KEXPPower.build/Debug-watchos/KEXPPower-t.build/Objects-normal/arm64_32/KEXPPower-dependency-scan.dia -validate-clang-modules-once -clang-build-session-file /Users/admin/builder/spi-builder-workspace/.derivedData/ModuleCache.noindex/Session.modulevalidation -Xcc -fmodules-prune-interval\=86400 -Xcc -fmodules-prune-after\=345600 -package-name spi_builder_workspace -emit-const-values -const-gather-protocols-list /Users/admin/builder/spi-builder-workspace/.derivedData/Build/Intermediates.noindex/KEXPPower.build/Debug-watchos/KEXPPower-t.build/Objects-normal/arm64_32/KEXPPower_const_extract_protocols.json -Xcc -I/Users/admin/builder/spi-builder-workspace/.derivedData/Build/Products/Debug-watchos/include -Xcc -I/Users/admin/builder/spi-builder-workspace/.derivedData/Build/Intermediates.noindex/KEXPPower.build/Debug-watchos/KEXPPower-t.build/DerivedSources-normal/arm64_32 -Xcc -I/Users/admin/builder/spi-builder-workspace/.derivedData/Build/Intermediates.noindex/KEXPPower.build/Debug-watchos/KEXPPower-t.build/DerivedSources/arm64_32 -Xcc -I/Users/admin/builder/spi-builder-workspace/.derivedData/Build/Intermediates.noindex/KEXPPower.build/Debug-watchos/KEXPPower-t.build/DerivedSources -Xcc -DSWIFT_PACKAGE -Xcc -DDEBUG\=1 -emit-objc-header -emit-objc-header-path /Users/admin/builder/spi-builder-workspace/.derivedData/Build/Intermediates.noindex/KEXPPower.build/Debug-watchos/KEXPPower-t.build/Objects-normal/arm64_32/KEXPPower-Swift.h -working-directory /Users/admin/builder/spi-builder-workspace/.swiftpm/xcode -experimental-emit-module-separately -disable-cmo
/Users/admin/builder/spi-builder-workspace/KEXPPower/Networking/Reachability.swift:10:8: error: Unable to resolve module dependency: 'SystemConfiguration' (in target 'KEXPPower' from project 'KEXPPower')
    note: A dependency of main module 'KEXPPower'
/Users/admin/builder/spi-builder-workspace/KEXPPower/Networking/Reachability.swift:10:8: note: A dependency of main module 'KEXPPower'
import SystemConfiguration
       ^ (in target 'KEXPPower' from project 'KEXPPower')
PruneExplicitPrecompiledModules /Users/admin/builder/spi-builder-workspace/.derivedData/Build/Intermediates.noindex/ExplicitPrecompiledModules
PruneExplicitPrecompiledModules /Users/admin/builder/spi-builder-workspace/.derivedData/Build/Intermediates.noindex/SwiftExplicitPrecompiledModules
PruneExplicitPrecompiledModules /Users/admin/builder/spi-builder-workspace/.derivedData/SDKExplicitPrecompiledModules
2026-09-25 01:17:18.569 xcodebuild[629:3925] [MT] IDERunDestination: Supported platforms for the buildables in the current scheme is empty.
2026-09-25 01:17:18.713 xcodebuild[629:3925] [MT] IDERunDestination: Supported platforms for the buildables in the current scheme is empty.
** BUILD FAILED **
The following build commands failed:
	SwiftDriver KEXPPower normal arm64 com.apple.xcode.tools.swift.compiler (in target 'KEXPPower' from project 'KEXPPower')
	SwiftDriver KEXPPower normal arm64_32 com.apple.xcode.tools.swift.compiler (in target 'KEXPPower' from project 'KEXPPower')
	Building workspace KEXPPower with scheme KEXPPower
(3 failures)
Command line invocation:
    /Applications/Xcode-27.0.0-Release.Candidate.app/Contents/Developer/usr/bin/xcodebuild -IDEClonedSourcePackagesDirPathOverride=/Users/admin/builder/spi-builder-workspace/.dependencies -resolvePackageDependencies
Resolve Package Graph
Resolved source packages:
  KEXPPower: /Users/admin/builder/spi-builder-workspace
resolved source packages: KEXPPower
2026-09-25 01:17:22.537 xcodebuild[669:4360] [MT] IDERunDestination: Supported platforms for the buildables in the current scheme is empty.
2026-09-25 01:17:22.680 xcodebuild[669:4360] [MT] IDERunDestination: Supported platforms for the buildables in the current scheme is empty.
{
  "default_localization" : "en",
  "dependencies" : [
  ],
  "manifest_display_name" : "KEXPPower",
  "name" : "KEXPPower",
  "path" : "/Users/admin/builder/spi-builder-workspace",
  "platforms" : [
    {
      "name" : "ios",
      "version" : "26.0"
    }
  ],
  "products" : [
    {
      "name" : "KEXPPower",
      "targets" : [
        "KEXPPower"
      ],
      "type" : {
        "library" : [
          "automatic"
        ]
      }
    }
  ],
  "swift_languages_versions" : [
    "5"
  ],
  "targets" : [
    {
      "c99name" : "KEXPPowerTests",
      "module_type" : "SwiftTarget",
      "name" : "KEXPPowerTests",
      "path" : "KEXPPowerTests",
      "resources" : [
        {
          "path" : "/Users/admin/builder/spi-builder-workspace/KEXPPowerTests/Samples/AppleMusicSample.json",
          "rule" : {
            "process" : {
            }
          }
        },
        {
          "path" : "/Users/admin/builder/spi-builder-workspace/KEXPPowerTests/Samples/ArchiveStreamSample.json",
          "rule" : {
            "process" : {
            }
          }
        },
        {
          "path" : "/Users/admin/builder/spi-builder-workspace/KEXPPowerTests/Samples/PlaySample.json",
          "rule" : {
            "process" : {
            }
          }
        },
        {
          "path" : "/Users/admin/builder/spi-builder-workspace/KEXPPowerTests/Samples/ShowSample.json",
          "rule" : {
            "process" : {
            }
          }
        },
        {
          "path" : "/Users/admin/builder/spi-builder-workspace/KEXPPowerTests/Samples/ShowStartSample.json",
          "rule" : {
            "process" : {
            }
          }
        }
      ],
      "sources" : [
        "Tests/Helpers/PlayFormattersTests.swift",
        "Tests/Model/AppleMusicResultParseTests.swift",
        "Tests/Model/ArchiveStreamParseTests.swift",
        "Tests/Model/PlayResultParseTests.swift",
        "Tests/Model/ShowResultParseTests.swift",
        "Tests/Model/ShowStartResultParseTests.swift",
        "XCTestCase+Helpers.swift"
      ],
      "target_dependencies" : [
        "KEXPPower"
      ],
      "type" : "test"
    },
    {
      "c99name" : "KEXPPower",
      "module_type" : "SwiftTarget",
      "name" : "KEXPPower",
      "path" : "KEXPPower",
      "product_memberships" : [
        "KEXPPower"
      ],
      "sources" : [
        "Archive/ArchiveManager.swift",
        "Archive/Models/DateShows.swift",
        "Archive/Models/GenreShows.swift",
        "Archive/Models/HostNameShows.swift",
        "Archive/Models/ShowNameShows.swift",
        "Helpers/DateFormatter+StandardFormatters.swift",
        "Helpers/PlayFormatters.swift",
        "Helpers/UIImageView+Loading.swift",
        "Models/AppleMusic/AppleMusicResult.swift",
        "Models/KEXP/ArchiveShow.swift",
        "Models/KEXP/ArchiveShowStart.swift",
        "Models/KEXP/ArchiveStreamResult.swift",
        "Models/KEXP/PlayResult.swift",
        "Models/KEXP/ShowResult.swift",
        "Networking/NetworkManager.swift",
        "Networking/Reachability.swift",
        "Networking/Router.swift",
        "Public API/AvailableStreams.swift",
        "Public API/KEXPPower.swift"
      ],
      "type" : "library"
    }
  ],
  "tools_version" : "6.0"
}
{
  "workspace" : {
    "name" : "KEXPPower",
    "schemes" : [
      "KEXPPower",
      "KEXPPowerTests"
    ]
  }
}
2026-09-25 01:17:23.761 xcodebuild[677:4419] [MT] IDERunDestination: Supported platforms for the buildables in the current scheme is empty.
{
  "workspace" : {
    "name" : "KEXPPower",
    "schemes" : [
      "KEXPPower",
      "KEXPPowerTests"
    ]
  }
}
2026-09-25 01:17:24.811 xcodebuild[679:4449] [MT] IDERunDestination: Supported platforms for the buildables in the current scheme is empty.
2026-09-25 01:17:24.954 xcodebuild[679:4449] [MT] IDERunDestination: Supported platforms for the buildables in the current scheme is empty.
Running build ...
env DEVELOPER_DIR=/Applications/Xcode-27.0.0-Release.Candidate.app xcrun xcodebuild -IDEClonedSourcePackagesDirPathOverride=$PWD/.dependencies -skipMacroValidation -skipPackagePluginValidation -derivedDataPath $PWD/.derivedData build -scheme KEXPPower -destination generic/platform=watchOS
Command line invocation:
    /Applications/Xcode-27.0.0-Release.Candidate.app/Contents/Developer/usr/bin/xcodebuild -IDEClonedSourcePackagesDirPathOverride=/Users/admin/builder/spi-builder-workspace/.dependencies -skipMacroValidation -skipPackagePluginValidation -derivedDataPath /Users/admin/builder/spi-builder-workspace/.derivedData build -scheme KEXPPower -destination generic/platform=watchOS
Resolve Package Graph
Resolved source packages:
  KEXPPower: /Users/admin/builder/spi-builder-workspace
ComputePackagePrebuildTargetDependencyGraph
Prepare packages
CreateBuildRequest
SendProjectDescription
CreateBuildOperation
ComputeTargetDependencyGraph
note: Building targets in dependency order
note: Target dependency graph (2 targets)
    Target 'KEXPPower-product' in project 'KEXPPower'
        ➜ Explicit dependency on target 'KEXPPower' in project 'KEXPPower'
    Target 'KEXPPower' in project 'KEXPPower' (no dependencies)
GatherProvisioningInputs
CreateBuildDescription
ClangStatCache /Applications/Xcode-27.0.0-Release.Candidate.app/Contents/Developer/Toolchains/XcodeDefault.xctoolchain/usr/bin/clang-stat-cache /Applications/Xcode-27.0.0-Release.Candidate.app/Contents/Developer/Platforms/WatchOS.platform/Developer/SDKs/WatchOS27.0.sdk /Users/admin/builder/spi-builder-workspace/.derivedData/SDKStatCaches.noindex/watchos27.0-24R360-e829b21a6f8c9b70876ba0858053c04477534ef55a1706bf4c1112bbb242f0a2.sdkstatcache
    cd /Users/admin/builder/spi-builder-workspace/.swiftpm/xcode
    /Applications/Xcode-27.0.0-Release.Candidate.app/Contents/Developer/Toolchains/XcodeDefault.xctoolchain/usr/bin/clang-stat-cache /Applications/Xcode-27.0.0-Release.Candidate.app/Contents/Developer/Platforms/WatchOS.platform/Developer/SDKs/WatchOS27.0.sdk -o /Users/admin/builder/spi-builder-workspace/.derivedData/SDKStatCaches.noindex/watchos27.0-24R360-e829b21a6f8c9b70876ba0858053c04477534ef55a1706bf4c1112bbb242f0a2.sdkstatcache
SwiftDriver KEXPPower normal arm64_32 com.apple.xcode.tools.swift.compiler (in target 'KEXPPower' from project 'KEXPPower')
    cd /Users/admin/builder/spi-builder-workspace/.swiftpm/xcode
    builtin-SwiftDriver -- /Applications/Xcode-27.0.0-Release.Candidate.app/Contents/Developer/Toolchains/XcodeDefault.xctoolchain/usr/bin/swiftc -parse-as-library -module-name KEXPPower -Onone @/Users/admin/builder/spi-builder-workspace/.derivedData/Build/Intermediates.noindex/KEXPPower.build/Debug-watchos/KEXPPower-t.build/Objects-normal/arm64_32/KEXPPower.SwiftFileList -DSWIFT_PACKAGE -DDEBUG -DSWIFT_MODULE_RESOURCE_BUNDLE_UNAVAILABLE -DXcode -plugin-path /Applications/Xcode-27.0.0-Release.Candidate.app/Contents/Developer/Toolchains/XcodeDefault.xctoolchain/usr/lib/swift/host/plugins/testing -enable-experimental-feature DebugDescriptionMacro -sdk /Applications/Xcode-27.0.0-Release.Candidate.app/Contents/Developer/Platforms/WatchOS.platform/Developer/SDKs/WatchOS27.0.sdk -target arm64_32-apple-watchos26.0 -g -module-cache-path /Users/admin/builder/spi-builder-workspace/.derivedData/ModuleCache.noindex -Xfrontend -serialize-debugging-options -profile-coverage-mapping -profile-generate -enable-testing -index-store-path /Users/admin/builder/spi-builder-workspace/.derivedData/Index.noindex/DataStore -Xcc -D_LIBCPP_HARDENING_MODE\=_LIBCPP_HARDENING_MODE_DEBUG -swift-version 5 -I /Users/admin/builder/spi-builder-workspace/.derivedData/Build/Products/Debug-watchos -Isystem /Applications/Xcode-27.0.0-Release.Candidate.app/Contents/Developer/Platforms/WatchOS.platform/Developer/usr/lib -F /Users/admin/builder/spi-builder-workspace/.derivedData/Build/Products/Debug-watchos -F /Applications/Xcode-27.0.0-Release.Candidate.app/Contents/Developer/Platforms/WatchOS.platform/Developer/Library/Frameworks -F /Applications/Xcode-27.0.0-Release.Candidate.app/Contents/Developer/Platforms/WatchOS.platform/Developer/SDKs/WatchOS27.0.sdk/Developer/Library/Frameworks -emit-localized-strings -emit-localized-strings-path /Users/admin/builder/spi-builder-workspace/.derivedData/Build/Intermediates.noindex/KEXPPower.build/Debug-watchos/KEXPPower-t.build/Objects-normal/arm64_32 -c -j10 -enable-batch-mode -incremental -Xcc -ivfsstatcache -Xcc /Users/admin/builder/spi-builder-workspace/.derivedData/SDKStatCaches.noindex/watchos27.0-24R360-e829b21a6f8c9b70876ba0858053c04477534ef55a1706bf4c1112bbb242f0a2.sdkstatcache -output-file-map /Users/admin/builder/spi-builder-workspace/.derivedData/Build/Intermediates.noindex/KEXPPower.build/Debug-watchos/KEXPPower-t.build/Objects-normal/arm64_32/KEXPPower-OutputFileMap.json -save-temps -no-color-diagnostics -explicit-module-build -module-cache-path /Users/admin/builder/spi-builder-workspace/.derivedData/Build/Intermediates.noindex/SwiftExplicitPrecompiledModules -clang-scanner-module-cache-path /Users/admin/builder/spi-builder-workspace/.derivedData/ModuleCache.noindex -sdk-module-cache-path /Users/admin/builder/spi-builder-workspace/.derivedData/SDKExplicitPrecompiledModules -emit-dependencies -emit-module -emit-module-path /Users/admin/builder/spi-builder-workspace/.derivedData/Build/Intermediates.noindex/KEXPPower.build/Debug-watchos/KEXPPower-t.build/Objects-normal/arm64_32/KEXPPower.swiftmodule -serialize-diagnostics -dependency-scan-serialize-diagnostics-path /Users/admin/builder/spi-builder-workspace/.derivedData/Build/Intermediates.noindex/KEXPPower.build/Debug-watchos/KEXPPower-t.build/Objects-normal/arm64_32/KEXPPower-dependency-scan.dia -validate-clang-modules-once -clang-build-session-file /Users/admin/builder/spi-builder-workspace/.derivedData/ModuleCache.noindex/Session.modulevalidation -Xcc -fmodules-prune-interval\=86400 -Xcc -fmodules-prune-after\=345600 -package-name spi_builder_workspace -emit-const-values -const-gather-protocols-list /Users/admin/builder/spi-builder-workspace/.derivedData/Build/Intermediates.noindex/KEXPPower.build/Debug-watchos/KEXPPower-t.build/Objects-normal/arm64_32/KEXPPower_const_extract_protocols.json -Xcc -I/Users/admin/builder/spi-builder-workspace/.derivedData/Build/Products/Debug-watchos/include -Xcc -I/Users/admin/builder/spi-builder-workspace/.derivedData/Build/Intermediates.noindex/KEXPPower.build/Debug-watchos/KEXPPower-t.build/DerivedSources-normal/arm64_32 -Xcc -I/Users/admin/builder/spi-builder-workspace/.derivedData/Build/Intermediates.noindex/KEXPPower.build/Debug-watchos/KEXPPower-t.build/DerivedSources/arm64_32 -Xcc -I/Users/admin/builder/spi-builder-workspace/.derivedData/Build/Intermediates.noindex/KEXPPower.build/Debug-watchos/KEXPPower-t.build/DerivedSources -Xcc -DSWIFT_PACKAGE -Xcc -DDEBUG\=1 -emit-objc-header -emit-objc-header-path /Users/admin/builder/spi-builder-workspace/.derivedData/Build/Intermediates.noindex/KEXPPower.build/Debug-watchos/KEXPPower-t.build/Objects-normal/arm64_32/KEXPPower-Swift.h -working-directory /Users/admin/builder/spi-builder-workspace/.swiftpm/xcode -experimental-emit-module-separately -disable-cmo
/Users/admin/builder/spi-builder-workspace/KEXPPower/Networking/Reachability.swift:10:8: error: Unable to resolve module dependency: 'SystemConfiguration' (in target 'KEXPPower' from project 'KEXPPower')
    note: A dependency of main module 'KEXPPower'
/Users/admin/builder/spi-builder-workspace/KEXPPower/Networking/Reachability.swift:10:8: note: A dependency of main module 'KEXPPower'
import SystemConfiguration
       ^ (in target 'KEXPPower' from project 'KEXPPower')
SwiftDriver KEXPPower normal arm64 com.apple.xcode.tools.swift.compiler (in target 'KEXPPower' from project 'KEXPPower')
    cd /Users/admin/builder/spi-builder-workspace/.swiftpm/xcode
    builtin-SwiftDriver -- /Applications/Xcode-27.0.0-Release.Candidate.app/Contents/Developer/Toolchains/XcodeDefault.xctoolchain/usr/bin/swiftc -parse-as-library -module-name KEXPPower -Onone @/Users/admin/builder/spi-builder-workspace/.derivedData/Build/Intermediates.noindex/KEXPPower.build/Debug-watchos/KEXPPower-t.build/Objects-normal/arm64/KEXPPower.SwiftFileList -DSWIFT_PACKAGE -DDEBUG -DSWIFT_MODULE_RESOURCE_BUNDLE_UNAVAILABLE -DXcode -plugin-path /Applications/Xcode-27.0.0-Release.Candidate.app/Contents/Developer/Toolchains/XcodeDefault.xctoolchain/usr/lib/swift/host/plugins/testing -enable-experimental-feature DebugDescriptionMacro -sdk /Applications/Xcode-27.0.0-Release.Candidate.app/Contents/Developer/Platforms/WatchOS.platform/Developer/SDKs/WatchOS27.0.sdk -target arm64-apple-watchos26.0 -g -module-cache-path /Users/admin/builder/spi-builder-workspace/.derivedData/ModuleCache.noindex -Xfrontend -serialize-debugging-options -profile-coverage-mapping -profile-generate -enable-testing -index-store-path /Users/admin/builder/spi-builder-workspace/.derivedData/Index.noindex/DataStore -Xcc -D_LIBCPP_HARDENING_MODE\=_LIBCPP_HARDENING_MODE_DEBUG -swift-version 5 -I /Users/admin/builder/spi-builder-workspace/.derivedData/Build/Products/Debug-watchos -Isystem /Applications/Xcode-27.0.0-Release.Candidate.app/Contents/Developer/Platforms/WatchOS.platform/Developer/usr/lib -F /Users/admin/builder/spi-builder-workspace/.derivedData/Build/Products/Debug-watchos -F /Applications/Xcode-27.0.0-Release.Candidate.app/Contents/Developer/Platforms/WatchOS.platform/Developer/Library/Frameworks -F /Applications/Xcode-27.0.0-Release.Candidate.app/Contents/Developer/Platforms/WatchOS.platform/Developer/SDKs/WatchOS27.0.sdk/Developer/Library/Frameworks -emit-localized-strings -emit-localized-strings-path /Users/admin/builder/spi-builder-workspace/.derivedData/Build/Intermediates.noindex/KEXPPower.build/Debug-watchos/KEXPPower-t.build/Objects-normal/arm64 -c -j10 -enable-batch-mode -incremental -Xcc -ivfsstatcache -Xcc /Users/admin/builder/spi-builder-workspace/.derivedData/SDKStatCaches.noindex/watchos27.0-24R360-e829b21a6f8c9b70876ba0858053c04477534ef55a1706bf4c1112bbb242f0a2.sdkstatcache -output-file-map /Users/admin/builder/spi-builder-workspace/.derivedData/Build/Intermediates.noindex/KEXPPower.build/Debug-watchos/KEXPPower-t.build/Objects-normal/arm64/KEXPPower-OutputFileMap.json -save-temps -no-color-diagnostics -explicit-module-build -module-cache-path /Users/admin/builder/spi-builder-workspace/.derivedData/Build/Intermediates.noindex/SwiftExplicitPrecompiledModules -clang-scanner-module-cache-path /Users/admin/builder/spi-builder-workspace/.derivedData/ModuleCache.noindex -sdk-module-cache-path /Users/admin/builder/spi-builder-workspace/.derivedData/SDKExplicitPrecompiledModules -emit-dependencies -emit-module -emit-module-path /Users/admin/builder/spi-builder-workspace/.derivedData/Build/Intermediates.noindex/KEXPPower.build/Debug-watchos/KEXPPower-t.build/Objects-normal/arm64/KEXPPower.swiftmodule -serialize-diagnostics -dependency-scan-serialize-diagnostics-path /Users/admin/builder/spi-builder-workspace/.derivedData/Build/Intermediates.noindex/KEXPPower.build/Debug-watchos/KEXPPower-t.build/Objects-normal/arm64/KEXPPower-dependency-scan.dia -validate-clang-modules-once -clang-build-session-file /Users/admin/builder/spi-builder-workspace/.derivedData/ModuleCache.noindex/Session.modulevalidation -Xcc -fmodules-prune-interval\=86400 -Xcc -fmodules-prune-after\=345600 -package-name spi_builder_workspace -emit-const-values -const-gather-protocols-list /Users/admin/builder/spi-builder-workspace/.derivedData/Build/Intermediates.noindex/KEXPPower.build/Debug-watchos/KEXPPower-t.build/Objects-normal/arm64/KEXPPower_const_extract_protocols.json -Xcc -I/Users/admin/builder/spi-builder-workspace/.derivedData/Build/Products/Debug-watchos/include -Xcc -I/Users/admin/builder/spi-builder-workspace/.derivedData/Build/Intermediates.noindex/KEXPPower.build/Debug-watchos/KEXPPower-t.build/DerivedSources-normal/arm64 -Xcc -I/Users/admin/builder/spi-builder-workspace/.derivedData/Build/Intermediates.noindex/KEXPPower.build/Debug-watchos/KEXPPower-t.build/DerivedSources/arm64 -Xcc -I/Users/admin/builder/spi-builder-workspace/.derivedData/Build/Intermediates.noindex/KEXPPower.build/Debug-watchos/KEXPPower-t.build/DerivedSources -Xcc -DSWIFT_PACKAGE -Xcc -DDEBUG\=1 -emit-objc-header -emit-objc-header-path /Users/admin/builder/spi-builder-workspace/.derivedData/Build/Intermediates.noindex/KEXPPower.build/Debug-watchos/KEXPPower-t.build/Objects-normal/arm64/KEXPPower-Swift.h -working-directory /Users/admin/builder/spi-builder-workspace/.swiftpm/xcode -experimental-emit-module-separately -disable-cmo
/Users/admin/builder/spi-builder-workspace/KEXPPower/Networking/Reachability.swift:10:8: error: Unable to resolve module dependency: 'SystemConfiguration' (in target 'KEXPPower' from project 'KEXPPower')
    note: A dependency of main module 'KEXPPower'
/Users/admin/builder/spi-builder-workspace/KEXPPower/Networking/Reachability.swift:10:8: note: A dependency of main module 'KEXPPower'
import SystemConfiguration
       ^ (in target 'KEXPPower' from project 'KEXPPower')
PruneExplicitPrecompiledModules /Users/admin/builder/spi-builder-workspace/.derivedData/Build/Intermediates.noindex/ExplicitPrecompiledModules
PruneExplicitPrecompiledModules /Users/admin/builder/spi-builder-workspace/.derivedData/Build/Intermediates.noindex/SwiftExplicitPrecompiledModules
PruneExplicitPrecompiledModules /Users/admin/builder/spi-builder-workspace/.derivedData/SDKExplicitPrecompiledModules
2026-09-25 01:17:25.772 xcodebuild[680:4476] [MT] IDERunDestination: Supported platforms for the buildables in the current scheme is empty.
2026-09-25 01:17:25.913 xcodebuild[680:4476] [MT] IDERunDestination: Supported platforms for the buildables in the current scheme is empty.
** BUILD FAILED **
The following build commands failed:
	SwiftDriver KEXPPower normal arm64_32 com.apple.xcode.tools.swift.compiler (in target 'KEXPPower' from project 'KEXPPower')
	SwiftDriver KEXPPower normal arm64 com.apple.xcode.tools.swift.compiler (in target 'KEXPPower' from project 'KEXPPower')
	Building workspace KEXPPower with scheme KEXPPower
(3 failures)
BUILD FAILURE 6.4 watchOS