The Swift Package Index logo.Swift Package Index

Build Information

Failed to build Swift-Mac-Utility, reference main (7562f3), with Swift 6.4 for Linux on 18 Sep 2026 03:28:34 UTC.

Build Command

bash -c docker run --pull=always --rm -v "checkouts-53886769-1":/host -w "$PWD" -e JAVA_HOME="/root/.sdkman/candidates/java/current" -e SPI_BUILD="1" -e SPI_PROCESSING="1" registry.gitlab.com/saguaro1/spi-images:basic-6.4-latest swift build --triple x86_64-unknown-linux-gnu 2>&1

Build Log

========================================
RunAll
========================================
Builder version: 5.1.0
Interrupt handler set up.
========================================
Checkout
========================================
Clone URL: https://github.com/erica/Swift-Mac-Utility.git
Reference: main
Initialized empty Git repository in /host/spi-builder-workspace/.git/
hint: Using 'master' as the name for the initial branch. This default branch name
hint: is subject to change. To configure the initial branch name to use in all
hint: of your new repositories, which will suppress this warning, call:
hint:
hint: 	git config --global init.defaultBranch <name>
hint:
hint: Names commonly chosen instead of 'master' are 'main', 'trunk' and
hint: 'development'. The just-created branch can be renamed via this command:
hint:
hint: 	git branch -m <name>
From https://github.com/erica/Swift-Mac-Utility
 * branch            main       -> FETCH_HEAD
 * [new branch]      main       -> origin/main
HEAD is now at 7562f3c Updated for use after splitting out General Utility from Misc Utility
Cloned https://github.com/erica/Swift-Mac-Utility.git
Revision (git rev-parse @):
7562f3cfee10e7494a1c50f5e5624edb05ac2634
SUCCESS checkout https://github.com/erica/Swift-Mac-Utility.git at main
========================================
Build
========================================
Selected platform:         linux
Swift version:             6.4
Building package at path:  $PWD
https://github.com/erica/Swift-Mac-Utility.git
Running build ...
bash -c docker run --pull=always --rm -v "checkouts-53886769-1":/host -w "$PWD" -e JAVA_HOME="/root/.sdkman/candidates/java/current" -e SPI_BUILD="1" -e SPI_PROCESSING="1" registry.gitlab.com/saguaro1/spi-images:basic-6.4-latest swift build --triple x86_64-unknown-linux-gnu 2>&1
basic-6.4-latest: Pulling from saguaro1/spi-images
Digest: sha256:c77fcce225e223ac0fafed844619173fc6de8d62dd560eeb28db3182af6a282b
Status: Image is up to date for registry.gitlab.com/saguaro1/spi-images:basic-6.4-latest
Fetching https://github.com/erica/Swift-General-Utility
Fetching https://github.com/erica/Swift-Misc-Utility
[1/101] Fetching swift-general-utility
Fetched https://github.com/erica/Swift-General-Utility (0.41s)
[1/38] Fetching swift-misc-utility
Fetched https://github.com/erica/Swift-Misc-Utility (0.83s)
Computing version for https://github.com/erica/Swift-Misc-Utility
Computed https://github.com/erica/Swift-Misc-Utility at 0.0.0 (1.02s)
Computing version for https://github.com/erica/Swift-General-Utility
Computed https://github.com/erica/Swift-General-Utility at 0.0.8 (0.19s)
Creating working copy for https://github.com/erica/Swift-Misc-Utility
Working copy of https://github.com/erica/Swift-Misc-Utility resolved at 0.0.0
Creating working copy for https://github.com/erica/Swift-General-Utility
Working copy of https://github.com/erica/Swift-General-Utility resolved at 0.0.8
Building for debugging...
[Pre-planning 1 / 126]
[33 / 55] GeneralUtility
error: SwiftCompile normal x86_64 failed with a nonzero exit code. Command line:     cd /host

/host/spi-builder-workspace/.build/checkouts/Swift-Misc-Utility/Sources/SwiftMiscUtility/SynchronousData.swift:11:59: error: cannot find type 'URLRequest' in scope
 9 |     /// - Parameter completion: A closure to execute asynchronously when the data task completes.
10 |     /// - Returns: The retrieved session data.
11 |     public static func requestAsynchronousData(_ request: URLRequest, completion: @escaping (Result<Data, Error>) -> Void) -> Void {
   |                                                           `- error: cannot find type 'URLRequest' in scope
12 |         let task = URLSession.shared.dataTask(with: request) { data, _, error -> Void in
13 |             completion(Result(data, error))
/host/spi-builder-workspace/.build/checkouts/Swift-Misc-Utility/Sources/SwiftMiscUtility/SynchronousData.swift:22:58: error: cannot find type 'URLRequest' in scope
20 |     /// - Throws: Any returned error on `Result.get`.
21 |     /// - Returns: The retrieved session data.
22 |     public static func requestSynchronousData(_ request: URLRequest) throws -> Data {
   |                                                          `- error: cannot find type 'URLRequest' in scope
23 |         let semaphore = DispatchSemaphore(value: 0)
24 |         var received: Result<Data, Error> = Result(Data(), nil)
Failed frontend command:
/usr/bin/swift-frontend -frontend -emit-module -experimental-skip-non-inlinable-function-bodies-without-types /host/spi-builder-workspace/.build/checkouts/Swift-Misc-Utility/Sources/SwiftMiscUtility/Applicative.swift /host/spi-builder-workspace/.build/checkouts/Swift-Misc-Utility/Sources/SwiftMiscUtility/Collection+Utility.swift /host/spi-builder-workspace/.build/checkouts/Swift-Misc-Utility/Sources/SwiftMiscUtility/Exponentiation.swift /host/spi-builder-workspace/.build/checkouts/Swift-Misc-Utility/Sources/SwiftMiscUtility/Result+Utility.swift /host/spi-builder-workspace/.build/checkouts/Swift-Misc-Utility/Sources/SwiftMiscUtility/Rounding.swift /host/spi-builder-workspace/.build/checkouts/Swift-Misc-Utility/Sources/SwiftMiscUtility/RuntimeError.swift /host/spi-builder-workspace/.build/checkouts/Swift-Misc-Utility/Sources/SwiftMiscUtility/String+Utility.swift /host/spi-builder-workspace/.build/checkouts/Swift-Misc-Utility/Sources/SwiftMiscUtility/SynchronousData.swift /host/spi-builder-workspace/.build/checkouts/Swift-Misc-Utility/Sources/SwiftMiscUtility/Utility+SideEffect.swift -target x86_64-unknown-linux-gnu -disable-objc-interop -I /host/spi-builder-workspace/.build/out/Products/Debug-linux-x86_64 -module-cache-path /host/spi-builder-workspace/.build/out/ModuleCache.noindex -color-diagnostics -Xcc -fcolor-diagnostics -enable-testing -g -debug-info-format\=dwarf -dwarf-version\=4 -suppress-warnings -swift-version 5 -Onone -D SWIFT_PACKAGE -D DEBUG -D SWIFT_MODULE_RESOURCE_BUNDLE_UNAVAILABLE -D Xcode -serialize-debugging-options -enable-experimental-feature DebugDescriptionMacro -empty-abi-descriptor -external-plugin-path /usr/lib/swift/host/plugins/testing\#/usr/bin/swift-plugin-server -validate-clang-modules-once -clang-build-session-file /host/spi-builder-workspace/.build/out/ModuleCache.noindex/Session.modulevalidation -Xcc -working-directory -Xcc /host -enable-anonymous-context-mangled-names -file-compilation-dir /host -Xcc -fno-omit-frame-pointer -Xcc -D_LIBCPP_HARDENING_MODE\=_LIBCPP_HARDENING_MODE_DEBUG -Xcc -fmodules-prune-interval\=86400 -Xcc -fmodules-prune-after\=345600 -Xcc -I/host/spi-builder-workspace/.build/out/Products/Debug-linux-x86_64/include -Xcc -I/host/spi-builder-workspace/.build/out/Intermediates.noindex/SwiftMiscUtility.build/Debug-linux-x86_64/SwiftMiscUtility-t.build/DerivedSources-normal/x86_64 -Xcc -I/host/spi-builder-workspace/.build/out/Intermediates.noindex/SwiftMiscUtility.build/Debug-linux-x86_64/SwiftMiscUtility-t.build/DerivedSources/x86_64 -Xcc -I/host/spi-builder-workspace/.build/out/Intermediates.noindex/SwiftMiscUtility.build/Debug-linux-x86_64/SwiftMiscUtility-t.build/DerivedSources -Xcc -DSWIFT_PACKAGE -Xcc -DDEBUG\=1 -no-auto-bridging-header-chaining -module-name SwiftMiscUtility -const-gather-protocols-file /host/spi-builder-workspace/.build/out/Intermediates.noindex/SwiftMiscUtility.build/Debug-linux-x86_64/SwiftMiscUtility-t.build/Objects-normal/x86_64/SwiftMiscUtility_const_extract_protocols.json -in-process-plugin-server-path /usr/lib/swift/host/libSwiftInProcPluginServer.so -plugin-path /usr/lib/swift/host/plugins -plugin-path /usr/local/lib/swift/host/plugins -emit-module-doc-path /host/spi-builder-workspace/.build/out/Intermediates.noindex/SwiftMiscUtility.build/Debug-linux-x86_64/SwiftMiscUtility-t.build/Objects-normal/x86_64/Modules/SwiftMiscUtility.swiftdoc -emit-module-source-info-path /host/spi-builder-workspace/.build/out/Intermediates.noindex/SwiftMiscUtility.build/Debug-linux-x86_64/SwiftMiscUtility-t.build/Objects-normal/x86_64/[47 / 65] SwiftMiscUtility
Modules/SwiftMiscUtility.swiftsourceinfo -emit-objc-header-path /host/spi-builder-workspace/.build/out/Intermediates.noindex/SwiftMiscUtility.build/Debug-linux-x86_64/SwiftMiscUtility-t.build/Objects-normal/x86_64/SwiftMiscUtility-Swift.h -serialize-diagnostics-path /host/spi-builder-workspace/.build/out/Intermediates.noindex/SwiftMiscUtility.build/Debug-linux-x86_64/SwiftMiscUtility-t.build/Objects-normal/x86_64/SwiftMiscUtility-primary-emit-module.dia -emit-dependencies-path /host/spi-builder-workspace/.build/out/Intermediates.noindex/SwiftMiscUtility.build/Debug-linux-x86_64/SwiftMiscUtility-t.build/Objects-normal/x86_64/SwiftMiscUtility-primary-emit-module.d -parse-as-library -o /host/spi-builder-workspace/.build/out/Intermediates.noindex/SwiftMiscUtility.build/Debug-linux-x86_64/SwiftMiscUtility-t.build/Objects-normal/x86_64/Modules/SwiftMiscUtility.swiftmodule
error: Build failed
BUILD FAILURE 6.4 linux