Build Information
Failed to build PhantomSwift, reference master (fab1a5), with Swift 6.4 for watchOS using Xcode 27.0 on 26 Sep 2026 18:36:40 UTC.
Build Command
env DEVELOPER_DIR=/Applications/Xcode-27.0.0-Release.Candidate.app xcrun xcodebuild -IDEClonedSourcePackagesDirPathOverride=$PWD/.dependencies -skipMacroValidation -skipPackagePluginValidation -derivedDataPath $PWD/.derivedData build -scheme PhantomSwift -destination generic/platform=watchOSBuild Log
========================================
RunAll
========================================
Builder version: 5.1.0
Interrupt handler set up.
========================================
Checkout
========================================
Clone URL: https://github.com/synaptode/PhantomSwift.git
Reference: master
Initialized empty Git repository in /Users/admin/builder/spi-builder-workspace/.git/
From https://github.com/synaptode/PhantomSwift
* branch master -> FETCH_HEAD
* [new branch] master -> origin/master
HEAD is now at fab1a5d Merge pull request #49 from synaptode/ios13-minimum-v1.2.0
Cloned https://github.com/synaptode/PhantomSwift.git
Revision (git rev-parse @):
fab1a5d0bce599e33489e6abfa790a0de8971cda
SPI manifest file found: $PWD/.spi.yml
SUCCESS checkout https://github.com/synaptode/PhantomSwift.git at master
========================================
Build
========================================
Selected platform: watchOS
Swift version: 6.4
Building package at path: $PWD
https://github.com/synaptode/PhantomSwift.git
Command line invocation:
/Applications/Xcode-27.0.0-Release.Candidate.app/Contents/Developer/usr/bin/xcodebuild -IDEClonedSourcePackagesDirPathOverride=/Users/admin/builder/spi-builder-workspace/.dependencies -resolvePackageDependencies
resolved source packages:
{
"dependencies" : [
],
"manifest_display_name" : "PhantomSwift",
"name" : "PhantomSwift",
"path" : "/Users/admin/builder/spi-builder-workspace",
"platforms" : [
{
"name" : "ios",
"version" : "13.0"
}
],
"products" : [
{
"name" : "PhantomSwift",
"targets" : [
"PhantomSwift"
],
"type" : {
"library" : [
"automatic"
]
}
}
],
"targets" : [
{
"c99name" : "PhantomSwiftTests",
"module_type" : "SwiftTarget",
"name" : "PhantomSwiftTests",
"path" : "Tests/PhantomSwiftTests",
"sources" : [
"Core/PhantomEventBusTests.swift",
"Core/PhantomFeatureCatalogTests.swift",
"Core/PhantomLaunchPlannerTests.swift",
"Core/PhantomPluginRegistryTests.swift",
"Core/PhantomSwiftResetTests.swift",
"HUD/PhantomDashboardSearchTests.swift",
"Modules/Analytics/Core/PhantomAnalyticsMonitorTests.swift",
"Modules/Interceptor/PhantomInterceptorDraftTests.swift",
"Modules/Interceptor/PhantomInterceptorTests.swift",
"Modules/Logger/LogStoreTests.swift",
"Modules/Logger/PhantomWebViewConsoleBridgeTests.swift",
"Modules/Network/Core/PhantomRequestStoreTests.swift",
"Modules/Network/UI/NetworkListVCTests.swift",
"Modules/SwiftUI/Core/PhantomRenderStoreTests.swift",
"PhantomAnalyticsMonitorQueryTests.swift",
"PhantomCURLExporterTests.swift",
"PhantomFeatureFlagsTests.swift",
"PhantomLocationManagerTests.swift",
"PhantomRequestStoreClearTests.swift"
],
"target_dependencies" : [
"PhantomSwift"
],
"type" : "test"
},
{
"c99name" : "PhantomSwiftNetworking",
"module_type" : "SwiftTarget",
"name" : "PhantomSwiftNetworking",
"path" : "Sources/PhantomSwiftNetworking",
"product_memberships" : [
"PhantomSwift"
],
"sources" : [
"Modules/Interceptor/InterceptRule.swift",
"Modules/Interceptor/PhantomInterceptor.swift",
"Modules/Interceptor/PhantomRuleMatcher.swift",
"Modules/Network/Core/PhantomCURLExporter.swift",
"Modules/Network/Core/PhantomNetworkModel.swift",
"Modules/Network/Core/PhantomNetworkSimulator.swift"
],
"type" : "library"
},
{
"c99name" : "PhantomSwift",
"module_type" : "SwiftTarget",
"name" : "PhantomSwift",
"path" : "Sources/PhantomSwift",
"product_memberships" : [
"PhantomSwift"
],
"sources" : [
"Core/PhantomConfig.swift",
"Core/PhantomEnvironment.swift",
"Core/PhantomEventBus.swift",
"Core/PhantomFeature.swift",
"Core/PhantomLaunchPlanner.swift",
"Core/PhantomPlugin.swift",
"Core/PhantomPluginRegistry.swift",
"Core/PhantomSwift.swift",
"Core/PhantomSwiftExports.swift",
"HUD/PhantomDashboardSearch.swift",
"HUD/PhantomDashboardVC.swift",
"HUD/PhantomDynamicIsland.swift",
"HUD/PhantomFeatureCatalog.swift",
"HUD/PhantomGestureHandler.swift",
"HUD/PhantomHUDWindow.swift",
"HUD/PhantomTheme.swift",
"Modules/Analytics/Core/PhantomAnalyticsMonitor.swift",
"Modules/Analytics/UI/AnalyticsListVC.swift",
"Modules/Assets/Core/PhantomAssetInspector.swift",
"Modules/Assets/UI/AssetGridCell.swift",
"Modules/Assets/UI/AssetListVC.swift",
"Modules/Core/PhantomExtensionBus.swift",
"Modules/FeatureFlags/Core/PhantomFeatureFlags.swift",
"Modules/FeatureFlags/UI/FeatureFlagsDashboardVC.swift",
"Modules/Interceptor/Core/PhantomInterceptorDraft.swift",
"Modules/Interceptor/UI/InterceptorCardCell.swift",
"Modules/Interceptor/UI/InterceptorListVC.swift",
"Modules/Interceptor/UI/PhantomMockEditorVC.swift",
"Modules/Logger/LogEntry.swift",
"Modules/Logger/LogLevel.swift",
"Modules/Logger/LogStore.swift",
"Modules/Logger/PhantomLog.swift",
"Modules/Logger/PhantomOSLogBridge.swift",
"Modules/Logger/PhantomWebViewConsoleAutoInstaller.swift",
"Modules/Logger/PhantomWebViewConsoleBridge.swift",
"Modules/Logger/UI/ExtensionLogVC.swift",
"Modules/Logger/UI/LogConsoleVC.swift",
"Modules/MainThreadChecker/Core/PhantomMainThreadChecker.swift",
"Modules/MainThreadChecker/UI/MainThreadCheckerVC.swift",
"Modules/MemoryLeak/PhantomHeapSnapshot.swift",
"Modules/MemoryLeak/PhantomLeakTracker.swift",
"Modules/MemoryLeak/UI/HeapSnapshotVC.swift",
"Modules/MemoryLeak/UI/LeakListVC.swift",
"Modules/MemoryLeak/UI/ObjectRetainGraphVC.swift",
"Modules/Network/Core/PhantomHARExporter.swift",
"Modules/Network/Core/PhantomRequestStore.swift",
"Modules/Network/Core/PhantomSessionRecorder.swift",
"Modules/Network/Core/PhantomURLProtocol.swift",
"Modules/Network/UI/BadNetworkDashboardVC.swift",
"Modules/Network/UI/NetworkListVC.swift",
"Modules/Network/UI/NetworkWaterfallVC.swift",
"Modules/Network/UI/PhantomNetworkCell.swift",
"Modules/Network/UI/PhantomNetworkHeaderView.swift",
"Modules/Network/UI/RequestReplayVC.swift",
"Modules/Performance/Core/PerformanceMonitor.swift",
"Modules/Performance/Core/PhantomCrashLogStore.swift",
"Modules/Performance/Core/PhantomHangDetector.swift",
"Modules/Performance/Core/PhantomMemorySlayer.swift",
"Modules/Performance/Core/PhantomMetricKitMonitor.swift",
"Modules/Performance/Core/PhantomObjectTracker.swift",
"Modules/Performance/UI/CrashLogVC.swift",
"Modules/Performance/UI/HangDetailVC.swift",
"Modules/Performance/UI/HangListVC.swift",
"Modules/Performance/UI/MemoryDiffVC.swift",
"Modules/Performance/UI/MemoryGraphVC.swift",
"Modules/Performance/UI/PerformanceDashboardVC.swift",
"Modules/Performance/UI/PhantomTimelineView.swift",
"Modules/QA/Core/PhantomAccessibilityAuditor.swift",
"Modules/QA/Core/PhantomBGTaskInspector.swift",
"Modules/QA/Core/PhantomBugReporter.swift",
"Modules/QA/Core/PhantomEnvironmentMonitor.swift",
"Modules/QA/Core/PhantomLocaleManager.swift",
"Modules/QA/Core/PhantomLocationManager.swift",
"Modules/QA/Core/PhantomPushSimulator.swift",
"Modules/QA/UI/AccessibilityDashboardVC.swift",
"Modules/QA/UI/AppShortcutsVC.swift",
"Modules/QA/UI/BGTaskInspectorVC.swift",
"Modules/QA/UI/DeepLinkTesterVC.swift",
"Modules/QA/UI/EnvironmentDashboardVC.swift",
"Modules/QA/UI/MacroRecorderVC.swift",
"Modules/QA/UI/PushSimulatorVC.swift",
"Modules/Remote/PhantomRemoteServer.swift",
"Modules/RuntimeBrowser/Core/PhantomRuntimeInspector.swift",
"Modules/RuntimeBrowser/UI/ClassDetailVC.swift",
"Modules/RuntimeBrowser/UI/RuntimeBrowserVC.swift",
"Modules/Security/PhantomSecurityInspector.swift",
"Modules/Security/UI/SecurityDashboardVC.swift",
"Modules/Security/UI/SecurityKeychainVC.swift",
"Modules/Storage/Core/PhantomSnapshotManager.swift",
"Modules/Storage/UI/CoreDataInspectorVC.swift",
"Modules/Storage/UI/KeychainInspectorVC.swift",
"Modules/Storage/UI/SQLiteInspectorVC.swift",
"Modules/Storage/UI/SandboxInspectorVC.swift",
"Modules/Storage/UI/SnapshotListVC.swift",
"Modules/Storage/UI/StorageDashboardCell.swift",
"Modules/Storage/UI/StorageListVC.swift",
"Modules/Storage/UI/UserDefaultsVC.swift",
"Modules/SwiftUI/Core/PhantomRenderStore.swift",
"Modules/SwiftUI/Core/PhantomRenderTracker.swift",
"Modules/SwiftUI/UI/RenderListVC.swift",
"Modules/UIInspector/Core/PhantomFPSMonitor.swift",
"Modules/UIInspector/Core/PhantomGridOverlay.swift",
"Modules/UIInspector/Core/PhantomLayoutConflictDetector.swift",
"Modules/UIInspector/Core/PhantomMeasurementTool.swift",
"Modules/UIInspector/Core/PhantomTouchVisualizer.swift",
"Modules/UIInspector/Core/PhantomUIKitTracker.swift",
"Modules/UIInspector/PhantomUIInspector.swift",
"Modules/UIInspector/UI/AccessibilityAuditVC.swift",
"Modules/UIInspector/UI/AnimationInspectorVC.swift",
"Modules/UIInspector/UI/ColorPickerVC.swift",
"Modules/UIInspector/UI/ConstraintInspectorVC.swift",
"Modules/UIInspector/UI/DevToolsVC.swift",
"Modules/UIInspector/UI/EnvironmentOverrideVC.swift",
"Modules/UIInspector/UI/GestureInspectorVC.swift",
"Modules/UIInspector/UI/GridOverlayVC.swift",
"Modules/UIInspector/UI/HitTestInspectorVC.swift",
"Modules/UIInspector/UI/LayerInspectorVC.swift",
"Modules/UIInspector/UI/LayoutConflictVC.swift",
"Modules/UIInspector/UI/LiveEditVC.swift",
"Modules/UIInspector/UI/ResponderChainVC.swift",
"Modules/UIInspector/UI/SnapshotCompareVC.swift",
"Modules/UIInspector/UI/UIInspectorActionCard.swift",
"Modules/UIInspector/UI/UserDefaultsInspectorVC.swift",
"Modules/UIInspector/UI/ViewDetailVC.swift",
"Modules/UIInspector/UI/ViewHierarchy3DVC.swift",
"Modules/UIInspector/UI/ViewHierarchyVC.swift",
"Shared/Components/PhantomBadgeView.swift",
"Shared/Components/PhantomCodeView.swift",
"Shared/Components/PhantomEmptyStateView.swift",
"Shared/Components/PhantomTableVC.swift",
"Shared/Extensions/Data+Phantom.swift",
"Shared/Extensions/UIColor+Phantom.swift",
"Shared/Extensions/UIExtensions+Phantom.swift",
"Shared/Extensions/UIFont+Phantom.swift",
"Shared/Extensions/UIImage+Phantom.swift",
"Shared/Extensions/UIViewController+Phantom.swift",
"Shared/Extensions/UIViewController+PhantomAppearance.swift",
"Shared/Helpers/PhantomPresentationResolver.swift",
"Shared/Helpers/PhantomSwizzler.swift"
],
"target_dependencies" : [
"PhantomSwiftNetworking"
],
"type" : "library"
}
],
"tools_version" : "5.9"
}
{
"project" : {
"configurations" : [
"Debug",
"Release"
],
"name" : "PhantomSwift",
"schemes" : [
"PhantomSwift",
"PhantomSwiftNetworking"
],
"targets" : [
"PhantomSwift",
"PhantomSwiftNetworking"
]
}
}
{
"workspace" : {
"name" : "PhantomSwift",
"schemes" : [
"PhantomSwift"
]
}
}
2026-09-26 14:36:28.092 xcodebuild[616:3774] [MT] IDERunDestination: Supported platforms for the buildables in the current scheme is empty.
Running build ...
env DEVELOPER_DIR=/Applications/Xcode-27.0.0-Release.Candidate.app xcrun xcodebuild -IDEClonedSourcePackagesDirPathOverride=$PWD/.dependencies -skipMacroValidation -skipPackagePluginValidation -derivedDataPath $PWD/.derivedData build -scheme PhantomSwift -destination generic/platform=watchOS
Command line invocation:
/Applications/Xcode-27.0.0-Release.Candidate.app/Contents/Developer/usr/bin/xcodebuild -IDEClonedSourcePackagesDirPathOverride=/Users/admin/builder/spi-builder-workspace/.dependencies -skipMacroValidation -skipPackagePluginValidation -derivedDataPath /Users/admin/builder/spi-builder-workspace/.derivedData build -scheme PhantomSwift -destination generic/platform=watchOS
Resolve Package Graph
Resolved source packages:
PhantomSwift: /Users/admin/builder/spi-builder-workspace
ComputePackagePrebuildTargetDependencyGraph
Prepare packages
CreateBuildRequest
SendProjectDescription
CreateBuildOperation
ComputeTargetDependencyGraph
note: Building targets in dependency order
note: Target dependency graph (3 targets)
Target 'PhantomSwift-product' in project 'PhantomSwift'
➜ Explicit dependency on target 'PhantomSwift' in project 'PhantomSwift'
➜ Explicit dependency on target 'PhantomSwiftNetworking' in project 'PhantomSwift'
Target 'PhantomSwift' in project 'PhantomSwift'
➜ Explicit dependency on target 'PhantomSwiftNetworking' in project 'PhantomSwift'
Target 'PhantomSwiftNetworking' in project 'PhantomSwift' (no dependencies)
GatherProvisioningInputs
CreateBuildDescription
ExecuteExternalTool /Applications/Xcode-27.0.0-Release.Candidate.app/Contents/Developer/Toolchains/XcodeDefault.xctoolchain/usr/bin/clang -v -E -dM -isysroot /Applications/Xcode-27.0.0-Release.Candidate.app/Contents/Developer/Platforms/WatchOS.platform/Developer/SDKs/WatchOS27.0.sdk -x c -c /dev/null
ExecuteExternalTool /Applications/Xcode-27.0.0-Release.Candidate.app/Contents/Developer/Toolchains/XcodeDefault.xctoolchain/usr/bin/swiftc --version
ExecuteExternalTool /Applications/Xcode-27.0.0-Release.Candidate.app/Contents/Developer/Toolchains/XcodeDefault.xctoolchain/usr/bin/ld -version_details
ReadFileContents /Applications/Xcode-27.0.0-Release.Candidate.app/Contents/Developer/Toolchains/XcodeDefault.xctoolchain/usr/share/docc/features.json
Build description signature: e6b3b0b1ecb34af1674f37ccb022e6b1
Build description path: /Users/admin/builder/spi-builder-workspace/.derivedData/Build/Intermediates.noindex/XCBuildData/e6b3b0b1ecb34af1674f37ccb022e6b1.xcbuilddata
CreateBuildDirectory /Users/admin/builder/spi-builder-workspace/.derivedData/ModuleCache.noindex
cd /Users/admin/builder/spi-builder-workspace/.swiftpm/xcode
builtin-create-build-directory /Users/admin/builder/spi-builder-workspace/.derivedData/ModuleCache.noindex
CreateBuildDirectory /Users/admin/builder/spi-builder-workspace/.derivedData/SDKExplicitPrecompiledModules
cd /Users/admin/builder/spi-builder-workspace/.swiftpm/xcode
builtin-create-build-directory /Users/admin/builder/spi-builder-workspace/.derivedData/SDKExplicitPrecompiledModules
CreateBuildDirectory /Users/admin/builder/spi-builder-workspace/.derivedData/CompilationCache.noindex
cd /Users/admin/builder/spi-builder-workspace/.swiftpm/xcode
builtin-create-build-directory /Users/admin/builder/spi-builder-workspace/.derivedData/CompilationCache.noindex
ClangStatCache /Applications/Xcode-27.0.0-Release.Candidate.app/Contents/Developer/Toolchains/XcodeDefault.xctoolchain/usr/bin/clang-stat-cache /Applications/Xcode-27.0.0-Release.Candidate.app/Contents/Developer/Platforms/WatchOS.platform/Developer/SDKs/WatchOS27.0.sdk /Users/admin/builder/spi-builder-workspace/.derivedData/SDKStatCaches.noindex/watchos27.0-24R360-e829b21a6f8c9b70876ba0858053c04477534ef55a1706bf4c1112bbb242f0a2.sdkstatcache
cd /Users/admin/builder/spi-builder-workspace/.swiftpm/xcode
/Applications/Xcode-27.0.0-Release.Candidate.app/Contents/Developer/Toolchains/XcodeDefault.xctoolchain/usr/bin/clang-stat-cache /Applications/Xcode-27.0.0-Release.Candidate.app/Contents/Developer/Platforms/WatchOS.platform/Developer/SDKs/WatchOS27.0.sdk -o /Users/admin/builder/spi-builder-workspace/.derivedData/SDKStatCaches.noindex/watchos27.0-24R360-e829b21a6f8c9b70876ba0858053c04477534ef55a1706bf4c1112bbb242f0a2.sdkstatcache
CreateBuildDirectory /Users/admin/builder/spi-builder-workspace/.derivedData/Build/Products
cd /Users/admin/builder/spi-builder-workspace/.swiftpm/xcode
builtin-create-build-directory /Users/admin/builder/spi-builder-workspace/.derivedData/Build/Products
CreateBuildDirectory /Users/admin/builder/spi-builder-workspace/.derivedData/Build/Intermediates.noindex
cd /Users/admin/builder/spi-builder-workspace/.swiftpm/xcode
builtin-create-build-directory /Users/admin/builder/spi-builder-workspace/.derivedData/Build/Intermediates.noindex
CreateBuildDirectory /Users/admin/builder/spi-builder-workspace/.derivedData/Build/Products/Debug-watchos
cd /Users/admin/builder/spi-builder-workspace/.swiftpm/xcode
builtin-create-build-directory /Users/admin/builder/spi-builder-workspace/.derivedData/Build/Products/Debug-watchos
CreateBuildDirectory /Users/admin/builder/spi-builder-workspace/.derivedData/Build/Intermediates.noindex/SwiftExplicitPrecompiledModules
cd /Users/admin/builder/spi-builder-workspace/.swiftpm/xcode
builtin-create-build-directory /Users/admin/builder/spi-builder-workspace/.derivedData/Build/Intermediates.noindex/SwiftExplicitPrecompiledModules
CreateBuildDirectory /Users/admin/builder/spi-builder-workspace/.derivedData/Build/Intermediates.noindex/ExplicitPrecompiledModules
cd /Users/admin/builder/spi-builder-workspace/.swiftpm/xcode
builtin-create-build-directory /Users/admin/builder/spi-builder-workspace/.derivedData/Build/Intermediates.noindex/ExplicitPrecompiledModules
CreateBuildDirectory /Users/admin/builder/spi-builder-workspace/.derivedData/Build/Intermediates.noindex/PrecompiledHeaders
cd /Users/admin/builder/spi-builder-workspace/.swiftpm/xcode
builtin-create-build-directory /Users/admin/builder/spi-builder-workspace/.derivedData/Build/Intermediates.noindex/PrecompiledHeaders
CreateBuildDirectory /Users/admin/builder/spi-builder-workspace/.derivedData/Build/Intermediates.noindex/EagerLinkingTBDs/Debug-watchos
cd /Users/admin/builder/spi-builder-workspace/.swiftpm/xcode
builtin-create-build-directory /Users/admin/builder/spi-builder-workspace/.derivedData/Build/Intermediates.noindex/EagerLinkingTBDs/Debug-watchos
CreateBuildDirectory /Users/admin/builder/spi-builder-workspace/.derivedData/Build/Products/Debug-watchos/PackageFrameworks
cd /Users/admin/builder/spi-builder-workspace/.swiftpm/xcode
builtin-create-build-directory /Users/admin/builder/spi-builder-workspace/.derivedData/Build/Products/Debug-watchos/PackageFrameworks
WriteAuxiliaryFile /Users/admin/builder/spi-builder-workspace/.derivedData/Build/Intermediates.noindex/PhantomSwift.build/Debug-watchos/PhantomSwiftNetworking-t.build/PhantomSwiftNetworking.modulemap (in target 'PhantomSwiftNetworking' from project 'PhantomSwift')
cd /Users/admin/builder/spi-builder-workspace
write-file /Users/admin/builder/spi-builder-workspace/.derivedData/Build/Intermediates.noindex/PhantomSwift.build/Debug-watchos/PhantomSwiftNetworking-t.build/PhantomSwiftNetworking.modulemap
WriteAuxiliaryFile /Users/admin/builder/spi-builder-workspace/.derivedData/Build/Intermediates.noindex/PhantomSwift.build/Debug-watchos/PhantomSwiftNetworking-t.build/PhantomSwiftNetworking.DependencyStaticMetadataFileList (in target 'PhantomSwiftNetworking' from project 'PhantomSwift')
cd /Users/admin/builder/spi-builder-workspace
write-file /Users/admin/builder/spi-builder-workspace/.derivedData/Build/Intermediates.noindex/PhantomSwift.build/Debug-watchos/PhantomSwiftNetworking-t.build/PhantomSwiftNetworking.DependencyStaticMetadataFileList
WriteAuxiliaryFile /Users/admin/builder/spi-builder-workspace/.derivedData/Build/Intermediates.noindex/PhantomSwift.build/Debug-watchos/PhantomSwiftNetworking-t.build/PhantomSwiftNetworking.DependencyMetadataFileList (in target 'PhantomSwiftNetworking' from project 'PhantomSwift')
cd /Users/admin/builder/spi-builder-workspace
write-file /Users/admin/builder/spi-builder-workspace/.derivedData/Build/Intermediates.noindex/PhantomSwift.build/Debug-watchos/PhantomSwiftNetworking-t.build/PhantomSwiftNetworking.DependencyMetadataFileList
WriteAuxiliaryFile /Users/admin/builder/spi-builder-workspace/.derivedData/Build/Intermediates.noindex/PhantomSwift.build/Debug-watchos/PhantomSwiftNetworking-t.build/Objects-normal/arm64_32/PhantomSwiftNetworking_const_extract_protocols.json (in target 'PhantomSwiftNetworking' from project 'PhantomSwift')
cd /Users/admin/builder/spi-builder-workspace
write-file /Users/admin/builder/spi-builder-workspace/.derivedData/Build/Intermediates.noindex/PhantomSwift.build/Debug-watchos/PhantomSwiftNetworking-t.build/Objects-normal/arm64_32/PhantomSwiftNetworking_const_extract_protocols.json
WriteAuxiliaryFile /Users/admin/builder/spi-builder-workspace/.derivedData/Build/Intermediates.noindex/PhantomSwift.build/Debug-watchos/PhantomSwiftNetworking-t.build/Objects-normal/arm64_32/PhantomSwiftNetworking.SwiftFileList (in target 'PhantomSwiftNetworking' from project 'PhantomSwift')
cd /Users/admin/builder/spi-builder-workspace
write-file /Users/admin/builder/spi-builder-workspace/.derivedData/Build/Intermediates.noindex/PhantomSwift.build/Debug-watchos/PhantomSwiftNetworking-t.build/Objects-normal/arm64_32/PhantomSwiftNetworking.SwiftFileList
WriteAuxiliaryFile /Users/admin/builder/spi-builder-workspace/.derivedData/Build/Intermediates.noindex/PhantomSwift.build/Debug-watchos/PhantomSwiftNetworking-t.build/Objects-normal/arm64_32/PhantomSwiftNetworking.LinkFileList (in target 'PhantomSwiftNetworking' from project 'PhantomSwift')
cd /Users/admin/builder/spi-builder-workspace
write-file /Users/admin/builder/spi-builder-workspace/.derivedData/Build/Intermediates.noindex/PhantomSwift.build/Debug-watchos/PhantomSwiftNetworking-t.build/Objects-normal/arm64_32/PhantomSwiftNetworking.LinkFileList
WriteAuxiliaryFile /Users/admin/builder/spi-builder-workspace/.derivedData/Build/Intermediates.noindex/PhantomSwift.build/Debug-watchos/PhantomSwiftNetworking-t.build/Objects-normal/arm64_32/PhantomSwiftNetworking.SwiftConstValuesFileList (in target 'PhantomSwiftNetworking' from project 'PhantomSwift')
cd /Users/admin/builder/spi-builder-workspace
write-file /Users/admin/builder/spi-builder-workspace/.derivedData/Build/Intermediates.noindex/PhantomSwift.build/Debug-watchos/PhantomSwiftNetworking-t.build/Objects-normal/arm64_32/PhantomSwiftNetworking.SwiftConstValuesFileList
WriteAuxiliaryFile /Users/admin/builder/spi-builder-workspace/.derivedData/Build/Intermediates.noindex/PhantomSwift.build/Debug-watchos/PhantomSwiftNetworking-t.build/Objects-normal/arm64_32/PhantomSwiftNetworking-OutputFileMap.json (in target 'PhantomSwiftNetworking' from project 'PhantomSwift')
cd /Users/admin/builder/spi-builder-workspace
write-file /Users/admin/builder/spi-builder-workspace/.derivedData/Build/Intermediates.noindex/PhantomSwift.build/Debug-watchos/PhantomSwiftNetworking-t.build/Objects-normal/arm64_32/PhantomSwiftNetworking-OutputFileMap.json
WriteAuxiliaryFile /Users/admin/builder/spi-builder-workspace/.derivedData/Build/Intermediates.noindex/PhantomSwift.build/Debug-watchos/PhantomSwiftNetworking-t.build/Objects-normal/arm64/PhantomSwiftNetworking_const_extract_protocols.json (in target 'PhantomSwiftNetworking' from project 'PhantomSwift')
cd /Users/admin/builder/spi-builder-workspace
write-file /Users/admin/builder/spi-builder-workspace/.derivedData/Build/Intermediates.noindex/PhantomSwift.build/Debug-watchos/PhantomSwiftNetworking-t.build/Objects-normal/arm64/PhantomSwiftNetworking_const_extract_protocols.json
WriteAuxiliaryFile /Users/admin/builder/spi-builder-workspace/.derivedData/Build/Intermediates.noindex/PhantomSwift.build/Debug-watchos/PhantomSwiftNetworking-t.build/Objects-normal/arm64/PhantomSwiftNetworking.SwiftFileList (in target 'PhantomSwiftNetworking' from project 'PhantomSwift')
cd /Users/admin/builder/spi-builder-workspace
write-file /Users/admin/builder/spi-builder-workspace/.derivedData/Build/Intermediates.noindex/PhantomSwift.build/Debug-watchos/PhantomSwiftNetworking-t.build/Objects-normal/arm64/PhantomSwiftNetworking.SwiftFileList
WriteAuxiliaryFile /Users/admin/builder/spi-builder-workspace/.derivedData/Build/Intermediates.noindex/PhantomSwift.build/Debug-watchos/PhantomSwiftNetworking-t.build/Objects-normal/arm64/PhantomSwiftNetworking.SwiftConstValuesFileList (in target 'PhantomSwiftNetworking' from project 'PhantomSwift')
cd /Users/admin/builder/spi-builder-workspace
write-file /Users/admin/builder/spi-builder-workspace/.derivedData/Build/Intermediates.noindex/PhantomSwift.build/Debug-watchos/PhantomSwiftNetworking-t.build/Objects-normal/arm64/PhantomSwiftNetworking.SwiftConstValuesFileList
WriteAuxiliaryFile /Users/admin/builder/spi-builder-workspace/.derivedData/Build/Intermediates.noindex/PhantomSwift.build/Debug-watchos/PhantomSwiftNetworking-t.build/Objects-normal/arm64/PhantomSwiftNetworking.LinkFileList (in target 'PhantomSwiftNetworking' from project 'PhantomSwift')
cd /Users/admin/builder/spi-builder-workspace
write-file /Users/admin/builder/spi-builder-workspace/.derivedData/Build/Intermediates.noindex/PhantomSwift.build/Debug-watchos/PhantomSwiftNetworking-t.build/Objects-normal/arm64/PhantomSwiftNetworking.LinkFileList
WriteAuxiliaryFile /Users/admin/builder/spi-builder-workspace/.derivedData/Build/Intermediates.noindex/PhantomSwift.build/Debug-watchos/PhantomSwiftNetworking-t.build/Objects-normal/arm64/PhantomSwiftNetworking-OutputFileMap.json (in target 'PhantomSwiftNetworking' from project 'PhantomSwift')
cd /Users/admin/builder/spi-builder-workspace
write-file /Users/admin/builder/spi-builder-workspace/.derivedData/Build/Intermediates.noindex/PhantomSwift.build/Debug-watchos/PhantomSwiftNetworking-t.build/Objects-normal/arm64/PhantomSwiftNetworking-OutputFileMap.json
Copy /Users/admin/builder/spi-builder-workspace/.derivedData/Build/Intermediates.noindex/GeneratedModuleMaps-watchos/PhantomSwiftNetworking.modulemap /Users/admin/builder/spi-builder-workspace/.derivedData/Build/Intermediates.noindex/PhantomSwift.build/Debug-watchos/PhantomSwiftNetworking-t.build/PhantomSwiftNetworking.modulemap (in target 'PhantomSwiftNetworking' from project 'PhantomSwift')
cd /Users/admin/builder/spi-builder-workspace
builtin-copy -exclude .DS_Store -exclude CVS -exclude .svn -exclude .git -exclude .hg -resolve-src-symlinks /Users/admin/builder/spi-builder-workspace/.derivedData/Build/Intermediates.noindex/PhantomSwift.build/Debug-watchos/PhantomSwiftNetworking-t.build/PhantomSwiftNetworking.modulemap /Users/admin/builder/spi-builder-workspace/.derivedData/Build/Intermediates.noindex/GeneratedModuleMaps-watchos
WriteAuxiliaryFile /Users/admin/builder/spi-builder-workspace/.derivedData/Build/Intermediates.noindex/PhantomSwift.build/Debug-watchos/PhantomSwift-t.build/PhantomSwift.DependencyStaticMetadataFileList (in target 'PhantomSwift' from project 'PhantomSwift')
cd /Users/admin/builder/spi-builder-workspace
write-file /Users/admin/builder/spi-builder-workspace/.derivedData/Build/Intermediates.noindex/PhantomSwift.build/Debug-watchos/PhantomSwift-t.build/PhantomSwift.DependencyStaticMetadataFileList
WriteAuxiliaryFile /Users/admin/builder/spi-builder-workspace/.derivedData/Build/Intermediates.noindex/PhantomSwift.build/Debug-watchos/PhantomSwift-t.build/PhantomSwift.DependencyMetadataFileList (in target 'PhantomSwift' from project 'PhantomSwift')
cd /Users/admin/builder/spi-builder-workspace
write-file /Users/admin/builder/spi-builder-workspace/.derivedData/Build/Intermediates.noindex/PhantomSwift.build/Debug-watchos/PhantomSwift-t.build/PhantomSwift.DependencyMetadataFileList
WriteAuxiliaryFile /Users/admin/builder/spi-builder-workspace/.derivedData/Build/Intermediates.noindex/PhantomSwift.build/Debug-watchos/PhantomSwift-t.build/PhantomSwift.modulemap (in target 'PhantomSwift' from project 'PhantomSwift')
cd /Users/admin/builder/spi-builder-workspace
write-file /Users/admin/builder/spi-builder-workspace/.derivedData/Build/Intermediates.noindex/PhantomSwift.build/Debug-watchos/PhantomSwift-t.build/PhantomSwift.modulemap
WriteAuxiliaryFile /Users/admin/builder/spi-builder-workspace/.derivedData/Build/Intermediates.noindex/PhantomSwift.build/Debug-watchos/PhantomSwift-t.build/Objects-normal/arm64_32/PhantomSwift.SwiftConstValuesFileList (in target 'PhantomSwift' from project 'PhantomSwift')
cd /Users/admin/builder/spi-builder-workspace
write-file /Users/admin/builder/spi-builder-workspace/.derivedData/Build/Intermediates.noindex/PhantomSwift.build/Debug-watchos/PhantomSwift-t.build/Objects-normal/arm64_32/PhantomSwift.SwiftConstValuesFileList
WriteAuxiliaryFile /Users/admin/builder/spi-builder-workspace/.derivedData/Build/Intermediates.noindex/PhantomSwift.build/Debug-watchos/PhantomSwift-t.build/Objects-normal/arm64_32/PhantomSwift.SwiftFileList (in target 'PhantomSwift' from project 'PhantomSwift')
cd /Users/admin/builder/spi-builder-workspace
write-file /Users/admin/builder/spi-builder-workspace/.derivedData/Build/Intermediates.noindex/PhantomSwift.build/Debug-watchos/PhantomSwift-t.build/Objects-normal/arm64_32/PhantomSwift.SwiftFileList
WriteAuxiliaryFile /Users/admin/builder/spi-builder-workspace/.derivedData/Build/Intermediates.noindex/PhantomSwift.build/Debug-watchos/PhantomSwift-t.build/Objects-normal/arm64_32/PhantomSwift_const_extract_protocols.json (in target 'PhantomSwift' from project 'PhantomSwift')
cd /Users/admin/builder/spi-builder-workspace
write-file /Users/admin/builder/spi-builder-workspace/.derivedData/Build/Intermediates.noindex/PhantomSwift.build/Debug-watchos/PhantomSwift-t.build/Objects-normal/arm64_32/PhantomSwift_const_extract_protocols.json
WriteAuxiliaryFile /Users/admin/builder/spi-builder-workspace/.derivedData/Build/Intermediates.noindex/PhantomSwift.build/Debug-watchos/PhantomSwift-t.build/Objects-normal/arm64_32/PhantomSwift.LinkFileList (in target 'PhantomSwift' from project 'PhantomSwift')
cd /Users/admin/builder/spi-builder-workspace
write-file /Users/admin/builder/spi-builder-workspace/.derivedData/Build/Intermediates.noindex/PhantomSwift.build/Debug-watchos/PhantomSwift-t.build/Objects-normal/arm64_32/PhantomSwift.LinkFileList
WriteAuxiliaryFile /Users/admin/builder/spi-builder-workspace/.derivedData/Build/Intermediates.noindex/PhantomSwift.build/Debug-watchos/PhantomSwift-t.build/Objects-normal/arm64_32/PhantomSwift-OutputFileMap.json (in target 'PhantomSwift' from project 'PhantomSwift')
cd /Users/admin/builder/spi-builder-workspace
write-file /Users/admin/builder/spi-builder-workspace/.derivedData/Build/Intermediates.noindex/PhantomSwift.build/Debug-watchos/PhantomSwift-t.build/Objects-normal/arm64_32/PhantomSwift-OutputFileMap.json
WriteAuxiliaryFile /Users/admin/builder/spi-builder-workspace/.derivedData/Build/Intermediates.noindex/PhantomSwift.build/Debug-watchos/PhantomSwift-t.build/Objects-normal/arm64/PhantomSwift.LinkFileList (in target 'PhantomSwift' from project 'PhantomSwift')
cd /Users/admin/builder/spi-builder-workspace
write-file /Users/admin/builder/spi-builder-workspace/.derivedData/Build/Intermediates.noindex/PhantomSwift.build/Debug-watchos/PhantomSwift-t.build/Objects-normal/arm64/PhantomSwift.LinkFileList
WriteAuxiliaryFile /Users/admin/builder/spi-builder-workspace/.derivedData/Build/Intermediates.noindex/PhantomSwift.build/Debug-watchos/PhantomSwift-t.build/Objects-normal/arm64/PhantomSwift.SwiftConstValuesFileList (in target 'PhantomSwift' from project 'PhantomSwift')
cd /Users/admin/builder/spi-builder-workspace
write-file /Users/admin/builder/spi-builder-workspace/.derivedData/Build/Intermediates.noindex/PhantomSwift.build/Debug-watchos/PhantomSwift-t.build/Objects-normal/arm64/PhantomSwift.SwiftConstValuesFileList
WriteAuxiliaryFile /Users/admin/builder/spi-builder-workspace/.derivedData/Build/Intermediates.noindex/PhantomSwift.build/Debug-watchos/PhantomSwift-t.build/Objects-normal/arm64/PhantomSwift.SwiftFileList (in target 'PhantomSwift' from project 'PhantomSwift')
cd /Users/admin/builder/spi-builder-workspace
write-file /Users/admin/builder/spi-builder-workspace/.derivedData/Build/Intermediates.noindex/PhantomSwift.build/Debug-watchos/PhantomSwift-t.build/Objects-normal/arm64/PhantomSwift.SwiftFileList
WriteAuxiliaryFile /Users/admin/builder/spi-builder-workspace/.derivedData/Build/Intermediates.noindex/PhantomSwift.build/Debug-watchos/PhantomSwift-t.build/Objects-normal/arm64/PhantomSwift_const_extract_protocols.json (in target 'PhantomSwift' from project 'PhantomSwift')
cd /Users/admin/builder/spi-builder-workspace
write-file /Users/admin/builder/spi-builder-workspace/.derivedData/Build/Intermediates.noindex/PhantomSwift.build/Debug-watchos/PhantomSwift-t.build/Objects-normal/arm64/PhantomSwift_const_extract_protocols.json
WriteAuxiliaryFile /Users/admin/builder/spi-builder-workspace/.derivedData/Build/Intermediates.noindex/PhantomSwift.build/Debug-watchos/PhantomSwift-t.build/Objects-normal/arm64/PhantomSwift-OutputFileMap.json (in target 'PhantomSwift' from project 'PhantomSwift')
cd /Users/admin/builder/spi-builder-workspace
write-file /Users/admin/builder/spi-builder-workspace/.derivedData/Build/Intermediates.noindex/PhantomSwift.build/Debug-watchos/PhantomSwift-t.build/Objects-normal/arm64/PhantomSwift-OutputFileMap.json
Copy /Users/admin/builder/spi-builder-workspace/.derivedData/Build/Intermediates.noindex/GeneratedModuleMaps-watchos/PhantomSwift.modulemap /Users/admin/builder/spi-builder-workspace/.derivedData/Build/Intermediates.noindex/PhantomSwift.build/Debug-watchos/PhantomSwift-t.build/PhantomSwift.modulemap (in target 'PhantomSwift' from project 'PhantomSwift')
cd /Users/admin/builder/spi-builder-workspace
builtin-copy -exclude .DS_Store -exclude CVS -exclude .svn -exclude .git -exclude .hg -resolve-src-symlinks /Users/admin/builder/spi-builder-workspace/.derivedData/Build/Intermediates.noindex/PhantomSwift.build/Debug-watchos/PhantomSwift-t.build/PhantomSwift.modulemap /Users/admin/builder/spi-builder-workspace/.derivedData/Build/Intermediates.noindex/GeneratedModuleMaps-watchos
SwiftDriver PhantomSwiftNetworking normal arm64_32 com.apple.xcode.tools.swift.compiler (in target 'PhantomSwiftNetworking' from project 'PhantomSwift')
cd /Users/admin/builder/spi-builder-workspace/.swiftpm/xcode
builtin-SwiftDriver -- /Applications/Xcode-27.0.0-Release.Candidate.app/Contents/Developer/Toolchains/XcodeDefault.xctoolchain/usr/bin/swiftc -parse-as-library -module-name PhantomSwiftNetworking -Onone @/Users/admin/builder/spi-builder-workspace/.derivedData/Build/Intermediates.noindex/PhantomSwift.build/Debug-watchos/PhantomSwiftNetworking-t.build/Objects-normal/arm64_32/PhantomSwiftNetworking.SwiftFileList -DSWIFT_PACKAGE -DDEBUG -DSWIFT_MODULE_RESOURCE_BUNDLE_UNAVAILABLE -DXcode -plugin-path /Applications/Xcode-27.0.0-Release.Candidate.app/Contents/Developer/Toolchains/XcodeDefault.xctoolchain/usr/lib/swift/host/plugins/testing -enable-experimental-feature DebugDescriptionMacro -sdk /Applications/Xcode-27.0.0-Release.Candidate.app/Contents/Developer/Platforms/WatchOS.platform/Developer/SDKs/WatchOS27.0.sdk -target arm64_32-apple-watchos9.0 -g -module-cache-path /Users/admin/builder/spi-builder-workspace/.derivedData/ModuleCache.noindex -Xfrontend -serialize-debugging-options -profile-coverage-mapping -profile-generate -enable-testing -index-store-path /Users/admin/builder/spi-builder-workspace/.derivedData/Index.noindex/DataStore -Xcc -D_LIBCPP_HARDENING_MODE\=_LIBCPP_HARDENING_MODE_DEBUG -swift-version 5 -I /Users/admin/builder/spi-builder-workspace/.derivedData/Build/Products/Debug-watchos -Isystem /Applications/Xcode-27.0.0-Release.Candidate.app/Contents/Developer/Platforms/WatchOS.platform/Developer/usr/lib -F /Users/admin/builder/spi-builder-workspace/.derivedData/Build/Products/Debug-watchos -F /Applications/Xcode-27.0.0-Release.Candidate.app/Contents/Developer/Platforms/WatchOS.platform/Developer/Library/Frameworks -F /Applications/Xcode-27.0.0-Release.Candidate.app/Contents/Developer/Platforms/WatchOS.platform/Developer/SDKs/WatchOS27.0.sdk/Developer/Library/Frameworks -c -j10 -enable-batch-mode -incremental -Xcc -ivfsstatcache -Xcc /Users/admin/builder/spi-builder-workspace/.derivedData/SDKStatCaches.noindex/watchos27.0-24R360-e829b21a6f8c9b70876ba0858053c04477534ef55a1706bf4c1112bbb242f0a2.sdkstatcache -output-file-map /Users/admin/builder/spi-builder-workspace/.derivedData/Build/Intermediates.noindex/PhantomSwift.build/Debug-watchos/PhantomSwiftNetworking-t.build/Objects-normal/arm64_32/PhantomSwiftNetworking-OutputFileMap.json -save-temps -no-color-diagnostics -explicit-module-build -module-cache-path /Users/admin/builder/spi-builder-workspace/.derivedData/Build/Intermediates.noindex/SwiftExplicitPrecompiledModules -clang-scanner-module-cache-path /Users/admin/builder/spi-builder-workspace/.derivedData/ModuleCache.noindex -sdk-module-cache-path /Users/admin/builder/spi-builder-workspace/.derivedData/SDKExplicitPrecompiledModules -emit-dependencies -emit-module -emit-module-path /Users/admin/builder/spi-builder-workspace/.derivedData/Build/Intermediates.noindex/PhantomSwift.build/Debug-watchos/PhantomSwiftNetworking-t.build/Objects-normal/arm64_32/PhantomSwiftNetworking.swiftmodule -serialize-diagnostics -dependency-scan-serialize-diagnostics-path /Users/admin/builder/spi-builder-workspace/.derivedData/Build/Intermediates.noindex/PhantomSwift.build/Debug-watchos/PhantomSwiftNetworking-t.build/Objects-normal/arm64_32/PhantomSwiftNetworking-dependency-scan.dia -validate-clang-modules-once -clang-build-session-file /Users/admin/builder/spi-builder-workspace/.derivedData/ModuleCache.noindex/Session.modulevalidation -Xcc -fmodules-prune-interval\=86400 -Xcc -fmodules-prune-after\=345600 -package-name spi_builder_workspace -emit-const-values -const-gather-protocols-list /Users/admin/builder/spi-builder-workspace/.derivedData/Build/Intermediates.noindex/PhantomSwift.build/Debug-watchos/PhantomSwiftNetworking-t.build/Objects-normal/arm64_32/PhantomSwiftNetworking_const_extract_protocols.json -Xcc -I/Users/admin/builder/spi-builder-workspace/.derivedData/Build/Products/Debug-watchos/include -Xcc -I/Users/admin/builder/spi-builder-workspace/.derivedData/Build/Intermediates.noindex/PhantomSwift.build/Debug-watchos/PhantomSwiftNetworking-t.build/DerivedSources-normal/arm64_32 -Xcc -I/Users/admin/builder/spi-builder-workspace/.derivedData/Build/Intermediates.noindex/PhantomSwift.build/Debug-watchos/PhantomSwiftNetworking-t.build/DerivedSources/arm64_32 -Xcc -I/Users/admin/builder/spi-builder-workspace/.derivedData/Build/Intermediates.noindex/PhantomSwift.build/Debug-watchos/PhantomSwiftNetworking-t.build/DerivedSources -Xcc -DSWIFT_PACKAGE -Xcc -DDEBUG\=1 -emit-objc-header -emit-objc-header-path /Users/admin/builder/spi-builder-workspace/.derivedData/Build/Intermediates.noindex/PhantomSwift.build/Debug-watchos/PhantomSwiftNetworking-t.build/Objects-normal/arm64_32/PhantomSwiftNetworking-Swift.h -working-directory /Users/admin/builder/spi-builder-workspace/.swiftpm/xcode -experimental-emit-module-separately -disable-cmo
SwiftDriver PhantomSwiftNetworking normal arm64 com.apple.xcode.tools.swift.compiler (in target 'PhantomSwiftNetworking' from project 'PhantomSwift')
cd /Users/admin/builder/spi-builder-workspace/.swiftpm/xcode
builtin-SwiftDriver -- /Applications/Xcode-27.0.0-Release.Candidate.app/Contents/Developer/Toolchains/XcodeDefault.xctoolchain/usr/bin/swiftc -parse-as-library -module-name PhantomSwiftNetworking -Onone @/Users/admin/builder/spi-builder-workspace/.derivedData/Build/Intermediates.noindex/PhantomSwift.build/Debug-watchos/PhantomSwiftNetworking-t.build/Objects-normal/arm64/PhantomSwiftNetworking.SwiftFileList -DSWIFT_PACKAGE -DDEBUG -DSWIFT_MODULE_RESOURCE_BUNDLE_UNAVAILABLE -DXcode -plugin-path /Applications/Xcode-27.0.0-Release.Candidate.app/Contents/Developer/Toolchains/XcodeDefault.xctoolchain/usr/lib/swift/host/plugins/testing -enable-experimental-feature DebugDescriptionMacro -sdk /Applications/Xcode-27.0.0-Release.Candidate.app/Contents/Developer/Platforms/WatchOS.platform/Developer/SDKs/WatchOS27.0.sdk -target arm64-apple-watchos9.0 -g -module-cache-path /Users/admin/builder/spi-builder-workspace/.derivedData/ModuleCache.noindex -Xfrontend -serialize-debugging-options -profile-coverage-mapping -profile-generate -enable-testing -index-store-path /Users/admin/builder/spi-builder-workspace/.derivedData/Index.noindex/DataStore -Xcc -D_LIBCPP_HARDENING_MODE\=_LIBCPP_HARDENING_MODE_DEBUG -swift-version 5 -I /Users/admin/builder/spi-builder-workspace/.derivedData/Build/Products/Debug-watchos -Isystem /Applications/Xcode-27.0.0-Release.Candidate.app/Contents/Developer/Platforms/WatchOS.platform/Developer/usr/lib -F /Users/admin/builder/spi-builder-workspace/.derivedData/Build/Products/Debug-watchos -F /Applications/Xcode-27.0.0-Release.Candidate.app/Contents/Developer/Platforms/WatchOS.platform/Developer/Library/Frameworks -F /Applications/Xcode-27.0.0-Release.Candidate.app/Contents/Developer/Platforms/WatchOS.platform/Developer/SDKs/WatchOS27.0.sdk/Developer/Library/Frameworks -c -j10 -enable-batch-mode -incremental -Xcc -ivfsstatcache -Xcc /Users/admin/builder/spi-builder-workspace/.derivedData/SDKStatCaches.noindex/watchos27.0-24R360-e829b21a6f8c9b70876ba0858053c04477534ef55a1706bf4c1112bbb242f0a2.sdkstatcache -output-file-map /Users/admin/builder/spi-builder-workspace/.derivedData/Build/Intermediates.noindex/PhantomSwift.build/Debug-watchos/PhantomSwiftNetworking-t.build/Objects-normal/arm64/PhantomSwiftNetworking-OutputFileMap.json -save-temps -no-color-diagnostics -explicit-module-build -module-cache-path /Users/admin/builder/spi-builder-workspace/.derivedData/Build/Intermediates.noindex/SwiftExplicitPrecompiledModules -clang-scanner-module-cache-path /Users/admin/builder/spi-builder-workspace/.derivedData/ModuleCache.noindex -sdk-module-cache-path /Users/admin/builder/spi-builder-workspace/.derivedData/SDKExplicitPrecompiledModules -emit-dependencies -emit-module -emit-module-path /Users/admin/builder/spi-builder-workspace/.derivedData/Build/Intermediates.noindex/PhantomSwift.build/Debug-watchos/PhantomSwiftNetworking-t.build/Objects-normal/arm64/PhantomSwiftNetworking.swiftmodule -serialize-diagnostics -dependency-scan-serialize-diagnostics-path /Users/admin/builder/spi-builder-workspace/.derivedData/Build/Intermediates.noindex/PhantomSwift.build/Debug-watchos/PhantomSwiftNetworking-t.build/Objects-normal/arm64/PhantomSwiftNetworking-dependency-scan.dia -validate-clang-modules-once -clang-build-session-file /Users/admin/builder/spi-builder-workspace/.derivedData/ModuleCache.noindex/Session.modulevalidation -Xcc -fmodules-prune-interval\=86400 -Xcc -fmodules-prune-after\=345600 -package-name spi_builder_workspace -emit-const-values -const-gather-protocols-list /Users/admin/builder/spi-builder-workspace/.derivedData/Build/Intermediates.noindex/PhantomSwift.build/Debug-watchos/PhantomSwiftNetworking-t.build/Objects-normal/arm64/PhantomSwiftNetworking_const_extract_protocols.json -Xcc -I/Users/admin/builder/spi-builder-workspace/.derivedData/Build/Products/Debug-watchos/include -Xcc -I/Users/admin/builder/spi-builder-workspace/.derivedData/Build/Intermediates.noindex/PhantomSwift.build/Debug-watchos/PhantomSwiftNetworking-t.build/DerivedSources-normal/arm64 -Xcc -I/Users/admin/builder/spi-builder-workspace/.derivedData/Build/Intermediates.noindex/PhantomSwift.build/Debug-watchos/PhantomSwiftNetworking-t.build/DerivedSources/arm64 -Xcc -I/Users/admin/builder/spi-builder-workspace/.derivedData/Build/Intermediates.noindex/PhantomSwift.build/Debug-watchos/PhantomSwiftNetworking-t.build/DerivedSources -Xcc -DSWIFT_PACKAGE -Xcc -DDEBUG\=1 -emit-objc-header -emit-objc-header-path /Users/admin/builder/spi-builder-workspace/.derivedData/Build/Intermediates.noindex/PhantomSwift.build/Debug-watchos/PhantomSwiftNetworking-t.build/Objects-normal/arm64/PhantomSwiftNetworking-Swift.h -working-directory /Users/admin/builder/spi-builder-workspace/.swiftpm/xcode -experimental-emit-module-separately -disable-cmo
SwiftExplicitDependencyGeneratePcm arm64_32 /Users/admin/builder/spi-builder-workspace/.derivedData/SDKExplicitPrecompiledModules/_Builtin_float-6KO8O3PEWRCA4WC6PPLOYO6WJ.pcm
SwiftExplicitDependencyGeneratePcm arm64_32 /Users/admin/builder/spi-builder-workspace/.derivedData/SDKExplicitPrecompiledModules/ptrcheck-7ELIH9BTIGVKX3UBITM9N72WD.pcm
SwiftExplicitDependencyGeneratePcm arm64_32 /Users/admin/builder/spi-builder-workspace/.derivedData/SDKExplicitPrecompiledModules/_Builtin_stdbool-A967K8W8YUYEC9SN52KJ7OO88.pcm
SwiftExplicitDependencyGeneratePcm arm64_32 /Users/admin/builder/spi-builder-workspace/.derivedData/SDKExplicitPrecompiledModules/_Builtin_stddef-H44EFHQX6XSS5MZ7QP6YJZ76.pcm
SwiftExplicitDependencyGeneratePcm arm64_32 /Users/admin/builder/spi-builder-workspace/.derivedData/SDKExplicitPrecompiledModules/SwiftShims-9CQQGWTSNTN9EB5NSHDWUJICH.pcm
SwiftExplicitDependencyGeneratePcm arm64_32 /Users/admin/builder/spi-builder-workspace/.derivedData/SDKExplicitPrecompiledModules/_Builtin_stdarg-D305JG44A2WPI6CJY37X3QJE8.pcm
SwiftExplicitDependencyGeneratePcm arm64_32 /Users/admin/builder/spi-builder-workspace/.derivedData/SDKExplicitPrecompiledModules/_AvailabilityInternal-244WAN3Z1QBT7PIA64EZEFY1R.pcm
SwiftExplicitDependencyGeneratePcm arm64 /Users/admin/builder/spi-builder-workspace/.derivedData/SDKExplicitPrecompiledModules/_AvailabilityInternal-BUNV3UXM65NT37THI4W1AM0SF.pcm
SwiftExplicitDependencyGeneratePcm arm64_32 /Users/admin/builder/spi-builder-workspace/.derivedData/SDKExplicitPrecompiledModules/_SwiftConcurrencyShims-6RTBPQ03V7BM9SPRK8SUE055H.pcm
SwiftExplicitDependencyGeneratePcm arm64 /Users/admin/builder/spi-builder-workspace/.derivedData/SDKExplicitPrecompiledModules/_Builtin_stddef-1FU30Y8SWFB7OUUHMJQH5J6FM.pcm
SwiftExplicitDependencyGeneratePcm arm64 /Users/admin/builder/spi-builder-workspace/.derivedData/SDKExplicitPrecompiledModules/_Builtin_float-C0CW5Q4HGBQYKE77TC42IAFB5.pcm
SwiftExplicitDependencyGeneratePcm arm64 /Users/admin/builder/spi-builder-workspace/.derivedData/SDKExplicitPrecompiledModules/ptrcheck-AIF0NDOYZ8ORBNHQAQR5NNB8M.pcm
SwiftExplicitDependencyGeneratePcm arm64 /Users/admin/builder/spi-builder-workspace/.derivedData/SDKExplicitPrecompiledModules/ptrauth-3TZ9WJCGLYD25HQPWH4968ONX.pcm
SwiftExplicitDependencyGeneratePcm arm64 /Users/admin/builder/spi-builder-workspace/.derivedData/SDKExplicitPrecompiledModules/_Builtin_stdarg-A7UU8LE6MP85SM26YO7PBZNUQ.pcm
SwiftExplicitDependencyGeneratePcm arm64 /Users/admin/builder/spi-builder-workspace/.derivedData/SDKExplicitPrecompiledModules/_SwiftConcurrencyShims-659N52XSKR5F0QSB880BH2FJR.pcm
SwiftExplicitDependencyGeneratePcm arm64 /Users/admin/builder/spi-builder-workspace/.derivedData/SDKExplicitPrecompiledModules/_Builtin_stdbool-83J96QSOFE9VX04AAS6310UAE.pcm
SwiftExplicitDependencyGeneratePcm arm64 /Users/admin/builder/spi-builder-workspace/.derivedData/SDKExplicitPrecompiledModules/SwiftShims-4MXFZPV6FEB0XBYXCGPWAMQGL.pcm
SwiftExplicitDependencyGeneratePcm arm64_32 /Users/admin/builder/spi-builder-workspace/.derivedData/SDKExplicitPrecompiledModules/ptrauth-BFXF358ME5AK535N5A9Z766WU.pcm
SwiftExplicitDependencyGeneratePcm arm64_32 /Users/admin/builder/spi-builder-workspace/.derivedData/SDKExplicitPrecompiledModules/_DarwinFoundation1-2GWF9RFMPLQW4PDHS3NARVI3G.pcm
SwiftExplicitDependencyGeneratePcm arm64 /Users/admin/builder/spi-builder-workspace/.derivedData/SDKExplicitPrecompiledModules/_DarwinFoundation1-7SPX3MD0HMP55E4OLNCPNDQ53.pcm
SwiftExplicitDependencyGeneratePcm arm64_32 /Users/admin/builder/spi-builder-workspace/.derivedData/SDKExplicitPrecompiledModules/_DarwinFoundation2-9MY8GOSYRO0M9MKNXF6D3MBNK.pcm
SwiftExplicitDependencyGeneratePcm arm64_32 /Users/admin/builder/spi-builder-workspace/.derivedData/SDKExplicitPrecompiledModules/_Builtin_limits-3VKBU2AFTD65PAJZ5CJ3LHFM2.pcm
SwiftExplicitDependencyGeneratePcm arm64 /Users/admin/builder/spi-builder-workspace/.derivedData/SDKExplicitPrecompiledModules/_Builtin_limits-9GWPA2B0H20DYUNYHYCWKABJG.pcm
SwiftExplicitDependencyGeneratePcm arm64 /Users/admin/builder/spi-builder-workspace/.derivedData/SDKExplicitPrecompiledModules/_DarwinFoundation2-D0XAPJU49S5E9XMKYOFGSTB1Q.pcm
SwiftExplicitDependencyGeneratePcm arm64_32 /Users/admin/builder/spi-builder-workspace/.derivedData/SDKExplicitPrecompiledModules/sys_types-8TLLMW08ZJWDGIIPKOYFGHHZW.pcm
SwiftExplicitDependencyGeneratePcm arm64_32 /Users/admin/builder/spi-builder-workspace/.derivedData/SDKExplicitPrecompiledModules/string_h-BFVLUQUSBZWYMLCU9QI7VZALW.pcm
SwiftExplicitDependencyGeneratePcm arm64_32 /Users/admin/builder/spi-builder-workspace/.derivedData/SDKExplicitPrecompiledModules/_Builtin_stdint-1HMXWI3V0V4TXHRWZOMZGZ80Y.pcm
SwiftExplicitDependencyGeneratePcm arm64 /Users/admin/builder/spi-builder-workspace/.derivedData/SDKExplicitPrecompiledModules/string_h-E6PRXK75PHIPCZFWOFCQ3QBMK.pcm
SwiftExplicitDependencyGeneratePcm arm64 /Users/admin/builder/spi-builder-workspace/.derivedData/SDKExplicitPrecompiledModules/sys_types-2KXQLI78OUCDP779AE68GZJ2.pcm
SwiftExplicitDependencyGeneratePcm arm64 /Users/admin/builder/spi-builder-workspace/.derivedData/SDKExplicitPrecompiledModules/_Builtin_stdint-8XMILLJZEGRN2XG7XZUXZ5RLX.pcm
SwiftExplicitDependencyGeneratePcm arm64_32 /Users/admin/builder/spi-builder-workspace/.derivedData/SDKExplicitPrecompiledModules/_DarwinFoundation3-3DUTYQDQSD9HUAAVY947NMWOI.pcm
SwiftExplicitDependencyGeneratePcm arm64 /Users/admin/builder/spi-builder-workspace/.derivedData/SDKExplicitPrecompiledModules/_DarwinFoundation3-B97LRG0E9GON2NUE65TVG81HU.pcm
SwiftExplicitDependencyGeneratePcm arm64_32 /Users/admin/builder/spi-builder-workspace/.derivedData/SDKExplicitPrecompiledModules/_Builtin_inttypes-D2KPCR4PEX9AQA33NGLUT5SBR.pcm
SwiftExplicitDependencyGeneratePcm arm64 /Users/admin/builder/spi-builder-workspace/.derivedData/SDKExplicitPrecompiledModules/_Builtin_inttypes-3UQSCM7WNM9EK4HZML8TY5J3D.pcm
SwiftExplicitDependencyGeneratePcm arm64_32 /Users/admin/builder/spi-builder-workspace/.derivedData/SDKExplicitPrecompiledModules/Darwin-3FVT1SKLN2ZQ5RVOABMTQBB34.pcm
SwiftExplicitDependencyGeneratePcm arm64 /Users/admin/builder/spi-builder-workspace/.derivedData/SDKExplicitPrecompiledModules/Darwin-3984OXKFNSPE77NT743WK8SEX.pcm
SwiftExplicitDependencyGeneratePcm arm64_32 /Users/admin/builder/spi-builder-workspace/.derivedData/SDKExplicitPrecompiledModules/ObjectiveC-6IJNELR2E80E7LUKESVCP2KET.pcm
SwiftExplicitDependencyGeneratePcm arm64 /Users/admin/builder/spi-builder-workspace/.derivedData/SDKExplicitPrecompiledModules/ObjectiveC-72IVD3VS2RS8Q28D9PIMY0KQP.pcm
SwiftExplicitDependencyGeneratePcm arm64_32 /Users/admin/builder/spi-builder-workspace/.derivedData/SDKExplicitPrecompiledModules/os_object-5YWTC6L4756IWSTPGXS5NM0D0.pcm
SwiftExplicitDependencyGeneratePcm arm64 /Users/admin/builder/spi-builder-workspace/.derivedData/SDKExplicitPrecompiledModules/os_object-3SDKD7F87FTZ26OON37DRYT6O.pcm
SwiftExplicitDependencyGeneratePcm arm64_32 /Users/admin/builder/spi-builder-workspace/.derivedData/SDKExplicitPrecompiledModules/os_workgroup-5JHTPDMNBUNHLJI8LPHKQK1JK.pcm
SwiftExplicitDependencyGeneratePcm arm64 /Users/admin/builder/spi-builder-workspace/.derivedData/SDKExplicitPrecompiledModules/os_workgroup-89GG5G7YC2D0ZTK6AZXXQ20DH.pcm
SwiftExplicitDependencyGeneratePcm arm64_32 /Users/admin/builder/spi-builder-workspace/.derivedData/SDKExplicitPrecompiledModules/Dispatch-2P62F1T4XV63S4P99TUDTOK2Q.pcm
SwiftExplicitDependencyGeneratePcm arm64 /Users/admin/builder/spi-builder-workspace/.derivedData/SDKExplicitPrecompiledModules/Dispatch-1NLJOVAK60XP0DUB05XA59EIM.pcm
SwiftExplicitDependencyGeneratePcm arm64_32 /Users/admin/builder/spi-builder-workspace/.derivedData/SDKExplicitPrecompiledModules/CoreFoundation-8E6Y4BA3EXYKUGJ24GT9LGV3N.pcm
SwiftExplicitDependencyGeneratePcm arm64_32 /Users/admin/builder/spi-builder-workspace/.derivedData/SDKExplicitPrecompiledModules/XPC-81Y45QFY96XYYFCW2GT6FY8S4.pcm
SwiftExplicitDependencyGeneratePcm arm64 /Users/admin/builder/spi-builder-workspace/.derivedData/SDKExplicitPrecompiledModules/CoreFoundation-8T2L24YC5NU7WO6WQJWRY7W08.pcm
SwiftExplicitDependencyGeneratePcm arm64 /Users/admin/builder/spi-builder-workspace/.derivedData/SDKExplicitPrecompiledModules/XPC-40DR0X1DHKGCV4J1IOLFS8MOU.pcm
SwiftExplicitDependencyGeneratePcm arm64_32 /Users/admin/builder/spi-builder-workspace/.derivedData/SDKExplicitPrecompiledModules/Security-D7TOWF88VWF67TB9HAFP5UWB1.pcm
SwiftExplicitDependencyGeneratePcm arm64 /Users/admin/builder/spi-builder-workspace/.derivedData/SDKExplicitPrecompiledModules/Security-6RZ6YBRU8WCUHRFFRVUK5WKMM.pcm
SwiftExplicitDependencyGeneratePcm arm64_32 /Users/admin/builder/spi-builder-workspace/.derivedData/SDKExplicitPrecompiledModules/Foundation-BJ2VQGI3OGR34500MEQ1VKHPH.pcm
SwiftExplicitDependencyGeneratePcm arm64 /Users/admin/builder/spi-builder-workspace/.derivedData/SDKExplicitPrecompiledModules/Foundation-DLBKUSGXN8QHAT8W0OARR9S8A.pcm
SwiftCompile normal arm64_32 Compiling\ PhantomRuleMatcher.swift /Users/admin/builder/spi-builder-workspace/Sources/PhantomSwiftNetworking/Modules/Interceptor/PhantomRuleMatcher.swift (in target 'PhantomSwiftNetworking' from project 'PhantomSwift')
SwiftCompile normal arm64_32 /Users/admin/builder/spi-builder-workspace/Sources/PhantomSwiftNetworking/Modules/Interceptor/PhantomRuleMatcher.swift (in target 'PhantomSwiftNetworking' from project 'PhantomSwift')
cd /Users/admin/builder/spi-builder-workspace/.swiftpm/xcode
builtin-SwiftPerFileCompile PhantomRuleMatcher.swift
SwiftCompile normal arm64_32 Compiling\ PhantomNetworkModel.swift /Users/admin/builder/spi-builder-workspace/Sources/PhantomSwiftNetworking/Modules/Network/Core/PhantomNetworkModel.swift (in target 'PhantomSwiftNetworking' from project 'PhantomSwift')
SwiftCompile normal arm64_32 /Users/admin/builder/spi-builder-workspace/Sources/PhantomSwiftNetworking/Modules/Network/Core/PhantomNetworkModel.swift (in target 'PhantomSwiftNetworking' from project 'PhantomSwift')
cd /Users/admin/builder/spi-builder-workspace/.swiftpm/xcode
builtin-SwiftPerFileCompile PhantomNetworkModel.swift
SwiftCompile normal arm64_32 Compiling\ InterceptRule.swift /Users/admin/builder/spi-builder-workspace/Sources/PhantomSwiftNetworking/Modules/Interceptor/InterceptRule.swift (in target 'PhantomSwiftNetworking' from project 'PhantomSwift')
SwiftCompile normal arm64_32 /Users/admin/builder/spi-builder-workspace/Sources/PhantomSwiftNetworking/Modules/Interceptor/InterceptRule.swift (in target 'PhantomSwiftNetworking' from project 'PhantomSwift')
cd /Users/admin/builder/spi-builder-workspace/.swiftpm/xcode
builtin-SwiftPerFileCompile InterceptRule.swift
SwiftEmitModule normal arm64_32 Emitting\ module\ for\ PhantomSwiftNetworking (in target 'PhantomSwiftNetworking' from project 'PhantomSwift')
SwiftCompile normal arm64_32 (in target 'PhantomSwiftNetworking' from project 'PhantomSwift')
cd /Users/admin/builder/spi-builder-workspace/.swiftpm/xcode
SwiftCompile normal arm64_32 Compiling\ PhantomNetworkSimulator.swift /Users/admin/builder/spi-builder-workspace/Sources/PhantomSwiftNetworking/Modules/Network/Core/PhantomNetworkSimulator.swift (in target 'PhantomSwiftNetworking' from project 'PhantomSwift')
SwiftCompile normal arm64_32 /Users/admin/builder/spi-builder-workspace/Sources/PhantomSwiftNetworking/Modules/Network/Core/PhantomNetworkSimulator.swift (in target 'PhantomSwiftNetworking' from project 'PhantomSwift')
cd /Users/admin/builder/spi-builder-workspace/.swiftpm/xcode
builtin-SwiftPerFileCompile PhantomNetworkSimulator.swift
SwiftCompile normal arm64_32 Compiling\ PhantomCURLExporter.swift /Users/admin/builder/spi-builder-workspace/Sources/PhantomSwiftNetworking/Modules/Network/Core/PhantomCURLExporter.swift (in target 'PhantomSwiftNetworking' from project 'PhantomSwift')
SwiftCompile normal arm64_32 /Users/admin/builder/spi-builder-workspace/Sources/PhantomSwiftNetworking/Modules/Network/Core/PhantomCURLExporter.swift (in target 'PhantomSwiftNetworking' from project 'PhantomSwift')
cd /Users/admin/builder/spi-builder-workspace/.swiftpm/xcode
builtin-SwiftPerFileCompile PhantomCURLExporter.swift
SwiftCompile normal arm64_32 Compiling\ PhantomInterceptor.swift /Users/admin/builder/spi-builder-workspace/Sources/PhantomSwiftNetworking/Modules/Interceptor/PhantomInterceptor.swift (in target 'PhantomSwiftNetworking' from project 'PhantomSwift')
SwiftCompile normal arm64_32 /Users/admin/builder/spi-builder-workspace/Sources/PhantomSwiftNetworking/Modules/Interceptor/PhantomInterceptor.swift (in target 'PhantomSwiftNetworking' from project 'PhantomSwift')
cd /Users/admin/builder/spi-builder-workspace/.swiftpm/xcode
builtin-SwiftPerFileCompile PhantomInterceptor.swift
SwiftEmitModule normal arm64 Emitting\ module\ for\ PhantomSwiftNetworking (in target 'PhantomSwiftNetworking' from project 'PhantomSwift')
SwiftCompile normal arm64 (in target 'PhantomSwiftNetworking' from project 'PhantomSwift')
cd /Users/admin/builder/spi-builder-workspace/.swiftpm/xcode
SwiftCompile normal arm64 Compiling\ PhantomCURLExporter.swift /Users/admin/builder/spi-builder-workspace/Sources/PhantomSwiftNetworking/Modules/Network/Core/PhantomCURLExporter.swift (in target 'PhantomSwiftNetworking' from project 'PhantomSwift')
SwiftCompile normal arm64 /Users/admin/builder/spi-builder-workspace/Sources/PhantomSwiftNetworking/Modules/Network/Core/PhantomCURLExporter.swift (in target 'PhantomSwiftNetworking' from project 'PhantomSwift')
cd /Users/admin/builder/spi-builder-workspace/.swiftpm/xcode
builtin-SwiftPerFileCompile PhantomCURLExporter.swift
SwiftCompile normal arm64 Compiling\ PhantomNetworkSimulator.swift /Users/admin/builder/spi-builder-workspace/Sources/PhantomSwiftNetworking/Modules/Network/Core/PhantomNetworkSimulator.swift (in target 'PhantomSwiftNetworking' from project 'PhantomSwift')
SwiftCompile normal arm64 /Users/admin/builder/spi-builder-workspace/Sources/PhantomSwiftNetworking/Modules/Network/Core/PhantomNetworkSimulator.swift (in target 'PhantomSwiftNetworking' from project 'PhantomSwift')
cd /Users/admin/builder/spi-builder-workspace/.swiftpm/xcode
builtin-SwiftPerFileCompile PhantomNetworkSimulator.swift
SwiftCompile normal arm64 Compiling\ PhantomNetworkModel.swift /Users/admin/builder/spi-builder-workspace/Sources/PhantomSwiftNetworking/Modules/Network/Core/PhantomNetworkModel.swift (in target 'PhantomSwiftNetworking' from project 'PhantomSwift')
SwiftCompile normal arm64 /Users/admin/builder/spi-builder-workspace/Sources/PhantomSwiftNetworking/Modules/Network/Core/PhantomNetworkModel.swift (in target 'PhantomSwiftNetworking' from project 'PhantomSwift')
cd /Users/admin/builder/spi-builder-workspace/.swiftpm/xcode
builtin-SwiftPerFileCompile PhantomNetworkModel.swift
SwiftDriverJobDiscovery normal arm64_32 Emitting module for PhantomSwiftNetworking (in target 'PhantomSwiftNetworking' from project 'PhantomSwift')
SwiftDriver\ Compilation\ Requirements PhantomSwiftNetworking normal arm64_32 com.apple.xcode.tools.swift.compiler (in target 'PhantomSwiftNetworking' from project 'PhantomSwift')
cd /Users/admin/builder/spi-builder-workspace/.swiftpm/xcode
builtin-Swift-Compilation-Requirements -- /Applications/Xcode-27.0.0-Release.Candidate.app/Contents/Developer/Toolchains/XcodeDefault.xctoolchain/usr/bin/swiftc -parse-as-library -module-name PhantomSwiftNetworking -Onone @/Users/admin/builder/spi-builder-workspace/.derivedData/Build/Intermediates.noindex/PhantomSwift.build/Debug-watchos/PhantomSwiftNetworking-t.build/Objects-normal/arm64_32/PhantomSwiftNetworking.SwiftFileList -DSWIFT_PACKAGE -DDEBUG -DSWIFT_MODULE_RESOURCE_BUNDLE_UNAVAILABLE -DXcode -plugin-path /Applications/Xcode-27.0.0-Release.Candidate.app/Contents/Developer/Toolchains/XcodeDefault.xctoolchain/usr/lib/swift/host/plugins/testing -enable-experimental-feature DebugDescriptionMacro -sdk /Applications/Xcode-27.0.0-Release.Candidate.app/Contents/Developer/Platforms/WatchOS.platform/Developer/SDKs/WatchOS27.0.sdk -target arm64_32-apple-watchos9.0 -g -module-cache-path /Users/admin/builder/spi-builder-workspace/.derivedData/ModuleCache.noindex -Xfrontend -serialize-debugging-options -profile-coverage-mapping -profile-generate -enable-testing -index-store-path /Users/admin/builder/spi-builder-workspace/.derivedData/Index.noindex/DataStore -Xcc -D_LIBCPP_HARDENING_MODE\=_LIBCPP_HARDENING_MODE_DEBUG -swift-version 5 -I /Users/admin/builder/spi-builder-workspace/.derivedData/Build/Products/Debug-watchos -Isystem /Applications/Xcode-27.0.0-Release.Candidate.app/Contents/Developer/Platforms/WatchOS.platform/Developer/usr/lib -F /Users/admin/builder/spi-builder-workspace/.derivedData/Build/Products/Debug-watchos -F /Applications/Xcode-27.0.0-Release.Candidate.app/Contents/Developer/Platforms/WatchOS.platform/Developer/Library/Frameworks -F /Applications/Xcode-27.0.0-Release.Candidate.app/Contents/Developer/Platforms/WatchOS.platform/Developer/SDKs/WatchOS27.0.sdk/Developer/Library/Frameworks -c -j10 -enable-batch-mode -incremental -Xcc -ivfsstatcache -Xcc /Users/admin/builder/spi-builder-workspace/.derivedData/SDKStatCaches.noindex/watchos27.0-24R360-e829b21a6f8c9b70876ba0858053c04477534ef55a1706bf4c1112bbb242f0a2.sdkstatcache -output-file-map /Users/admin/builder/spi-builder-workspace/.derivedData/Build/Intermediates.noindex/PhantomSwift.build/Debug-watchos/PhantomSwiftNetworking-t.build/Objects-normal/arm64_32/PhantomSwiftNetworking-OutputFileMap.json -save-temps -no-color-diagnostics -explicit-module-build -module-cache-path /Users/admin/builder/spi-builder-workspace/.derivedData/Build/Intermediates.noindex/SwiftExplicitPrecompiledModules -clang-scanner-module-cache-path /Users/admin/builder/spi-builder-workspace/.derivedData/ModuleCache.noindex -sdk-module-cache-path /Users/admin/builder/spi-builder-workspace/.derivedData/SDKExplicitPrecompiledModules -emit-dependencies -emit-module -emit-module-path /Users/admin/builder/spi-builder-workspace/.derivedData/Build/Intermediates.noindex/PhantomSwift.build/Debug-watchos/PhantomSwiftNetworking-t.build/Objects-normal/arm64_32/PhantomSwiftNetworking.swiftmodule -serialize-diagnostics -dependency-scan-serialize-diagnostics-path /Users/admin/builder/spi-builder-workspace/.derivedData/Build/Intermediates.noindex/PhantomSwift.build/Debug-watchos/PhantomSwiftNetworking-t.build/Objects-normal/arm64_32/PhantomSwiftNetworking-dependency-scan.dia -validate-clang-modules-once -clang-build-session-file /Users/admin/builder/spi-builder-workspace/.derivedData/ModuleCache.noindex/Session.modulevalidation -Xcc -fmodules-prune-interval\=86400 -Xcc -fmodules-prune-after\=345600 -package-name spi_builder_workspace -emit-const-values -const-gather-protocols-list /Users/admin/builder/spi-builder-workspace/.derivedData/Build/Intermediates.noindex/PhantomSwift.build/Debug-watchos/PhantomSwiftNetworking-t.build/Objects-normal/arm64_32/PhantomSwiftNetworking_const_extract_protocols.json -Xcc -I/Users/admin/builder/spi-builder-workspace/.derivedData/Build/Products/Debug-watchos/include -Xcc -I/Users/admin/builder/spi-builder-workspace/.derivedData/Build/Intermediates.noindex/PhantomSwift.build/Debug-watchos/PhantomSwiftNetworking-t.build/DerivedSources-normal/arm64_32 -Xcc -I/Users/admin/builder/spi-builder-workspace/.derivedData/Build/Intermediates.noindex/PhantomSwift.build/Debug-watchos/PhantomSwiftNetworking-t.build/DerivedSources/arm64_32 -Xcc -I/Users/admin/builder/spi-builder-workspace/.derivedData/Build/Intermediates.noindex/PhantomSwift.build/Debug-watchos/PhantomSwiftNetworking-t.build/DerivedSources -Xcc -DSWIFT_PACKAGE -Xcc -DDEBUG\=1 -emit-objc-header -emit-objc-header-path /Users/admin/builder/spi-builder-workspace/.derivedData/Build/Intermediates.noindex/PhantomSwift.build/Debug-watchos/PhantomSwiftNetworking-t.build/Objects-normal/arm64_32/PhantomSwiftNetworking-Swift.h -working-directory /Users/admin/builder/spi-builder-workspace/.swiftpm/xcode -experimental-emit-module-separately -disable-cmo
SwiftDriverJobDiscovery normal arm64 Emitting module for PhantomSwiftNetworking (in target 'PhantomSwiftNetworking' from project 'PhantomSwift')
SwiftCompile normal arm64 Compiling\ PhantomInterceptor.swift /Users/admin/builder/spi-builder-workspace/Sources/PhantomSwiftNetworking/Modules/Interceptor/PhantomInterceptor.swift (in target 'PhantomSwiftNetworking' from project 'PhantomSwift')
SwiftCompile normal arm64 /Users/admin/builder/spi-builder-workspace/Sources/PhantomSwiftNetworking/Modules/Interceptor/PhantomInterceptor.swift (in target 'PhantomSwiftNetworking' from project 'PhantomSwift')
cd /Users/admin/builder/spi-builder-workspace/.swiftpm/xcode
builtin-SwiftPerFileCompile PhantomInterceptor.swift
SwiftDriver\ Compilation\ Requirements PhantomSwiftNetworking normal arm64 com.apple.xcode.tools.swift.compiler (in target 'PhantomSwiftNetworking' from project 'PhantomSwift')
cd /Users/admin/builder/spi-builder-workspace/.swiftpm/xcode
builtin-Swift-Compilation-Requirements -- /Applications/Xcode-27.0.0-Release.Candidate.app/Contents/Developer/Toolchains/XcodeDefault.xctoolchain/usr/bin/swiftc -parse-as-library -module-name PhantomSwiftNetworking -Onone @/Users/admin/builder/spi-builder-workspace/.derivedData/Build/Intermediates.noindex/PhantomSwift.build/Debug-watchos/PhantomSwiftNetworking-t.build/Objects-normal/arm64/PhantomSwiftNetworking.SwiftFileList -DSWIFT_PACKAGE -DDEBUG -DSWIFT_MODULE_RESOURCE_BUNDLE_UNAVAILABLE -DXcode -plugin-path /Applications/Xcode-27.0.0-Release.Candidate.app/Contents/Developer/Toolchains/XcodeDefault.xctoolchain/usr/lib/swift/host/plugins/testing -enable-experimental-feature DebugDescriptionMacro -sdk /Applications/Xcode-27.0.0-Release.Candidate.app/Contents/Developer/Platforms/WatchOS.platform/Developer/SDKs/WatchOS27.0.sdk -target arm64-apple-watchos9.0 -g -module-cache-path /Users/admin/builder/spi-builder-workspace/.derivedData/ModuleCache.noindex -Xfrontend -serialize-debugging-options -profile-coverage-mapping -profile-generate -enable-testing -index-store-path /Users/admin/builder/spi-builder-workspace/.derivedData/Index.noindex/DataStore -Xcc -D_LIBCPP_HARDENING_MODE\=_LIBCPP_HARDENING_MODE_DEBUG -swift-version 5 -I /Users/admin/builder/spi-builder-workspace/.derivedData/Build/Products/Debug-watchos -Isystem /Applications/Xcode-27.0.0-Release.Candidate.app/Contents/Developer/Platforms/WatchOS.platform/Developer/usr/lib -F /Users/admin/builder/spi-builder-workspace/.derivedData/Build/Products/Debug-watchos -F /Applications/Xcode-27.0.0-Release.Candidate.app/Contents/Developer/Platforms/WatchOS.platform/Developer/Library/Frameworks -F /Applications/Xcode-27.0.0-Release.Candidate.app/Contents/Developer/Platforms/WatchOS.platform/Developer/SDKs/WatchOS27.0.sdk/Developer/Library/Frameworks -c -j10 -enable-batch-mode -incremental -Xcc -ivfsstatcache -Xcc /Users/admin/builder/spi-builder-workspace/.derivedData/SDKStatCaches.noindex/watchos27.0-24R360-e829b21a6f8c9b70876ba0858053c04477534ef55a1706bf4c1112bbb242f0a2.sdkstatcache -output-file-map /Users/admin/builder/spi-builder-workspace/.derivedData/Build/Intermediates.noindex/PhantomSwift.build/Debug-watchos/PhantomSwiftNetworking-t.build/Objects-normal/arm64/PhantomSwiftNetworking-OutputFileMap.json -save-temps -no-color-diagnostics -explicit-module-build -module-cache-path /Users/admin/builder/spi-builder-workspace/.derivedData/Build/Intermediates.noindex/SwiftExplicitPrecompiledModules -clang-scanner-module-cache-path /Users/admin/builder/spi-builder-workspace/.derivedData/ModuleCache.noindex -sdk-module-cache-path /Users/admin/builder/spi-builder-workspace/.derivedData/SDKExplicitPrecompiledModules -emit-dependencies -emit-module -emit-module-path /Users/admin/builder/spi-builder-workspace/.derivedData/Build/Intermediates.noindex/PhantomSwift.build/Debug-watchos/PhantomSwiftNetworking-t.build/Objects-normal/arm64/PhantomSwiftNetworking.swiftmodule -serialize-diagnostics -dependency-scan-serialize-diagnostics-path /Users/admin/builder/spi-builder-workspace/.derivedData/Build/Intermediates.noindex/PhantomSwift.build/Debug-watchos/PhantomSwiftNetworking-t.build/Objects-normal/arm64/PhantomSwiftNetworking-dependency-scan.dia -validate-clang-modules-once -clang-build-session-file /Users/admin/builder/spi-builder-workspace/.derivedData/ModuleCache.noindex/Session.modulevalidation -Xcc -fmodules-prune-interval\=86400 -Xcc -fmodules-prune-after\=345600 -package-name spi_builder_workspace -emit-const-values -const-gather-protocols-list /Users/admin/builder/spi-builder-workspace/.derivedData/Build/Intermediates.noindex/PhantomSwift.build/Debug-watchos/PhantomSwiftNetworking-t.build/Objects-normal/arm64/PhantomSwiftNetworking_const_extract_protocols.json -Xcc -I/Users/admin/builder/spi-builder-workspace/.derivedData/Build/Products/Debug-watchos/include -Xcc -I/Users/admin/builder/spi-builder-workspace/.derivedData/Build/Intermediates.noindex/PhantomSwift.build/Debug-watchos/PhantomSwiftNetworking-t.build/DerivedSources-normal/arm64 -Xcc -I/Users/admin/builder/spi-builder-workspace/.derivedData/Build/Intermediates.noindex/PhantomSwift.build/Debug-watchos/PhantomSwiftNetworking-t.build/DerivedSources/arm64 -Xcc -I/Users/admin/builder/spi-builder-workspace/.derivedData/Build/Intermediates.noindex/PhantomSwift.build/Debug-watchos/PhantomSwiftNetworking-t.build/DerivedSources -Xcc -DSWIFT_PACKAGE -Xcc -DDEBUG\=1 -emit-objc-header -emit-objc-header-path /Users/admin/builder/spi-builder-workspace/.derivedData/Build/Intermediates.noindex/PhantomSwift.build/Debug-watchos/PhantomSwiftNetworking-t.build/Objects-normal/arm64/PhantomSwiftNetworking-Swift.h -working-directory /Users/admin/builder/spi-builder-workspace/.swiftpm/xcode -experimental-emit-module-separately -disable-cmo
SwiftDriverJobDiscovery normal arm64 Compiling PhantomCURLExporter.swift (in target 'PhantomSwiftNetworking' from project 'PhantomSwift')
Copy /Users/admin/builder/spi-builder-workspace/.derivedData/Build/Products/Debug-watchos/PhantomSwiftNetworking.swiftmodule/arm64_32-apple-watchos.swiftmodule /Users/admin/builder/spi-builder-workspace/.derivedData/Build/Intermediates.noindex/PhantomSwift.build/Debug-watchos/PhantomSwiftNetworking-t.build/Objects-normal/arm64_32/PhantomSwiftNetworking.swiftmodule (in target 'PhantomSwiftNetworking' from project 'PhantomSwift')
cd /Users/admin/builder/spi-builder-workspace
builtin-copy -exclude .DS_Store -exclude CVS -exclude .svn -exclude .git -exclude .hg -resolve-src-symlinks -rename /Users/admin/builder/spi-builder-workspace/.derivedData/Build/Intermediates.noindex/PhantomSwift.build/Debug-watchos/PhantomSwiftNetworking-t.build/Objects-normal/arm64_32/PhantomSwiftNetworking.swiftmodule /Users/admin/builder/spi-builder-workspace/.derivedData/Build/Products/Debug-watchos/PhantomSwiftNetworking.swiftmodule/arm64_32-apple-watchos.swiftmodule
Copy /Users/admin/builder/spi-builder-workspace/.derivedData/Build/Products/Debug-watchos/PhantomSwiftNetworking.swiftmodule/arm64_32-apple-watchos.swiftdoc /Users/admin/builder/spi-builder-workspace/.derivedData/Build/Intermediates.noindex/PhantomSwift.build/Debug-watchos/PhantomSwiftNetworking-t.build/Objects-normal/arm64_32/PhantomSwiftNetworking.swiftdoc (in target 'PhantomSwiftNetworking' from project 'PhantomSwift')
cd /Users/admin/builder/spi-builder-workspace
builtin-copy -exclude .DS_Store -exclude CVS -exclude .svn -exclude .git -exclude .hg -resolve-src-symlinks -rename /Users/admin/builder/spi-builder-workspace/.derivedData/Build/Intermediates.noindex/PhantomSwift.build/Debug-watchos/PhantomSwiftNetworking-t.build/Objects-normal/arm64_32/PhantomSwiftNetworking.swiftdoc /Users/admin/builder/spi-builder-workspace/.derivedData/Build/Products/Debug-watchos/PhantomSwiftNetworking.swiftmodule/arm64_32-apple-watchos.swiftdoc
Copy /Users/admin/builder/spi-builder-workspace/.derivedData/Build/Products/Debug-watchos/PhantomSwiftNetworking.swiftmodule/arm64_32-apple-watchos.abi.json /Users/admin/builder/spi-builder-workspace/.derivedData/Build/Intermediates.noindex/PhantomSwift.build/Debug-watchos/PhantomSwiftNetworking-t.build/Objects-normal/arm64_32/PhantomSwiftNetworking.abi.json (in target 'PhantomSwiftNetworking' from project 'PhantomSwift')
cd /Users/admin/builder/spi-builder-workspace
builtin-copy -exclude .DS_Store -exclude CVS -exclude .svn -exclude .git -exclude .hg -resolve-src-symlinks -rename /Users/admin/builder/spi-builder-workspace/.derivedData/Build/Intermediates.noindex/PhantomSwift.build/Debug-watchos/PhantomSwiftNetworking-t.build/Objects-normal/arm64_32/PhantomSwiftNetworking.abi.json /Users/admin/builder/spi-builder-workspace/.derivedData/Build/Products/Debug-watchos/PhantomSwiftNetworking.swiftmodule/arm64_32-apple-watchos.abi.json
SwiftDriverJobDiscovery normal arm64 Compiling PhantomNetworkSimulator.swift (in target 'PhantomSwiftNetworking' from project 'PhantomSwift')
SwiftCompile normal arm64 Compiling\ InterceptRule.swift /Users/admin/builder/spi-builder-workspace/Sources/PhantomSwiftNetworking/Modules/Interceptor/InterceptRule.swift (in target 'PhantomSwiftNetworking' from project 'PhantomSwift')
SwiftCompile normal arm64 /Users/admin/builder/spi-builder-workspace/Sources/PhantomSwiftNetworking/Modules/Interceptor/InterceptRule.swift (in target 'PhantomSwiftNetworking' from project 'PhantomSwift')
cd /Users/admin/builder/spi-builder-workspace/.swiftpm/xcode
builtin-SwiftPerFileCompile InterceptRule.swift
Copy /Users/admin/builder/spi-builder-workspace/.derivedData/Build/Products/Debug-watchos/PhantomSwiftNetworking.swiftmodule/Project/arm64_32-apple-watchos.swiftsourceinfo /Users/admin/builder/spi-builder-workspace/.derivedData/Build/Intermediates.noindex/PhantomSwift.build/Debug-watchos/PhantomSwiftNetworking-t.build/Objects-normal/arm64_32/PhantomSwiftNetworking.swiftsourceinfo (in target 'PhantomSwiftNetworking' from project 'PhantomSwift')
cd /Users/admin/builder/spi-builder-workspace
builtin-copy -exclude .DS_Store -exclude CVS -exclude .svn -exclude .git -exclude .hg -resolve-src-symlinks -rename /Users/admin/builder/spi-builder-workspace/.derivedData/Build/Intermediates.noindex/PhantomSwift.build/Debug-watchos/PhantomSwiftNetworking-t.build/Objects-normal/arm64_32/PhantomSwiftNetworking.swiftsourceinfo /Users/admin/builder/spi-builder-workspace/.derivedData/Build/Products/Debug-watchos/PhantomSwiftNetworking.swiftmodule/Project/arm64_32-apple-watchos.swiftsourceinfo
SwiftCompile normal arm64 Compiling\ PhantomRuleMatcher.swift /Users/admin/builder/spi-builder-workspace/Sources/PhantomSwiftNetworking/Modules/Interceptor/PhantomRuleMatcher.swift (in target 'PhantomSwiftNetworking' from project 'PhantomSwift')
SwiftCompile normal arm64 /Users/admin/builder/spi-builder-workspace/Sources/PhantomSwiftNetworking/Modules/Interceptor/PhantomRuleMatcher.swift (in target 'PhantomSwiftNetworking' from project 'PhantomSwift')
cd /Users/admin/builder/spi-builder-workspace/.swiftpm/xcode
builtin-SwiftPerFileCompile PhantomRuleMatcher.swift
SwiftDriverJobDiscovery normal arm64_32 Compiling PhantomRuleMatcher.swift (in target 'PhantomSwiftNetworking' from project 'PhantomSwift')
SwiftMergeGeneratedHeaders /Users/admin/builder/spi-builder-workspace/.derivedData/Build/Intermediates.noindex/GeneratedModuleMaps-watchos/PhantomSwiftNetworking-Swift.h /Users/admin/builder/spi-builder-workspace/.derivedData/Build/Intermediates.noindex/PhantomSwift.build/Debug-watchos/PhantomSwiftNetworking-t.build/Objects-normal/arm64/PhantomSwiftNetworking-Swift.h /Users/admin/builder/spi-builder-workspace/.derivedData/Build/Intermediates.noindex/PhantomSwift.build/Debug-watchos/PhantomSwiftNetworking-t.build/Objects-normal/arm64_32/PhantomSwiftNetworking-Swift.h (in target 'PhantomSwiftNetworking' from project 'PhantomSwift')
cd /Users/admin/builder/spi-builder-workspace
builtin-swiftHeaderTool -arch arm64 /Users/admin/builder/spi-builder-workspace/.derivedData/Build/Intermediates.noindex/PhantomSwift.build/Debug-watchos/PhantomSwiftNetworking-t.build/Objects-normal/arm64/PhantomSwiftNetworking-Swift.h -arch arm64_32 /Users/admin/builder/spi-builder-workspace/.derivedData/Build/Intermediates.noindex/PhantomSwift.build/Debug-watchos/PhantomSwiftNetworking-t.build/Objects-normal/arm64_32/PhantomSwiftNetworking-Swift.h -o /Users/admin/builder/spi-builder-workspace/.derivedData/Build/Intermediates.noindex/GeneratedModuleMaps-watchos/PhantomSwiftNetworking-Swift.h
Copy /Users/admin/builder/spi-builder-workspace/.derivedData/Build/Products/Debug-watchos/PhantomSwiftNetworking.swiftmodule/arm64-apple-watchos.swiftmodule /Users/admin/builder/spi-builder-workspace/.derivedData/Build/Intermediates.noindex/PhantomSwift.build/Debug-watchos/PhantomSwiftNetworking-t.build/Objects-normal/arm64/PhantomSwiftNetworking.swiftmodule (in target 'PhantomSwiftNetworking' from project 'PhantomSwift')
cd /Users/admin/builder/spi-builder-workspace
builtin-copy -exclude .DS_Store -exclude CVS -exclude .svn -exclude .git -exclude .hg -resolve-src-symlinks -rename /Users/admin/builder/spi-builder-workspace/.derivedData/Build/Intermediates.noindex/PhantomSwift.build/Debug-watchos/PhantomSwiftNetworking-t.build/Objects-normal/arm64/PhantomSwiftNetworking.swiftmodule /Users/admin/builder/spi-builder-workspace/.derivedData/Build/Products/Debug-watchos/PhantomSwiftNetworking.swiftmodule/arm64-apple-watchos.swiftmodule
SwiftDriverJobDiscovery normal arm64_32 Compiling PhantomNetworkSimulator.swift (in target 'PhantomSwiftNetworking' from project 'PhantomSwift')
Copy /Users/admin/builder/spi-builder-workspace/.derivedData/Build/Products/Debug-watchos/PhantomSwiftNetworking.swiftmodule/arm64-apple-watchos.swiftdoc /Users/admin/builder/spi-builder-workspace/.derivedData/Build/Intermediates.noindex/PhantomSwift.build/Debug-watchos/PhantomSwiftNetworking-t.build/Objects-normal/arm64/PhantomSwiftNetworking.swiftdoc (in target 'PhantomSwiftNetworking' from project 'PhantomSwift')
cd /Users/admin/builder/spi-builder-workspace
builtin-copy -exclude .DS_Store -exclude CVS -exclude .svn -exclude .git -exclude .hg -resolve-src-symlinks -rename /Users/admin/builder/spi-builder-workspace/.derivedData/Build/Intermediates.noindex/PhantomSwift.build/Debug-watchos/PhantomSwiftNetworking-t.build/Objects-normal/arm64/PhantomSwiftNetworking.swiftdoc /Users/admin/builder/spi-builder-workspace/.derivedData/Build/Products/Debug-watchos/PhantomSwiftNetworking.swiftmodule/arm64-apple-watchos.swiftdoc
Copy /Users/admin/builder/spi-builder-workspace/.derivedData/Build/Products/Debug-watchos/PhantomSwiftNetworking.swiftmodule/arm64-apple-watchos.abi.json /Users/admin/builder/spi-builder-workspace/.derivedData/Build/Intermediates.noindex/PhantomSwift.build/Debug-watchos/PhantomSwiftNetworking-t.build/Objects-normal/arm64/PhantomSwiftNetworking.abi.json (in target 'PhantomSwiftNetworking' from project 'PhantomSwift')
cd /Users/admin/builder/spi-builder-workspace
builtin-copy -exclude .DS_Store -exclude CVS -exclude .svn -exclude .git -exclude .hg -resolve-src-symlinks -rename /Users/admin/builder/spi-builder-workspace/.derivedData/Build/Intermediates.noindex/PhantomSwift.build/Debug-watchos/PhantomSwiftNetworking-t.build/Objects-normal/arm64/PhantomSwiftNetworking.abi.json /Users/admin/builder/spi-builder-workspace/.derivedData/Build/Products/Debug-watchos/PhantomSwiftNetworking.swiftmodule/arm64-apple-watchos.abi.json
SwiftDriverJobDiscovery normal arm64 Compiling PhantomNetworkModel.swift (in target 'PhantomSwiftNetworking' from project 'PhantomSwift')
Copy /Users/admin/builder/spi-builder-workspace/.derivedData/Build/Products/Debug-watchos/PhantomSwiftNetworking.swiftmodule/Project/arm64-apple-watchos.swiftsourceinfo /Users/admin/builder/spi-builder-workspace/.derivedData/Build/Intermediates.noindex/PhantomSwift.build/Debug-watchos/PhantomSwiftNetworking-t.build/Objects-normal/arm64/PhantomSwiftNetworking.swiftsourceinfo (in target 'PhantomSwiftNetworking' from project 'PhantomSwift')
cd /Users/admin/builder/spi-builder-workspace
builtin-copy -exclude .DS_Store -exclude CVS -exclude .svn -exclude .git -exclude .hg -resolve-src-symlinks -rename /Users/admin/builder/spi-builder-workspace/.derivedData/Build/Intermediates.noindex/PhantomSwift.build/Debug-watchos/PhantomSwiftNetworking-t.build/Objects-normal/arm64/PhantomSwiftNetworking.swiftsourceinfo /Users/admin/builder/spi-builder-workspace/.derivedData/Build/Products/Debug-watchos/PhantomSwiftNetworking.swiftmodule/Project/arm64-apple-watchos.swiftsourceinfo
SwiftDriverJobDiscovery normal arm64_32 Compiling PhantomCURLExporter.swift (in target 'PhantomSwiftNetworking' from project 'PhantomSwift')
SwiftDriverJobDiscovery normal arm64_32 Compiling PhantomNetworkModel.swift (in target 'PhantomSwiftNetworking' from project 'PhantomSwift')
SwiftDriver PhantomSwift normal arm64_32 com.apple.xcode.tools.swift.compiler (in target 'PhantomSwift' from project 'PhantomSwift')
cd /Users/admin/builder/spi-builder-workspace/.swiftpm/xcode
builtin-SwiftDriver -- /Applications/Xcode-27.0.0-Release.Candidate.app/Contents/Developer/Toolchains/XcodeDefault.xctoolchain/usr/bin/swiftc -parse-as-library -module-name PhantomSwift -Onone @/Users/admin/builder/spi-builder-workspace/.derivedData/Build/Intermediates.noindex/PhantomSwift.build/Debug-watchos/PhantomSwift-t.build/Objects-normal/arm64_32/PhantomSwift.SwiftFileList -DSWIFT_PACKAGE -DDEBUG -DSWIFT_MODULE_RESOURCE_BUNDLE_UNAVAILABLE -DXcode -plugin-path /Applications/Xcode-27.0.0-Release.Candidate.app/Contents/Developer/Toolchains/XcodeDefault.xctoolchain/usr/lib/swift/host/plugins/testing -enable-experimental-feature DebugDescriptionMacro -sdk /Applications/Xcode-27.0.0-Release.Candidate.app/Contents/Developer/Platforms/WatchOS.platform/Developer/SDKs/WatchOS27.0.sdk -target arm64_32-apple-watchos9.0 -g -module-cache-path /Users/admin/builder/spi-builder-workspace/.derivedData/ModuleCache.noindex -Xfrontend -serialize-debugging-options -profile-coverage-mapping -profile-generate -enable-testing -index-store-path /Users/admin/builder/spi-builder-workspace/.derivedData/Index.noindex/DataStore -Xcc -D_LIBCPP_HARDENING_MODE\=_LIBCPP_HARDENING_MODE_DEBUG -swift-version 5 -I /Users/admin/builder/spi-builder-workspace/.derivedData/Build/Products/Debug-watchos -Isystem /Applications/Xcode-27.0.0-Release.Candidate.app/Contents/Developer/Platforms/WatchOS.platform/Developer/usr/lib -F /Users/admin/builder/spi-builder-workspace/.derivedData/Build/Products/Debug-watchos/PackageFrameworks -F /Users/admin/builder/spi-builder-workspace/.derivedData/Build/Products/Debug-watchos -F /Applications/Xcode-27.0.0-Release.Candidate.app/Contents/Developer/Platforms/WatchOS.platform/Developer/Library/Frameworks -F /Applications/Xcode-27.0.0-Release.Candidate.app/Contents/Developer/Platforms/WatchOS.platform/Developer/SDKs/WatchOS27.0.sdk/Developer/Library/Frameworks -c -j10 -enable-batch-mode -incremental -Xcc -ivfsstatcache -Xcc /Users/admin/builder/spi-builder-workspace/.derivedData/SDKStatCaches.noindex/watchos27.0-24R360-e829b21a6f8c9b70876ba0858053c04477534ef55a1706bf4c1112bbb242f0a2.sdkstatcache -output-file-map /Users/admin/builder/spi-builder-workspace/.derivedData/Build/Intermediates.noindex/PhantomSwift.build/Debug-watchos/PhantomSwift-t.build/Objects-normal/arm64_32/PhantomSwift-OutputFileMap.json -save-temps -no-color-diagnostics -explicit-module-build -module-cache-path /Users/admin/builder/spi-builder-workspace/.derivedData/Build/Intermediates.noindex/SwiftExplicitPrecompiledModules -clang-scanner-module-cache-path /Users/admin/builder/spi-builder-workspace/.derivedData/ModuleCache.noindex -sdk-module-cache-path /Users/admin/builder/spi-builder-workspace/.derivedData/SDKExplicitPrecompiledModules -emit-dependencies -emit-module -emit-module-path /Users/admin/builder/spi-builder-workspace/.derivedData/Build/Intermediates.noindex/PhantomSwift.build/Debug-watchos/PhantomSwift-t.build/Objects-normal/arm64_32/PhantomSwift.swiftmodule -serialize-diagnostics -dependency-scan-serialize-diagnostics-path /Users/admin/builder/spi-builder-workspace/.derivedData/Build/Intermediates.noindex/PhantomSwift.build/Debug-watchos/PhantomSwift-t.build/Objects-normal/arm64_32/PhantomSwift-dependency-scan.dia -validate-clang-modules-once -clang-build-session-file /Users/admin/builder/spi-builder-workspace/.derivedData/ModuleCache.noindex/Session.modulevalidation -Xcc -fmodules-prune-interval\=86400 -Xcc -fmodules-prune-after\=345600 -package-name spi_builder_workspace -emit-const-values -const-gather-protocols-list /Users/admin/builder/spi-builder-workspace/.derivedData/Build/Intermediates.noindex/PhantomSwift.build/Debug-watchos/PhantomSwift-t.build/Objects-normal/arm64_32/PhantomSwift_const_extract_protocols.json -Xcc -I/Users/admin/builder/spi-builder-workspace/.derivedData/Build/Products/Debug-watchos/include -Xcc -I/Users/admin/builder/spi-builder-workspace/.derivedData/Build/Intermediates.noindex/PhantomSwift.build/Debug-watchos/PhantomSwift-t.build/DerivedSources-normal/arm64_32 -Xcc -I/Users/admin/builder/spi-builder-workspace/.derivedData/Build/Intermediates.noindex/PhantomSwift.build/Debug-watchos/PhantomSwift-t.build/DerivedSources/arm64_32 -Xcc -I/Users/admin/builder/spi-builder-workspace/.derivedData/Build/Intermediates.noindex/PhantomSwift.build/Debug-watchos/PhantomSwift-t.build/DerivedSources -Xcc -DSWIFT_PACKAGE -Xcc -DDEBUG\=1 -emit-objc-header -emit-objc-header-path /Users/admin/builder/spi-builder-workspace/.derivedData/Build/Intermediates.noindex/PhantomSwift.build/Debug-watchos/PhantomSwift-t.build/Objects-normal/arm64_32/PhantomSwift-Swift.h -working-directory /Users/admin/builder/spi-builder-workspace/.swiftpm/xcode -experimental-emit-module-separately -disable-cmo
/Users/admin/builder/spi-builder-workspace/Sources/PhantomSwift/Modules/Performance/Core/PhantomCrashLogStore.swift:4:8: error: Unable to resolve module dependency: 'MetricKit' (in target 'PhantomSwift' from project 'PhantomSwift')
note: A dependency of main module 'PhantomSwift'
/Users/admin/builder/spi-builder-workspace/Sources/PhantomSwift/Modules/Performance/Core/PhantomMetricKitMonitor.swift:3:8: note: Also imported here
/Users/admin/builder/spi-builder-workspace/Sources/PhantomSwift/Modules/Performance/UI/PerformanceDashboardVC.swift:3:8: note: Also imported here
/Users/admin/builder/spi-builder-workspace/Sources/PhantomSwift/Modules/Performance/Core/PhantomCrashLogStore.swift:4:8: note: A dependency of main module 'PhantomSwift'
import MetricKit
^ (in target 'PhantomSwift' from project 'PhantomSwift')
/Users/admin/builder/spi-builder-workspace/Sources/PhantomSwift/Modules/Performance/Core/PhantomMetricKitMonitor.swift:3:8: note: Also imported here
import MetricKit
^ (in target 'PhantomSwift' from project 'PhantomSwift')
/Users/admin/builder/spi-builder-workspace/Sources/PhantomSwift/Modules/Performance/UI/PerformanceDashboardVC.swift:3:8: note: Also imported here
import MetricKit
^ (in target 'PhantomSwift' from project 'PhantomSwift')
SwiftDriver PhantomSwift normal arm64 com.apple.xcode.tools.swift.compiler (in target 'PhantomSwift' from project 'PhantomSwift')
cd /Users/admin/builder/spi-builder-workspace/.swiftpm/xcode
builtin-SwiftDriver -- /Applications/Xcode-27.0.0-Release.Candidate.app/Contents/Developer/Toolchains/XcodeDefault.xctoolchain/usr/bin/swiftc -parse-as-library -module-name PhantomSwift -Onone @/Users/admin/builder/spi-builder-workspace/.derivedData/Build/Intermediates.noindex/PhantomSwift.build/Debug-watchos/PhantomSwift-t.build/Objects-normal/arm64/PhantomSwift.SwiftFileList -DSWIFT_PACKAGE -DDEBUG -DSWIFT_MODULE_RESOURCE_BUNDLE_UNAVAILABLE -DXcode -plugin-path /Applications/Xcode-27.0.0-Release.Candidate.app/Contents/Developer/Toolchains/XcodeDefault.xctoolchain/usr/lib/swift/host/plugins/testing -enable-experimental-feature DebugDescriptionMacro -sdk /Applications/Xcode-27.0.0-Release.Candidate.app/Contents/Developer/Platforms/WatchOS.platform/Developer/SDKs/WatchOS27.0.sdk -target arm64-apple-watchos9.0 -g -module-cache-path /Users/admin/builder/spi-builder-workspace/.derivedData/ModuleCache.noindex -Xfrontend -serialize-debugging-options -profile-coverage-mapping -profile-generate -enable-testing -index-store-path /Users/admin/builder/spi-builder-workspace/.derivedData/Index.noindex/DataStore -Xcc -D_LIBCPP_HARDENING_MODE\=_LIBCPP_HARDENING_MODE_DEBUG -swift-version 5 -I /Users/admin/builder/spi-builder-workspace/.derivedData/Build/Products/Debug-watchos -Isystem /Applications/Xcode-27.0.0-Release.Candidate.app/Contents/Developer/Platforms/WatchOS.platform/Developer/usr/lib -F /Users/admin/builder/spi-builder-workspace/.derivedData/Build/Products/Debug-watchos/PackageFrameworks -F /Users/admin/builder/spi-builder-workspace/.derivedData/Build/Products/Debug-watchos -F /Applications/Xcode-27.0.0-Release.Candidate.app/Contents/Developer/Platforms/WatchOS.platform/Developer/Library/Frameworks -F /Applications/Xcode-27.0.0-Release.Candidate.app/Contents/Developer/Platforms/WatchOS.platform/Developer/SDKs/WatchOS27.0.sdk/Developer/Library/Frameworks -c -j10 -enable-batch-mode -incremental -Xcc -ivfsstatcache -Xcc /Users/admin/builder/spi-builder-workspace/.derivedData/SDKStatCaches.noindex/watchos27.0-24R360-e829b21a6f8c9b70876ba0858053c04477534ef55a1706bf4c1112bbb242f0a2.sdkstatcache -output-file-map /Users/admin/builder/spi-builder-workspace/.derivedData/Build/Intermediates.noindex/PhantomSwift.build/Debug-watchos/PhantomSwift-t.build/Objects-normal/arm64/PhantomSwift-OutputFileMap.json -save-temps -no-color-diagnostics -explicit-module-build -module-cache-path /Users/admin/builder/spi-builder-workspace/.derivedData/Build/Intermediates.noindex/SwiftExplicitPrecompiledModules -clang-scanner-module-cache-path /Users/admin/builder/spi-builder-workspace/.derivedData/ModuleCache.noindex -sdk-module-cache-path /Users/admin/builder/spi-builder-workspace/.derivedData/SDKExplicitPrecompiledModules -emit-dependencies -emit-module -emit-module-path /Users/admin/builder/spi-builder-workspace/.derivedData/Build/Intermediates.noindex/PhantomSwift.build/Debug-watchos/PhantomSwift-t.build/Objects-normal/arm64/PhantomSwift.swiftmodule -serialize-diagnostics -dependency-scan-serialize-diagnostics-path /Users/admin/builder/spi-builder-workspace/.derivedData/Build/Intermediates.noindex/PhantomSwift.build/Debug-watchos/PhantomSwift-t.build/Objects-normal/arm64/PhantomSwift-dependency-scan.dia -validate-clang-modules-once -clang-build-session-file /Users/admin/builder/spi-builder-workspace/.derivedData/ModuleCache.noindex/Session.modulevalidation -Xcc -fmodules-prune-interval\=86400 -Xcc -fmodules-prune-after\=345600 -package-name spi_builder_workspace -emit-const-values -const-gather-protocols-list /Users/admin/builder/spi-builder-workspace/.derivedData/Build/Intermediates.noindex/PhantomSwift.build/Debug-watchos/PhantomSwift-t.build/Objects-normal/arm64/PhantomSwift_const_extract_protocols.json -Xcc -I/Users/admin/builder/spi-builder-workspace/.derivedData/Build/Products/Debug-watchos/include -Xcc -I/Users/admin/builder/spi-builder-workspace/.derivedData/Build/Intermediates.noindex/PhantomSwift.build/Debug-watchos/PhantomSwift-t.build/DerivedSources-normal/arm64 -Xcc -I/Users/admin/builder/spi-builder-workspace/.derivedData/Build/Intermediates.noindex/PhantomSwift.build/Debug-watchos/PhantomSwift-t.build/DerivedSources/arm64 -Xcc -I/Users/admin/builder/spi-builder-workspace/.derivedData/Build/Intermediates.noindex/PhantomSwift.build/Debug-watchos/PhantomSwift-t.build/DerivedSources -Xcc -DSWIFT_PACKAGE -Xcc -DDEBUG\=1 -emit-objc-header -emit-objc-header-path /Users/admin/builder/spi-builder-workspace/.derivedData/Build/Intermediates.noindex/PhantomSwift.build/Debug-watchos/PhantomSwift-t.build/Objects-normal/arm64/PhantomSwift-Swift.h -working-directory /Users/admin/builder/spi-builder-workspace/.swiftpm/xcode -experimental-emit-module-separately -disable-cmo
/Users/admin/builder/spi-builder-workspace/Sources/PhantomSwift/Modules/Performance/Core/PhantomCrashLogStore.swift:4:8: error: Unable to resolve module dependency: 'MetricKit' (in target 'PhantomSwift' from project 'PhantomSwift')
note: A dependency of main module 'PhantomSwift'
/Users/admin/builder/spi-builder-workspace/Sources/PhantomSwift/Modules/Performance/Core/PhantomMetricKitMonitor.swift:3:8: note: Also imported here
/Users/admin/builder/spi-builder-workspace/Sources/PhantomSwift/Modules/Performance/UI/PerformanceDashboardVC.swift:3:8: note: Also imported here
/Users/admin/builder/spi-builder-workspace/Sources/PhantomSwift/Modules/Performance/Core/PhantomCrashLogStore.swift:4:8: note: A dependency of main module 'PhantomSwift'
import MetricKit
^ (in target 'PhantomSwift' from project 'PhantomSwift')
/Users/admin/builder/spi-builder-workspace/Sources/PhantomSwift/Modules/Performance/Core/PhantomMetricKitMonitor.swift:3:8: note: Also imported here
import MetricKit
^ (in target 'PhantomSwift' from project 'PhantomSwift')
/Users/admin/builder/spi-builder-workspace/Sources/PhantomSwift/Modules/Performance/UI/PerformanceDashboardVC.swift:3:8: note: Also imported here
import MetricKit
^ (in target 'PhantomSwift' from project 'PhantomSwift')
SwiftDriverJobDiscovery normal arm64_32 Compiling InterceptRule.swift (in target 'PhantomSwiftNetworking' from project 'PhantomSwift')
SwiftDriverJobDiscovery normal arm64 Compiling PhantomInterceptor.swift (in target 'PhantomSwiftNetworking' from project 'PhantomSwift')
SwiftDriverJobDiscovery normal arm64_32 Compiling PhantomInterceptor.swift (in target 'PhantomSwiftNetworking' from project 'PhantomSwift')
SwiftDriver\ Compilation PhantomSwiftNetworking normal arm64_32 com.apple.xcode.tools.swift.compiler (in target 'PhantomSwiftNetworking' from project 'PhantomSwift')
cd /Users/admin/builder/spi-builder-workspace/.swiftpm/xcode
builtin-Swift-Compilation -- /Applications/Xcode-27.0.0-Release.Candidate.app/Contents/Developer/Toolchains/XcodeDefault.xctoolchain/usr/bin/swiftc -parse-as-library -module-name PhantomSwiftNetworking -Onone @/Users/admin/builder/spi-builder-workspace/.derivedData/Build/Intermediates.noindex/PhantomSwift.build/Debug-watchos/PhantomSwiftNetworking-t.build/Objects-normal/arm64_32/PhantomSwiftNetworking.SwiftFileList -DSWIFT_PACKAGE -DDEBUG -DSWIFT_MODULE_RESOURCE_BUNDLE_UNAVAILABLE -DXcode -plugin-path /Applications/Xcode-27.0.0-Release.Candidate.app/Contents/Developer/Toolchains/XcodeDefault.xctoolchain/usr/lib/swift/host/plugins/testing -enable-experimental-feature DebugDescriptionMacro -sdk /Applications/Xcode-27.0.0-Release.Candidate.app/Contents/Developer/Platforms/WatchOS.platform/Developer/SDKs/WatchOS27.0.sdk -target arm64_32-apple-watchos9.0 -g -module-cache-path /Users/admin/builder/spi-builder-workspace/.derivedData/ModuleCache.noindex -Xfrontend -serialize-debugging-options -profile-coverage-mapping -profile-generate -enable-testing -index-store-path /Users/admin/builder/spi-builder-workspace/.derivedData/Index.noindex/DataStore -Xcc -D_LIBCPP_HARDENING_MODE\=_LIBCPP_HARDENING_MODE_DEBUG -swift-version 5 -I /Users/admin/builder/spi-builder-workspace/.derivedData/Build/Products/Debug-watchos -Isystem /Applications/Xcode-27.0.0-Release.Candidate.app/Contents/Developer/Platforms/WatchOS.platform/Developer/usr/lib -F /Users/admin/builder/spi-builder-workspace/.derivedData/Build/Products/Debug-watchos -F /Applications/Xcode-27.0.0-Release.Candidate.app/Contents/Developer/Platforms/WatchOS.platform/Developer/Library/Frameworks -F /Applications/Xcode-27.0.0-Release.Candidate.app/Contents/Developer/Platforms/WatchOS.platform/Developer/SDKs/WatchOS27.0.sdk/Developer/Library/Frameworks -c -j10 -enable-batch-mode -incremental -Xcc -ivfsstatcache -Xcc /Users/admin/builder/spi-builder-workspace/.derivedData/SDKStatCaches.noindex/watchos27.0-24R360-e829b21a6f8c9b70876ba0858053c04477534ef55a1706bf4c1112bbb242f0a2.sdkstatcache -output-file-map /Users/admin/builder/spi-builder-workspace/.derivedData/Build/Intermediates.noindex/PhantomSwift.build/Debug-watchos/PhantomSwiftNetworking-t.build/Objects-normal/arm64_32/PhantomSwiftNetworking-OutputFileMap.json -save-temps -no-color-diagnostics -explicit-module-build -module-cache-path /Users/admin/builder/spi-builder-workspace/.derivedData/Build/Intermediates.noindex/SwiftExplicitPrecompiledModules -clang-scanner-module-cache-path /Users/admin/builder/spi-builder-workspace/.derivedData/ModuleCache.noindex -sdk-module-cache-path /Users/admin/builder/spi-builder-workspace/.derivedData/SDKExplicitPrecompiledModules -emit-dependencies -emit-module -emit-module-path /Users/admin/builder/spi-builder-workspace/.derivedData/Build/Intermediates.noindex/PhantomSwift.build/Debug-watchos/PhantomSwiftNetworking-t.build/Objects-normal/arm64_32/PhantomSwiftNetworking.swiftmodule -serialize-diagnostics -dependency-scan-serialize-diagnostics-path /Users/admin/builder/spi-builder-workspace/.derivedData/Build/Intermediates.noindex/PhantomSwift.build/Debug-watchos/PhantomSwiftNetworking-t.build/Objects-normal/arm64_32/PhantomSwiftNetworking-dependency-scan.dia -validate-clang-modules-once -clang-build-session-file /Users/admin/builder/spi-builder-workspace/.derivedData/ModuleCache.noindex/Session.modulevalidation -Xcc -fmodules-prune-interval\=86400 -Xcc -fmodules-prune-after\=345600 -package-name spi_builder_workspace -emit-const-values -const-gather-protocols-list /Users/admin/builder/spi-builder-workspace/.derivedData/Build/Intermediates.noindex/PhantomSwift.build/Debug-watchos/PhantomSwiftNetworking-t.build/Objects-normal/arm64_32/PhantomSwiftNetworking_const_extract_protocols.json -Xcc -I/Users/admin/builder/spi-builder-workspace/.derivedData/Build/Products/Debug-watchos/include -Xcc -I/Users/admin/builder/spi-builder-workspace/.derivedData/Build/Intermediates.noindex/PhantomSwift.build/Debug-watchos/PhantomSwiftNetworking-t.build/DerivedSources-normal/arm64_32 -Xcc -I/Users/admin/builder/spi-builder-workspace/.derivedData/Build/Intermediates.noindex/PhantomSwift.build/Debug-watchos/PhantomSwiftNetworking-t.build/DerivedSources/arm64_32 -Xcc -I/Users/admin/builder/spi-builder-workspace/.derivedData/Build/Intermediates.noindex/PhantomSwift.build/Debug-watchos/PhantomSwiftNetworking-t.build/DerivedSources -Xcc -DSWIFT_PACKAGE -Xcc -DDEBUG\=1 -emit-objc-header -emit-objc-header-path /Users/admin/builder/spi-builder-workspace/.derivedData/Build/Intermediates.noindex/PhantomSwift.build/Debug-watchos/PhantomSwiftNetworking-t.build/Objects-normal/arm64_32/PhantomSwiftNetworking-Swift.h -working-directory /Users/admin/builder/spi-builder-workspace/.swiftpm/xcode -experimental-emit-module-separately -disable-cmo
Ld /Users/admin/builder/spi-builder-workspace/.derivedData/Build/Intermediates.noindex/PhantomSwift.build/Debug-watchos/PhantomSwiftNetworking-t.build/Objects-normal/arm64_32/Binary/PhantomSwiftNetworking.o normal arm64_32 (in target 'PhantomSwiftNetworking' from project 'PhantomSwift')
cd /Users/admin/builder/spi-builder-workspace
/Applications/Xcode-27.0.0-Release.Candidate.app/Contents/Developer/Toolchains/XcodeDefault.xctoolchain/usr/bin/clang -Xlinker -reproducible -target arm64_32-apple-watchos9.0 -r -isysroot /Applications/Xcode-27.0.0-Release.Candidate.app/Contents/Developer/Platforms/WatchOS.platform/Developer/SDKs/WatchOS27.0.sdk -O0 -Xlinker -no_warn_duplicate_libraries -F/Users/admin/builder/spi-builder-workspace/.derivedData/Build/Intermediates.noindex/EagerLinkingTBDs/Debug-watchos -F/Users/admin/builder/spi-builder-workspace/.derivedData/Build/Products/Debug-watchos -iframework /Applications/Xcode-27.0.0-Release.Candidate.app/Contents/Developer/Platforms/WatchOS.platform/Developer/Library/Frameworks -iframework /Applications/Xcode-27.0.0-Release.Candidate.app/Contents/Developer/Platforms/WatchOS.platform/Developer/SDKs/WatchOS27.0.sdk/Developer/Library/Frameworks -filelist /Users/admin/builder/spi-builder-workspace/.derivedData/Build/Intermediates.noindex/PhantomSwift.build/Debug-watchos/PhantomSwiftNetworking-t.build/Objects-normal/arm64_32/PhantomSwiftNetworking.LinkFileList -nostdlib -Xlinker -object_path_lto -Xlinker /Users/admin/builder/spi-builder-workspace/.derivedData/Build/Intermediates.noindex/PhantomSwift.build/Debug-watchos/PhantomSwiftNetworking-t.build/Objects-normal/arm64_32/PhantomSwiftNetworking_lto.o -Xlinker -no_deduplicate -Xlinker -debug_variant -Xlinker -dependency_info -Xlinker /Users/admin/builder/spi-builder-workspace/.derivedData/Build/Intermediates.noindex/PhantomSwift.build/Debug-watchos/PhantomSwiftNetworking-t.build/Objects-normal/arm64_32/PhantomSwiftNetworking_dependency_info.dat -fobjc-link-runtime -L/Applications/Xcode-27.0.0-Release.Candidate.app/Contents/Developer/Toolchains/XcodeDefault.xctoolchain/usr/lib/swift/watchos -L/usr/lib/swift -Xlinker -add_ast_path -Xlinker /Users/admin/builder/spi-builder-workspace/.derivedData/Build/Intermediates.noindex/PhantomSwift.build/Debug-watchos/PhantomSwiftNetworking-t.build/Objects-normal/arm64_32/PhantomSwiftNetworking.swiftmodule -o /Users/admin/builder/spi-builder-workspace/.derivedData/Build/Intermediates.noindex/PhantomSwift.build/Debug-watchos/PhantomSwiftNetworking-t.build/Objects-normal/arm64_32/Binary/PhantomSwiftNetworking.o
SwiftDriverJobDiscovery normal arm64 Compiling PhantomRuleMatcher.swift (in target 'PhantomSwiftNetworking' from project 'PhantomSwift')
SwiftDriverJobDiscovery normal arm64 Compiling InterceptRule.swift (in target 'PhantomSwiftNetworking' from project 'PhantomSwift')
SwiftDriver\ Compilation PhantomSwiftNetworking normal arm64 com.apple.xcode.tools.swift.compiler (in target 'PhantomSwiftNetworking' from project 'PhantomSwift')
cd /Users/admin/builder/spi-builder-workspace/.swiftpm/xcode
builtin-Swift-Compilation -- /Applications/Xcode-27.0.0-Release.Candidate.app/Contents/Developer/Toolchains/XcodeDefault.xctoolchain/usr/bin/swiftc -parse-as-library -module-name PhantomSwiftNetworking -Onone @/Users/admin/builder/spi-builder-workspace/.derivedData/Build/Intermediates.noindex/PhantomSwift.build/Debug-watchos/PhantomSwiftNetworking-t.build/Objects-normal/arm64/PhantomSwiftNetworking.SwiftFileList -DSWIFT_PACKAGE -DDEBUG -DSWIFT_MODULE_RESOURCE_BUNDLE_UNAVAILABLE -DXcode -plugin-path /Applications/Xcode-27.0.0-Release.Candidate.app/Contents/Developer/Toolchains/XcodeDefault.xctoolchain/usr/lib/swift/host/plugins/testing -enable-experimental-feature DebugDescriptionMacro -sdk /Applications/Xcode-27.0.0-Release.Candidate.app/Contents/Developer/Platforms/WatchOS.platform/Developer/SDKs/WatchOS27.0.sdk -target arm64-apple-watchos9.0 -g -module-cache-path /Users/admin/builder/spi-builder-workspace/.derivedData/ModuleCache.noindex -Xfrontend -serialize-debugging-options -profile-coverage-mapping -profile-generate -enable-testing -index-store-path /Users/admin/builder/spi-builder-workspace/.derivedData/Index.noindex/DataStore -Xcc -D_LIBCPP_HARDENING_MODE\=_LIBCPP_HARDENING_MODE_DEBUG -swift-version 5 -I /Users/admin/builder/spi-builder-workspace/.derivedData/Build/Products/Debug-watchos -Isystem /Applications/Xcode-27.0.0-Release.Candidate.app/Contents/Developer/Platforms/WatchOS.platform/Developer/usr/lib -F /Users/admin/builder/spi-builder-workspace/.derivedData/Build/Products/Debug-watchos -F /Applications/Xcode-27.0.0-Release.Candidate.app/Contents/Developer/Platforms/WatchOS.platform/Developer/Library/Frameworks -F /Applications/Xcode-27.0.0-Release.Candidate.app/Contents/Developer/Platforms/WatchOS.platform/Developer/SDKs/WatchOS27.0.sdk/Developer/Library/Frameworks -c -j10 -enable-batch-mode -incremental -Xcc -ivfsstatcache -Xcc /Users/admin/builder/spi-builder-workspace/.derivedData/SDKStatCaches.noindex/watchos27.0-24R360-e829b21a6f8c9b70876ba0858053c04477534ef55a1706bf4c1112bbb242f0a2.sdkstatcache -output-file-map /Users/admin/builder/spi-builder-workspace/.derivedData/Build/Intermediates.noindex/PhantomSwift.build/Debug-watchos/PhantomSwiftNetworking-t.build/Objects-normal/arm64/PhantomSwiftNetworking-OutputFileMap.json -save-temps -no-color-diagnostics -explicit-module-build -module-cache-path /Users/admin/builder/spi-builder-workspace/.derivedData/Build/Intermediates.noindex/SwiftExplicitPrecompiledModules -clang-scanner-module-cache-path /Users/admin/builder/spi-builder-workspace/.derivedData/ModuleCache.noindex -sdk-module-cache-path /Users/admin/builder/spi-builder-workspace/.derivedData/SDKExplicitPrecompiledModules -emit-dependencies -emit-module -emit-module-path /Users/admin/builder/spi-builder-workspace/.derivedData/Build/Intermediates.noindex/PhantomSwift.build/Debug-watchos/PhantomSwiftNetworking-t.build/Objects-normal/arm64/PhantomSwiftNetworking.swiftmodule -serialize-diagnostics -dependency-scan-serialize-diagnostics-path /Users/admin/builder/spi-builder-workspace/.derivedData/Build/Intermediates.noindex/PhantomSwift.build/Debug-watchos/PhantomSwiftNetworking-t.build/Objects-normal/arm64/PhantomSwiftNetworking-dependency-scan.dia -validate-clang-modules-once -clang-build-session-file /Users/admin/builder/spi-builder-workspace/.derivedData/ModuleCache.noindex/Session.modulevalidation -Xcc -fmodules-prune-interval\=86400 -Xcc -fmodules-prune-after\=345600 -package-name spi_builder_workspace -emit-const-values -const-gather-protocols-list /Users/admin/builder/spi-builder-workspace/.derivedData/Build/Intermediates.noindex/PhantomSwift.build/Debug-watchos/PhantomSwiftNetworking-t.build/Objects-normal/arm64/PhantomSwiftNetworking_const_extract_protocols.json -Xcc -I/Users/admin/builder/spi-builder-workspace/.derivedData/Build/Products/Debug-watchos/include -Xcc -I/Users/admin/builder/spi-builder-workspace/.derivedData/Build/Intermediates.noindex/PhantomSwift.build/Debug-watchos/PhantomSwiftNetworking-t.build/DerivedSources-normal/arm64 -Xcc -I/Users/admin/builder/spi-builder-workspace/.derivedData/Build/Intermediates.noindex/PhantomSwift.build/Debug-watchos/PhantomSwiftNetworking-t.build/DerivedSources/arm64 -Xcc -I/Users/admin/builder/spi-builder-workspace/.derivedData/Build/Intermediates.noindex/PhantomSwift.build/Debug-watchos/PhantomSwiftNetworking-t.build/DerivedSources -Xcc -DSWIFT_PACKAGE -Xcc -DDEBUG\=1 -emit-objc-header -emit-objc-header-path /Users/admin/builder/spi-builder-workspace/.derivedData/Build/Intermediates.noindex/PhantomSwift.build/Debug-watchos/PhantomSwiftNetworking-t.build/Objects-normal/arm64/PhantomSwiftNetworking-Swift.h -working-directory /Users/admin/builder/spi-builder-workspace/.swiftpm/xcode -experimental-emit-module-separately -disable-cmo
Ld /Users/admin/builder/spi-builder-workspace/.derivedData/Build/Intermediates.noindex/PhantomSwift.build/Debug-watchos/PhantomSwiftNetworking-t.build/Objects-normal/arm64/Binary/PhantomSwiftNetworking.o normal arm64 (in target 'PhantomSwiftNetworking' from project 'PhantomSwift')
cd /Users/admin/builder/spi-builder-workspace
/Applications/Xcode-27.0.0-Release.Candidate.app/Contents/Developer/Toolchains/XcodeDefault.xctoolchain/usr/bin/clang -Xlinker -reproducible -target arm64-apple-watchos9.0 -r -isysroot /Applications/Xcode-27.0.0-Release.Candidate.app/Contents/Developer/Platforms/WatchOS.platform/Developer/SDKs/WatchOS27.0.sdk -O0 -Xlinker -no_warn_duplicate_libraries -F/Users/admin/builder/spi-builder-workspace/.derivedData/Build/Intermediates.noindex/EagerLinkingTBDs/Debug-watchos -F/Users/admin/builder/spi-builder-workspace/.derivedData/Build/Products/Debug-watchos -iframework /Applications/Xcode-27.0.0-Release.Candidate.app/Contents/Developer/Platforms/WatchOS.platform/Developer/Library/Frameworks -iframework /Applications/Xcode-27.0.0-Release.Candidate.app/Contents/Developer/Platforms/WatchOS.platform/Developer/SDKs/WatchOS27.0.sdk/Developer/Library/Frameworks -filelist /Users/admin/builder/spi-builder-workspace/.derivedData/Build/Intermediates.noindex/PhantomSwift.build/Debug-watchos/PhantomSwiftNetworking-t.build/Objects-normal/arm64/PhantomSwiftNetworking.LinkFileList -nostdlib -Xlinker -object_path_lto -Xlinker /Users/admin/builder/spi-builder-workspace/.derivedData/Build/Intermediates.noindex/PhantomSwift.build/Debug-watchos/PhantomSwiftNetworking-t.build/Objects-normal/arm64/PhantomSwiftNetworking_lto.o -Xlinker -no_deduplicate -Xlinker -debug_variant -Xlinker -dependency_info -Xlinker /Users/admin/builder/spi-builder-workspace/.derivedData/Build/Intermediates.noindex/PhantomSwift.build/Debug-watchos/PhantomSwiftNetworking-t.build/Objects-normal/arm64/PhantomSwiftNetworking_dependency_info.dat -fobjc-link-runtime -L/Applications/Xcode-27.0.0-Release.Candidate.app/Contents/Developer/Toolchains/XcodeDefault.xctoolchain/usr/lib/swift/watchos -L/usr/lib/swift -Xlinker -add_ast_path -Xlinker /Users/admin/builder/spi-builder-workspace/.derivedData/Build/Intermediates.noindex/PhantomSwift.build/Debug-watchos/PhantomSwiftNetworking-t.build/Objects-normal/arm64/PhantomSwiftNetworking.swiftmodule -o /Users/admin/builder/spi-builder-workspace/.derivedData/Build/Intermediates.noindex/PhantomSwift.build/Debug-watchos/PhantomSwiftNetworking-t.build/Objects-normal/arm64/Binary/PhantomSwiftNetworking.o
CreateUniversalBinary /Users/admin/builder/spi-builder-workspace/.derivedData/Build/Products/Debug-watchos/PhantomSwiftNetworking.o normal arm64\ arm64_32 (in target 'PhantomSwiftNetworking' from project 'PhantomSwift')
cd /Users/admin/builder/spi-builder-workspace
/Applications/Xcode-27.0.0-Release.Candidate.app/Contents/Developer/Toolchains/XcodeDefault.xctoolchain/usr/bin/lipo -create /Users/admin/builder/spi-builder-workspace/.derivedData/Build/Intermediates.noindex/PhantomSwift.build/Debug-watchos/PhantomSwiftNetworking-t.build/Objects-normal/arm64/Binary/PhantomSwiftNetworking.o /Users/admin/builder/spi-builder-workspace/.derivedData/Build/Intermediates.noindex/PhantomSwift.build/Debug-watchos/PhantomSwiftNetworking-t.build/Objects-normal/arm64_32/Binary/PhantomSwiftNetworking.o -output /Users/admin/builder/spi-builder-workspace/.derivedData/Build/Products/Debug-watchos/PhantomSwiftNetworking.o
ExtractAppIntentsMetadata (in target 'PhantomSwiftNetworking' from project 'PhantomSwift')
cd /Users/admin/builder/spi-builder-workspace
/Applications/Xcode-27.0.0-Release.Candidate.app/Contents/Developer/Toolchains/XcodeDefault.xctoolchain/usr/bin/appintentsmetadataprocessor --toolchain-dir /var/run/com.apple.security.cryptexd/mnt/com.apple.MobileAsset.MetalToolchain-v27.1.266.1.w3V1tD/Metal.xctoolchain --module-name PhantomSwiftNetworking --sdk-root /Applications/Xcode-27.0.0-Release.Candidate.app/Contents/Developer/Platforms/WatchOS.platform/Developer/SDKs/WatchOS27.0.sdk --xcode-version 27A266a --platform-family watchOS --deployment-target 9.0 --bundle-identifier spi-builder-workspace.PhantomSwiftNetworking --output /Users/admin/builder/spi-builder-workspace/.derivedData/Build/Products/Debug-watchos/PhantomSwiftNetworking.appintents --target-triple arm64-apple-watchos9.0 --target-triple arm64_32-apple-watchos9.0 --binary-file /Users/admin/builder/spi-builder-workspace/.derivedData/Build/Products/Debug-watchos/PhantomSwiftNetworking.o --dependency-file /Users/admin/builder/spi-builder-workspace/.derivedData/Build/Intermediates.noindex/PhantomSwift.build/Debug-watchos/PhantomSwiftNetworking-t.build/Objects-normal/arm64/PhantomSwiftNetworking_dependency_info.dat --dependency-file /Users/admin/builder/spi-builder-workspace/.derivedData/Build/Intermediates.noindex/PhantomSwift.build/Debug-watchos/PhantomSwiftNetworking-t.build/Objects-normal/arm64_32/PhantomSwiftNetworking_dependency_info.dat --stringsdata-file /Users/admin/builder/spi-builder-workspace/.derivedData/Build/Intermediates.noindex/PhantomSwift.build/Debug-watchos/PhantomSwiftNetworking-t.build/Objects-normal/arm64/ExtractedAppShortcutsMetadata.stringsdata --stringsdata-file /Users/admin/builder/spi-builder-workspace/.derivedData/Build/Intermediates.noindex/PhantomSwift.build/Debug-watchos/PhantomSwiftNetworking-t.build/Objects-normal/arm64_32/ExtractedAppShortcutsMetadata.stringsdata --source-file-list /Users/admin/builder/spi-builder-workspace/.derivedData/Build/Intermediates.noindex/PhantomSwift.build/Debug-watchos/PhantomSwiftNetworking-t.build/Objects-normal/arm64/PhantomSwiftNetworking.SwiftFileList --source-file-list /Users/admin/builder/spi-builder-workspace/.derivedData/Build/Intermediates.noindex/PhantomSwift.build/Debug-watchos/PhantomSwiftNetworking-t.build/Objects-normal/arm64_32/PhantomSwiftNetworking.SwiftFileList --metadata-file-list /Users/admin/builder/spi-builder-workspace/.derivedData/Build/Intermediates.noindex/PhantomSwift.build/Debug-watchos/PhantomSwiftNetworking-t.build/PhantomSwiftNetworking.DependencyMetadataFileList --static-metadata-file-list /Users/admin/builder/spi-builder-workspace/.derivedData/Build/Intermediates.noindex/PhantomSwift.build/Debug-watchos/PhantomSwiftNetworking-t.build/PhantomSwiftNetworking.DependencyStaticMetadataFileList --swift-const-vals-list /Users/admin/builder/spi-builder-workspace/.derivedData/Build/Intermediates.noindex/PhantomSwift.build/Debug-watchos/PhantomSwiftNetworking-t.build/Objects-normal/arm64/PhantomSwiftNetworking.SwiftConstValuesFileList --swift-const-vals-list /Users/admin/builder/spi-builder-workspace/.derivedData/Build/Intermediates.noindex/PhantomSwift.build/Debug-watchos/PhantomSwiftNetworking-t.build/Objects-normal/arm64_32/PhantomSwiftNetworking.SwiftConstValuesFileList --force --compile-time-extraction --deployment-aware-processing --no-app-shortcuts-localization
2026-09-26 14:36:35.412 appintentsmetadataprocessor[758:4636] Starting appintentsmetadataprocessor export
2026-09-26 14:36:35.528 appintentsmetadataprocessor[758:4636] Extracted no relevant App Intents symbols, skipping writing output
PruneExplicitPrecompiledModules /Users/admin/builder/spi-builder-workspace/.derivedData/SDKExplicitPrecompiledModules
PruneExplicitPrecompiledModules /Users/admin/builder/spi-builder-workspace/.derivedData/Build/Intermediates.noindex/SwiftExplicitPrecompiledModules
PruneExplicitPrecompiledModules /Users/admin/builder/spi-builder-workspace/.derivedData/Build/Intermediates.noindex/ExplicitPrecompiledModules
2026-09-26 14:36:29.768 xcodebuild[625:3946] [MT] IDERunDestination: Supported platforms for the buildables in the current scheme is empty.
** BUILD FAILED **
The following build commands failed:
SwiftDriver PhantomSwift normal arm64_32 com.apple.xcode.tools.swift.compiler (in target 'PhantomSwift' from project 'PhantomSwift')
SwiftDriver PhantomSwift normal arm64 com.apple.xcode.tools.swift.compiler (in target 'PhantomSwift' from project 'PhantomSwift')
Building workspace PhantomSwift with scheme PhantomSwift
(3 failures)
Command line invocation:
/Applications/Xcode-27.0.0-Release.Candidate.app/Contents/Developer/usr/bin/xcodebuild -IDEClonedSourcePackagesDirPathOverride=/Users/admin/builder/spi-builder-workspace/.dependencies -resolvePackageDependencies
Resolve Package Graph
Resolved source packages:
PhantomSwift: /Users/admin/builder/spi-builder-workspace
resolved source packages: PhantomSwift
2026-09-26 14:36:37.050 xcodebuild[759:4804] [MT] IDERunDestination: Supported platforms for the buildables in the current scheme is empty.
{
"dependencies" : [
],
"manifest_display_name" : "PhantomSwift",
"name" : "PhantomSwift",
"path" : "/Users/admin/builder/spi-builder-workspace",
"platforms" : [
{
"name" : "ios",
"version" : "13.0"
}
],
"products" : [
{
"name" : "PhantomSwift",
"targets" : [
"PhantomSwift"
],
"type" : {
"library" : [
"automatic"
]
}
}
],
"targets" : [
{
"c99name" : "PhantomSwiftTests",
"module_type" : "SwiftTarget",
"name" : "PhantomSwiftTests",
"path" : "Tests/PhantomSwiftTests",
"sources" : [
"Core/PhantomEventBusTests.swift",
"Core/PhantomFeatureCatalogTests.swift",
"Core/PhantomLaunchPlannerTests.swift",
"Core/PhantomPluginRegistryTests.swift",
"Core/PhantomSwiftResetTests.swift",
"HUD/PhantomDashboardSearchTests.swift",
"Modules/Analytics/Core/PhantomAnalyticsMonitorTests.swift",
"Modules/Interceptor/PhantomInterceptorDraftTests.swift",
"Modules/Interceptor/PhantomInterceptorTests.swift",
"Modules/Logger/LogStoreTests.swift",
"Modules/Logger/PhantomWebViewConsoleBridgeTests.swift",
"Modules/Network/Core/PhantomRequestStoreTests.swift",
"Modules/Network/UI/NetworkListVCTests.swift",
"Modules/SwiftUI/Core/PhantomRenderStoreTests.swift",
"PhantomAnalyticsMonitorQueryTests.swift",
"PhantomCURLExporterTests.swift",
"PhantomFeatureFlagsTests.swift",
"PhantomLocationManagerTests.swift",
"PhantomRequestStoreClearTests.swift"
],
"target_dependencies" : [
"PhantomSwift"
],
"type" : "test"
},
{
"c99name" : "PhantomSwiftNetworking",
"module_type" : "SwiftTarget",
"name" : "PhantomSwiftNetworking",
"path" : "Sources/PhantomSwiftNetworking",
"product_memberships" : [
"PhantomSwift"
],
"sources" : [
"Modules/Interceptor/InterceptRule.swift",
"Modules/Interceptor/PhantomInterceptor.swift",
"Modules/Interceptor/PhantomRuleMatcher.swift",
"Modules/Network/Core/PhantomCURLExporter.swift",
"Modules/Network/Core/PhantomNetworkModel.swift",
"Modules/Network/Core/PhantomNetworkSimulator.swift"
],
"type" : "library"
},
{
"c99name" : "PhantomSwift",
"module_type" : "SwiftTarget",
"name" : "PhantomSwift",
"path" : "Sources/PhantomSwift",
"product_memberships" : [
"PhantomSwift"
],
"sources" : [
"Core/PhantomConfig.swift",
"Core/PhantomEnvironment.swift",
"Core/PhantomEventBus.swift",
"Core/PhantomFeature.swift",
"Core/PhantomLaunchPlanner.swift",
"Core/PhantomPlugin.swift",
"Core/PhantomPluginRegistry.swift",
"Core/PhantomSwift.swift",
"Core/PhantomSwiftExports.swift",
"HUD/PhantomDashboardSearch.swift",
"HUD/PhantomDashboardVC.swift",
"HUD/PhantomDynamicIsland.swift",
"HUD/PhantomFeatureCatalog.swift",
"HUD/PhantomGestureHandler.swift",
"HUD/PhantomHUDWindow.swift",
"HUD/PhantomTheme.swift",
"Modules/Analytics/Core/PhantomAnalyticsMonitor.swift",
"Modules/Analytics/UI/AnalyticsListVC.swift",
"Modules/Assets/Core/PhantomAssetInspector.swift",
"Modules/Assets/UI/AssetGridCell.swift",
"Modules/Assets/UI/AssetListVC.swift",
"Modules/Core/PhantomExtensionBus.swift",
"Modules/FeatureFlags/Core/PhantomFeatureFlags.swift",
"Modules/FeatureFlags/UI/FeatureFlagsDashboardVC.swift",
"Modules/Interceptor/Core/PhantomInterceptorDraft.swift",
"Modules/Interceptor/UI/InterceptorCardCell.swift",
"Modules/Interceptor/UI/InterceptorListVC.swift",
"Modules/Interceptor/UI/PhantomMockEditorVC.swift",
"Modules/Logger/LogEntry.swift",
"Modules/Logger/LogLevel.swift",
"Modules/Logger/LogStore.swift",
"Modules/Logger/PhantomLog.swift",
"Modules/Logger/PhantomOSLogBridge.swift",
"Modules/Logger/PhantomWebViewConsoleAutoInstaller.swift",
"Modules/Logger/PhantomWebViewConsoleBridge.swift",
"Modules/Logger/UI/ExtensionLogVC.swift",
"Modules/Logger/UI/LogConsoleVC.swift",
"Modules/MainThreadChecker/Core/PhantomMainThreadChecker.swift",
"Modules/MainThreadChecker/UI/MainThreadCheckerVC.swift",
"Modules/MemoryLeak/PhantomHeapSnapshot.swift",
"Modules/MemoryLeak/PhantomLeakTracker.swift",
"Modules/MemoryLeak/UI/HeapSnapshotVC.swift",
"Modules/MemoryLeak/UI/LeakListVC.swift",
"Modules/MemoryLeak/UI/ObjectRetainGraphVC.swift",
"Modules/Network/Core/PhantomHARExporter.swift",
"Modules/Network/Core/PhantomRequestStore.swift",
"Modules/Network/Core/PhantomSessionRecorder.swift",
"Modules/Network/Core/PhantomURLProtocol.swift",
"Modules/Network/UI/BadNetworkDashboardVC.swift",
"Modules/Network/UI/NetworkListVC.swift",
"Modules/Network/UI/NetworkWaterfallVC.swift",
"Modules/Network/UI/PhantomNetworkCell.swift",
"Modules/Network/UI/PhantomNetworkHeaderView.swift",
"Modules/Network/UI/RequestReplayVC.swift",
"Modules/Performance/Core/PerformanceMonitor.swift",
"Modules/Performance/Core/PhantomCrashLogStore.swift",
"Modules/Performance/Core/PhantomHangDetector.swift",
"Modules/Performance/Core/PhantomMemorySlayer.swift",
"Modules/Performance/Core/PhantomMetricKitMonitor.swift",
"Modules/Performance/Core/PhantomObjectTracker.swift",
"Modules/Performance/UI/CrashLogVC.swift",
"Modules/Performance/UI/HangDetailVC.swift",
"Modules/Performance/UI/HangListVC.swift",
"Modules/Performance/UI/MemoryDiffVC.swift",
"Modules/Performance/UI/MemoryGraphVC.swift",
"Modules/Performance/UI/PerformanceDashboardVC.swift",
"Modules/Performance/UI/PhantomTimelineView.swift",
"Modules/QA/Core/PhantomAccessibilityAuditor.swift",
"Modules/QA/Core/PhantomBGTaskInspector.swift",
"Modules/QA/Core/PhantomBugReporter.swift",
"Modules/QA/Core/PhantomEnvironmentMonitor.swift",
"Modules/QA/Core/PhantomLocaleManager.swift",
"Modules/QA/Core/PhantomLocationManager.swift",
"Modules/QA/Core/PhantomPushSimulator.swift",
"Modules/QA/UI/AccessibilityDashboardVC.swift",
"Modules/QA/UI/AppShortcutsVC.swift",
"Modules/QA/UI/BGTaskInspectorVC.swift",
"Modules/QA/UI/DeepLinkTesterVC.swift",
"Modules/QA/UI/EnvironmentDashboardVC.swift",
"Modules/QA/UI/MacroRecorderVC.swift",
"Modules/QA/UI/PushSimulatorVC.swift",
"Modules/Remote/PhantomRemoteServer.swift",
"Modules/RuntimeBrowser/Core/PhantomRuntimeInspector.swift",
"Modules/RuntimeBrowser/UI/ClassDetailVC.swift",
"Modules/RuntimeBrowser/UI/RuntimeBrowserVC.swift",
"Modules/Security/PhantomSecurityInspector.swift",
"Modules/Security/UI/SecurityDashboardVC.swift",
"Modules/Security/UI/SecurityKeychainVC.swift",
"Modules/Storage/Core/PhantomSnapshotManager.swift",
"Modules/Storage/UI/CoreDataInspectorVC.swift",
"Modules/Storage/UI/KeychainInspectorVC.swift",
"Modules/Storage/UI/SQLiteInspectorVC.swift",
"Modules/Storage/UI/SandboxInspectorVC.swift",
"Modules/Storage/UI/SnapshotListVC.swift",
"Modules/Storage/UI/StorageDashboardCell.swift",
"Modules/Storage/UI/StorageListVC.swift",
"Modules/Storage/UI/UserDefaultsVC.swift",
"Modules/SwiftUI/Core/PhantomRenderStore.swift",
"Modules/SwiftUI/Core/PhantomRenderTracker.swift",
"Modules/SwiftUI/UI/RenderListVC.swift",
"Modules/UIInspector/Core/PhantomFPSMonitor.swift",
"Modules/UIInspector/Core/PhantomGridOverlay.swift",
"Modules/UIInspector/Core/PhantomLayoutConflictDetector.swift",
"Modules/UIInspector/Core/PhantomMeasurementTool.swift",
"Modules/UIInspector/Core/PhantomTouchVisualizer.swift",
"Modules/UIInspector/Core/PhantomUIKitTracker.swift",
"Modules/UIInspector/PhantomUIInspector.swift",
"Modules/UIInspector/UI/AccessibilityAuditVC.swift",
"Modules/UIInspector/UI/AnimationInspectorVC.swift",
"Modules/UIInspector/UI/ColorPickerVC.swift",
"Modules/UIInspector/UI/ConstraintInspectorVC.swift",
"Modules/UIInspector/UI/DevToolsVC.swift",
"Modules/UIInspector/UI/EnvironmentOverrideVC.swift",
"Modules/UIInspector/UI/GestureInspectorVC.swift",
"Modules/UIInspector/UI/GridOverlayVC.swift",
"Modules/UIInspector/UI/HitTestInspectorVC.swift",
"Modules/UIInspector/UI/LayerInspectorVC.swift",
"Modules/UIInspector/UI/LayoutConflictVC.swift",
"Modules/UIInspector/UI/LiveEditVC.swift",
"Modules/UIInspector/UI/ResponderChainVC.swift",
"Modules/UIInspector/UI/SnapshotCompareVC.swift",
"Modules/UIInspector/UI/UIInspectorActionCard.swift",
"Modules/UIInspector/UI/UserDefaultsInspectorVC.swift",
"Modules/UIInspector/UI/ViewDetailVC.swift",
"Modules/UIInspector/UI/ViewHierarchy3DVC.swift",
"Modules/UIInspector/UI/ViewHierarchyVC.swift",
"Shared/Components/PhantomBadgeView.swift",
"Shared/Components/PhantomCodeView.swift",
"Shared/Components/PhantomEmptyStateView.swift",
"Shared/Components/PhantomTableVC.swift",
"Shared/Extensions/Data+Phantom.swift",
"Shared/Extensions/UIColor+Phantom.swift",
"Shared/Extensions/UIExtensions+Phantom.swift",
"Shared/Extensions/UIFont+Phantom.swift",
"Shared/Extensions/UIImage+Phantom.swift",
"Shared/Extensions/UIViewController+Phantom.swift",
"Shared/Extensions/UIViewController+PhantomAppearance.swift",
"Shared/Helpers/PhantomPresentationResolver.swift",
"Shared/Helpers/PhantomSwizzler.swift"
],
"target_dependencies" : [
"PhantomSwiftNetworking"
],
"type" : "library"
}
],
"tools_version" : "5.9"
}
{
"workspace" : {
"name" : "PhantomSwift",
"schemes" : [
"PhantomSwift"
]
}
}
2026-09-26 14:36:38.260 xcodebuild[767:4872] [MT] IDERunDestination: Supported platforms for the buildables in the current scheme is empty.
Running build ...
env DEVELOPER_DIR=/Applications/Xcode-27.0.0-Release.Candidate.app xcrun xcodebuild -IDEClonedSourcePackagesDirPathOverride=$PWD/.dependencies -skipMacroValidation -skipPackagePluginValidation -derivedDataPath $PWD/.derivedData build -scheme PhantomSwift -destination generic/platform=watchOS
Command line invocation:
/Applications/Xcode-27.0.0-Release.Candidate.app/Contents/Developer/usr/bin/xcodebuild -IDEClonedSourcePackagesDirPathOverride=/Users/admin/builder/spi-builder-workspace/.dependencies -skipMacroValidation -skipPackagePluginValidation -derivedDataPath /Users/admin/builder/spi-builder-workspace/.derivedData build -scheme PhantomSwift -destination generic/platform=watchOS
Resolve Package Graph
Resolved source packages:
PhantomSwift: /Users/admin/builder/spi-builder-workspace
ComputePackagePrebuildTargetDependencyGraph
Prepare packages
CreateBuildRequest
SendProjectDescription
CreateBuildOperation
ComputeTargetDependencyGraph
note: Building targets in dependency order
note: Target dependency graph (3 targets)
Target 'PhantomSwift-product' in project 'PhantomSwift'
➜ Explicit dependency on target 'PhantomSwift' in project 'PhantomSwift'
➜ Explicit dependency on target 'PhantomSwiftNetworking' in project 'PhantomSwift'
Target 'PhantomSwift' in project 'PhantomSwift'
➜ Explicit dependency on target 'PhantomSwiftNetworking' in project 'PhantomSwift'
Target 'PhantomSwiftNetworking' in project 'PhantomSwift' (no dependencies)
GatherProvisioningInputs
CreateBuildDescription
ClangStatCache /Applications/Xcode-27.0.0-Release.Candidate.app/Contents/Developer/Toolchains/XcodeDefault.xctoolchain/usr/bin/clang-stat-cache /Applications/Xcode-27.0.0-Release.Candidate.app/Contents/Developer/Platforms/WatchOS.platform/Developer/SDKs/WatchOS27.0.sdk /Users/admin/builder/spi-builder-workspace/.derivedData/SDKStatCaches.noindex/watchos27.0-24R360-e829b21a6f8c9b70876ba0858053c04477534ef55a1706bf4c1112bbb242f0a2.sdkstatcache
cd /Users/admin/builder/spi-builder-workspace/.swiftpm/xcode
/Applications/Xcode-27.0.0-Release.Candidate.app/Contents/Developer/Toolchains/XcodeDefault.xctoolchain/usr/bin/clang-stat-cache /Applications/Xcode-27.0.0-Release.Candidate.app/Contents/Developer/Platforms/WatchOS.platform/Developer/SDKs/WatchOS27.0.sdk -o /Users/admin/builder/spi-builder-workspace/.derivedData/SDKStatCaches.noindex/watchos27.0-24R360-e829b21a6f8c9b70876ba0858053c04477534ef55a1706bf4c1112bbb242f0a2.sdkstatcache
SwiftDriver PhantomSwift normal arm64 com.apple.xcode.tools.swift.compiler (in target 'PhantomSwift' from project 'PhantomSwift')
cd /Users/admin/builder/spi-builder-workspace/.swiftpm/xcode
builtin-SwiftDriver -- /Applications/Xcode-27.0.0-Release.Candidate.app/Contents/Developer/Toolchains/XcodeDefault.xctoolchain/usr/bin/swiftc -parse-as-library -module-name PhantomSwift -Onone @/Users/admin/builder/spi-builder-workspace/.derivedData/Build/Intermediates.noindex/PhantomSwift.build/Debug-watchos/PhantomSwift-t.build/Objects-normal/arm64/PhantomSwift.SwiftFileList -DSWIFT_PACKAGE -DDEBUG -DSWIFT_MODULE_RESOURCE_BUNDLE_UNAVAILABLE -DXcode -plugin-path /Applications/Xcode-27.0.0-Release.Candidate.app/Contents/Developer/Toolchains/XcodeDefault.xctoolchain/usr/lib/swift/host/plugins/testing -enable-experimental-feature DebugDescriptionMacro -sdk /Applications/Xcode-27.0.0-Release.Candidate.app/Contents/Developer/Platforms/WatchOS.platform/Developer/SDKs/WatchOS27.0.sdk -target arm64-apple-watchos9.0 -g -module-cache-path /Users/admin/builder/spi-builder-workspace/.derivedData/ModuleCache.noindex -Xfrontend -serialize-debugging-options -profile-coverage-mapping -profile-generate -enable-testing -index-store-path /Users/admin/builder/spi-builder-workspace/.derivedData/Index.noindex/DataStore -Xcc -D_LIBCPP_HARDENING_MODE\=_LIBCPP_HARDENING_MODE_DEBUG -swift-version 5 -I /Users/admin/builder/spi-builder-workspace/.derivedData/Build/Products/Debug-watchos -Isystem /Applications/Xcode-27.0.0-Release.Candidate.app/Contents/Developer/Platforms/WatchOS.platform/Developer/usr/lib -F /Users/admin/builder/spi-builder-workspace/.derivedData/Build/Products/Debug-watchos/PackageFrameworks -F /Users/admin/builder/spi-builder-workspace/.derivedData/Build/Products/Debug-watchos -F /Applications/Xcode-27.0.0-Release.Candidate.app/Contents/Developer/Platforms/WatchOS.platform/Developer/Library/Frameworks -F /Applications/Xcode-27.0.0-Release.Candidate.app/Contents/Developer/Platforms/WatchOS.platform/Developer/SDKs/WatchOS27.0.sdk/Developer/Library/Frameworks -c -j10 -enable-batch-mode -incremental -Xcc -ivfsstatcache -Xcc /Users/admin/builder/spi-builder-workspace/.derivedData/SDKStatCaches.noindex/watchos27.0-24R360-e829b21a6f8c9b70876ba0858053c04477534ef55a1706bf4c1112bbb242f0a2.sdkstatcache -output-file-map /Users/admin/builder/spi-builder-workspace/.derivedData/Build/Intermediates.noindex/PhantomSwift.build/Debug-watchos/PhantomSwift-t.build/Objects-normal/arm64/PhantomSwift-OutputFileMap.json -save-temps -no-color-diagnostics -explicit-module-build -module-cache-path /Users/admin/builder/spi-builder-workspace/.derivedData/Build/Intermediates.noindex/SwiftExplicitPrecompiledModules -clang-scanner-module-cache-path /Users/admin/builder/spi-builder-workspace/.derivedData/ModuleCache.noindex -sdk-module-cache-path /Users/admin/builder/spi-builder-workspace/.derivedData/SDKExplicitPrecompiledModules -emit-dependencies -emit-module -emit-module-path /Users/admin/builder/spi-builder-workspace/.derivedData/Build/Intermediates.noindex/PhantomSwift.build/Debug-watchos/PhantomSwift-t.build/Objects-normal/arm64/PhantomSwift.swiftmodule -serialize-diagnostics -dependency-scan-serialize-diagnostics-path /Users/admin/builder/spi-builder-workspace/.derivedData/Build/Intermediates.noindex/PhantomSwift.build/Debug-watchos/PhantomSwift-t.build/Objects-normal/arm64/PhantomSwift-dependency-scan.dia -validate-clang-modules-once -clang-build-session-file /Users/admin/builder/spi-builder-workspace/.derivedData/ModuleCache.noindex/Session.modulevalidation -Xcc -fmodules-prune-interval\=86400 -Xcc -fmodules-prune-after\=345600 -package-name spi_builder_workspace -emit-const-values -const-gather-protocols-list /Users/admin/builder/spi-builder-workspace/.derivedData/Build/Intermediates.noindex/PhantomSwift.build/Debug-watchos/PhantomSwift-t.build/Objects-normal/arm64/PhantomSwift_const_extract_protocols.json -Xcc -I/Users/admin/builder/spi-builder-workspace/.derivedData/Build/Products/Debug-watchos/include -Xcc -I/Users/admin/builder/spi-builder-workspace/.derivedData/Build/Intermediates.noindex/PhantomSwift.build/Debug-watchos/PhantomSwift-t.build/DerivedSources-normal/arm64 -Xcc -I/Users/admin/builder/spi-builder-workspace/.derivedData/Build/Intermediates.noindex/PhantomSwift.build/Debug-watchos/PhantomSwift-t.build/DerivedSources/arm64 -Xcc -I/Users/admin/builder/spi-builder-workspace/.derivedData/Build/Intermediates.noindex/PhantomSwift.build/Debug-watchos/PhantomSwift-t.build/DerivedSources -Xcc -DSWIFT_PACKAGE -Xcc -DDEBUG\=1 -emit-objc-header -emit-objc-header-path /Users/admin/builder/spi-builder-workspace/.derivedData/Build/Intermediates.noindex/PhantomSwift.build/Debug-watchos/PhantomSwift-t.build/Objects-normal/arm64/PhantomSwift-Swift.h -working-directory /Users/admin/builder/spi-builder-workspace/.swiftpm/xcode -experimental-emit-module-separately -disable-cmo
/Users/admin/builder/spi-builder-workspace/Sources/PhantomSwift/Modules/Performance/Core/PhantomCrashLogStore.swift:4:8: error: Unable to resolve module dependency: 'MetricKit' (in target 'PhantomSwift' from project 'PhantomSwift')
note: A dependency of main module 'PhantomSwift'
/Users/admin/builder/spi-builder-workspace/Sources/PhantomSwift/Modules/Performance/Core/PhantomMetricKitMonitor.swift:3:8: note: Also imported here
/Users/admin/builder/spi-builder-workspace/Sources/PhantomSwift/Modules/Performance/UI/PerformanceDashboardVC.swift:3:8: note: Also imported here
/Users/admin/builder/spi-builder-workspace/Sources/PhantomSwift/Modules/Performance/Core/PhantomCrashLogStore.swift:4:8: note: A dependency of main module 'PhantomSwift'
import MetricKit
^ (in target 'PhantomSwift' from project 'PhantomSwift')
/Users/admin/builder/spi-builder-workspace/Sources/PhantomSwift/Modules/Performance/Core/PhantomMetricKitMonitor.swift:3:8: note: Also imported here
import MetricKit
^ (in target 'PhantomSwift' from project 'PhantomSwift')
/Users/admin/builder/spi-builder-workspace/Sources/PhantomSwift/Modules/Performance/UI/PerformanceDashboardVC.swift:3:8: note: Also imported here
import MetricKit
^ (in target 'PhantomSwift' from project 'PhantomSwift')
SwiftDriver PhantomSwift normal arm64_32 com.apple.xcode.tools.swift.compiler (in target 'PhantomSwift' from project 'PhantomSwift')
cd /Users/admin/builder/spi-builder-workspace/.swiftpm/xcode
builtin-SwiftDriver -- /Applications/Xcode-27.0.0-Release.Candidate.app/Contents/Developer/Toolchains/XcodeDefault.xctoolchain/usr/bin/swiftc -parse-as-library -module-name PhantomSwift -Onone @/Users/admin/builder/spi-builder-workspace/.derivedData/Build/Intermediates.noindex/PhantomSwift.build/Debug-watchos/PhantomSwift-t.build/Objects-normal/arm64_32/PhantomSwift.SwiftFileList -DSWIFT_PACKAGE -DDEBUG -DSWIFT_MODULE_RESOURCE_BUNDLE_UNAVAILABLE -DXcode -plugin-path /Applications/Xcode-27.0.0-Release.Candidate.app/Contents/Developer/Toolchains/XcodeDefault.xctoolchain/usr/lib/swift/host/plugins/testing -enable-experimental-feature DebugDescriptionMacro -sdk /Applications/Xcode-27.0.0-Release.Candidate.app/Contents/Developer/Platforms/WatchOS.platform/Developer/SDKs/WatchOS27.0.sdk -target arm64_32-apple-watchos9.0 -g -module-cache-path /Users/admin/builder/spi-builder-workspace/.derivedData/ModuleCache.noindex -Xfrontend -serialize-debugging-options -profile-coverage-mapping -profile-generate -enable-testing -index-store-path /Users/admin/builder/spi-builder-workspace/.derivedData/Index.noindex/DataStore -Xcc -D_LIBCPP_HARDENING_MODE\=_LIBCPP_HARDENING_MODE_DEBUG -swift-version 5 -I /Users/admin/builder/spi-builder-workspace/.derivedData/Build/Products/Debug-watchos -Isystem /Applications/Xcode-27.0.0-Release.Candidate.app/Contents/Developer/Platforms/WatchOS.platform/Developer/usr/lib -F /Users/admin/builder/spi-builder-workspace/.derivedData/Build/Products/Debug-watchos/PackageFrameworks -F /Users/admin/builder/spi-builder-workspace/.derivedData/Build/Products/Debug-watchos -F /Applications/Xcode-27.0.0-Release.Candidate.app/Contents/Developer/Platforms/WatchOS.platform/Developer/Library/Frameworks -F /Applications/Xcode-27.0.0-Release.Candidate.app/Contents/Developer/Platforms/WatchOS.platform/Developer/SDKs/WatchOS27.0.sdk/Developer/Library/Frameworks -c -j10 -enable-batch-mode -incremental -Xcc -ivfsstatcache -Xcc /Users/admin/builder/spi-builder-workspace/.derivedData/SDKStatCaches.noindex/watchos27.0-24R360-e829b21a6f8c9b70876ba0858053c04477534ef55a1706bf4c1112bbb242f0a2.sdkstatcache -output-file-map /Users/admin/builder/spi-builder-workspace/.derivedData/Build/Intermediates.noindex/PhantomSwift.build/Debug-watchos/PhantomSwift-t.build/Objects-normal/arm64_32/PhantomSwift-OutputFileMap.json -save-temps -no-color-diagnostics -explicit-module-build -module-cache-path /Users/admin/builder/spi-builder-workspace/.derivedData/Build/Intermediates.noindex/SwiftExplicitPrecompiledModules -clang-scanner-module-cache-path /Users/admin/builder/spi-builder-workspace/.derivedData/ModuleCache.noindex -sdk-module-cache-path /Users/admin/builder/spi-builder-workspace/.derivedData/SDKExplicitPrecompiledModules -emit-dependencies -emit-module -emit-module-path /Users/admin/builder/spi-builder-workspace/.derivedData/Build/Intermediates.noindex/PhantomSwift.build/Debug-watchos/PhantomSwift-t.build/Objects-normal/arm64_32/PhantomSwift.swiftmodule -serialize-diagnostics -dependency-scan-serialize-diagnostics-path /Users/admin/builder/spi-builder-workspace/.derivedData/Build/Intermediates.noindex/PhantomSwift.build/Debug-watchos/PhantomSwift-t.build/Objects-normal/arm64_32/PhantomSwift-dependency-scan.dia -validate-clang-modules-once -clang-build-session-file /Users/admin/builder/spi-builder-workspace/.derivedData/ModuleCache.noindex/Session.modulevalidation -Xcc -fmodules-prune-interval\=86400 -Xcc -fmodules-prune-after\=345600 -package-name spi_builder_workspace -emit-const-values -const-gather-protocols-list /Users/admin/builder/spi-builder-workspace/.derivedData/Build/Intermediates.noindex/PhantomSwift.build/Debug-watchos/PhantomSwift-t.build/Objects-normal/arm64_32/PhantomSwift_const_extract_protocols.json -Xcc -I/Users/admin/builder/spi-builder-workspace/.derivedData/Build/Products/Debug-watchos/include -Xcc -I/Users/admin/builder/spi-builder-workspace/.derivedData/Build/Intermediates.noindex/PhantomSwift.build/Debug-watchos/PhantomSwift-t.build/DerivedSources-normal/arm64_32 -Xcc -I/Users/admin/builder/spi-builder-workspace/.derivedData/Build/Intermediates.noindex/PhantomSwift.build/Debug-watchos/PhantomSwift-t.build/DerivedSources/arm64_32 -Xcc -I/Users/admin/builder/spi-builder-workspace/.derivedData/Build/Intermediates.noindex/PhantomSwift.build/Debug-watchos/PhantomSwift-t.build/DerivedSources -Xcc -DSWIFT_PACKAGE -Xcc -DDEBUG\=1 -emit-objc-header -emit-objc-header-path /Users/admin/builder/spi-builder-workspace/.derivedData/Build/Intermediates.noindex/PhantomSwift.build/Debug-watchos/PhantomSwift-t.build/Objects-normal/arm64_32/PhantomSwift-Swift.h -working-directory /Users/admin/builder/spi-builder-workspace/.swiftpm/xcode -experimental-emit-module-separately -disable-cmo
/Users/admin/builder/spi-builder-workspace/Sources/PhantomSwift/Modules/Performance/Core/PhantomCrashLogStore.swift:4:8: error: Unable to resolve module dependency: 'MetricKit' (in target 'PhantomSwift' from project 'PhantomSwift')
note: A dependency of main module 'PhantomSwift'
/Users/admin/builder/spi-builder-workspace/Sources/PhantomSwift/Modules/Performance/Core/PhantomMetricKitMonitor.swift:3:8: note: Also imported here
/Users/admin/builder/spi-builder-workspace/Sources/PhantomSwift/Modules/Performance/UI/PerformanceDashboardVC.swift:3:8: note: Also imported here
/Users/admin/builder/spi-builder-workspace/Sources/PhantomSwift/Modules/Performance/Core/PhantomCrashLogStore.swift:4:8: note: A dependency of main module 'PhantomSwift'
import MetricKit
^ (in target 'PhantomSwift' from project 'PhantomSwift')
/Users/admin/builder/spi-builder-workspace/Sources/PhantomSwift/Modules/Performance/Core/PhantomMetricKitMonitor.swift:3:8: note: Also imported here
import MetricKit
^ (in target 'PhantomSwift' from project 'PhantomSwift')
/Users/admin/builder/spi-builder-workspace/Sources/PhantomSwift/Modules/Performance/UI/PerformanceDashboardVC.swift:3:8: note: Also imported here
import MetricKit
^ (in target 'PhantomSwift' from project 'PhantomSwift')
PruneExplicitPrecompiledModules /Users/admin/builder/spi-builder-workspace/.derivedData/Build/Intermediates.noindex/ExplicitPrecompiledModules
PruneExplicitPrecompiledModules /Users/admin/builder/spi-builder-workspace/.derivedData/Build/Intermediates.noindex/SwiftExplicitPrecompiledModules
PruneExplicitPrecompiledModules /Users/admin/builder/spi-builder-workspace/.derivedData/SDKExplicitPrecompiledModules
2026-09-26 14:36:39.274 xcodebuild[768:4895] [MT] IDERunDestination: Supported platforms for the buildables in the current scheme is empty.
** BUILD FAILED **
The following build commands failed:
SwiftDriver PhantomSwift normal arm64 com.apple.xcode.tools.swift.compiler (in target 'PhantomSwift' from project 'PhantomSwift')
SwiftDriver PhantomSwift normal arm64_32 com.apple.xcode.tools.swift.compiler (in target 'PhantomSwift' from project 'PhantomSwift')
Building workspace PhantomSwift with scheme PhantomSwift
(3 failures)
BUILD FAILURE 6.4 watchOS