Build Information
Failed to build SwiftyXBee, reference master (665712), with Swift 6.4 for watchOS using Xcode 27.0 on 16 Sep 2026 06:02:41 UTC.
Build Command
env DEVELOPER_DIR=/Applications/Xcode-27.0.0-Release.Candidate.app xcrun xcodebuild -IDEClonedSourcePackagesDirPathOverride=$PWD/.dependencies -skipMacroValidation -skipPackagePluginValidation -derivedDataPath $PWD/.derivedData build -scheme SwiftyXBee -destination generic/platform=watchOSBuild Log
========================================
RunAll
========================================
Builder version: 5.1.0
Interrupt handler set up.
========================================
Checkout
========================================
Clone URL: https://github.com/samco182/swiftyxbee.git
Reference: master
Initialized empty Git repository in /Users/admin/builder/spi-builder-workspace/.git/
From https://github.com/samco182/swiftyxbee
* branch master -> FETCH_HEAD
* [new branch] master -> origin/master
HEAD is now at 6657120 [Fix] fixes issue where program would get stuck if trying to read data and there was actually no data sent by another XBee
Cloned https://github.com/samco182/swiftyxbee.git
Revision (git rev-parse @):
665712020b93340b973084e45118775ba19d1518
SUCCESS checkout https://github.com/samco182/swiftyxbee.git at master
========================================
Build
========================================
Selected platform: watchOS
Swift version: 6.4
Building package at path: $PWD
https://github.com/samco182/swiftyxbee.git
Command line invocation:
/Applications/Xcode-27.0.0-Release.Candidate.app/Contents/Developer/usr/bin/xcodebuild -IDEClonedSourcePackagesDirPathOverride=/Users/admin/builder/spi-builder-workspace/.dependencies -resolvePackageDependencies
Resolve Package Graph
Fetching from https://github.com/uraimo/SwiftyGPIO.git
Creating working copy of package ‘SwiftyGPIO’
Checking out 1.4.4 of package ‘SwiftyGPIO’
Resolve Package Graph
Resolved source packages:
SwiftyXBee: /Users/admin/builder/spi-builder-workspace
SwiftyGPIO: https://github.com/uraimo/SwiftyGPIO.git @ 1.4.4
resolved source packages: SwiftyXBee, SwiftyGPIO
2026-09-16 02:01:46.952 xcodebuild[529:3021] [MT] IDERunDestination: Supported platforms for the buildables in the current scheme is empty.
{
"dependencies" : [
{
"identity" : "swiftygpio",
"requirement" : {
"range" : [
{
"lower_bound" : "1.0.0",
"upper_bound" : "2.0.0"
}
]
},
"type" : "sourceControl",
"url" : "https://github.com/uraimo/SwiftyGPIO.git"
}
],
"manifest_display_name" : "SwiftyXBee",
"name" : "SwiftyXBee",
"path" : "/Users/admin/builder/spi-builder-workspace",
"platforms" : [
],
"products" : [
{
"name" : "SwiftyXBee",
"targets" : [
"SwiftyXBee"
],
"type" : {
"library" : [
"automatic"
]
}
}
],
"targets" : [
{
"c99name" : "SwiftyXBee",
"module_type" : "SwiftTarget",
"name" : "SwiftyXBee",
"path" : "Sources/SwiftyXBee",
"product_dependencies" : [
"SwiftyGPIO"
],
"product_memberships" : [
"SwiftyXBee"
],
"sources" : [
"Helpers/Constants.swift",
"Helpers/Extensions/Array+Extensions.swift",
"Helpers/Extensions/Bool+Extensions.swift",
"Helpers/Extensions/Int+Extensions.swift",
"Helpers/Extensions/String+Extensions.swift",
"Helpers/XBeeSerial.swift",
"Models/APIFrame/APIFrame.swift",
"Models/APIFrame/APIFrameProtocols.swift",
"Models/APIFrame/ATCommand.swift",
"Models/APIFrame/ATCommandResponse.swift",
"Models/APIFrame/Checksum.swift",
"Models/APIFrame/DeviceAddress.swift",
"Models/APIFrame/FrameLength.swift",
"Models/APIFrame/NetworkAddress.swift",
"Models/APIFrame/StartDelimiter.swift",
"Models/APIFrameData/ATCommandData.swift",
"Models/APIFrameData/ATCommandResponseData.swift",
"Models/APIFrameData/ZigBeeReceivePacketData.swift",
"Models/APIFrameData/ZigBeeTransmitRequestData.swift",
"Models/APIFrameData/ZigBeeTransmitStatusData.swift",
"Models/UART/SerialConnection.swift",
"SwiftyXBee.swift"
],
"type" : "library"
}
],
"tools_version" : "5.0"
}
{
"workspace" : {
"name" : "SwiftyXBee",
"schemes" : [
"SwiftyXBee"
]
}
}
2026-09-16 02:02:28.098 xcodebuild[684:4309] [MT] IDERunDestination: Supported platforms for the buildables in the current scheme is empty.
Running build ...
env DEVELOPER_DIR=/Applications/Xcode-27.0.0-Release.Candidate.app xcrun xcodebuild -IDEClonedSourcePackagesDirPathOverride=$PWD/.dependencies -skipMacroValidation -skipPackagePluginValidation -derivedDataPath $PWD/.derivedData build -scheme SwiftyXBee -destination generic/platform=watchOS
Command line invocation:
/Applications/Xcode-27.0.0-Release.Candidate.app/Contents/Developer/usr/bin/xcodebuild -IDEClonedSourcePackagesDirPathOverride=/Users/admin/builder/spi-builder-workspace/.dependencies -skipMacroValidation -skipPackagePluginValidation -derivedDataPath /Users/admin/builder/spi-builder-workspace/.derivedData build -scheme SwiftyXBee -destination generic/platform=watchOS
Resolve Package Graph
Resolve Package Graph
Resolved source packages:
SwiftyGPIO: https://github.com/uraimo/SwiftyGPIO.git @ 1.4.4
SwiftyXBee: /Users/admin/builder/spi-builder-workspace
ComputePackagePrebuildTargetDependencyGraph
Prepare packages
CreateBuildRequest
SendProjectDescription
CreateBuildOperation
ComputeTargetDependencyGraph
note: Building targets in dependency order
note: Target dependency graph (4 targets)
Target 'SwiftyXBee-product' in project 'SwiftyXBee'
➜ Explicit dependency on target 'SwiftyXBee' in project 'SwiftyXBee'
➜ Explicit dependency on target 'SwiftyGPIO-product' in project 'SwiftyGPIO'
Target 'SwiftyXBee' in project 'SwiftyXBee'
➜ Explicit dependency on target 'SwiftyGPIO-product' in project 'SwiftyGPIO'
Target 'SwiftyGPIO-product' in project 'SwiftyGPIO'
➜ Explicit dependency on target 'SwiftyGPIO' in project 'SwiftyGPIO'
Target 'SwiftyGPIO' in project 'SwiftyGPIO' (no dependencies)
GatherProvisioningInputs
CreateBuildDescription
ExecuteExternalTool /Applications/Xcode-27.0.0-Release.Candidate.app/Contents/Developer/Toolchains/XcodeDefault.xctoolchain/usr/bin/clang -v -E -dM -isysroot /Applications/Xcode-27.0.0-Release.Candidate.app/Contents/Developer/Platforms/WatchOS.platform/Developer/SDKs/WatchOS27.0.sdk -x c -c /dev/null
ExecuteExternalTool /Applications/Xcode-27.0.0-Release.Candidate.app/Contents/Developer/Toolchains/XcodeDefault.xctoolchain/usr/bin/swiftc --version
ExecuteExternalTool /Applications/Xcode-27.0.0-Release.Candidate.app/Contents/Developer/Toolchains/XcodeDefault.xctoolchain/usr/bin/ld -version_details
Build description signature: b13e976e0e7f970cc432b169d7cdc165
Build description path: /Users/admin/builder/spi-builder-workspace/.derivedData/Build/Intermediates.noindex/XCBuildData/b13e976e0e7f970cc432b169d7cdc165.xcbuilddata
CreateBuildDirectory /Users/admin/builder/spi-builder-workspace/.derivedData/SDKExplicitPrecompiledModules
cd /Users/admin/builder/spi-builder-workspace/.swiftpm/xcode
builtin-create-build-directory /Users/admin/builder/spi-builder-workspace/.derivedData/SDKExplicitPrecompiledModules
CreateBuildDirectory /Users/admin/builder/spi-builder-workspace/.derivedData/ModuleCache.noindex
cd /Users/admin/builder/spi-builder-workspace/.swiftpm/xcode
builtin-create-build-directory /Users/admin/builder/spi-builder-workspace/.derivedData/ModuleCache.noindex
CreateBuildDirectory /Users/admin/builder/spi-builder-workspace/.derivedData/CompilationCache.noindex
cd /Users/admin/builder/spi-builder-workspace/.swiftpm/xcode
builtin-create-build-directory /Users/admin/builder/spi-builder-workspace/.derivedData/CompilationCache.noindex
CreateBuildDirectory /Users/admin/builder/spi-builder-workspace/.derivedData/Build/Intermediates.noindex
cd /Users/admin/builder/spi-builder-workspace/.swiftpm/xcode
builtin-create-build-directory /Users/admin/builder/spi-builder-workspace/.derivedData/Build/Intermediates.noindex
CreateBuildDirectory /Users/admin/builder/spi-builder-workspace/.derivedData/Build/Products
cd /Users/admin/builder/spi-builder-workspace/.swiftpm/xcode
builtin-create-build-directory /Users/admin/builder/spi-builder-workspace/.derivedData/Build/Products
ClangStatCache /Applications/Xcode-27.0.0-Release.Candidate.app/Contents/Developer/Toolchains/XcodeDefault.xctoolchain/usr/bin/clang-stat-cache /Applications/Xcode-27.0.0-Release.Candidate.app/Contents/Developer/Platforms/WatchOS.platform/Developer/SDKs/WatchOS27.0.sdk /Users/admin/builder/spi-builder-workspace/.derivedData/SDKStatCaches.noindex/watchos27.0-24R360-e829b21a6f8c9b70876ba0858053c04477534ef55a1706bf4c1112bbb242f0a2.sdkstatcache
cd /Users/admin/builder/spi-builder-workspace/.swiftpm/xcode
/Applications/Xcode-27.0.0-Release.Candidate.app/Contents/Developer/Toolchains/XcodeDefault.xctoolchain/usr/bin/clang-stat-cache /Applications/Xcode-27.0.0-Release.Candidate.app/Contents/Developer/Platforms/WatchOS.platform/Developer/SDKs/WatchOS27.0.sdk -o /Users/admin/builder/spi-builder-workspace/.derivedData/SDKStatCaches.noindex/watchos27.0-24R360-e829b21a6f8c9b70876ba0858053c04477534ef55a1706bf4c1112bbb242f0a2.sdkstatcache
CreateBuildDirectory /Users/admin/builder/spi-builder-workspace/.derivedData/Build/Products/Debug-watchos
cd /Users/admin/builder/spi-builder-workspace/.swiftpm/xcode
builtin-create-build-directory /Users/admin/builder/spi-builder-workspace/.derivedData/Build/Products/Debug-watchos
CreateBuildDirectory /Users/admin/builder/spi-builder-workspace/.derivedData/Build/Intermediates.noindex/SwiftExplicitPrecompiledModules
cd /Users/admin/builder/spi-builder-workspace/.swiftpm/xcode
builtin-create-build-directory /Users/admin/builder/spi-builder-workspace/.derivedData/Build/Intermediates.noindex/SwiftExplicitPrecompiledModules
CreateBuildDirectory /Users/admin/builder/spi-builder-workspace/.derivedData/Build/Intermediates.noindex/PrecompiledHeaders
cd /Users/admin/builder/spi-builder-workspace/.swiftpm/xcode
builtin-create-build-directory /Users/admin/builder/spi-builder-workspace/.derivedData/Build/Intermediates.noindex/PrecompiledHeaders
CreateBuildDirectory /Users/admin/builder/spi-builder-workspace/.derivedData/Build/Intermediates.noindex/ExplicitPrecompiledModules
cd /Users/admin/builder/spi-builder-workspace/.swiftpm/xcode
builtin-create-build-directory /Users/admin/builder/spi-builder-workspace/.derivedData/Build/Intermediates.noindex/ExplicitPrecompiledModules
CreateBuildDirectory /Users/admin/builder/spi-builder-workspace/.derivedData/Build/Intermediates.noindex/EagerLinkingTBDs/Debug-watchos
cd /Users/admin/builder/spi-builder-workspace/.swiftpm/xcode
builtin-create-build-directory /Users/admin/builder/spi-builder-workspace/.derivedData/Build/Intermediates.noindex/EagerLinkingTBDs/Debug-watchos
CreateBuildDirectory /Users/admin/builder/spi-builder-workspace/.derivedData/Build/Products/Debug-watchos/PackageFrameworks
cd /Users/admin/builder/spi-builder-workspace/.swiftpm/xcode
builtin-create-build-directory /Users/admin/builder/spi-builder-workspace/.derivedData/Build/Products/Debug-watchos/PackageFrameworks
WriteAuxiliaryFile /Users/admin/builder/spi-builder-workspace/.derivedData/Build/Intermediates.noindex/SwiftyGPIO.build/Debug-watchos/SwiftyGPIO-t.build/SwiftyGPIO.modulemap (in target 'SwiftyGPIO' from project 'SwiftyGPIO')
cd /Users/admin/builder/spi-builder-workspace/.dependencies/checkouts/SwiftyGPIO
write-file /Users/admin/builder/spi-builder-workspace/.derivedData/Build/Intermediates.noindex/SwiftyGPIO.build/Debug-watchos/SwiftyGPIO-t.build/SwiftyGPIO.modulemap
WriteAuxiliaryFile /Users/admin/builder/spi-builder-workspace/.derivedData/Build/Intermediates.noindex/SwiftyXBee.build/Debug-watchos/SwiftyXBee-t.build/SwiftyXBee.modulemap (in target 'SwiftyXBee' from project 'SwiftyXBee')
cd /Users/admin/builder/spi-builder-workspace
write-file /Users/admin/builder/spi-builder-workspace/.derivedData/Build/Intermediates.noindex/SwiftyXBee.build/Debug-watchos/SwiftyXBee-t.build/SwiftyXBee.modulemap
WriteAuxiliaryFile /Users/admin/builder/spi-builder-workspace/.derivedData/Build/Intermediates.noindex/SwiftyXBee.build/Debug-watchos/SwiftyXBee-t.build/SwiftyXBee.DependencyStaticMetadataFileList (in target 'SwiftyXBee' from project 'SwiftyXBee')
cd /Users/admin/builder/spi-builder-workspace
write-file /Users/admin/builder/spi-builder-workspace/.derivedData/Build/Intermediates.noindex/SwiftyXBee.build/Debug-watchos/SwiftyXBee-t.build/SwiftyXBee.DependencyStaticMetadataFileList
WriteAuxiliaryFile /Users/admin/builder/spi-builder-workspace/.derivedData/Build/Intermediates.noindex/SwiftyXBee.build/Debug-watchos/SwiftyXBee-t.build/SwiftyXBee.DependencyMetadataFileList (in target 'SwiftyXBee' from project 'SwiftyXBee')
cd /Users/admin/builder/spi-builder-workspace
write-file /Users/admin/builder/spi-builder-workspace/.derivedData/Build/Intermediates.noindex/SwiftyXBee.build/Debug-watchos/SwiftyXBee-t.build/SwiftyXBee.DependencyMetadataFileList
WriteAuxiliaryFile /Users/admin/builder/spi-builder-workspace/.derivedData/Build/Intermediates.noindex/SwiftyGPIO.build/Debug-watchos/SwiftyGPIO-t.build/Objects-normal/arm64_32/SwiftyGPIO_const_extract_protocols.json (in target 'SwiftyGPIO' from project 'SwiftyGPIO')
cd /Users/admin/builder/spi-builder-workspace/.dependencies/checkouts/SwiftyGPIO
write-file /Users/admin/builder/spi-builder-workspace/.derivedData/Build/Intermediates.noindex/SwiftyGPIO.build/Debug-watchos/SwiftyGPIO-t.build/Objects-normal/arm64_32/SwiftyGPIO_const_extract_protocols.json
WriteAuxiliaryFile /Users/admin/builder/spi-builder-workspace/.derivedData/Build/Intermediates.noindex/SwiftyXBee.build/Debug-watchos/SwiftyXBee-t.build/Objects-normal/arm64_32/SwiftyXBee.SwiftConstValuesFileList (in target 'SwiftyXBee' from project 'SwiftyXBee')
cd /Users/admin/builder/spi-builder-workspace
write-file /Users/admin/builder/spi-builder-workspace/.derivedData/Build/Intermediates.noindex/SwiftyXBee.build/Debug-watchos/SwiftyXBee-t.build/Objects-normal/arm64_32/SwiftyXBee.SwiftConstValuesFileList
WriteAuxiliaryFile /Users/admin/builder/spi-builder-workspace/.derivedData/Build/Intermediates.noindex/SwiftyGPIO.build/Debug-watchos/SwiftyGPIO-t.build/Objects-normal/arm64_32/SwiftyGPIO.LinkFileList (in target 'SwiftyGPIO' from project 'SwiftyGPIO')
cd /Users/admin/builder/spi-builder-workspace/.dependencies/checkouts/SwiftyGPIO
write-file /Users/admin/builder/spi-builder-workspace/.derivedData/Build/Intermediates.noindex/SwiftyGPIO.build/Debug-watchos/SwiftyGPIO-t.build/Objects-normal/arm64_32/SwiftyGPIO.LinkFileList
WriteAuxiliaryFile /Users/admin/builder/spi-builder-workspace/.derivedData/Build/Intermediates.noindex/SwiftyXBee.build/Debug-watchos/SwiftyXBee-t.build/Objects-normal/arm64_32/SwiftyXBee_const_extract_protocols.json (in target 'SwiftyXBee' from project 'SwiftyXBee')
cd /Users/admin/builder/spi-builder-workspace
write-file /Users/admin/builder/spi-builder-workspace/.derivedData/Build/Intermediates.noindex/SwiftyXBee.build/Debug-watchos/SwiftyXBee-t.build/Objects-normal/arm64_32/SwiftyXBee_const_extract_protocols.json
WriteAuxiliaryFile /Users/admin/builder/spi-builder-workspace/.derivedData/Build/Intermediates.noindex/SwiftyXBee.build/Debug-watchos/SwiftyXBee-t.build/Objects-normal/arm64_32/SwiftyXBee.SwiftFileList (in target 'SwiftyXBee' from project 'SwiftyXBee')
cd /Users/admin/builder/spi-builder-workspace
write-file /Users/admin/builder/spi-builder-workspace/.derivedData/Build/Intermediates.noindex/SwiftyXBee.build/Debug-watchos/SwiftyXBee-t.build/Objects-normal/arm64_32/SwiftyXBee.SwiftFileList
WriteAuxiliaryFile /Users/admin/builder/spi-builder-workspace/.derivedData/Build/Intermediates.noindex/SwiftyXBee.build/Debug-watchos/SwiftyXBee-t.build/Objects-normal/arm64_32/SwiftyXBee.LinkFileList (in target 'SwiftyXBee' from project 'SwiftyXBee')
cd /Users/admin/builder/spi-builder-workspace
write-file /Users/admin/builder/spi-builder-workspace/.derivedData/Build/Intermediates.noindex/SwiftyXBee.build/Debug-watchos/SwiftyXBee-t.build/Objects-normal/arm64_32/SwiftyXBee.LinkFileList
WriteAuxiliaryFile /Users/admin/builder/spi-builder-workspace/.derivedData/Build/Intermediates.noindex/SwiftyXBee.build/Debug-watchos/SwiftyXBee-t.build/Objects-normal/arm64_32/SwiftyXBee-OutputFileMap.json (in target 'SwiftyXBee' from project 'SwiftyXBee')
cd /Users/admin/builder/spi-builder-workspace
write-file /Users/admin/builder/spi-builder-workspace/.derivedData/Build/Intermediates.noindex/SwiftyXBee.build/Debug-watchos/SwiftyXBee-t.build/Objects-normal/arm64_32/SwiftyXBee-OutputFileMap.json
WriteAuxiliaryFile /Users/admin/builder/spi-builder-workspace/.derivedData/Build/Intermediates.noindex/SwiftyXBee.build/Debug-watchos/SwiftyXBee-t.build/Objects-normal/arm64/SwiftyXBee.SwiftFileList (in target 'SwiftyXBee' from project 'SwiftyXBee')
cd /Users/admin/builder/spi-builder-workspace
write-file /Users/admin/builder/spi-builder-workspace/.derivedData/Build/Intermediates.noindex/SwiftyXBee.build/Debug-watchos/SwiftyXBee-t.build/Objects-normal/arm64/SwiftyXBee.SwiftFileList
WriteAuxiliaryFile /Users/admin/builder/spi-builder-workspace/.derivedData/Build/Intermediates.noindex/SwiftyXBee.build/Debug-watchos/SwiftyXBee-t.build/Objects-normal/arm64/SwiftyXBee_const_extract_protocols.json (in target 'SwiftyXBee' from project 'SwiftyXBee')
cd /Users/admin/builder/spi-builder-workspace
write-file /Users/admin/builder/spi-builder-workspace/.derivedData/Build/Intermediates.noindex/SwiftyXBee.build/Debug-watchos/SwiftyXBee-t.build/Objects-normal/arm64/SwiftyXBee_const_extract_protocols.json
WriteAuxiliaryFile /Users/admin/builder/spi-builder-workspace/.derivedData/Build/Intermediates.noindex/SwiftyXBee.build/Debug-watchos/SwiftyXBee-t.build/Objects-normal/arm64/SwiftyXBee.SwiftConstValuesFileList (in target 'SwiftyXBee' from project 'SwiftyXBee')
cd /Users/admin/builder/spi-builder-workspace
write-file /Users/admin/builder/spi-builder-workspace/.derivedData/Build/Intermediates.noindex/SwiftyXBee.build/Debug-watchos/SwiftyXBee-t.build/Objects-normal/arm64/SwiftyXBee.SwiftConstValuesFileList
WriteAuxiliaryFile /Users/admin/builder/spi-builder-workspace/.derivedData/Build/Intermediates.noindex/SwiftyXBee.build/Debug-watchos/SwiftyXBee-t.build/Objects-normal/arm64/SwiftyXBee.LinkFileList (in target 'SwiftyXBee' from project 'SwiftyXBee')
cd /Users/admin/builder/spi-builder-workspace
write-file /Users/admin/builder/spi-builder-workspace/.derivedData/Build/Intermediates.noindex/SwiftyXBee.build/Debug-watchos/SwiftyXBee-t.build/Objects-normal/arm64/SwiftyXBee.LinkFileList
WriteAuxiliaryFile /Users/admin/builder/spi-builder-workspace/.derivedData/Build/Intermediates.noindex/SwiftyXBee.build/Debug-watchos/SwiftyXBee-t.build/Objects-normal/arm64/SwiftyXBee-OutputFileMap.json (in target 'SwiftyXBee' from project 'SwiftyXBee')
cd /Users/admin/builder/spi-builder-workspace
write-file /Users/admin/builder/spi-builder-workspace/.derivedData/Build/Intermediates.noindex/SwiftyXBee.build/Debug-watchos/SwiftyXBee-t.build/Objects-normal/arm64/SwiftyXBee-OutputFileMap.json
WriteAuxiliaryFile /Users/admin/builder/spi-builder-workspace/.derivedData/Build/Intermediates.noindex/SwiftyGPIO.build/Debug-watchos/SwiftyGPIO-t.build/SwiftyGPIO.DependencyStaticMetadataFileList (in target 'SwiftyGPIO' from project 'SwiftyGPIO')
cd /Users/admin/builder/spi-builder-workspace/.dependencies/checkouts/SwiftyGPIO
write-file /Users/admin/builder/spi-builder-workspace/.derivedData/Build/Intermediates.noindex/SwiftyGPIO.build/Debug-watchos/SwiftyGPIO-t.build/SwiftyGPIO.DependencyStaticMetadataFileList
Copy /Users/admin/builder/spi-builder-workspace/.derivedData/Build/Intermediates.noindex/GeneratedModuleMaps-watchos/SwiftyXBee.modulemap /Users/admin/builder/spi-builder-workspace/.derivedData/Build/Intermediates.noindex/SwiftyXBee.build/Debug-watchos/SwiftyXBee-t.build/SwiftyXBee.modulemap (in target 'SwiftyXBee' from project 'SwiftyXBee')
cd /Users/admin/builder/spi-builder-workspace
builtin-copy -exclude .DS_Store -exclude CVS -exclude .svn -exclude .git -exclude .hg -resolve-src-symlinks /Users/admin/builder/spi-builder-workspace/.derivedData/Build/Intermediates.noindex/SwiftyXBee.build/Debug-watchos/SwiftyXBee-t.build/SwiftyXBee.modulemap /Users/admin/builder/spi-builder-workspace/.derivedData/Build/Intermediates.noindex/GeneratedModuleMaps-watchos
WriteAuxiliaryFile /Users/admin/builder/spi-builder-workspace/.derivedData/Build/Intermediates.noindex/SwiftyGPIO.build/Debug-watchos/SwiftyGPIO-t.build/SwiftyGPIO.DependencyMetadataFileList (in target 'SwiftyGPIO' from project 'SwiftyGPIO')
cd /Users/admin/builder/spi-builder-workspace/.dependencies/checkouts/SwiftyGPIO
write-file /Users/admin/builder/spi-builder-workspace/.derivedData/Build/Intermediates.noindex/SwiftyGPIO.build/Debug-watchos/SwiftyGPIO-t.build/SwiftyGPIO.DependencyMetadataFileList
WriteAuxiliaryFile /Users/admin/builder/spi-builder-workspace/.derivedData/Build/Intermediates.noindex/SwiftyGPIO.build/Debug-watchos/SwiftyGPIO-t.build/Objects-normal/arm64_32/SwiftyGPIO.SwiftFileList (in target 'SwiftyGPIO' from project 'SwiftyGPIO')
cd /Users/admin/builder/spi-builder-workspace/.dependencies/checkouts/SwiftyGPIO
write-file /Users/admin/builder/spi-builder-workspace/.derivedData/Build/Intermediates.noindex/SwiftyGPIO.build/Debug-watchos/SwiftyGPIO-t.build/Objects-normal/arm64_32/SwiftyGPIO.SwiftFileList
WriteAuxiliaryFile /Users/admin/builder/spi-builder-workspace/.derivedData/Build/Intermediates.noindex/SwiftyGPIO.build/Debug-watchos/SwiftyGPIO-t.build/Objects-normal/arm64_32/SwiftyGPIO.SwiftConstValuesFileList (in target 'SwiftyGPIO' from project 'SwiftyGPIO')
cd /Users/admin/builder/spi-builder-workspace/.dependencies/checkouts/SwiftyGPIO
write-file /Users/admin/builder/spi-builder-workspace/.derivedData/Build/Intermediates.noindex/SwiftyGPIO.build/Debug-watchos/SwiftyGPIO-t.build/Objects-normal/arm64_32/SwiftyGPIO.SwiftConstValuesFileList
WriteAuxiliaryFile /Users/admin/builder/spi-builder-workspace/.derivedData/Build/Intermediates.noindex/SwiftyGPIO.build/Debug-watchos/SwiftyGPIO-t.build/Objects-normal/arm64_32/SwiftyGPIO-OutputFileMap.json (in target 'SwiftyGPIO' from project 'SwiftyGPIO')
cd /Users/admin/builder/spi-builder-workspace/.dependencies/checkouts/SwiftyGPIO
write-file /Users/admin/builder/spi-builder-workspace/.derivedData/Build/Intermediates.noindex/SwiftyGPIO.build/Debug-watchos/SwiftyGPIO-t.build/Objects-normal/arm64_32/SwiftyGPIO-OutputFileMap.json
WriteAuxiliaryFile /Users/admin/builder/spi-builder-workspace/.derivedData/Build/Intermediates.noindex/SwiftyGPIO.build/Debug-watchos/SwiftyGPIO-t.build/Objects-normal/arm64/SwiftyGPIO_const_extract_protocols.json (in target 'SwiftyGPIO' from project 'SwiftyGPIO')
cd /Users/admin/builder/spi-builder-workspace/.dependencies/checkouts/SwiftyGPIO
write-file /Users/admin/builder/spi-builder-workspace/.derivedData/Build/Intermediates.noindex/SwiftyGPIO.build/Debug-watchos/SwiftyGPIO-t.build/Objects-normal/arm64/SwiftyGPIO_const_extract_protocols.json
WriteAuxiliaryFile /Users/admin/builder/spi-builder-workspace/.derivedData/Build/Intermediates.noindex/SwiftyGPIO.build/Debug-watchos/SwiftyGPIO-t.build/Objects-normal/arm64/SwiftyGPIO.SwiftFileList (in target 'SwiftyGPIO' from project 'SwiftyGPIO')
cd /Users/admin/builder/spi-builder-workspace/.dependencies/checkouts/SwiftyGPIO
write-file /Users/admin/builder/spi-builder-workspace/.derivedData/Build/Intermediates.noindex/SwiftyGPIO.build/Debug-watchos/SwiftyGPIO-t.build/Objects-normal/arm64/SwiftyGPIO.SwiftFileList
WriteAuxiliaryFile /Users/admin/builder/spi-builder-workspace/.derivedData/Build/Intermediates.noindex/SwiftyGPIO.build/Debug-watchos/SwiftyGPIO-t.build/Objects-normal/arm64/SwiftyGPIO.SwiftConstValuesFileList (in target 'SwiftyGPIO' from project 'SwiftyGPIO')
cd /Users/admin/builder/spi-builder-workspace/.dependencies/checkouts/SwiftyGPIO
write-file /Users/admin/builder/spi-builder-workspace/.derivedData/Build/Intermediates.noindex/SwiftyGPIO.build/Debug-watchos/SwiftyGPIO-t.build/Objects-normal/arm64/SwiftyGPIO.SwiftConstValuesFileList
WriteAuxiliaryFile /Users/admin/builder/spi-builder-workspace/.derivedData/Build/Intermediates.noindex/SwiftyGPIO.build/Debug-watchos/SwiftyGPIO-t.build/Objects-normal/arm64/SwiftyGPIO.LinkFileList (in target 'SwiftyGPIO' from project 'SwiftyGPIO')
cd /Users/admin/builder/spi-builder-workspace/.dependencies/checkouts/SwiftyGPIO
write-file /Users/admin/builder/spi-builder-workspace/.derivedData/Build/Intermediates.noindex/SwiftyGPIO.build/Debug-watchos/SwiftyGPIO-t.build/Objects-normal/arm64/SwiftyGPIO.LinkFileList
WriteAuxiliaryFile /Users/admin/builder/spi-builder-workspace/.derivedData/Build/Intermediates.noindex/SwiftyGPIO.build/Debug-watchos/SwiftyGPIO-t.build/Objects-normal/arm64/SwiftyGPIO-OutputFileMap.json (in target 'SwiftyGPIO' from project 'SwiftyGPIO')
cd /Users/admin/builder/spi-builder-workspace/.dependencies/checkouts/SwiftyGPIO
write-file /Users/admin/builder/spi-builder-workspace/.derivedData/Build/Intermediates.noindex/SwiftyGPIO.build/Debug-watchos/SwiftyGPIO-t.build/Objects-normal/arm64/SwiftyGPIO-OutputFileMap.json
Copy /Users/admin/builder/spi-builder-workspace/.derivedData/Build/Intermediates.noindex/GeneratedModuleMaps-watchos/SwiftyGPIO.modulemap /Users/admin/builder/spi-builder-workspace/.derivedData/Build/Intermediates.noindex/SwiftyGPIO.build/Debug-watchos/SwiftyGPIO-t.build/SwiftyGPIO.modulemap (in target 'SwiftyGPIO' from project 'SwiftyGPIO')
cd /Users/admin/builder/spi-builder-workspace/.dependencies/checkouts/SwiftyGPIO
builtin-copy -exclude .DS_Store -exclude CVS -exclude .svn -exclude .git -exclude .hg -resolve-src-symlinks /Users/admin/builder/spi-builder-workspace/.derivedData/Build/Intermediates.noindex/SwiftyGPIO.build/Debug-watchos/SwiftyGPIO-t.build/SwiftyGPIO.modulemap /Users/admin/builder/spi-builder-workspace/.derivedData/Build/Intermediates.noindex/GeneratedModuleMaps-watchos
SwiftDriver SwiftyGPIO normal arm64_32 com.apple.xcode.tools.swift.compiler (in target 'SwiftyGPIO' from project 'SwiftyGPIO')
cd /Users/admin/builder/spi-builder-workspace/.swiftpm/xcode
builtin-SwiftDriver -- /Applications/Xcode-27.0.0-Release.Candidate.app/Contents/Developer/Toolchains/XcodeDefault.xctoolchain/usr/bin/swiftc -parse-as-library -module-name SwiftyGPIO -Onone @/Users/admin/builder/spi-builder-workspace/.derivedData/Build/Intermediates.noindex/SwiftyGPIO.build/Debug-watchos/SwiftyGPIO-t.build/Objects-normal/arm64_32/SwiftyGPIO.SwiftFileList -DSWIFT_PACKAGE -DDEBUG -DSWIFT_MODULE_RESOURCE_BUNDLE_UNAVAILABLE -DXcode -plugin-path /Applications/Xcode-27.0.0-Release.Candidate.app/Contents/Developer/Toolchains/XcodeDefault.xctoolchain/usr/lib/swift/host/plugins/testing -enable-experimental-feature DebugDescriptionMacro -sdk /Applications/Xcode-27.0.0-Release.Candidate.app/Contents/Developer/Platforms/WatchOS.platform/Developer/SDKs/WatchOS27.0.sdk -target arm64_32-apple-watchos9.0 -g -module-cache-path /Users/admin/builder/spi-builder-workspace/.derivedData/ModuleCache.noindex -Xfrontend -serialize-debugging-options -enable-testing -suppress-warnings -index-store-path /Users/admin/builder/spi-builder-workspace/.derivedData/Index.noindex/DataStore -Xcc -D_LIBCPP_HARDENING_MODE\=_LIBCPP_HARDENING_MODE_DEBUG -swift-version 5 -I /Users/admin/builder/spi-builder-workspace/.derivedData/Build/Products/Debug-watchos -Isystem /Applications/Xcode-27.0.0-Release.Candidate.app/Contents/Developer/Platforms/WatchOS.platform/Developer/usr/lib -F /Users/admin/builder/spi-builder-workspace/.derivedData/Build/Products/Debug-watchos -F /Applications/Xcode-27.0.0-Release.Candidate.app/Contents/Developer/Platforms/WatchOS.platform/Developer/Library/Frameworks -F /Applications/Xcode-27.0.0-Release.Candidate.app/Contents/Developer/Platforms/WatchOS.platform/Developer/SDKs/WatchOS27.0.sdk/Developer/Library/Frameworks -c -j10 -enable-batch-mode -incremental -Xcc -ivfsstatcache -Xcc /Users/admin/builder/spi-builder-workspace/.derivedData/SDKStatCaches.noindex/watchos27.0-24R360-e829b21a6f8c9b70876ba0858053c04477534ef55a1706bf4c1112bbb242f0a2.sdkstatcache -output-file-map /Users/admin/builder/spi-builder-workspace/.derivedData/Build/Intermediates.noindex/SwiftyGPIO.build/Debug-watchos/SwiftyGPIO-t.build/Objects-normal/arm64_32/SwiftyGPIO-OutputFileMap.json -save-temps -no-color-diagnostics -explicit-module-build -module-cache-path /Users/admin/builder/spi-builder-workspace/.derivedData/Build/Intermediates.noindex/SwiftExplicitPrecompiledModules -clang-scanner-module-cache-path /Users/admin/builder/spi-builder-workspace/.derivedData/ModuleCache.noindex -sdk-module-cache-path /Users/admin/builder/spi-builder-workspace/.derivedData/SDKExplicitPrecompiledModules -emit-dependencies -emit-module -emit-module-path /Users/admin/builder/spi-builder-workspace/.derivedData/Build/Intermediates.noindex/SwiftyGPIO.build/Debug-watchos/SwiftyGPIO-t.build/Objects-normal/arm64_32/SwiftyGPIO.swiftmodule -serialize-diagnostics -dependency-scan-serialize-diagnostics-path /Users/admin/builder/spi-builder-workspace/.derivedData/Build/Intermediates.noindex/SwiftyGPIO.build/Debug-watchos/SwiftyGPIO-t.build/Objects-normal/arm64_32/SwiftyGPIO-dependency-scan.dia -validate-clang-modules-once -clang-build-session-file /Users/admin/builder/spi-builder-workspace/.derivedData/ModuleCache.noindex/Session.modulevalidation -Xcc -fmodules-prune-interval\=86400 -Xcc -fmodules-prune-after\=345600 -emit-const-values -const-gather-protocols-list /Users/admin/builder/spi-builder-workspace/.derivedData/Build/Intermediates.noindex/SwiftyGPIO.build/Debug-watchos/SwiftyGPIO-t.build/Objects-normal/arm64_32/SwiftyGPIO_const_extract_protocols.json -Xcc -I/Users/admin/builder/spi-builder-workspace/.derivedData/Build/Products/Debug-watchos/include -Xcc -I/Users/admin/builder/spi-builder-workspace/.derivedData/Build/Intermediates.noindex/SwiftyGPIO.build/Debug-watchos/SwiftyGPIO-t.build/DerivedSources-normal/arm64_32 -Xcc -I/Users/admin/builder/spi-builder-workspace/.derivedData/Build/Intermediates.noindex/SwiftyGPIO.build/Debug-watchos/SwiftyGPIO-t.build/DerivedSources/arm64_32 -Xcc -I/Users/admin/builder/spi-builder-workspace/.derivedData/Build/Intermediates.noindex/SwiftyGPIO.build/Debug-watchos/SwiftyGPIO-t.build/DerivedSources -Xcc -DSWIFT_PACKAGE -Xcc -DDEBUG\=1 -emit-objc-header -emit-objc-header-path /Users/admin/builder/spi-builder-workspace/.derivedData/Build/Intermediates.noindex/SwiftyGPIO.build/Debug-watchos/SwiftyGPIO-t.build/Objects-normal/arm64_32/SwiftyGPIO-Swift.h -working-directory /Users/admin/builder/spi-builder-workspace/.swiftpm/xcode -experimental-emit-module-separately -disable-cmo
SwiftDriver SwiftyGPIO normal arm64 com.apple.xcode.tools.swift.compiler (in target 'SwiftyGPIO' from project 'SwiftyGPIO')
cd /Users/admin/builder/spi-builder-workspace/.swiftpm/xcode
builtin-SwiftDriver -- /Applications/Xcode-27.0.0-Release.Candidate.app/Contents/Developer/Toolchains/XcodeDefault.xctoolchain/usr/bin/swiftc -parse-as-library -module-name SwiftyGPIO -Onone @/Users/admin/builder/spi-builder-workspace/.derivedData/Build/Intermediates.noindex/SwiftyGPIO.build/Debug-watchos/SwiftyGPIO-t.build/Objects-normal/arm64/SwiftyGPIO.SwiftFileList -DSWIFT_PACKAGE -DDEBUG -DSWIFT_MODULE_RESOURCE_BUNDLE_UNAVAILABLE -DXcode -plugin-path /Applications/Xcode-27.0.0-Release.Candidate.app/Contents/Developer/Toolchains/XcodeDefault.xctoolchain/usr/lib/swift/host/plugins/testing -enable-experimental-feature DebugDescriptionMacro -sdk /Applications/Xcode-27.0.0-Release.Candidate.app/Contents/Developer/Platforms/WatchOS.platform/Developer/SDKs/WatchOS27.0.sdk -target arm64-apple-watchos9.0 -g -module-cache-path /Users/admin/builder/spi-builder-workspace/.derivedData/ModuleCache.noindex -Xfrontend -serialize-debugging-options -enable-testing -suppress-warnings -index-store-path /Users/admin/builder/spi-builder-workspace/.derivedData/Index.noindex/DataStore -Xcc -D_LIBCPP_HARDENING_MODE\=_LIBCPP_HARDENING_MODE_DEBUG -swift-version 5 -I /Users/admin/builder/spi-builder-workspace/.derivedData/Build/Products/Debug-watchos -Isystem /Applications/Xcode-27.0.0-Release.Candidate.app/Contents/Developer/Platforms/WatchOS.platform/Developer/usr/lib -F /Users/admin/builder/spi-builder-workspace/.derivedData/Build/Products/Debug-watchos -F /Applications/Xcode-27.0.0-Release.Candidate.app/Contents/Developer/Platforms/WatchOS.platform/Developer/Library/Frameworks -F /Applications/Xcode-27.0.0-Release.Candidate.app/Contents/Developer/Platforms/WatchOS.platform/Developer/SDKs/WatchOS27.0.sdk/Developer/Library/Frameworks -c -j10 -enable-batch-mode -incremental -Xcc -ivfsstatcache -Xcc /Users/admin/builder/spi-builder-workspace/.derivedData/SDKStatCaches.noindex/watchos27.0-24R360-e829b21a6f8c9b70876ba0858053c04477534ef55a1706bf4c1112bbb242f0a2.sdkstatcache -output-file-map /Users/admin/builder/spi-builder-workspace/.derivedData/Build/Intermediates.noindex/SwiftyGPIO.build/Debug-watchos/SwiftyGPIO-t.build/Objects-normal/arm64/SwiftyGPIO-OutputFileMap.json -save-temps -no-color-diagnostics -explicit-module-build -module-cache-path /Users/admin/builder/spi-builder-workspace/.derivedData/Build/Intermediates.noindex/SwiftExplicitPrecompiledModules -clang-scanner-module-cache-path /Users/admin/builder/spi-builder-workspace/.derivedData/ModuleCache.noindex -sdk-module-cache-path /Users/admin/builder/spi-builder-workspace/.derivedData/SDKExplicitPrecompiledModules -emit-dependencies -emit-module -emit-module-path /Users/admin/builder/spi-builder-workspace/.derivedData/Build/Intermediates.noindex/SwiftyGPIO.build/Debug-watchos/SwiftyGPIO-t.build/Objects-normal/arm64/SwiftyGPIO.swiftmodule -serialize-diagnostics -dependency-scan-serialize-diagnostics-path /Users/admin/builder/spi-builder-workspace/.derivedData/Build/Intermediates.noindex/SwiftyGPIO.build/Debug-watchos/SwiftyGPIO-t.build/Objects-normal/arm64/SwiftyGPIO-dependency-scan.dia -validate-clang-modules-once -clang-build-session-file /Users/admin/builder/spi-builder-workspace/.derivedData/ModuleCache.noindex/Session.modulevalidation -Xcc -fmodules-prune-interval\=86400 -Xcc -fmodules-prune-after\=345600 -emit-const-values -const-gather-protocols-list /Users/admin/builder/spi-builder-workspace/.derivedData/Build/Intermediates.noindex/SwiftyGPIO.build/Debug-watchos/SwiftyGPIO-t.build/Objects-normal/arm64/SwiftyGPIO_const_extract_protocols.json -Xcc -I/Users/admin/builder/spi-builder-workspace/.derivedData/Build/Products/Debug-watchos/include -Xcc -I/Users/admin/builder/spi-builder-workspace/.derivedData/Build/Intermediates.noindex/SwiftyGPIO.build/Debug-watchos/SwiftyGPIO-t.build/DerivedSources-normal/arm64 -Xcc -I/Users/admin/builder/spi-builder-workspace/.derivedData/Build/Intermediates.noindex/SwiftyGPIO.build/Debug-watchos/SwiftyGPIO-t.build/DerivedSources/arm64 -Xcc -I/Users/admin/builder/spi-builder-workspace/.derivedData/Build/Intermediates.noindex/SwiftyGPIO.build/Debug-watchos/SwiftyGPIO-t.build/DerivedSources -Xcc -DSWIFT_PACKAGE -Xcc -DDEBUG\=1 -emit-objc-header -emit-objc-header-path /Users/admin/builder/spi-builder-workspace/.derivedData/Build/Intermediates.noindex/SwiftyGPIO.build/Debug-watchos/SwiftyGPIO-t.build/Objects-normal/arm64/SwiftyGPIO-Swift.h -working-directory /Users/admin/builder/spi-builder-workspace/.swiftpm/xcode -experimental-emit-module-separately -disable-cmo
SwiftExplicitDependencyGeneratePcm arm64_32 /Users/admin/builder/spi-builder-workspace/.derivedData/SDKExplicitPrecompiledModules/_SwiftConcurrencyShims-6RTBPQ03V7BM9SPRK8SUE055H.pcm
SwiftExplicitDependencyGeneratePcm arm64_32 /Users/admin/builder/spi-builder-workspace/.derivedData/SDKExplicitPrecompiledModules/ptrauth-BFXF358ME5AK535N5A9Z766WU.pcm
SwiftExplicitDependencyGeneratePcm arm64_32 /Users/admin/builder/spi-builder-workspace/.derivedData/SDKExplicitPrecompiledModules/_Builtin_stddef-H44EFHQX6XSS5MZ7QP6YJZ76.pcm
SwiftExplicitDependencyGeneratePcm arm64_32 /Users/admin/builder/spi-builder-workspace/.derivedData/SDKExplicitPrecompiledModules/ptrcheck-7ELIH9BTIGVKX3UBITM9N72WD.pcm
SwiftExplicitDependencyGeneratePcm arm64_32 /Users/admin/builder/spi-builder-workspace/.derivedData/SDKExplicitPrecompiledModules/_Builtin_float-6KO8O3PEWRCA4WC6PPLOYO6WJ.pcm
SwiftExplicitDependencyGeneratePcm arm64_32 /Users/admin/builder/spi-builder-workspace/.derivedData/SDKExplicitPrecompiledModules/_Builtin_stdarg-D305JG44A2WPI6CJY37X3QJE8.pcm
SwiftExplicitDependencyGeneratePcm arm64_32 /Users/admin/builder/spi-builder-workspace/.derivedData/SDKExplicitPrecompiledModules/SwiftShims-9CQQGWTSNTN9EB5NSHDWUJICH.pcm
SwiftExplicitDependencyGeneratePcm arm64_32 /Users/admin/builder/spi-builder-workspace/.derivedData/SDKExplicitPrecompiledModules/_AvailabilityInternal-244WAN3Z1QBT7PIA64EZEFY1R.pcm
SwiftExplicitDependencyGeneratePcm arm64_32 /Users/admin/builder/spi-builder-workspace/.derivedData/SDKExplicitPrecompiledModules/_Builtin_stdbool-A967K8W8YUYEC9SN52KJ7OO88.pcm
SwiftExplicitDependencyGeneratePcm arm64 /Users/admin/builder/spi-builder-workspace/.derivedData/SDKExplicitPrecompiledModules/_AvailabilityInternal-BUNV3UXM65NT37THI4W1AM0SF.pcm
SwiftExplicitDependencyGeneratePcm arm64 /Users/admin/builder/spi-builder-workspace/.derivedData/SDKExplicitPrecompiledModules/_Builtin_stdbool-83J96QSOFE9VX04AAS6310UAE.pcm
SwiftExplicitDependencyGeneratePcm arm64 /Users/admin/builder/spi-builder-workspace/.derivedData/SDKExplicitPrecompiledModules/_Builtin_float-C0CW5Q4HGBQYKE77TC42IAFB5.pcm
SwiftExplicitDependencyGeneratePcm arm64 /Users/admin/builder/spi-builder-workspace/.derivedData/SDKExplicitPrecompiledModules/ptrauth-3TZ9WJCGLYD25HQPWH4968ONX.pcm
SwiftExplicitDependencyGeneratePcm arm64 /Users/admin/builder/spi-builder-workspace/.derivedData/SDKExplicitPrecompiledModules/SwiftShims-4MXFZPV6FEB0XBYXCGPWAMQGL.pcm
SwiftExplicitDependencyGeneratePcm arm64 /Users/admin/builder/spi-builder-workspace/.derivedData/SDKExplicitPrecompiledModules/_Builtin_stdarg-A7UU8LE6MP85SM26YO7PBZNUQ.pcm
SwiftExplicitDependencyGeneratePcm arm64 /Users/admin/builder/spi-builder-workspace/.derivedData/SDKExplicitPrecompiledModules/_Builtin_stddef-1FU30Y8SWFB7OUUHMJQH5J6FM.pcm
SwiftExplicitDependencyGeneratePcm arm64 /Users/admin/builder/spi-builder-workspace/.derivedData/SDKExplicitPrecompiledModules/_SwiftConcurrencyShims-659N52XSKR5F0QSB880BH2FJR.pcm
SwiftExplicitDependencyGeneratePcm arm64 /Users/admin/builder/spi-builder-workspace/.derivedData/SDKExplicitPrecompiledModules/ptrcheck-AIF0NDOYZ8ORBNHQAQR5NNB8M.pcm
SwiftExplicitDependencyGeneratePcm arm64_32 /Users/admin/builder/spi-builder-workspace/.derivedData/SDKExplicitPrecompiledModules/_DarwinFoundation1-2GWF9RFMPLQW4PDHS3NARVI3G.pcm
SwiftExplicitDependencyGeneratePcm arm64 /Users/admin/builder/spi-builder-workspace/.derivedData/SDKExplicitPrecompiledModules/_DarwinFoundation1-7SPX3MD0HMP55E4OLNCPNDQ53.pcm
SwiftExplicitDependencyGeneratePcm arm64_32 /Users/admin/builder/spi-builder-workspace/.derivedData/SDKExplicitPrecompiledModules/_Builtin_limits-3VKBU2AFTD65PAJZ5CJ3LHFM2.pcm
SwiftExplicitDependencyGeneratePcm arm64_32 /Users/admin/builder/spi-builder-workspace/.derivedData/SDKExplicitPrecompiledModules/_DarwinFoundation2-9MY8GOSYRO0M9MKNXF6D3MBNK.pcm
SwiftExplicitDependencyGeneratePcm arm64 /Users/admin/builder/spi-builder-workspace/.derivedData/SDKExplicitPrecompiledModules/_Builtin_limits-9GWPA2B0H20DYUNYHYCWKABJG.pcm
SwiftExplicitDependencyGeneratePcm arm64 /Users/admin/builder/spi-builder-workspace/.derivedData/SDKExplicitPrecompiledModules/_DarwinFoundation2-D0XAPJU49S5E9XMKYOFGSTB1Q.pcm
SwiftExplicitDependencyGeneratePcm arm64_32 /Users/admin/builder/spi-builder-workspace/.derivedData/SDKExplicitPrecompiledModules/_Builtin_stdint-1HMXWI3V0V4TXHRWZOMZGZ80Y.pcm
SwiftExplicitDependencyGeneratePcm arm64_32 /Users/admin/builder/spi-builder-workspace/.derivedData/SDKExplicitPrecompiledModules/sys_types-8TLLMW08ZJWDGIIPKOYFGHHZW.pcm
SwiftExplicitDependencyGeneratePcm arm64_32 /Users/admin/builder/spi-builder-workspace/.derivedData/SDKExplicitPrecompiledModules/string_h-BFVLUQUSBZWYMLCU9QI7VZALW.pcm
SwiftExplicitDependencyGeneratePcm arm64 /Users/admin/builder/spi-builder-workspace/.derivedData/SDKExplicitPrecompiledModules/_Builtin_stdint-8XMILLJZEGRN2XG7XZUXZ5RLX.pcm
SwiftExplicitDependencyGeneratePcm arm64 /Users/admin/builder/spi-builder-workspace/.derivedData/SDKExplicitPrecompiledModules/string_h-E6PRXK75PHIPCZFWOFCQ3QBMK.pcm
SwiftExplicitDependencyGeneratePcm arm64 /Users/admin/builder/spi-builder-workspace/.derivedData/SDKExplicitPrecompiledModules/sys_types-2KXQLI78OUCDP779AE68GZJ2.pcm
SwiftExplicitDependencyGeneratePcm arm64_32 /Users/admin/builder/spi-builder-workspace/.derivedData/SDKExplicitPrecompiledModules/_DarwinFoundation3-3DUTYQDQSD9HUAAVY947NMWOI.pcm
SwiftExplicitDependencyGeneratePcm arm64 /Users/admin/builder/spi-builder-workspace/.derivedData/SDKExplicitPrecompiledModules/_DarwinFoundation3-B97LRG0E9GON2NUE65TVG81HU.pcm
SwiftExplicitDependencyGeneratePcm arm64_32 /Users/admin/builder/spi-builder-workspace/.derivedData/SDKExplicitPrecompiledModules/_Builtin_inttypes-D2KPCR4PEX9AQA33NGLUT5SBR.pcm
SwiftExplicitDependencyGeneratePcm arm64_32 /Users/admin/builder/spi-builder-workspace/.derivedData/SDKExplicitPrecompiledModules/Darwin-3FVT1SKLN2ZQ5RVOABMTQBB34.pcm
SwiftExplicitDependencyGeneratePcm arm64 /Users/admin/builder/spi-builder-workspace/.derivedData/SDKExplicitPrecompiledModules/_Builtin_inttypes-3UQSCM7WNM9EK4HZML8TY5J3D.pcm
SwiftExplicitDependencyGeneratePcm arm64 /Users/admin/builder/spi-builder-workspace/.derivedData/SDKExplicitPrecompiledModules/Darwin-3984OXKFNSPE77NT743WK8SEX.pcm
SwiftExplicitDependencyGeneratePcm arm64_32 /Users/admin/builder/spi-builder-workspace/.derivedData/SDKExplicitPrecompiledModules/ObjectiveC-6IJNELR2E80E7LUKESVCP2KET.pcm
SwiftExplicitDependencyGeneratePcm arm64 /Users/admin/builder/spi-builder-workspace/.derivedData/SDKExplicitPrecompiledModules/ObjectiveC-72IVD3VS2RS8Q28D9PIMY0KQP.pcm
SwiftExplicitDependencyGeneratePcm arm64_32 /Users/admin/builder/spi-builder-workspace/.derivedData/SDKExplicitPrecompiledModules/os_object-5YWTC6L4756IWSTPGXS5NM0D0.pcm
SwiftExplicitDependencyGeneratePcm arm64_32 /Users/admin/builder/spi-builder-workspace/.derivedData/SDKExplicitPrecompiledModules/os_workgroup-5JHTPDMNBUNHLJI8LPHKQK1JK.pcm
SwiftExplicitDependencyGeneratePcm arm64 /Users/admin/builder/spi-builder-workspace/.derivedData/SDKExplicitPrecompiledModules/os_object-3SDKD7F87FTZ26OON37DRYT6O.pcm
SwiftExplicitDependencyGeneratePcm arm64 /Users/admin/builder/spi-builder-workspace/.derivedData/SDKExplicitPrecompiledModules/os_workgroup-89GG5G7YC2D0ZTK6AZXXQ20DH.pcm
SwiftExplicitDependencyGeneratePcm arm64_32 /Users/admin/builder/spi-builder-workspace/.derivedData/SDKExplicitPrecompiledModules/Dispatch-2P62F1T4XV63S4P99TUDTOK2Q.pcm
SwiftExplicitDependencyGeneratePcm arm64 /Users/admin/builder/spi-builder-workspace/.derivedData/SDKExplicitPrecompiledModules/Dispatch-1NLJOVAK60XP0DUB05XA59EIM.pcm
SwiftExplicitDependencyGeneratePcm arm64_32 /Users/admin/builder/spi-builder-workspace/.derivedData/SDKExplicitPrecompiledModules/CoreFoundation-8E6Y4BA3EXYKUGJ24GT9LGV3N.pcm
SwiftExplicitDependencyGeneratePcm arm64_32 /Users/admin/builder/spi-builder-workspace/.derivedData/SDKExplicitPrecompiledModules/XPC-81Y45QFY96XYYFCW2GT6FY8S4.pcm
SwiftExplicitDependencyGeneratePcm arm64 /Users/admin/builder/spi-builder-workspace/.derivedData/SDKExplicitPrecompiledModules/CoreFoundation-8T2L24YC5NU7WO6WQJWRY7W08.pcm
SwiftExplicitDependencyGeneratePcm arm64 /Users/admin/builder/spi-builder-workspace/.derivedData/SDKExplicitPrecompiledModules/XPC-40DR0X1DHKGCV4J1IOLFS8MOU.pcm
SwiftExplicitDependencyGeneratePcm arm64_32 /Users/admin/builder/spi-builder-workspace/.derivedData/SDKExplicitPrecompiledModules/Security-D7TOWF88VWF67TB9HAFP5UWB1.pcm
SwiftExplicitDependencyGeneratePcm arm64 /Users/admin/builder/spi-builder-workspace/.derivedData/SDKExplicitPrecompiledModules/Security-6RZ6YBRU8WCUHRFFRVUK5WKMM.pcm
SwiftExplicitDependencyGeneratePcm arm64_32 /Users/admin/builder/spi-builder-workspace/.derivedData/SDKExplicitPrecompiledModules/Foundation-BJ2VQGI3OGR34500MEQ1VKHPH.pcm
SwiftExplicitDependencyGeneratePcm arm64 /Users/admin/builder/spi-builder-workspace/.derivedData/SDKExplicitPrecompiledModules/Foundation-DLBKUSGXN8QHAT8W0OARR9S8A.pcm
SwiftCompile normal arm64_32 Compiling\ SwiftyGPIO.swift /Users/admin/builder/spi-builder-workspace/.dependencies/checkouts/SwiftyGPIO/Sources/SwiftyGPIO.swift (in target 'SwiftyGPIO' from project 'SwiftyGPIO')
SwiftCompile normal arm64_32 /Users/admin/builder/spi-builder-workspace/.dependencies/checkouts/SwiftyGPIO/Sources/SwiftyGPIO.swift (in target 'SwiftyGPIO' from project 'SwiftyGPIO')
cd /Users/admin/builder/spi-builder-workspace/.swiftpm/xcode
builtin-SwiftPerFileCompile SwiftyGPIO.swift
SwiftCompile normal arm64_32 Compiling\ UART.swift /Users/admin/builder/spi-builder-workspace/.dependencies/checkouts/SwiftyGPIO/Sources/UART.swift (in target 'SwiftyGPIO' from project 'SwiftyGPIO')
/Users/admin/builder/spi-builder-workspace/.dependencies/checkouts/SwiftyGPIO/Sources/UART.swift:72:28: error: cannot convert value of type 'UInt32' to expected argument type 'UInt'
70 | switch self {
71 | case .None:
72 | cfg.c_cflag &= ~UInt32(PARENB | PARODD)
| `- error: cannot convert value of type 'UInt32' to expected argument type 'UInt'
73 | case .Even:
74 | cfg.c_cflag &= ~UInt32(PARENB | PARODD)
/Users/admin/builder/spi-builder-workspace/.dependencies/checkouts/SwiftyGPIO/Sources/UART.swift:74:28: error: cannot convert value of type 'UInt32' to expected argument type 'UInt'
72 | cfg.c_cflag &= ~UInt32(PARENB | PARODD)
73 | case .Even:
74 | cfg.c_cflag &= ~UInt32(PARENB | PARODD)
| `- error: cannot convert value of type 'UInt32' to expected argument type 'UInt'
75 | cfg.c_cflag |= UInt32(PARENB)
76 | case .Odd:
/Users/admin/builder/spi-builder-workspace/.dependencies/checkouts/SwiftyGPIO/Sources/UART.swift:75:28: error: cannot convert value of type 'UInt32' to expected argument type 'UInt'
73 | case .Even:
74 | cfg.c_cflag &= ~UInt32(PARENB | PARODD)
75 | cfg.c_cflag |= UInt32(PARENB)
| `- error: cannot convert value of type 'UInt32' to expected argument type 'UInt'
76 | case .Odd:
77 | cfg.c_cflag |= UInt32(PARENB | PARODD)
/Users/admin/builder/spi-builder-workspace/.dependencies/checkouts/SwiftyGPIO/Sources/UART.swift:77:28: error: cannot convert value of type 'UInt32' to expected argument type 'UInt'
75 | cfg.c_cflag |= UInt32(PARENB)
76 | case .Odd:
77 | cfg.c_cflag |= UInt32(PARENB | PARODD)
| `- error: cannot convert value of type 'UInt32' to expected argument type 'UInt'
78 | }
79 | }
/Users/admin/builder/spi-builder-workspace/.dependencies/checkouts/SwiftyGPIO/Sources/UART.swift:88:38: error: cannot convert value of type 'UInt32' to expected argument type 'UInt'
86 |
87 | public func configure(_ cfg: inout termios) {
88 | cfg.c_cflag = (cfg.c_cflag & ~UInt32(CSIZE))
| `- error: cannot convert value of type 'UInt32' to expected argument type 'UInt'
89 | switch self {
90 | case .Eight:
/Users/admin/builder/spi-builder-workspace/.dependencies/checkouts/SwiftyGPIO/Sources/UART.swift:91:28: error: cannot convert value of type 'UInt32' to expected argument type 'UInt'
89 | switch self {
90 | case .Eight:
91 | cfg.c_cflag |= UInt32(CS8)
| `- error: cannot convert value of type 'UInt32' to expected argument type 'UInt'
92 | case .Seven:
93 | cfg.c_cflag |= UInt32(CS7)
/Users/admin/builder/spi-builder-workspace/.dependencies/checkouts/SwiftyGPIO/Sources/UART.swift:93:28: error: cannot convert value of type 'UInt32' to expected argument type 'UInt'
91 | cfg.c_cflag |= UInt32(CS8)
92 | case .Seven:
93 | cfg.c_cflag |= UInt32(CS7)
| `- error: cannot convert value of type 'UInt32' to expected argument type 'UInt'
94 | case .Six:
95 | cfg.c_cflag |= UInt32(CS6)
/Users/admin/builder/spi-builder-workspace/.dependencies/checkouts/SwiftyGPIO/Sources/UART.swift:95:28: error: cannot convert value of type 'UInt32' to expected argument type 'UInt'
93 | cfg.c_cflag |= UInt32(CS7)
94 | case .Six:
95 | cfg.c_cflag |= UInt32(CS6)
| `- error: cannot convert value of type 'UInt32' to expected argument type 'UInt'
96 | }
97 | }
/Users/admin/builder/spi-builder-workspace/.dependencies/checkouts/SwiftyGPIO/Sources/UART.swift:107:28: error: cannot convert value of type 'UInt32' to expected argument type 'UInt'
105 | switch self {
106 | case .One:
107 | cfg.c_cflag &= ~UInt32(CSTOPB)
| `- error: cannot convert value of type 'UInt32' to expected argument type 'UInt'
108 | case .Two:
109 | cfg.c_cflag |= UInt32(CSTOPB)
/Users/admin/builder/spi-builder-workspace/.dependencies/checkouts/SwiftyGPIO/Sources/UART.swift:109:28: error: cannot convert value of type 'UInt32' to expected argument type 'UInt'
107 | cfg.c_cflag &= ~UInt32(CSTOPB)
108 | case .Two:
109 | cfg.c_cflag |= UInt32(CSTOPB)
| `- error: cannot convert value of type 'UInt32' to expected argument type 'UInt'
110 | }
111 | }
/Users/admin/builder/spi-builder-workspace/.dependencies/checkouts/SwiftyGPIO/Sources/UART.swift:199:24: error: cannot convert value of type 'UInt32' to expected argument type 'UInt'
197 |
198 | bitsPerChar.configure(&tty)
199 | tty.c_iflag &= ~UInt32(IGNBRK) // disable break processing
| `- error: cannot convert value of type 'UInt32' to expected argument type 'UInt'
200 | tty.c_lflag = 0 // no signaling chars, no echo,
201 | // no canonical processing -> read bytes as they come without waiting for LF
/Users/admin/builder/spi-builder-workspace/.dependencies/checkouts/SwiftyGPIO/Sources/UART.swift:206:24: error: cannot convert value of type 'UInt32' to expected argument type 'UInt'
204 | withUnsafeMutableBytes(of: &tty.c_cc) {$0[Int(VMIN)] = UInt8(1); return}
205 | withUnsafeMutableBytes(of: &tty.c_cc) {$0[Int(VTIME)] = UInt8(5); return} // 5 10th of second read timeout
206 | tty.c_iflag &= ~UInt32(IXON | IXOFF | IXANY) // Every kind of software flow control off
| `- error: cannot convert value of type 'UInt32' to expected argument type 'UInt'
207 | tty.c_cflag &= ~UInt32(CRTSCTS) //No hw flow control
208 | tty.c_cflag |= UInt32(CLOCAL | CREAD) // Ignore modem controls, enable read
/Users/admin/builder/spi-builder-workspace/.dependencies/checkouts/SwiftyGPIO/Sources/UART.swift:207:24: error: cannot convert value of type 'UInt32' to expected argument type 'UInt'
205 | withUnsafeMutableBytes(of: &tty.c_cc) {$0[Int(VTIME)] = UInt8(5); return} // 5 10th of second read timeout
206 | tty.c_iflag &= ~UInt32(IXON | IXOFF | IXANY) // Every kind of software flow control off
207 | tty.c_cflag &= ~UInt32(CRTSCTS) //No hw flow control
| `- error: cannot convert value of type 'UInt32' to expected argument type 'UInt'
208 | tty.c_cflag |= UInt32(CLOCAL | CREAD) // Ignore modem controls, enable read
209 | parity.configure(&tty)
/Users/admin/builder/spi-builder-workspace/.dependencies/checkouts/SwiftyGPIO/Sources/UART.swift:208:24: error: cannot convert value of type 'UInt32' to expected argument type 'UInt'
206 | tty.c_iflag &= ~UInt32(IXON | IXOFF | IXANY) // Every kind of software flow control off
207 | tty.c_cflag &= ~UInt32(CRTSCTS) //No hw flow control
208 | tty.c_cflag |= UInt32(CLOCAL | CREAD) // Ignore modem controls, enable read
| `- error: cannot convert value of type 'UInt32' to expected argument type 'UInt'
209 | parity.configure(&tty)
210 | stopBits.configure(&tty)
/Users/admin/builder/spi-builder-workspace/.dependencies/checkouts/SwiftyGPIO/Sources/UART.swift:217:37: error: cannot find 'FIONREAD' in scope
215 | public func hasAvailableData() throws -> Bool {
216 | var bytesToRead = 0
217 | let result = ioctl(fd, UInt(FIONREAD), &bytesToRead)
| `- error: cannot find 'FIONREAD' in scope
218 |
219 | guard result >= 0 else { throw IOCTLError.callExecutionFailed(detail: String(format: "%s", strerror(errno))) }
/Applications/Xcode-27.0.0-Release.Candidate.app/Contents/Developer/Platforms/WatchOS.platform/Developer/SDKs/WatchOS27.0.sdk/usr/include/sys/filio.h:77:9: note: macro 'FIONREAD' unavailable: structure not supported
75 | #define FIOCLEX _IO('f', 1) /* set close on exec on fd */
76 | #define FIONCLEX _IO('f', 2) /* remove close on exec */
77 | #define FIONREAD _IOR('f', 127, int) /* get # bytes to read */
| `- note: macro 'FIONREAD' unavailable: structure not supported
78 | #define FIONBIO _IOW('f', 126, int) /* set/clear non-blocking i/o */
79 | #define FIOASYNC _IOW('f', 125, int) /* set/clear async i/o */
Failed frontend command:
/Applications/Xcode-27.0.0-Release.Candidate.app/Contents/Developer/Toolchains/XcodeDefault.xctoolchain/usr/bin/swift-frontend -frontend -c /Users/admin/builder/spi-builder-workspace/.dependencies/checkouts/SwiftyGPIO/Sources/1Wire.swift /Users/admin/builder/spi-builder-workspace/.dependencies/checkouts/SwiftyGPIO/Sources/ADC.swift /Users/admin/builder/spi-builder-workspace/.dependencies/checkouts/SwiftyGPIO/Sources/I2C.swift /Users/admin/builder/spi-builder-workspace/.dependencies/checkouts/SwiftyGPIO/Sources/Mailbox.swift /Users/admin/builder/spi-builder-workspace/.dependencies/checkouts/SwiftyGPIO/Sources/PWM.swift /Users/admin/builder/spi-builder-workspace/.dependencies/checkouts/SwiftyGPIO/Sources/Presets.swift /Users/admin/builder/spi-builder-workspace/.dependencies/checkouts/SwiftyGPIO/Sources/SPI.swift /Users/admin/builder/spi-builder-workspace/.dependencies/checkouts/SwiftyGPIO/Sources/SunXi.swift /Users/admin/builder/spi-builder-workspace/.dependencies/checkouts/SwiftyGPIO/Sources/SwiftyGPIO.swift -primary-file /Users/admin/builder/spi-builder-workspace/.dependencies/checkouts/SwiftyGPIO/Sources/UART.swift -emit-dependencies-path /Users/admin/builder/spi-builder-workspace/.derivedData/Build/Intermediates.noindex/SwiftyGPIO.build/Debug-watchos/SwiftyGPIO-t.build/Objects-normal/arm64_32/UART.d -emit-const-values-path /Users/admin/builder/spi-builder-workspace/.derivedData/Build/Intermediates.noindex/SwiftyGPIO.build/Debug-watchos/SwiftyGPIO-t.build/Objects-normal/arm64_32/UART.swiftconstvalues -emit-reference-dependencies-path /Users/admin/builder/spi-builder-workspace/.derivedData/Build/Intermediates.noindex/SwiftyGPIO.build/Debug-watchos/SwiftyGPIO-t.build/Objects-normal/arm64_32/UART.swiftdeps -serialize-diagnostics-path /Users/admin/builder/spi-builder-workspace/.derivedData/Build/Intermediates.noindex/SwiftyGPIO.build/Debug-watchos/SwiftyGPIO-t.build/Objects-normal/arm64_32/UART.dia -target arm64_32-apple-watchos9.0 -disable-cross-import-overlay-search -swift-module-cross-import Darwin /Applications/Xcode-27.0.0-Release.Candidate.app/Contents/Developer/Platforms/WatchOS.platform/Developer/SDKs/WatchOS.sdk/usr/include/Darwin.swiftcrossimport/xlocale.swiftoverlay -load-resolved-plugin /Applications/Xcode-27.0.0-Release.Candidate.app/Contents/Developer/Platforms/WatchOS.platform/Developer/usr/lib/swift/host/plugins/libFoundationMacros.dylib\#/Applications/Xcode-27.0.0-Release.Candidate.app/Contents/Developer/Platforms/WatchOS.platform/Developer/usr/bin/swift-plugin-server\#FoundationMacros -load-resolved-plugin /Applications/Xcode-27.0.0-Release.Candidate.app/Contents/Developer/Platforms/WatchOS.platform/Developer/usr/lib/swift/host/plugins/libObservationMacros.dylib\#/Applications/Xcode-27.0.0-Release.Candidate.app/Contents/Developer/Platforms/WatchOS.platform/Developer/usr/bin/swift-plugin-server\#ObservationMacros -load-resolved-plugin /Applications/Xcode-27.0.0-Release.Candidate.app/Contents/Developer/Platforms/WatchOS.platform/Developer/usr/lib/swift/host/plugins/libSwiftMacros.dylib\#/Applications/Xcode-27.0.0-Release.Candidate.app/Contents/Developer/Platforms/WatchOS.platform/Developer/usr/bin/swift-plugin-server\#SwiftMacros -disable-implicit-swift-modules -Xcc -fno-implicit-modules -Xcc -fno-implicit-module-maps -explicit-swift-module-map-file /Users/admin/builder/spi-builder-workspace/.derivedData/Build/Intermediates.noindex/SwiftyGPIO.build/Debug-watchos/SwiftyGPIO-t.build/Objects-normal/arm64_32/SwiftyGPIO-dependencies-2.json -enable-objc-interop -sdk /Applications/Xcode-27.0.0-Release.Candidate.app/Contents/Developer/Platforms/WatchOS.platform/Developer/SDKs/WatchOS27.0.sdk -I /Users/admin/builder/spi-builder-workspace/.derivedData/Build/Products/Debug-watchos -Isystem /Applications/Xcode-27.0.0-Release.Candidate.app/Contents/Developer/Platforms/WatchOS.platform/Developer/usr/lib -F /Users/admin/builder/spi-builder-workspace/.derivedData/Build/Products/Debug-watchos -F /Applications/Xcode-27.0.0-Release.Candidate.app/Contents/Developer/Platforms/WatchOS.platform/Developer/Library/Frameworks -F /Applications/Xcode-27.0.0-Release.Candidate.app/Contents/Developer/Platforms/WatchOS.platform/Developer/SDKs/WatchOS27.0.sdk/Developer/Library/Frameworks -module-cache-path /Users/admin/builder/spi-builder-workspace/.derivedData/Build/Intermediates.noindex/SwiftExplicitPrecompiledModules -no-color-diagnostics -Xcc -fno-color-diagnostics -enable-testing -g -debug-info-format\=dwarf -dwarf-version\=4 -suppress-warnings -swift-version 5 -Onone -D SWIFT_PACKAGE -D DEBUG -D SWIFT_MODULE_RESOURCE_BUNDLE_UNAVAILABLE -D Xcode -serialize-debugging-options -enable-experimental-feature DebugDescriptionMacro -empty-abi-descriptor -validate-clang-modules-once -clang-build-session-file /Users/admin/builder/spi-builder-workspace/.derivedData/ModuleCache.noindex/Session.modulevalidation -Xcc -working-directory -Xcc /Users/admin/builder/spi-builder-workspace/.swiftpm/xcode -enable-anonymous-context-mangled-names -file-compilation-dir /Users/admin/builder/spi-builder-workspace/.swiftpm/xcode -Xcc -D_LIBCPP_HARDENING_MODE\=_LIBCPP_HARDENING_MODE_DEBUG -Xcc -ivfsstatcache -Xcc /Users/admin/builder/spi-builder-workspace/.derivedData/SDKStatCaches.noindex/watchos27.0-24R360-e829b21a6f8c9b70876ba0858053c04477534ef55a1706bf4c1112bbb242f0a2.sdkstatcache -Xcc -fmodules-prune-interval\=86400 -Xcc -fmodules-prune-after\=345600 -Xcc -I/Users/admin/builder/spi-builder-workspace/.derivedData/Build/Products/Debug-watchos/include -Xcc -I/Users/admin/builder/spi-builder-workspace/.derivedData/Build/Intermediates.noindex/SwiftyGPIO.build/Debug-watchos/SwiftyGPIO-t.build/DerivedSources-normal/arm64_32 -Xcc -I/Users/admin/builder/spi-builder-workspace/.derivedData/Build/Intermediates.noindex/SwiftyGPIO.build/Debug-watchos/SwiftyGPIO-t.build/DerivedSources/arm64_32 -Xcc -I/Users/admin/builder/spi-builder-workspace/.derivedData/Build/Intermediates.noindex/SwiftyGPIO.build/Debug-watchos/SwiftyGPIO-t.build/DerivedSources -Xcc -DSWIFT_PACKAGE -Xcc -DDEBUG\=1 -no-auto-bridging-header-chaining -module-name SwiftyGPIO -const-gather-protocols-file /Users/admin/builder/spi-builder-workspace/.derivedData/Build/Intermediates.noindex/SwiftyGPIO.build/Debug-watchos/SwiftyGPIO-t.build/Objects-normal/arm64_32/SwiftyGPIO_const_extract_protocols.json -disable-clang-spi -clang-target arm64_32-apple-watchos27.0 -target-sdk-version 27.0 -target-sdk-name watchos27.0 -in-process-plugin-server-path /Applications/Xcode-27.0.0-Release.Candidate.app/Contents/Developer/Toolchains/XcodeDefault.xctoolchain/usr/lib/swift/host/libSwiftInProcPluginServer.dylib -parse-as-library -o /Users/admin/builder/spi-builder-workspace/.derivedData/Build/Intermediates.noindex/SwiftyGPIO.build/Debug-watchos/SwiftyGPIO-t.build/Objects-normal/arm64_32/UART.o -debug-module-path /Users/admin/builder/spi-builder-workspace/.derivedData/Build/Intermediates.noindex/SwiftyGPIO.build/Debug-watchos/SwiftyGPIO-t.build/Objects-normal/arm64_32/SwiftyGPIO.swiftmodule -index-unit-output-path /SwiftyGPIO.build/Debug-watchos/SwiftyGPIO-t.build/Objects-normal/arm64_32/UART.o -index-store-path /Users/admin/builder/spi-builder-workspace/.derivedData/Index.noindex/DataStore -index-system-modules
SwiftCompile normal arm64_32 /Users/admin/builder/spi-builder-workspace/.dependencies/checkouts/SwiftyGPIO/Sources/UART.swift (in target 'SwiftyGPIO' from project 'SwiftyGPIO')
cd /Users/admin/builder/spi-builder-workspace/.swiftpm/xcode
builtin-SwiftPerFileCompile UART.swift
SwiftCompile normal arm64_32 Compiling\ I2C.swift /Users/admin/builder/spi-builder-workspace/.dependencies/checkouts/SwiftyGPIO/Sources/I2C.swift (in target 'SwiftyGPIO' from project 'SwiftyGPIO')
SwiftCompile normal arm64_32 /Users/admin/builder/spi-builder-workspace/.dependencies/checkouts/SwiftyGPIO/Sources/I2C.swift (in target 'SwiftyGPIO' from project 'SwiftyGPIO')
cd /Users/admin/builder/spi-builder-workspace/.swiftpm/xcode
builtin-SwiftPerFileCompile I2C.swift
SwiftEmitModule normal arm64_32 Emitting\ module\ for\ SwiftyGPIO (in target 'SwiftyGPIO' from project 'SwiftyGPIO')
SwiftCompile normal arm64_32 (in target 'SwiftyGPIO' from project 'SwiftyGPIO')
cd /Users/admin/builder/spi-builder-workspace/.swiftpm/xcode
SwiftCompile normal arm64_32 Compiling\ Presets.swift /Users/admin/builder/spi-builder-workspace/.dependencies/checkouts/SwiftyGPIO/Sources/Presets.swift (in target 'SwiftyGPIO' from project 'SwiftyGPIO')
SwiftCompile normal arm64_32 /Users/admin/builder/spi-builder-workspace/.dependencies/checkouts/SwiftyGPIO/Sources/Presets.swift (in target 'SwiftyGPIO' from project 'SwiftyGPIO')
cd /Users/admin/builder/spi-builder-workspace/.swiftpm/xcode
builtin-SwiftPerFileCompile Presets.swift
SwiftCompile normal arm64_32 Compiling\ ADC.swift /Users/admin/builder/spi-builder-workspace/.dependencies/checkouts/SwiftyGPIO/Sources/ADC.swift (in target 'SwiftyGPIO' from project 'SwiftyGPIO')
SwiftCompile normal arm64_32 /Users/admin/builder/spi-builder-workspace/.dependencies/checkouts/SwiftyGPIO/Sources/ADC.swift (in target 'SwiftyGPIO' from project 'SwiftyGPIO')
cd /Users/admin/builder/spi-builder-workspace/.swiftpm/xcode
builtin-SwiftPerFileCompile ADC.swift
SwiftCompile normal arm64_32 Compiling\ SPI.swift /Users/admin/builder/spi-builder-workspace/.dependencies/checkouts/SwiftyGPIO/Sources/SPI.swift (in target 'SwiftyGPIO' from project 'SwiftyGPIO')
SwiftCompile normal arm64_32 /Users/admin/builder/spi-builder-workspace/.dependencies/checkouts/SwiftyGPIO/Sources/SPI.swift (in target 'SwiftyGPIO' from project 'SwiftyGPIO')
cd /Users/admin/builder/spi-builder-workspace/.swiftpm/xcode
builtin-SwiftPerFileCompile SPI.swift
SwiftCompile normal arm64_32 Compiling\ 1Wire.swift /Users/admin/builder/spi-builder-workspace/.dependencies/checkouts/SwiftyGPIO/Sources/1Wire.swift (in target 'SwiftyGPIO' from project 'SwiftyGPIO')
SwiftCompile normal arm64_32 /Users/admin/builder/spi-builder-workspace/.dependencies/checkouts/SwiftyGPIO/Sources/1Wire.swift (in target 'SwiftyGPIO' from project 'SwiftyGPIO')
cd /Users/admin/builder/spi-builder-workspace/.swiftpm/xcode
builtin-SwiftPerFileCompile 1Wire.swift
SwiftCompile normal arm64_32 Compiling\ PWM.swift /Users/admin/builder/spi-builder-workspace/.dependencies/checkouts/SwiftyGPIO/Sources/PWM.swift (in target 'SwiftyGPIO' from project 'SwiftyGPIO')
SwiftCompile normal arm64_32 /Users/admin/builder/spi-builder-workspace/.dependencies/checkouts/SwiftyGPIO/Sources/PWM.swift (in target 'SwiftyGPIO' from project 'SwiftyGPIO')
cd /Users/admin/builder/spi-builder-workspace/.swiftpm/xcode
builtin-SwiftPerFileCompile PWM.swift
SwiftCompile normal arm64_32 Compiling\ Mailbox.swift /Users/admin/builder/spi-builder-workspace/.dependencies/checkouts/SwiftyGPIO/Sources/Mailbox.swift (in target 'SwiftyGPIO' from project 'SwiftyGPIO')
SwiftCompile normal arm64_32 /Users/admin/builder/spi-builder-workspace/.dependencies/checkouts/SwiftyGPIO/Sources/Mailbox.swift (in target 'SwiftyGPIO' from project 'SwiftyGPIO')
cd /Users/admin/builder/spi-builder-workspace/.swiftpm/xcode
builtin-SwiftPerFileCompile Mailbox.swift
SwiftEmitModule normal arm64 Emitting\ module\ for\ SwiftyGPIO (in target 'SwiftyGPIO' from project 'SwiftyGPIO')
SwiftCompile normal arm64 (in target 'SwiftyGPIO' from project 'SwiftyGPIO')
cd /Users/admin/builder/spi-builder-workspace/.swiftpm/xcode
SwiftDriverJobDiscovery normal arm64_32 Emitting module for SwiftyGPIO (in target 'SwiftyGPIO' from project 'SwiftyGPIO')
SwiftDriver\ Compilation\ Requirements SwiftyGPIO normal arm64_32 com.apple.xcode.tools.swift.compiler (in target 'SwiftyGPIO' from project 'SwiftyGPIO')
cd /Users/admin/builder/spi-builder-workspace/.swiftpm/xcode
builtin-Swift-Compilation-Requirements -- /Applications/Xcode-27.0.0-Release.Candidate.app/Contents/Developer/Toolchains/XcodeDefault.xctoolchain/usr/bin/swiftc -parse-as-library -module-name SwiftyGPIO -Onone @/Users/admin/builder/spi-builder-workspace/.derivedData/Build/Intermediates.noindex/SwiftyGPIO.build/Debug-watchos/SwiftyGPIO-t.build/Objects-normal/arm64_32/SwiftyGPIO.SwiftFileList -DSWIFT_PACKAGE -DDEBUG -DSWIFT_MODULE_RESOURCE_BUNDLE_UNAVAILABLE -DXcode -plugin-path /Applications/Xcode-27.0.0-Release.Candidate.app/Contents/Developer/Toolchains/XcodeDefault.xctoolchain/usr/lib/swift/host/plugins/testing -enable-experimental-feature DebugDescriptionMacro -sdk /Applications/Xcode-27.0.0-Release.Candidate.app/Contents/Developer/Platforms/WatchOS.platform/Developer/SDKs/WatchOS27.0.sdk -target arm64_32-apple-watchos9.0 -g -module-cache-path /Users/admin/builder/spi-builder-workspace/.derivedData/ModuleCache.noindex -Xfrontend -serialize-debugging-options -enable-testing -suppress-warnings -index-store-path /Users/admin/builder/spi-builder-workspace/.derivedData/Index.noindex/DataStore -Xcc -D_LIBCPP_HARDENING_MODE\=_LIBCPP_HARDENING_MODE_DEBUG -swift-version 5 -I /Users/admin/builder/spi-builder-workspace/.derivedData/Build/Products/Debug-watchos -Isystem /Applications/Xcode-27.0.0-Release.Candidate.app/Contents/Developer/Platforms/WatchOS.platform/Developer/usr/lib -F /Users/admin/builder/spi-builder-workspace/.derivedData/Build/Products/Debug-watchos -F /Applications/Xcode-27.0.0-Release.Candidate.app/Contents/Developer/Platforms/WatchOS.platform/Developer/Library/Frameworks -F /Applications/Xcode-27.0.0-Release.Candidate.app/Contents/Developer/Platforms/WatchOS.platform/Developer/SDKs/WatchOS27.0.sdk/Developer/Library/Frameworks -c -j10 -enable-batch-mode -incremental -Xcc -ivfsstatcache -Xcc /Users/admin/builder/spi-builder-workspace/.derivedData/SDKStatCaches.noindex/watchos27.0-24R360-e829b21a6f8c9b70876ba0858053c04477534ef55a1706bf4c1112bbb242f0a2.sdkstatcache -output-file-map /Users/admin/builder/spi-builder-workspace/.derivedData/Build/Intermediates.noindex/SwiftyGPIO.build/Debug-watchos/SwiftyGPIO-t.build/Objects-normal/arm64_32/SwiftyGPIO-OutputFileMap.json -save-temps -no-color-diagnostics -explicit-module-build -module-cache-path /Users/admin/builder/spi-builder-workspace/.derivedData/Build/Intermediates.noindex/SwiftExplicitPrecompiledModules -clang-scanner-module-cache-path /Users/admin/builder/spi-builder-workspace/.derivedData/ModuleCache.noindex -sdk-module-cache-path /Users/admin/builder/spi-builder-workspace/.derivedData/SDKExplicitPrecompiledModules -emit-dependencies -emit-module -emit-module-path /Users/admin/builder/spi-builder-workspace/.derivedData/Build/Intermediates.noindex/SwiftyGPIO.build/Debug-watchos/SwiftyGPIO-t.build/Objects-normal/arm64_32/SwiftyGPIO.swiftmodule -serialize-diagnostics -dependency-scan-serialize-diagnostics-path /Users/admin/builder/spi-builder-workspace/.derivedData/Build/Intermediates.noindex/SwiftyGPIO.build/Debug-watchos/SwiftyGPIO-t.build/Objects-normal/arm64_32/SwiftyGPIO-dependency-scan.dia -validate-clang-modules-once -clang-build-session-file /Users/admin/builder/spi-builder-workspace/.derivedData/ModuleCache.noindex/Session.modulevalidation -Xcc -fmodules-prune-interval\=86400 -Xcc -fmodules-prune-after\=345600 -emit-const-values -const-gather-protocols-list /Users/admin/builder/spi-builder-workspace/.derivedData/Build/Intermediates.noindex/SwiftyGPIO.build/Debug-watchos/SwiftyGPIO-t.build/Objects-normal/arm64_32/SwiftyGPIO_const_extract_protocols.json -Xcc -I/Users/admin/builder/spi-builder-workspace/.derivedData/Build/Products/Debug-watchos/include -Xcc -I/Users/admin/builder/spi-builder-workspace/.derivedData/Build/Intermediates.noindex/SwiftyGPIO.build/Debug-watchos/SwiftyGPIO-t.build/DerivedSources-normal/arm64_32 -Xcc -I/Users/admin/builder/spi-builder-workspace/.derivedData/Build/Intermediates.noindex/SwiftyGPIO.build/Debug-watchos/SwiftyGPIO-t.build/DerivedSources/arm64_32 -Xcc -I/Users/admin/builder/spi-builder-workspace/.derivedData/Build/Intermediates.noindex/SwiftyGPIO.build/Debug-watchos/SwiftyGPIO-t.build/DerivedSources -Xcc -DSWIFT_PACKAGE -Xcc -DDEBUG\=1 -emit-objc-header -emit-objc-header-path /Users/admin/builder/spi-builder-workspace/.derivedData/Build/Intermediates.noindex/SwiftyGPIO.build/Debug-watchos/SwiftyGPIO-t.build/Objects-normal/arm64_32/SwiftyGPIO-Swift.h -working-directory /Users/admin/builder/spi-builder-workspace/.swiftpm/xcode -experimental-emit-module-separately -disable-cmo
SwiftDriverJobDiscovery normal arm64_32 Compiling Presets.swift (in target 'SwiftyGPIO' from project 'SwiftyGPIO')
SwiftCompile normal arm64 Compiling\ SwiftyGPIO.swift /Users/admin/builder/spi-builder-workspace/.dependencies/checkouts/SwiftyGPIO/Sources/SwiftyGPIO.swift (in target 'SwiftyGPIO' from project 'SwiftyGPIO')
SwiftCompile normal arm64 /Users/admin/builder/spi-builder-workspace/.dependencies/checkouts/SwiftyGPIO/Sources/SwiftyGPIO.swift (in target 'SwiftyGPIO' from project 'SwiftyGPIO')
cd /Users/admin/builder/spi-builder-workspace/.swiftpm/xcode
builtin-SwiftPerFileCompile SwiftyGPIO.swift
Copy /Users/admin/builder/spi-builder-workspace/.derivedData/Build/Products/Debug-watchos/SwiftyGPIO.swiftmodule/arm64_32-apple-watchos.swiftmodule /Users/admin/builder/spi-builder-workspace/.derivedData/Build/Intermediates.noindex/SwiftyGPIO.build/Debug-watchos/SwiftyGPIO-t.build/Objects-normal/arm64_32/SwiftyGPIO.swiftmodule (in target 'SwiftyGPIO' from project 'SwiftyGPIO')
cd /Users/admin/builder/spi-builder-workspace/.dependencies/checkouts/SwiftyGPIO
builtin-copy -exclude .DS_Store -exclude CVS -exclude .svn -exclude .git -exclude .hg -resolve-src-symlinks -rename /Users/admin/builder/spi-builder-workspace/.derivedData/Build/Intermediates.noindex/SwiftyGPIO.build/Debug-watchos/SwiftyGPIO-t.build/Objects-normal/arm64_32/SwiftyGPIO.swiftmodule /Users/admin/builder/spi-builder-workspace/.derivedData/Build/Products/Debug-watchos/SwiftyGPIO.swiftmodule/arm64_32-apple-watchos.swiftmodule
SwiftDriverJobDiscovery normal arm64 Emitting module for SwiftyGPIO (in target 'SwiftyGPIO' from project 'SwiftyGPIO')
SwiftDriver\ Compilation\ Requirements SwiftyGPIO normal arm64 com.apple.xcode.tools.swift.compiler (in target 'SwiftyGPIO' from project 'SwiftyGPIO')
cd /Users/admin/builder/spi-builder-workspace/.swiftpm/xcode
builtin-Swift-Compilation-Requirements -- /Applications/Xcode-27.0.0-Release.Candidate.app/Contents/Developer/Toolchains/XcodeDefault.xctoolchain/usr/bin/swiftc -parse-as-library -module-name SwiftyGPIO -Onone @/Users/admin/builder/spi-builder-workspace/.derivedData/Build/Intermediates.noindex/SwiftyGPIO.build/Debug-watchos/SwiftyGPIO-t.build/Objects-normal/arm64/SwiftyGPIO.SwiftFileList -DSWIFT_PACKAGE -DDEBUG -DSWIFT_MODULE_RESOURCE_BUNDLE_UNAVAILABLE -DXcode -plugin-path /Applications/Xcode-27.0.0-Release.Candidate.app/Contents/Developer/Toolchains/XcodeDefault.xctoolchain/usr/lib/swift/host/plugins/testing -enable-experimental-feature DebugDescriptionMacro -sdk /Applications/Xcode-27.0.0-Release.Candidate.app/Contents/Developer/Platforms/WatchOS.platform/Developer/SDKs/WatchOS27.0.sdk -target arm64-apple-watchos9.0 -g -module-cache-path /Users/admin/builder/spi-builder-workspace/.derivedData/ModuleCache.noindex -Xfrontend -serialize-debugging-options -enable-testing -suppress-warnings -index-store-path /Users/admin/builder/spi-builder-workspace/.derivedData/Index.noindex/DataStore -Xcc -D_LIBCPP_HARDENING_MODE\=_LIBCPP_HARDENING_MODE_DEBUG -swift-version 5 -I /Users/admin/builder/spi-builder-workspace/.derivedData/Build/Products/Debug-watchos -Isystem /Applications/Xcode-27.0.0-Release.Candidate.app/Contents/Developer/Platforms/WatchOS.platform/Developer/usr/lib -F /Users/admin/builder/spi-builder-workspace/.derivedData/Build/Products/Debug-watchos -F /Applications/Xcode-27.0.0-Release.Candidate.app/Contents/Developer/Platforms/WatchOS.platform/Developer/Library/Frameworks -F /Applications/Xcode-27.0.0-Release.Candidate.app/Contents/Developer/Platforms/WatchOS.platform/Developer/SDKs/WatchOS27.0.sdk/Developer/Library/Frameworks -c -j10 -enable-batch-mode -incremental -Xcc -ivfsstatcache -Xcc /Users/admin/builder/spi-builder-workspace/.derivedData/SDKStatCaches.noindex/watchos27.0-24R360-e829b21a6f8c9b70876ba0858053c04477534ef55a1706bf4c1112bbb242f0a2.sdkstatcache -output-file-map /Users/admin/builder/spi-builder-workspace/.derivedData/Build/Intermediates.noindex/SwiftyGPIO.build/Debug-watchos/SwiftyGPIO-t.build/Objects-normal/arm64/SwiftyGPIO-OutputFileMap.json -save-temps -no-color-diagnostics -explicit-module-build -module-cache-path /Users/admin/builder/spi-builder-workspace/.derivedData/Build/Intermediates.noindex/SwiftExplicitPrecompiledModules -clang-scanner-module-cache-path /Users/admin/builder/spi-builder-workspace/.derivedData/ModuleCache.noindex -sdk-module-cache-path /Users/admin/builder/spi-builder-workspace/.derivedData/SDKExplicitPrecompiledModules -emit-dependencies -emit-module -emit-module-path /Users/admin/builder/spi-builder-workspace/.derivedData/Build/Intermediates.noindex/SwiftyGPIO.build/Debug-watchos/SwiftyGPIO-t.build/Objects-normal/arm64/SwiftyGPIO.swiftmodule -serialize-diagnostics -dependency-scan-serialize-diagnostics-path /Users/admin/builder/spi-builder-workspace/.derivedData/Build/Intermediates.noindex/SwiftyGPIO.build/Debug-watchos/SwiftyGPIO-t.build/Objects-normal/arm64/SwiftyGPIO-dependency-scan.dia -validate-clang-modules-once -clang-build-session-file /Users/admin/builder/spi-builder-workspace/.derivedData/ModuleCache.noindex/Session.modulevalidation -Xcc -fmodules-prune-interval\=86400 -Xcc -fmodules-prune-after\=345600 -emit-const-values -const-gather-protocols-list /Users/admin/builder/spi-builder-workspace/.derivedData/Build/Intermediates.noindex/SwiftyGPIO.build/Debug-watchos/SwiftyGPIO-t.build/Objects-normal/arm64/SwiftyGPIO_const_extract_protocols.json -Xcc -I/Users/admin/builder/spi-builder-workspace/.derivedData/Build/Products/Debug-watchos/include -Xcc -I/Users/admin/builder/spi-builder-workspace/.derivedData/Build/Intermediates.noindex/SwiftyGPIO.build/Debug-watchos/SwiftyGPIO-t.build/DerivedSources-normal/arm64 -Xcc -I/Users/admin/builder/spi-builder-workspace/.derivedData/Build/Intermediates.noindex/SwiftyGPIO.build/Debug-watchos/SwiftyGPIO-t.build/DerivedSources/arm64 -Xcc -I/Users/admin/builder/spi-builder-workspace/.derivedData/Build/Intermediates.noindex/SwiftyGPIO.build/Debug-watchos/SwiftyGPIO-t.build/DerivedSources -Xcc -DSWIFT_PACKAGE -Xcc -DDEBUG\=1 -emit-objc-header -emit-objc-header-path /Users/admin/builder/spi-builder-workspace/.derivedData/Build/Intermediates.noindex/SwiftyGPIO.build/Debug-watchos/SwiftyGPIO-t.build/Objects-normal/arm64/SwiftyGPIO-Swift.h -working-directory /Users/admin/builder/spi-builder-workspace/.swiftpm/xcode -experimental-emit-module-separately -disable-cmo
Copy /Users/admin/builder/spi-builder-workspace/.derivedData/Build/Products/Debug-watchos/SwiftyGPIO.swiftmodule/arm64_32-apple-watchos.swiftdoc /Users/admin/builder/spi-builder-workspace/.derivedData/Build/Intermediates.noindex/SwiftyGPIO.build/Debug-watchos/SwiftyGPIO-t.build/Objects-normal/arm64_32/SwiftyGPIO.swiftdoc (in target 'SwiftyGPIO' from project 'SwiftyGPIO')
cd /Users/admin/builder/spi-builder-workspace/.dependencies/checkouts/SwiftyGPIO
builtin-copy -exclude .DS_Store -exclude CVS -exclude .svn -exclude .git -exclude .hg -resolve-src-symlinks -rename /Users/admin/builder/spi-builder-workspace/.derivedData/Build/Intermediates.noindex/SwiftyGPIO.build/Debug-watchos/SwiftyGPIO-t.build/Objects-normal/arm64_32/SwiftyGPIO.swiftdoc /Users/admin/builder/spi-builder-workspace/.derivedData/Build/Products/Debug-watchos/SwiftyGPIO.swiftmodule/arm64_32-apple-watchos.swiftdoc
SwiftMergeGeneratedHeaders /Users/admin/builder/spi-builder-workspace/.derivedData/Build/Intermediates.noindex/GeneratedModuleMaps-watchos/SwiftyGPIO-Swift.h /Users/admin/builder/spi-builder-workspace/.derivedData/Build/Intermediates.noindex/SwiftyGPIO.build/Debug-watchos/SwiftyGPIO-t.build/Objects-normal/arm64/SwiftyGPIO-Swift.h /Users/admin/builder/spi-builder-workspace/.derivedData/Build/Intermediates.noindex/SwiftyGPIO.build/Debug-watchos/SwiftyGPIO-t.build/Objects-normal/arm64_32/SwiftyGPIO-Swift.h (in target 'SwiftyGPIO' from project 'SwiftyGPIO')
cd /Users/admin/builder/spi-builder-workspace/.dependencies/checkouts/SwiftyGPIO
builtin-swiftHeaderTool -arch arm64 /Users/admin/builder/spi-builder-workspace/.derivedData/Build/Intermediates.noindex/SwiftyGPIO.build/Debug-watchos/SwiftyGPIO-t.build/Objects-normal/arm64/SwiftyGPIO-Swift.h -arch arm64_32 /Users/admin/builder/spi-builder-workspace/.derivedData/Build/Intermediates.noindex/SwiftyGPIO.build/Debug-watchos/SwiftyGPIO-t.build/Objects-normal/arm64_32/SwiftyGPIO-Swift.h -o /Users/admin/builder/spi-builder-workspace/.derivedData/Build/Intermediates.noindex/GeneratedModuleMaps-watchos/SwiftyGPIO-Swift.h
Copy /Users/admin/builder/spi-builder-workspace/.derivedData/Build/Products/Debug-watchos/SwiftyGPIO.swiftmodule/arm64_32-apple-watchos.abi.json /Users/admin/builder/spi-builder-workspace/.derivedData/Build/Intermediates.noindex/SwiftyGPIO.build/Debug-watchos/SwiftyGPIO-t.build/Objects-normal/arm64_32/SwiftyGPIO.abi.json (in target 'SwiftyGPIO' from project 'SwiftyGPIO')
cd /Users/admin/builder/spi-builder-workspace/.dependencies/checkouts/SwiftyGPIO
builtin-copy -exclude .DS_Store -exclude CVS -exclude .svn -exclude .git -exclude .hg -resolve-src-symlinks -rename /Users/admin/builder/spi-builder-workspace/.derivedData/Build/Intermediates.noindex/SwiftyGPIO.build/Debug-watchos/SwiftyGPIO-t.build/Objects-normal/arm64_32/SwiftyGPIO.abi.json /Users/admin/builder/spi-builder-workspace/.derivedData/Build/Products/Debug-watchos/SwiftyGPIO.swiftmodule/arm64_32-apple-watchos.abi.json
Copy /Users/admin/builder/spi-builder-workspace/.derivedData/Build/Products/Debug-watchos/SwiftyGPIO.swiftmodule/arm64-apple-watchos.swiftmodule /Users/admin/builder/spi-builder-workspace/.derivedData/Build/Intermediates.noindex/SwiftyGPIO.build/Debug-watchos/SwiftyGPIO-t.build/Objects-normal/arm64/SwiftyGPIO.swiftmodule (in target 'SwiftyGPIO' from project 'SwiftyGPIO')
cd /Users/admin/builder/spi-builder-workspace/.dependencies/checkouts/SwiftyGPIO
builtin-copy -exclude .DS_Store -exclude CVS -exclude .svn -exclude .git -exclude .hg -resolve-src-symlinks -rename /Users/admin/builder/spi-builder-workspace/.derivedData/Build/Intermediates.noindex/SwiftyGPIO.build/Debug-watchos/SwiftyGPIO-t.build/Objects-normal/arm64/SwiftyGPIO.swiftmodule /Users/admin/builder/spi-builder-workspace/.derivedData/Build/Products/Debug-watchos/SwiftyGPIO.swiftmodule/arm64-apple-watchos.swiftmodule
Copy /Users/admin/builder/spi-builder-workspace/.derivedData/Build/Products/Debug-watchos/SwiftyGPIO.swiftmodule/arm64-apple-watchos.swiftdoc /Users/admin/builder/spi-builder-workspace/.derivedData/Build/Intermediates.noindex/SwiftyGPIO.build/Debug-watchos/SwiftyGPIO-t.build/Objects-normal/arm64/SwiftyGPIO.swiftdoc (in target 'SwiftyGPIO' from project 'SwiftyGPIO')
cd /Users/admin/builder/spi-builder-workspace/.dependencies/checkouts/SwiftyGPIO
builtin-copy -exclude .DS_Store -exclude CVS -exclude .svn -exclude .git -exclude .hg -resolve-src-symlinks -rename /Users/admin/builder/spi-builder-workspace/.derivedData/Build/Intermediates.noindex/SwiftyGPIO.build/Debug-watchos/SwiftyGPIO-t.build/Objects-normal/arm64/SwiftyGPIO.swiftdoc /Users/admin/builder/spi-builder-workspace/.derivedData/Build/Products/Debug-watchos/SwiftyGPIO.swiftmodule/arm64-apple-watchos.swiftdoc
Copy /Users/admin/builder/spi-builder-workspace/.derivedData/Build/Products/Debug-watchos/SwiftyGPIO.swiftmodule/arm64-apple-watchos.abi.json /Users/admin/builder/spi-builder-workspace/.derivedData/Build/Intermediates.noindex/SwiftyGPIO.build/Debug-watchos/SwiftyGPIO-t.build/Objects-normal/arm64/SwiftyGPIO.abi.json (in target 'SwiftyGPIO' from project 'SwiftyGPIO')
cd /Users/admin/builder/spi-builder-workspace/.dependencies/checkouts/SwiftyGPIO
builtin-copy -exclude .DS_Store -exclude CVS -exclude .svn -exclude .git -exclude .hg -resolve-src-symlinks -rename /Users/admin/builder/spi-builder-workspace/.derivedData/Build/Intermediates.noindex/SwiftyGPIO.build/Debug-watchos/SwiftyGPIO-t.build/Objects-normal/arm64/SwiftyGPIO.abi.json /Users/admin/builder/spi-builder-workspace/.derivedData/Build/Products/Debug-watchos/SwiftyGPIO.swiftmodule/arm64-apple-watchos.abi.json
Copy /Users/admin/builder/spi-builder-workspace/.derivedData/Build/Products/Debug-watchos/SwiftyGPIO.swiftmodule/Project/arm64_32-apple-watchos.swiftsourceinfo /Users/admin/builder/spi-builder-workspace/.derivedData/Build/Intermediates.noindex/SwiftyGPIO.build/Debug-watchos/SwiftyGPIO-t.build/Objects-normal/arm64_32/SwiftyGPIO.swiftsourceinfo (in target 'SwiftyGPIO' from project 'SwiftyGPIO')
cd /Users/admin/builder/spi-builder-workspace/.dependencies/checkouts/SwiftyGPIO
builtin-copy -exclude .DS_Store -exclude CVS -exclude .svn -exclude .git -exclude .hg -resolve-src-symlinks -rename /Users/admin/builder/spi-builder-workspace/.derivedData/Build/Intermediates.noindex/SwiftyGPIO.build/Debug-watchos/SwiftyGPIO-t.build/Objects-normal/arm64_32/SwiftyGPIO.swiftsourceinfo /Users/admin/builder/spi-builder-workspace/.derivedData/Build/Products/Debug-watchos/SwiftyGPIO.swiftmodule/Project/arm64_32-apple-watchos.swiftsourceinfo
Copy /Users/admin/builder/spi-builder-workspace/.derivedData/Build/Products/Debug-watchos/SwiftyGPIO.swiftmodule/Project/arm64-apple-watchos.swiftsourceinfo /Users/admin/builder/spi-builder-workspace/.derivedData/Build/Intermediates.noindex/SwiftyGPIO.build/Debug-watchos/SwiftyGPIO-t.build/Objects-normal/arm64/SwiftyGPIO.swiftsourceinfo (in target 'SwiftyGPIO' from project 'SwiftyGPIO')
cd /Users/admin/builder/spi-builder-workspace/.dependencies/checkouts/SwiftyGPIO
builtin-copy -exclude .DS_Store -exclude CVS -exclude .svn -exclude .git -exclude .hg -resolve-src-symlinks -rename /Users/admin/builder/spi-builder-workspace/.derivedData/Build/Intermediates.noindex/SwiftyGPIO.build/Debug-watchos/SwiftyGPIO-t.build/Objects-normal/arm64/SwiftyGPIO.swiftsourceinfo /Users/admin/builder/spi-builder-workspace/.derivedData/Build/Products/Debug-watchos/SwiftyGPIO.swiftmodule/Project/arm64-apple-watchos.swiftsourceinfo
SwiftCompile normal arm64 Compiling\ Presets.swift /Users/admin/builder/spi-builder-workspace/.dependencies/checkouts/SwiftyGPIO/Sources/Presets.swift (in target 'SwiftyGPIO' from project 'SwiftyGPIO')
SwiftCompile normal arm64 /Users/admin/builder/spi-builder-workspace/.dependencies/checkouts/SwiftyGPIO/Sources/Presets.swift (in target 'SwiftyGPIO' from project 'SwiftyGPIO')
cd /Users/admin/builder/spi-builder-workspace/.swiftpm/xcode
builtin-SwiftPerFileCompile Presets.swift
SwiftCompile normal arm64 Compiling\ PWM.swift /Users/admin/builder/spi-builder-workspace/.dependencies/checkouts/SwiftyGPIO/Sources/PWM.swift (in target 'SwiftyGPIO' from project 'SwiftyGPIO')
SwiftCompile normal arm64 /Users/admin/builder/spi-builder-workspace/.dependencies/checkouts/SwiftyGPIO/Sources/PWM.swift (in target 'SwiftyGPIO' from project 'SwiftyGPIO')
cd /Users/admin/builder/spi-builder-workspace/.swiftpm/xcode
builtin-SwiftPerFileCompile PWM.swift
PruneExplicitPrecompiledModules /Users/admin/builder/spi-builder-workspace/.derivedData/SDKExplicitPrecompiledModules
PruneExplicitPrecompiledModules /Users/admin/builder/spi-builder-workspace/.derivedData/Build/Intermediates.noindex/ExplicitPrecompiledModules
PruneExplicitPrecompiledModules /Users/admin/builder/spi-builder-workspace/.derivedData/Build/Intermediates.noindex/SwiftExplicitPrecompiledModules
2026-09-16 02:02:30.386 xcodebuild[685:4352] [MT] IDERunDestination: Supported platforms for the buildables in the current scheme is empty.
** BUILD FAILED **
The following build commands failed:
SwiftCompile normal arm64_32 Compiling\ UART.swift /Users/admin/builder/spi-builder-workspace/.dependencies/checkouts/SwiftyGPIO/Sources/UART.swift (in target 'SwiftyGPIO' from project 'SwiftyGPIO')
SwiftCompile normal arm64_32 /Users/admin/builder/spi-builder-workspace/.dependencies/checkouts/SwiftyGPIO/Sources/UART.swift (in target 'SwiftyGPIO' from project 'SwiftyGPIO')
Building workspace SwiftyXBee with scheme SwiftyXBee
(3 failures)
Command line invocation:
/Applications/Xcode-27.0.0-Release.Candidate.app/Contents/Developer/usr/bin/xcodebuild -IDEClonedSourcePackagesDirPathOverride=/Users/admin/builder/spi-builder-workspace/.dependencies -resolvePackageDependencies
Resolve Package Graph
Resolved source packages:
SwiftyXBee: /Users/admin/builder/spi-builder-workspace
SwiftyGPIO: https://github.com/uraimo/SwiftyGPIO.git @ 1.4.4
resolved source packages: SwiftyXBee, SwiftyGPIO
2026-09-16 02:02:36.158 xcodebuild[773:4740] [MT] IDERunDestination: Supported platforms for the buildables in the current scheme is empty.
{
"dependencies" : [
{
"identity" : "swiftygpio",
"requirement" : {
"range" : [
{
"lower_bound" : "1.0.0",
"upper_bound" : "2.0.0"
}
]
},
"type" : "sourceControl",
"url" : "https://github.com/uraimo/SwiftyGPIO.git"
}
],
"manifest_display_name" : "SwiftyXBee",
"name" : "SwiftyXBee",
"path" : "/Users/admin/builder/spi-builder-workspace",
"platforms" : [
],
"products" : [
{
"name" : "SwiftyXBee",
"targets" : [
"SwiftyXBee"
],
"type" : {
"library" : [
"automatic"
]
}
}
],
"targets" : [
{
"c99name" : "SwiftyXBee",
"module_type" : "SwiftTarget",
"name" : "SwiftyXBee",
"path" : "Sources/SwiftyXBee",
"product_dependencies" : [
"SwiftyGPIO"
],
"product_memberships" : [
"SwiftyXBee"
],
"sources" : [
"Helpers/Constants.swift",
"Helpers/Extensions/Array+Extensions.swift",
"Helpers/Extensions/Bool+Extensions.swift",
"Helpers/Extensions/Int+Extensions.swift",
"Helpers/Extensions/String+Extensions.swift",
"Helpers/XBeeSerial.swift",
"Models/APIFrame/APIFrame.swift",
"Models/APIFrame/APIFrameProtocols.swift",
"Models/APIFrame/ATCommand.swift",
"Models/APIFrame/ATCommandResponse.swift",
"Models/APIFrame/Checksum.swift",
"Models/APIFrame/DeviceAddress.swift",
"Models/APIFrame/FrameLength.swift",
"Models/APIFrame/NetworkAddress.swift",
"Models/APIFrame/StartDelimiter.swift",
"Models/APIFrameData/ATCommandData.swift",
"Models/APIFrameData/ATCommandResponseData.swift",
"Models/APIFrameData/ZigBeeReceivePacketData.swift",
"Models/APIFrameData/ZigBeeTransmitRequestData.swift",
"Models/APIFrameData/ZigBeeTransmitStatusData.swift",
"Models/UART/SerialConnection.swift",
"SwiftyXBee.swift"
],
"type" : "library"
}
],
"tools_version" : "5.0"
}
{
"workspace" : {
"name" : "SwiftyXBee",
"schemes" : [
"SwiftyXBee"
]
}
}
2026-09-16 02:02:37.339 xcodebuild[781:4810] [MT] IDERunDestination: Supported platforms for the buildables in the current scheme is empty.
Running build ...
env DEVELOPER_DIR=/Applications/Xcode-27.0.0-Release.Candidate.app xcrun xcodebuild -IDEClonedSourcePackagesDirPathOverride=$PWD/.dependencies -skipMacroValidation -skipPackagePluginValidation -derivedDataPath $PWD/.derivedData build -scheme SwiftyXBee -destination generic/platform=watchOS
Command line invocation:
/Applications/Xcode-27.0.0-Release.Candidate.app/Contents/Developer/usr/bin/xcodebuild -IDEClonedSourcePackagesDirPathOverride=/Users/admin/builder/spi-builder-workspace/.dependencies -skipMacroValidation -skipPackagePluginValidation -derivedDataPath /Users/admin/builder/spi-builder-workspace/.derivedData build -scheme SwiftyXBee -destination generic/platform=watchOS
Resolve Package Graph
Resolved source packages:
SwiftyXBee: /Users/admin/builder/spi-builder-workspace
SwiftyGPIO: https://github.com/uraimo/SwiftyGPIO.git @ 1.4.4
ComputePackagePrebuildTargetDependencyGraph
Prepare packages
CreateBuildRequest
SendProjectDescription
CreateBuildOperation
ComputeTargetDependencyGraph
note: Building targets in dependency order
note: Target dependency graph (4 targets)
Target 'SwiftyXBee-product' in project 'SwiftyXBee'
➜ Explicit dependency on target 'SwiftyXBee' in project 'SwiftyXBee'
➜ Explicit dependency on target 'SwiftyGPIO-product' in project 'SwiftyGPIO'
Target 'SwiftyXBee' in project 'SwiftyXBee'
➜ Explicit dependency on target 'SwiftyGPIO-product' in project 'SwiftyGPIO'
Target 'SwiftyGPIO-product' in project 'SwiftyGPIO'
➜ Explicit dependency on target 'SwiftyGPIO' in project 'SwiftyGPIO'
Target 'SwiftyGPIO' in project 'SwiftyGPIO' (no dependencies)
GatherProvisioningInputs
CreateBuildDescription
ClangStatCache /Applications/Xcode-27.0.0-Release.Candidate.app/Contents/Developer/Toolchains/XcodeDefault.xctoolchain/usr/bin/clang-stat-cache /Applications/Xcode-27.0.0-Release.Candidate.app/Contents/Developer/Platforms/WatchOS.platform/Developer/SDKs/WatchOS27.0.sdk /Users/admin/builder/spi-builder-workspace/.derivedData/SDKStatCaches.noindex/watchos27.0-24R360-e829b21a6f8c9b70876ba0858053c04477534ef55a1706bf4c1112bbb242f0a2.sdkstatcache
cd /Users/admin/builder/spi-builder-workspace/.swiftpm/xcode
/Applications/Xcode-27.0.0-Release.Candidate.app/Contents/Developer/Toolchains/XcodeDefault.xctoolchain/usr/bin/clang-stat-cache /Applications/Xcode-27.0.0-Release.Candidate.app/Contents/Developer/Platforms/WatchOS.platform/Developer/SDKs/WatchOS27.0.sdk -o /Users/admin/builder/spi-builder-workspace/.derivedData/SDKStatCaches.noindex/watchos27.0-24R360-e829b21a6f8c9b70876ba0858053c04477534ef55a1706bf4c1112bbb242f0a2.sdkstatcache
SwiftDriver SwiftyGPIO normal arm64_32 com.apple.xcode.tools.swift.compiler (in target 'SwiftyGPIO' from project 'SwiftyGPIO')
cd /Users/admin/builder/spi-builder-workspace/.swiftpm/xcode
builtin-SwiftDriver -- /Applications/Xcode-27.0.0-Release.Candidate.app/Contents/Developer/Toolchains/XcodeDefault.xctoolchain/usr/bin/swiftc -parse-as-library -module-name SwiftyGPIO -Onone @/Users/admin/builder/spi-builder-workspace/.derivedData/Build/Intermediates.noindex/SwiftyGPIO.build/Debug-watchos/SwiftyGPIO-t.build/Objects-normal/arm64_32/SwiftyGPIO.SwiftFileList -DSWIFT_PACKAGE -DDEBUG -DSWIFT_MODULE_RESOURCE_BUNDLE_UNAVAILABLE -DXcode -plugin-path /Applications/Xcode-27.0.0-Release.Candidate.app/Contents/Developer/Toolchains/XcodeDefault.xctoolchain/usr/lib/swift/host/plugins/testing -enable-experimental-feature DebugDescriptionMacro -sdk /Applications/Xcode-27.0.0-Release.Candidate.app/Contents/Developer/Platforms/WatchOS.platform/Developer/SDKs/WatchOS27.0.sdk -target arm64_32-apple-watchos9.0 -g -module-cache-path /Users/admin/builder/spi-builder-workspace/.derivedData/ModuleCache.noindex -Xfrontend -serialize-debugging-options -enable-testing -suppress-warnings -index-store-path /Users/admin/builder/spi-builder-workspace/.derivedData/Index.noindex/DataStore -Xcc -D_LIBCPP_HARDENING_MODE\=_LIBCPP_HARDENING_MODE_DEBUG -swift-version 5 -I /Users/admin/builder/spi-builder-workspace/.derivedData/Build/Products/Debug-watchos -Isystem /Applications/Xcode-27.0.0-Release.Candidate.app/Contents/Developer/Platforms/WatchOS.platform/Developer/usr/lib -F /Users/admin/builder/spi-builder-workspace/.derivedData/Build/Products/Debug-watchos -F /Applications/Xcode-27.0.0-Release.Candidate.app/Contents/Developer/Platforms/WatchOS.platform/Developer/Library/Frameworks -F /Applications/Xcode-27.0.0-Release.Candidate.app/Contents/Developer/Platforms/WatchOS.platform/Developer/SDKs/WatchOS27.0.sdk/Developer/Library/Frameworks -c -j10 -enable-batch-mode -incremental -Xcc -ivfsstatcache -Xcc /Users/admin/builder/spi-builder-workspace/.derivedData/SDKStatCaches.noindex/watchos27.0-24R360-e829b21a6f8c9b70876ba0858053c04477534ef55a1706bf4c1112bbb242f0a2.sdkstatcache -output-file-map /Users/admin/builder/spi-builder-workspace/.derivedData/Build/Intermediates.noindex/SwiftyGPIO.build/Debug-watchos/SwiftyGPIO-t.build/Objects-normal/arm64_32/SwiftyGPIO-OutputFileMap.json -save-temps -no-color-diagnostics -explicit-module-build -module-cache-path /Users/admin/builder/spi-builder-workspace/.derivedData/Build/Intermediates.noindex/SwiftExplicitPrecompiledModules -clang-scanner-module-cache-path /Users/admin/builder/spi-builder-workspace/.derivedData/ModuleCache.noindex -sdk-module-cache-path /Users/admin/builder/spi-builder-workspace/.derivedData/SDKExplicitPrecompiledModules -emit-dependencies -emit-module -emit-module-path /Users/admin/builder/spi-builder-workspace/.derivedData/Build/Intermediates.noindex/SwiftyGPIO.build/Debug-watchos/SwiftyGPIO-t.build/Objects-normal/arm64_32/SwiftyGPIO.swiftmodule -serialize-diagnostics -dependency-scan-serialize-diagnostics-path /Users/admin/builder/spi-builder-workspace/.derivedData/Build/Intermediates.noindex/SwiftyGPIO.build/Debug-watchos/SwiftyGPIO-t.build/Objects-normal/arm64_32/SwiftyGPIO-dependency-scan.dia -validate-clang-modules-once -clang-build-session-file /Users/admin/builder/spi-builder-workspace/.derivedData/ModuleCache.noindex/Session.modulevalidation -Xcc -fmodules-prune-interval\=86400 -Xcc -fmodules-prune-after\=345600 -emit-const-values -const-gather-protocols-list /Users/admin/builder/spi-builder-workspace/.derivedData/Build/Intermediates.noindex/SwiftyGPIO.build/Debug-watchos/SwiftyGPIO-t.build/Objects-normal/arm64_32/SwiftyGPIO_const_extract_protocols.json -Xcc -I/Users/admin/builder/spi-builder-workspace/.derivedData/Build/Products/Debug-watchos/include -Xcc -I/Users/admin/builder/spi-builder-workspace/.derivedData/Build/Intermediates.noindex/SwiftyGPIO.build/Debug-watchos/SwiftyGPIO-t.build/DerivedSources-normal/arm64_32 -Xcc -I/Users/admin/builder/spi-builder-workspace/.derivedData/Build/Intermediates.noindex/SwiftyGPIO.build/Debug-watchos/SwiftyGPIO-t.build/DerivedSources/arm64_32 -Xcc -I/Users/admin/builder/spi-builder-workspace/.derivedData/Build/Intermediates.noindex/SwiftyGPIO.build/Debug-watchos/SwiftyGPIO-t.build/DerivedSources -Xcc -DSWIFT_PACKAGE -Xcc -DDEBUG\=1 -emit-objc-header -emit-objc-header-path /Users/admin/builder/spi-builder-workspace/.derivedData/Build/Intermediates.noindex/SwiftyGPIO.build/Debug-watchos/SwiftyGPIO-t.build/Objects-normal/arm64_32/SwiftyGPIO-Swift.h -working-directory /Users/admin/builder/spi-builder-workspace/.swiftpm/xcode -experimental-emit-module-separately -disable-cmo
SwiftDriver SwiftyGPIO normal arm64 com.apple.xcode.tools.swift.compiler (in target 'SwiftyGPIO' from project 'SwiftyGPIO')
cd /Users/admin/builder/spi-builder-workspace/.swiftpm/xcode
builtin-SwiftDriver -- /Applications/Xcode-27.0.0-Release.Candidate.app/Contents/Developer/Toolchains/XcodeDefault.xctoolchain/usr/bin/swiftc -parse-as-library -module-name SwiftyGPIO -Onone @/Users/admin/builder/spi-builder-workspace/.derivedData/Build/Intermediates.noindex/SwiftyGPIO.build/Debug-watchos/SwiftyGPIO-t.build/Objects-normal/arm64/SwiftyGPIO.SwiftFileList -DSWIFT_PACKAGE -DDEBUG -DSWIFT_MODULE_RESOURCE_BUNDLE_UNAVAILABLE -DXcode -plugin-path /Applications/Xcode-27.0.0-Release.Candidate.app/Contents/Developer/Toolchains/XcodeDefault.xctoolchain/usr/lib/swift/host/plugins/testing -enable-experimental-feature DebugDescriptionMacro -sdk /Applications/Xcode-27.0.0-Release.Candidate.app/Contents/Developer/Platforms/WatchOS.platform/Developer/SDKs/WatchOS27.0.sdk -target arm64-apple-watchos9.0 -g -module-cache-path /Users/admin/builder/spi-builder-workspace/.derivedData/ModuleCache.noindex -Xfrontend -serialize-debugging-options -enable-testing -suppress-warnings -index-store-path /Users/admin/builder/spi-builder-workspace/.derivedData/Index.noindex/DataStore -Xcc -D_LIBCPP_HARDENING_MODE\=_LIBCPP_HARDENING_MODE_DEBUG -swift-version 5 -I /Users/admin/builder/spi-builder-workspace/.derivedData/Build/Products/Debug-watchos -Isystem /Applications/Xcode-27.0.0-Release.Candidate.app/Contents/Developer/Platforms/WatchOS.platform/Developer/usr/lib -F /Users/admin/builder/spi-builder-workspace/.derivedData/Build/Products/Debug-watchos -F /Applications/Xcode-27.0.0-Release.Candidate.app/Contents/Developer/Platforms/WatchOS.platform/Developer/Library/Frameworks -F /Applications/Xcode-27.0.0-Release.Candidate.app/Contents/Developer/Platforms/WatchOS.platform/Developer/SDKs/WatchOS27.0.sdk/Developer/Library/Frameworks -c -j10 -enable-batch-mode -incremental -Xcc -ivfsstatcache -Xcc /Users/admin/builder/spi-builder-workspace/.derivedData/SDKStatCaches.noindex/watchos27.0-24R360-e829b21a6f8c9b70876ba0858053c04477534ef55a1706bf4c1112bbb242f0a2.sdkstatcache -output-file-map /Users/admin/builder/spi-builder-workspace/.derivedData/Build/Intermediates.noindex/SwiftyGPIO.build/Debug-watchos/SwiftyGPIO-t.build/Objects-normal/arm64/SwiftyGPIO-OutputFileMap.json -save-temps -no-color-diagnostics -explicit-module-build -module-cache-path /Users/admin/builder/spi-builder-workspace/.derivedData/Build/Intermediates.noindex/SwiftExplicitPrecompiledModules -clang-scanner-module-cache-path /Users/admin/builder/spi-builder-workspace/.derivedData/ModuleCache.noindex -sdk-module-cache-path /Users/admin/builder/spi-builder-workspace/.derivedData/SDKExplicitPrecompiledModules -emit-dependencies -emit-module -emit-module-path /Users/admin/builder/spi-builder-workspace/.derivedData/Build/Intermediates.noindex/SwiftyGPIO.build/Debug-watchos/SwiftyGPIO-t.build/Objects-normal/arm64/SwiftyGPIO.swiftmodule -serialize-diagnostics -dependency-scan-serialize-diagnostics-path /Users/admin/builder/spi-builder-workspace/.derivedData/Build/Intermediates.noindex/SwiftyGPIO.build/Debug-watchos/SwiftyGPIO-t.build/Objects-normal/arm64/SwiftyGPIO-dependency-scan.dia -validate-clang-modules-once -clang-build-session-file /Users/admin/builder/spi-builder-workspace/.derivedData/ModuleCache.noindex/Session.modulevalidation -Xcc -fmodules-prune-interval\=86400 -Xcc -fmodules-prune-after\=345600 -emit-const-values -const-gather-protocols-list /Users/admin/builder/spi-builder-workspace/.derivedData/Build/Intermediates.noindex/SwiftyGPIO.build/Debug-watchos/SwiftyGPIO-t.build/Objects-normal/arm64/SwiftyGPIO_const_extract_protocols.json -Xcc -I/Users/admin/builder/spi-builder-workspace/.derivedData/Build/Products/Debug-watchos/include -Xcc -I/Users/admin/builder/spi-builder-workspace/.derivedData/Build/Intermediates.noindex/SwiftyGPIO.build/Debug-watchos/SwiftyGPIO-t.build/DerivedSources-normal/arm64 -Xcc -I/Users/admin/builder/spi-builder-workspace/.derivedData/Build/Intermediates.noindex/SwiftyGPIO.build/Debug-watchos/SwiftyGPIO-t.build/DerivedSources/arm64 -Xcc -I/Users/admin/builder/spi-builder-workspace/.derivedData/Build/Intermediates.noindex/SwiftyGPIO.build/Debug-watchos/SwiftyGPIO-t.build/DerivedSources -Xcc -DSWIFT_PACKAGE -Xcc -DDEBUG\=1 -emit-objc-header -emit-objc-header-path /Users/admin/builder/spi-builder-workspace/.derivedData/Build/Intermediates.noindex/SwiftyGPIO.build/Debug-watchos/SwiftyGPIO-t.build/Objects-normal/arm64/SwiftyGPIO-Swift.h -working-directory /Users/admin/builder/spi-builder-workspace/.swiftpm/xcode -experimental-emit-module-separately -disable-cmo
SwiftDriver SwiftyXBee normal arm64_32 com.apple.xcode.tools.swift.compiler (in target 'SwiftyXBee' from project 'SwiftyXBee')
cd /Users/admin/builder/spi-builder-workspace/.swiftpm/xcode
builtin-SwiftDriver -- /Applications/Xcode-27.0.0-Release.Candidate.app/Contents/Developer/Toolchains/XcodeDefault.xctoolchain/usr/bin/swiftc -parse-as-library -module-name SwiftyXBee -Onone @/Users/admin/builder/spi-builder-workspace/.derivedData/Build/Intermediates.noindex/SwiftyXBee.build/Debug-watchos/SwiftyXBee-t.build/Objects-normal/arm64_32/SwiftyXBee.SwiftFileList -DSWIFT_PACKAGE -DDEBUG -DSWIFT_MODULE_RESOURCE_BUNDLE_UNAVAILABLE -DXcode -plugin-path /Applications/Xcode-27.0.0-Release.Candidate.app/Contents/Developer/Toolchains/XcodeDefault.xctoolchain/usr/lib/swift/host/plugins/testing -enable-experimental-feature DebugDescriptionMacro -sdk /Applications/Xcode-27.0.0-Release.Candidate.app/Contents/Developer/Platforms/WatchOS.platform/Developer/SDKs/WatchOS27.0.sdk -target arm64_32-apple-watchos9.0 -g -module-cache-path /Users/admin/builder/spi-builder-workspace/.derivedData/ModuleCache.noindex -Xfrontend -serialize-debugging-options -enable-testing -index-store-path /Users/admin/builder/spi-builder-workspace/.derivedData/Index.noindex/DataStore -Xcc -D_LIBCPP_HARDENING_MODE\=_LIBCPP_HARDENING_MODE_DEBUG -swift-version 5 -I /Users/admin/builder/spi-builder-workspace/.derivedData/Build/Products/Debug-watchos -Isystem /Applications/Xcode-27.0.0-Release.Candidate.app/Contents/Developer/Platforms/WatchOS.platform/Developer/usr/lib -F /Users/admin/builder/spi-builder-workspace/.derivedData/Build/Products/Debug-watchos/PackageFrameworks -F /Users/admin/builder/spi-builder-workspace/.derivedData/Build/Products/Debug-watchos -F /Applications/Xcode-27.0.0-Release.Candidate.app/Contents/Developer/Platforms/WatchOS.platform/Developer/Library/Frameworks -F /Applications/Xcode-27.0.0-Release.Candidate.app/Contents/Developer/Platforms/WatchOS.platform/Developer/SDKs/WatchOS27.0.sdk/Developer/Library/Frameworks -c -j10 -enable-batch-mode -incremental -Xcc -ivfsstatcache -Xcc /Users/admin/builder/spi-builder-workspace/.derivedData/SDKStatCaches.noindex/watchos27.0-24R360-e829b21a6f8c9b70876ba0858053c04477534ef55a1706bf4c1112bbb242f0a2.sdkstatcache -output-file-map /Users/admin/builder/spi-builder-workspace/.derivedData/Build/Intermediates.noindex/SwiftyXBee.build/Debug-watchos/SwiftyXBee-t.build/Objects-normal/arm64_32/SwiftyXBee-OutputFileMap.json -save-temps -no-color-diagnostics -explicit-module-build -module-cache-path /Users/admin/builder/spi-builder-workspace/.derivedData/Build/Intermediates.noindex/SwiftExplicitPrecompiledModules -clang-scanner-module-cache-path /Users/admin/builder/spi-builder-workspace/.derivedData/ModuleCache.noindex -sdk-module-cache-path /Users/admin/builder/spi-builder-workspace/.derivedData/SDKExplicitPrecompiledModules -emit-dependencies -emit-module -emit-module-path /Users/admin/builder/spi-builder-workspace/.derivedData/Build/Intermediates.noindex/SwiftyXBee.build/Debug-watchos/SwiftyXBee-t.build/Objects-normal/arm64_32/SwiftyXBee.swiftmodule -serialize-diagnostics -dependency-scan-serialize-diagnostics-path /Users/admin/builder/spi-builder-workspace/.derivedData/Build/Intermediates.noindex/SwiftyXBee.build/Debug-watchos/SwiftyXBee-t.build/Objects-normal/arm64_32/SwiftyXBee-dependency-scan.dia -validate-clang-modules-once -clang-build-session-file /Users/admin/builder/spi-builder-workspace/.derivedData/ModuleCache.noindex/Session.modulevalidation -Xcc -fmodules-prune-interval\=86400 -Xcc -fmodules-prune-after\=345600 -emit-const-values -const-gather-protocols-list /Users/admin/builder/spi-builder-workspace/.derivedData/Build/Intermediates.noindex/SwiftyXBee.build/Debug-watchos/SwiftyXBee-t.build/Objects-normal/arm64_32/SwiftyXBee_const_extract_protocols.json -Xcc -I/Users/admin/builder/spi-builder-workspace/.derivedData/Build/Products/Debug-watchos/include -Xcc -I/Users/admin/builder/spi-builder-workspace/.derivedData/Build/Intermediates.noindex/SwiftyXBee.build/Debug-watchos/SwiftyXBee-t.build/DerivedSources-normal/arm64_32 -Xcc -I/Users/admin/builder/spi-builder-workspace/.derivedData/Build/Intermediates.noindex/SwiftyXBee.build/Debug-watchos/SwiftyXBee-t.build/DerivedSources/arm64_32 -Xcc -I/Users/admin/builder/spi-builder-workspace/.derivedData/Build/Intermediates.noindex/SwiftyXBee.build/Debug-watchos/SwiftyXBee-t.build/DerivedSources -Xcc -DSWIFT_PACKAGE -Xcc -DDEBUG\=1 -emit-objc-header -emit-objc-header-path /Users/admin/builder/spi-builder-workspace/.derivedData/Build/Intermediates.noindex/SwiftyXBee.build/Debug-watchos/SwiftyXBee-t.build/Objects-normal/arm64_32/SwiftyXBee-Swift.h -working-directory /Users/admin/builder/spi-builder-workspace/.swiftpm/xcode -experimental-emit-module-separately -disable-cmo
SwiftDriver SwiftyXBee normal arm64 com.apple.xcode.tools.swift.compiler (in target 'SwiftyXBee' from project 'SwiftyXBee')
cd /Users/admin/builder/spi-builder-workspace/.swiftpm/xcode
builtin-SwiftDriver -- /Applications/Xcode-27.0.0-Release.Candidate.app/Contents/Developer/Toolchains/XcodeDefault.xctoolchain/usr/bin/swiftc -parse-as-library -module-name SwiftyXBee -Onone @/Users/admin/builder/spi-builder-workspace/.derivedData/Build/Intermediates.noindex/SwiftyXBee.build/Debug-watchos/SwiftyXBee-t.build/Objects-normal/arm64/SwiftyXBee.SwiftFileList -DSWIFT_PACKAGE -DDEBUG -DSWIFT_MODULE_RESOURCE_BUNDLE_UNAVAILABLE -DXcode -plugin-path /Applications/Xcode-27.0.0-Release.Candidate.app/Contents/Developer/Toolchains/XcodeDefault.xctoolchain/usr/lib/swift/host/plugins/testing -enable-experimental-feature DebugDescriptionMacro -sdk /Applications/Xcode-27.0.0-Release.Candidate.app/Contents/Developer/Platforms/WatchOS.platform/Developer/SDKs/WatchOS27.0.sdk -target arm64-apple-watchos9.0 -g -module-cache-path /Users/admin/builder/spi-builder-workspace/.derivedData/ModuleCache.noindex -Xfrontend -serialize-debugging-options -enable-testing -index-store-path /Users/admin/builder/spi-builder-workspace/.derivedData/Index.noindex/DataStore -Xcc -D_LIBCPP_HARDENING_MODE\=_LIBCPP_HARDENING_MODE_DEBUG -swift-version 5 -I /Users/admin/builder/spi-builder-workspace/.derivedData/Build/Products/Debug-watchos -Isystem /Applications/Xcode-27.0.0-Release.Candidate.app/Contents/Developer/Platforms/WatchOS.platform/Developer/usr/lib -F /Users/admin/builder/spi-builder-workspace/.derivedData/Build/Products/Debug-watchos/PackageFrameworks -F /Users/admin/builder/spi-builder-workspace/.derivedData/Build/Products/Debug-watchos -F /Applications/Xcode-27.0.0-Release.Candidate.app/Contents/Developer/Platforms/WatchOS.platform/Developer/Library/Frameworks -F /Applications/Xcode-27.0.0-Release.Candidate.app/Contents/Developer/Platforms/WatchOS.platform/Developer/SDKs/WatchOS27.0.sdk/Developer/Library/Frameworks -c -j10 -enable-batch-mode -incremental -Xcc -ivfsstatcache -Xcc /Users/admin/builder/spi-builder-workspace/.derivedData/SDKStatCaches.noindex/watchos27.0-24R360-e829b21a6f8c9b70876ba0858053c04477534ef55a1706bf4c1112bbb242f0a2.sdkstatcache -output-file-map /Users/admin/builder/spi-builder-workspace/.derivedData/Build/Intermediates.noindex/SwiftyXBee.build/Debug-watchos/SwiftyXBee-t.build/Objects-normal/arm64/SwiftyXBee-OutputFileMap.json -save-temps -no-color-diagnostics -explicit-module-build -module-cache-path /Users/admin/builder/spi-builder-workspace/.derivedData/Build/Intermediates.noindex/SwiftExplicitPrecompiledModules -clang-scanner-module-cache-path /Users/admin/builder/spi-builder-workspace/.derivedData/ModuleCache.noindex -sdk-module-cache-path /Users/admin/builder/spi-builder-workspace/.derivedData/SDKExplicitPrecompiledModules -emit-dependencies -emit-module -emit-module-path /Users/admin/builder/spi-builder-workspace/.derivedData/Build/Intermediates.noindex/SwiftyXBee.build/Debug-watchos/SwiftyXBee-t.build/Objects-normal/arm64/SwiftyXBee.swiftmodule -serialize-diagnostics -dependency-scan-serialize-diagnostics-path /Users/admin/builder/spi-builder-workspace/.derivedData/Build/Intermediates.noindex/SwiftyXBee.build/Debug-watchos/SwiftyXBee-t.build/Objects-normal/arm64/SwiftyXBee-dependency-scan.dia -validate-clang-modules-once -clang-build-session-file /Users/admin/builder/spi-builder-workspace/.derivedData/ModuleCache.noindex/Session.modulevalidation -Xcc -fmodules-prune-interval\=86400 -Xcc -fmodules-prune-after\=345600 -emit-const-values -const-gather-protocols-list /Users/admin/builder/spi-builder-workspace/.derivedData/Build/Intermediates.noindex/SwiftyXBee.build/Debug-watchos/SwiftyXBee-t.build/Objects-normal/arm64/SwiftyXBee_const_extract_protocols.json -Xcc -I/Users/admin/builder/spi-builder-workspace/.derivedData/Build/Products/Debug-watchos/include -Xcc -I/Users/admin/builder/spi-builder-workspace/.derivedData/Build/Intermediates.noindex/SwiftyXBee.build/Debug-watchos/SwiftyXBee-t.build/DerivedSources-normal/arm64 -Xcc -I/Users/admin/builder/spi-builder-workspace/.derivedData/Build/Intermediates.noindex/SwiftyXBee.build/Debug-watchos/SwiftyXBee-t.build/DerivedSources/arm64 -Xcc -I/Users/admin/builder/spi-builder-workspace/.derivedData/Build/Intermediates.noindex/SwiftyXBee.build/Debug-watchos/SwiftyXBee-t.build/DerivedSources -Xcc -DSWIFT_PACKAGE -Xcc -DDEBUG\=1 -emit-objc-header -emit-objc-header-path /Users/admin/builder/spi-builder-workspace/.derivedData/Build/Intermediates.noindex/SwiftyXBee.build/Debug-watchos/SwiftyXBee-t.build/Objects-normal/arm64/SwiftyXBee-Swift.h -working-directory /Users/admin/builder/spi-builder-workspace/.swiftpm/xcode -experimental-emit-module-separately -disable-cmo
SwiftCompile normal arm64_32 Compiling\ I2C.swift /Users/admin/builder/spi-builder-workspace/.dependencies/checkouts/SwiftyGPIO/Sources/I2C.swift (in target 'SwiftyGPIO' from project 'SwiftyGPIO')
SwiftCompile normal arm64_32 /Users/admin/builder/spi-builder-workspace/.dependencies/checkouts/SwiftyGPIO/Sources/I2C.swift (in target 'SwiftyGPIO' from project 'SwiftyGPIO')
cd /Users/admin/builder/spi-builder-workspace/.swiftpm/xcode
builtin-SwiftPerFileCompile I2C.swift
SwiftCompile normal arm64_32 Compiling\ 1Wire.swift /Users/admin/builder/spi-builder-workspace/.dependencies/checkouts/SwiftyGPIO/Sources/1Wire.swift (in target 'SwiftyGPIO' from project 'SwiftyGPIO')
SwiftCompile normal arm64_32 /Users/admin/builder/spi-builder-workspace/.dependencies/checkouts/SwiftyGPIO/Sources/1Wire.swift (in target 'SwiftyGPIO' from project 'SwiftyGPIO')
cd /Users/admin/builder/spi-builder-workspace/.swiftpm/xcode
builtin-SwiftPerFileCompile 1Wire.swift
SwiftCompile normal arm64_32 Compiling\ Mailbox.swift /Users/admin/builder/spi-builder-workspace/.dependencies/checkouts/SwiftyGPIO/Sources/Mailbox.swift (in target 'SwiftyGPIO' from project 'SwiftyGPIO')
SwiftCompile normal arm64_32 /Users/admin/builder/spi-builder-workspace/.dependencies/checkouts/SwiftyGPIO/Sources/Mailbox.swift (in target 'SwiftyGPIO' from project 'SwiftyGPIO')
cd /Users/admin/builder/spi-builder-workspace/.swiftpm/xcode
builtin-SwiftPerFileCompile Mailbox.swift
SwiftCompile normal arm64_32 Compiling\ PWM.swift /Users/admin/builder/spi-builder-workspace/.dependencies/checkouts/SwiftyGPIO/Sources/PWM.swift (in target 'SwiftyGPIO' from project 'SwiftyGPIO')
SwiftCompile normal arm64_32 /Users/admin/builder/spi-builder-workspace/.dependencies/checkouts/SwiftyGPIO/Sources/PWM.swift (in target 'SwiftyGPIO' from project 'SwiftyGPIO')
cd /Users/admin/builder/spi-builder-workspace/.swiftpm/xcode
builtin-SwiftPerFileCompile PWM.swift
SwiftCompile normal arm64_32 Compiling\ ADC.swift /Users/admin/builder/spi-builder-workspace/.dependencies/checkouts/SwiftyGPIO/Sources/ADC.swift (in target 'SwiftyGPIO' from project 'SwiftyGPIO')
SwiftCompile normal arm64_32 /Users/admin/builder/spi-builder-workspace/.dependencies/checkouts/SwiftyGPIO/Sources/ADC.swift (in target 'SwiftyGPIO' from project 'SwiftyGPIO')
cd /Users/admin/builder/spi-builder-workspace/.swiftpm/xcode
builtin-SwiftPerFileCompile ADC.swift
SwiftCompile normal arm64_32 Compiling\ SPI.swift /Users/admin/builder/spi-builder-workspace/.dependencies/checkouts/SwiftyGPIO/Sources/SPI.swift (in target 'SwiftyGPIO' from project 'SwiftyGPIO')
SwiftCompile normal arm64_32 /Users/admin/builder/spi-builder-workspace/.dependencies/checkouts/SwiftyGPIO/Sources/SPI.swift (in target 'SwiftyGPIO' from project 'SwiftyGPIO')
cd /Users/admin/builder/spi-builder-workspace/.swiftpm/xcode
builtin-SwiftPerFileCompile SPI.swift
SwiftCompile normal arm64_32 Compiling\ SunXi.swift /Users/admin/builder/spi-builder-workspace/.dependencies/checkouts/SwiftyGPIO/Sources/SunXi.swift (in target 'SwiftyGPIO' from project 'SwiftyGPIO')
SwiftCompile normal arm64_32 /Users/admin/builder/spi-builder-workspace/.dependencies/checkouts/SwiftyGPIO/Sources/SunXi.swift (in target 'SwiftyGPIO' from project 'SwiftyGPIO')
cd /Users/admin/builder/spi-builder-workspace/.swiftpm/xcode
builtin-SwiftPerFileCompile SunXi.swift
SwiftEmitModule normal arm64 Emitting\ module\ for\ SwiftyGPIO (in target 'SwiftyGPIO' from project 'SwiftyGPIO')
SwiftCompile normal arm64 (in target 'SwiftyGPIO' from project 'SwiftyGPIO')
cd /Users/admin/builder/spi-builder-workspace/.swiftpm/xcode
SwiftEmitModule normal arm64_32 Emitting\ module\ for\ SwiftyGPIO (in target 'SwiftyGPIO' from project 'SwiftyGPIO')
SwiftCompile normal arm64_32 (in target 'SwiftyGPIO' from project 'SwiftyGPIO')
cd /Users/admin/builder/spi-builder-workspace/.swiftpm/xcode
SwiftCompile normal arm64_32 Compiling\ SwiftyGPIO.swift /Users/admin/builder/spi-builder-workspace/.dependencies/checkouts/SwiftyGPIO/Sources/SwiftyGPIO.swift (in target 'SwiftyGPIO' from project 'SwiftyGPIO')
SwiftCompile normal arm64_32 /Users/admin/builder/spi-builder-workspace/.dependencies/checkouts/SwiftyGPIO/Sources/SwiftyGPIO.swift (in target 'SwiftyGPIO' from project 'SwiftyGPIO')
cd /Users/admin/builder/spi-builder-workspace/.swiftpm/xcode
builtin-SwiftPerFileCompile SwiftyGPIO.swift
SwiftEmitModule normal arm64_32 Emitting\ module\ for\ SwiftyXBee (in target 'SwiftyXBee' from project 'SwiftyXBee')
SwiftCompile normal arm64_32 (in target 'SwiftyXBee' from project 'SwiftyXBee')
cd /Users/admin/builder/spi-builder-workspace/.swiftpm/xcode
SwiftDriverJobDiscovery normal arm64_32 Compiling SunXi.swift (in target 'SwiftyGPIO' from project 'SwiftyGPIO')
SwiftEmitModule normal arm64 Emitting\ module\ for\ SwiftyXBee (in target 'SwiftyXBee' from project 'SwiftyXBee')
SwiftCompile normal arm64 (in target 'SwiftyXBee' from project 'SwiftyXBee')
cd /Users/admin/builder/spi-builder-workspace/.swiftpm/xcode
SwiftDriverJobDiscovery normal arm64_32 Compiling Mailbox.swift (in target 'SwiftyGPIO' from project 'SwiftyGPIO')
SwiftCompile normal arm64_32 Compiling\ StartDelimiter.swift,\ ATCommandData.swift /Users/admin/builder/spi-builder-workspace/Sources/SwiftyXBee/Models/APIFrame/StartDelimiter.swift /Users/admin/builder/spi-builder-workspace/Sources/SwiftyXBee/Models/APIFrameData/ATCommandData.swift (in target 'SwiftyXBee' from project 'SwiftyXBee')
SwiftCompile normal arm64_32 /Users/admin/builder/spi-builder-workspace/Sources/SwiftyXBee/Models/APIFrame/StartDelimiter.swift (in target 'SwiftyXBee' from project 'SwiftyXBee')
cd /Users/admin/builder/spi-builder-workspace/.swiftpm/xcode
builtin-SwiftPerFileCompile StartDelimiter.swift
SwiftCompile normal arm64_32 /Users/admin/builder/spi-builder-workspace/Sources/SwiftyXBee/Models/APIFrameData/ATCommandData.swift (in target 'SwiftyXBee' from project 'SwiftyXBee')
cd /Users/admin/builder/spi-builder-workspace/.swiftpm/xcode
builtin-SwiftPerFileCompile ATCommandData.swift
SwiftDriverJobDiscovery normal arm64_32 Compiling I2C.swift (in target 'SwiftyGPIO' from project 'SwiftyGPIO')
SwiftCompile normal arm64 Compiling\ SerialConnection.swift,\ SwiftyXBee.swift /Users/admin/builder/spi-builder-workspace/Sources/SwiftyXBee/Models/UART/SerialConnection.swift /Users/admin/builder/spi-builder-workspace/Sources/SwiftyXBee/SwiftyXBee.swift (in target 'SwiftyXBee' from project 'SwiftyXBee')
SwiftCompile normal arm64 /Users/admin/builder/spi-builder-workspace/Sources/SwiftyXBee/Models/UART/SerialConnection.swift (in target 'SwiftyXBee' from project 'SwiftyXBee')
cd /Users/admin/builder/spi-builder-workspace/.swiftpm/xcode
builtin-SwiftPerFileCompile SerialConnection.swift
SwiftCompile normal arm64 /Users/admin/builder/spi-builder-workspace/Sources/SwiftyXBee/SwiftyXBee.swift (in target 'SwiftyXBee' from project 'SwiftyXBee')
cd /Users/admin/builder/spi-builder-workspace/.swiftpm/xcode
builtin-SwiftPerFileCompile SwiftyXBee.swift
SwiftDriverJobDiscovery normal arm64_32 Compiling SPI.swift (in target 'SwiftyGPIO' from project 'SwiftyGPIO')
SwiftCompile normal arm64_32 Compiling\ FrameLength.swift,\ NetworkAddress.swift /Users/admin/builder/spi-builder-workspace/Sources/SwiftyXBee/Models/APIFrame/FrameLength.swift /Users/admin/builder/spi-builder-workspace/Sources/SwiftyXBee/Models/APIFrame/NetworkAddress.swift (in target 'SwiftyXBee' from project 'SwiftyXBee')
SwiftCompile normal arm64_32 /Users/admin/builder/spi-builder-workspace/Sources/SwiftyXBee/Models/APIFrame/FrameLength.swift (in target 'SwiftyXBee' from project 'SwiftyXBee')
cd /Users/admin/builder/spi-builder-workspace/.swiftpm/xcode
builtin-SwiftPerFileCompile FrameLength.swift
SwiftCompile normal arm64_32 /Users/admin/builder/spi-builder-workspace/Sources/SwiftyXBee/Models/APIFrame/NetworkAddress.swift (in target 'SwiftyXBee' from project 'SwiftyXBee')
cd /Users/admin/builder/spi-builder-workspace/.swiftpm/xcode
builtin-SwiftPerFileCompile NetworkAddress.swift
SwiftDriverJobDiscovery normal arm64_32 Emitting module for SwiftyXBee (in target 'SwiftyXBee' from project 'SwiftyXBee')
SwiftDriver\ Compilation\ Requirements SwiftyXBee normal arm64_32 com.apple.xcode.tools.swift.compiler (in target 'SwiftyXBee' from project 'SwiftyXBee')
cd /Users/admin/builder/spi-builder-workspace/.swiftpm/xcode
builtin-Swift-Compilation-Requirements -- /Applications/Xcode-27.0.0-Release.Candidate.app/Contents/Developer/Toolchains/XcodeDefault.xctoolchain/usr/bin/swiftc -parse-as-library -module-name SwiftyXBee -Onone @/Users/admin/builder/spi-builder-workspace/.derivedData/Build/Intermediates.noindex/SwiftyXBee.build/Debug-watchos/SwiftyXBee-t.build/Objects-normal/arm64_32/SwiftyXBee.SwiftFileList -DSWIFT_PACKAGE -DDEBUG -DSWIFT_MODULE_RESOURCE_BUNDLE_UNAVAILABLE -DXcode -plugin-path /Applications/Xcode-27.0.0-Release.Candidate.app/Contents/Developer/Toolchains/XcodeDefault.xctoolchain/usr/lib/swift/host/plugins/testing -enable-experimental-feature DebugDescriptionMacro -sdk /Applications/Xcode-27.0.0-Release.Candidate.app/Contents/Developer/Platforms/WatchOS.platform/Developer/SDKs/WatchOS27.0.sdk -target arm64_32-apple-watchos9.0 -g -module-cache-path /Users/admin/builder/spi-builder-workspace/.derivedData/ModuleCache.noindex -Xfrontend -serialize-debugging-options -enable-testing -index-store-path /Users/admin/builder/spi-builder-workspace/.derivedData/Index.noindex/DataStore -Xcc -D_LIBCPP_HARDENING_MODE\=_LIBCPP_HARDENING_MODE_DEBUG -swift-version 5 -I /Users/admin/builder/spi-builder-workspace/.derivedData/Build/Products/Debug-watchos -Isystem /Applications/Xcode-27.0.0-Release.Candidate.app/Contents/Developer/Platforms/WatchOS.platform/Developer/usr/lib -F /Users/admin/builder/spi-builder-workspace/.derivedData/Build/Products/Debug-watchos/PackageFrameworks -F /Users/admin/builder/spi-builder-workspace/.derivedData/Build/Products/Debug-watchos -F /Applications/Xcode-27.0.0-Release.Candidate.app/Contents/Developer/Platforms/WatchOS.platform/Developer/Library/Frameworks -F /Applications/Xcode-27.0.0-Release.Candidate.app/Contents/Developer/Platforms/WatchOS.platform/Developer/SDKs/WatchOS27.0.sdk/Developer/Library/Frameworks -c -j10 -enable-batch-mode -incremental -Xcc -ivfsstatcache -Xcc /Users/admin/builder/spi-builder-workspace/.derivedData/SDKStatCaches.noindex/watchos27.0-24R360-e829b21a6f8c9b70876ba0858053c04477534ef55a1706bf4c1112bbb242f0a2.sdkstatcache -output-file-map /Users/admin/builder/spi-builder-workspace/.derivedData/Build/Intermediates.noindex/SwiftyXBee.build/Debug-watchos/SwiftyXBee-t.build/Objects-normal/arm64_32/SwiftyXBee-OutputFileMap.json -save-temps -no-color-diagnostics -explicit-module-build -module-cache-path /Users/admin/builder/spi-builder-workspace/.derivedData/Build/Intermediates.noindex/SwiftExplicitPrecompiledModules -clang-scanner-module-cache-path /Users/admin/builder/spi-builder-workspace/.derivedData/ModuleCache.noindex -sdk-module-cache-path /Users/admin/builder/spi-builder-workspace/.derivedData/SDKExplicitPrecompiledModules -emit-dependencies -emit-module -emit-module-path /Users/admin/builder/spi-builder-workspace/.derivedData/Build/Intermediates.noindex/SwiftyXBee.build/Debug-watchos/SwiftyXBee-t.build/Objects-normal/arm64_32/SwiftyXBee.swiftmodule -serialize-diagnostics -dependency-scan-serialize-diagnostics-path /Users/admin/builder/spi-builder-workspace/.derivedData/Build/Intermediates.noindex/SwiftyXBee.build/Debug-watchos/SwiftyXBee-t.build/Objects-normal/arm64_32/SwiftyXBee-dependency-scan.dia -validate-clang-modules-once -clang-build-session-file /Users/admin/builder/spi-builder-workspace/.derivedData/ModuleCache.noindex/Session.modulevalidation -Xcc -fmodules-prune-interval\=86400 -Xcc -fmodules-prune-after\=345600 -emit-const-values -const-gather-protocols-list /Users/admin/builder/spi-builder-workspace/.derivedData/Build/Intermediates.noindex/SwiftyXBee.build/Debug-watchos/SwiftyXBee-t.build/Objects-normal/arm64_32/SwiftyXBee_const_extract_protocols.json -Xcc -I/Users/admin/builder/spi-builder-workspace/.derivedData/Build/Products/Debug-watchos/include -Xcc -I/Users/admin/builder/spi-builder-workspace/.derivedData/Build/Intermediates.noindex/SwiftyXBee.build/Debug-watchos/SwiftyXBee-t.build/DerivedSources-normal/arm64_32 -Xcc -I/Users/admin/builder/spi-builder-workspace/.derivedData/Build/Intermediates.noindex/SwiftyXBee.build/Debug-watchos/SwiftyXBee-t.build/DerivedSources/arm64_32 -Xcc -I/Users/admin/builder/spi-builder-workspace/.derivedData/Build/Intermediates.noindex/SwiftyXBee.build/Debug-watchos/SwiftyXBee-t.build/DerivedSources -Xcc -DSWIFT_PACKAGE -Xcc -DDEBUG\=1 -emit-objc-header -emit-objc-header-path /Users/admin/builder/spi-builder-workspace/.derivedData/Build/Intermediates.noindex/SwiftyXBee.build/Debug-watchos/SwiftyXBee-t.build/Objects-normal/arm64_32/SwiftyXBee-Swift.h -working-directory /Users/admin/builder/spi-builder-workspace/.swiftpm/xcode -experimental-emit-module-separately -disable-cmo
SwiftCompile normal arm64_32 Compiling\ ATCommandResponseData.swift,\ ZigBeeReceivePacketData.swift /Users/admin/builder/spi-builder-workspace/Sources/SwiftyXBee/Models/APIFrameData/ATCommandResponseData.swift /Users/admin/builder/spi-builder-workspace/Sources/SwiftyXBee/Models/APIFrameData/ZigBeeReceivePacketData.swift (in target 'SwiftyXBee' from project 'SwiftyXBee')
SwiftCompile normal arm64_32 /Users/admin/builder/spi-builder-workspace/Sources/SwiftyXBee/Models/APIFrameData/ATCommandResponseData.swift (in target 'SwiftyXBee' from project 'SwiftyXBee')
cd /Users/admin/builder/spi-builder-workspace/.swiftpm/xcode
builtin-SwiftPerFileCompile ATCommandResponseData.swift
SwiftCompile normal arm64_32 /Users/admin/builder/spi-builder-workspace/Sources/SwiftyXBee/Models/APIFrameData/ZigBeeReceivePacketData.swift (in target 'SwiftyXBee' from project 'SwiftyXBee')
cd /Users/admin/builder/spi-builder-workspace/.swiftpm/xcode
builtin-SwiftPerFileCompile ZigBeeReceivePacketData.swift
Copy /Users/admin/builder/spi-builder-workspace/.derivedData/Build/Products/Debug-watchos/SwiftyXBee.swiftmodule/arm64_32-apple-watchos.swiftmodule /Users/admin/builder/spi-builder-workspace/.derivedData/Build/Intermediates.noindex/SwiftyXBee.build/Debug-watchos/SwiftyXBee-t.build/Objects-normal/arm64_32/SwiftyXBee.swiftmodule (in target 'SwiftyXBee' from project 'SwiftyXBee')
cd /Users/admin/builder/spi-builder-workspace
builtin-copy -exclude .DS_Store -exclude CVS -exclude .svn -exclude .git -exclude .hg -resolve-src-symlinks -rename /Users/admin/builder/spi-builder-workspace/.derivedData/Build/Intermediates.noindex/SwiftyXBee.build/Debug-watchos/SwiftyXBee-t.build/Objects-normal/arm64_32/SwiftyXBee.swiftmodule /Users/admin/builder/spi-builder-workspace/.derivedData/Build/Products/Debug-watchos/SwiftyXBee.swiftmodule/arm64_32-apple-watchos.swiftmodule
Copy /Users/admin/builder/spi-builder-workspace/.derivedData/Build/Products/Debug-watchos/SwiftyXBee.swiftmodule/arm64_32-apple-watchos.swiftdoc /Users/admin/builder/spi-builder-workspace/.derivedData/Build/Intermediates.noindex/SwiftyXBee.build/Debug-watchos/SwiftyXBee-t.build/Objects-normal/arm64_32/SwiftyXBee.swiftdoc (in target 'SwiftyXBee' from project 'SwiftyXBee')
cd /Users/admin/builder/spi-builder-workspace
builtin-copy -exclude .DS_Store -exclude CVS -exclude .svn -exclude .git -exclude .hg -resolve-src-symlinks -rename /Users/admin/builder/spi-builder-workspace/.derivedData/Build/Intermediates.noindex/SwiftyXBee.build/Debug-watchos/SwiftyXBee-t.build/Objects-normal/arm64_32/SwiftyXBee.swiftdoc /Users/admin/builder/spi-builder-workspace/.derivedData/Build/Products/Debug-watchos/SwiftyXBee.swiftmodule/arm64_32-apple-watchos.swiftdoc
Copy /Users/admin/builder/spi-builder-workspace/.derivedData/Build/Products/Debug-watchos/SwiftyXBee.swiftmodule/arm64_32-apple-watchos.abi.json /Users/admin/builder/spi-builder-workspace/.derivedData/Build/Intermediates.noindex/SwiftyXBee.build/Debug-watchos/SwiftyXBee-t.build/Objects-normal/arm64_32/SwiftyXBee.abi.json (in target 'SwiftyXBee' from project 'SwiftyXBee')
cd /Users/admin/builder/spi-builder-workspace
builtin-copy -exclude .DS_Store -exclude CVS -exclude .svn -exclude .git -exclude .hg -resolve-src-symlinks -rename /Users/admin/builder/spi-builder-workspace/.derivedData/Build/Intermediates.noindex/SwiftyXBee.build/Debug-watchos/SwiftyXBee-t.build/Objects-normal/arm64_32/SwiftyXBee.abi.json /Users/admin/builder/spi-builder-workspace/.derivedData/Build/Products/Debug-watchos/SwiftyXBee.swiftmodule/arm64_32-apple-watchos.abi.json
Copy /Users/admin/builder/spi-builder-workspace/.derivedData/Build/Products/Debug-watchos/SwiftyXBee.swiftmodule/Project/arm64_32-apple-watchos.swiftsourceinfo /Users/admin/builder/spi-builder-workspace/.derivedData/Build/Intermediates.noindex/SwiftyXBee.build/Debug-watchos/SwiftyXBee-t.build/Objects-normal/arm64_32/SwiftyXBee.swiftsourceinfo (in target 'SwiftyXBee' from project 'SwiftyXBee')
cd /Users/admin/builder/spi-builder-workspace
builtin-copy -exclude .DS_Store -exclude CVS -exclude .svn -exclude .git -exclude .hg -resolve-src-symlinks -rename /Users/admin/builder/spi-builder-workspace/.derivedData/Build/Intermediates.noindex/SwiftyXBee.build/Debug-watchos/SwiftyXBee-t.build/Objects-normal/arm64_32/SwiftyXBee.swiftsourceinfo /Users/admin/builder/spi-builder-workspace/.derivedData/Build/Products/Debug-watchos/SwiftyXBee.swiftmodule/Project/arm64_32-apple-watchos.swiftsourceinfo
SwiftCompile normal arm64_32 Compiling\ SerialConnection.swift,\ SwiftyXBee.swift /Users/admin/builder/spi-builder-workspace/Sources/SwiftyXBee/Models/UART/SerialConnection.swift /Users/admin/builder/spi-builder-workspace/Sources/SwiftyXBee/SwiftyXBee.swift (in target 'SwiftyXBee' from project 'SwiftyXBee')
SwiftCompile normal arm64_32 /Users/admin/builder/spi-builder-workspace/Sources/SwiftyXBee/Models/UART/SerialConnection.swift (in target 'SwiftyXBee' from project 'SwiftyXBee')
cd /Users/admin/builder/spi-builder-workspace/.swiftpm/xcode
builtin-SwiftPerFileCompile SerialConnection.swift
SwiftCompile normal arm64_32 /Users/admin/builder/spi-builder-workspace/Sources/SwiftyXBee/SwiftyXBee.swift (in target 'SwiftyXBee' from project 'SwiftyXBee')
cd /Users/admin/builder/spi-builder-workspace/.swiftpm/xcode
builtin-SwiftPerFileCompile SwiftyXBee.swift
SwiftCompile normal arm64_32 Compiling\ Constants.swift,\ Array+Extensions.swift,\ Bool+Extensions.swift /Users/admin/builder/spi-builder-workspace/Sources/SwiftyXBee/Helpers/Constants.swift /Users/admin/builder/spi-builder-workspace/Sources/SwiftyXBee/Helpers/Extensions/Array+Extensions.swift /Users/admin/builder/spi-builder-workspace/Sources/SwiftyXBee/Helpers/Extensions/Bool+Extensions.swift (in target 'SwiftyXBee' from project 'SwiftyXBee')
SwiftCompile normal arm64_32 /Users/admin/builder/spi-builder-workspace/Sources/SwiftyXBee/Helpers/Constants.swift (in target 'SwiftyXBee' from project 'SwiftyXBee')
cd /Users/admin/builder/spi-builder-workspace/.swiftpm/xcode
builtin-SwiftPerFileCompile Constants.swift
SwiftCompile normal arm64_32 /Users/admin/builder/spi-builder-workspace/Sources/SwiftyXBee/Helpers/Extensions/Array+Extensions.swift (in target 'SwiftyXBee' from project 'SwiftyXBee')
cd /Users/admin/builder/spi-builder-workspace/.swiftpm/xcode
builtin-SwiftPerFileCompile Array+Extensions.swift
SwiftCompile normal arm64_32 /Users/admin/builder/spi-builder-workspace/Sources/SwiftyXBee/Helpers/Extensions/Bool+Extensions.swift (in target 'SwiftyXBee' from project 'SwiftyXBee')
cd /Users/admin/builder/spi-builder-workspace/.swiftpm/xcode
builtin-SwiftPerFileCompile Bool+Extensions.swift
SwiftDriverJobDiscovery normal arm64 Emitting module for SwiftyXBee (in target 'SwiftyXBee' from project 'SwiftyXBee')
SwiftDriver\ Compilation\ Requirements SwiftyXBee normal arm64 com.apple.xcode.tools.swift.compiler (in target 'SwiftyXBee' from project 'SwiftyXBee')
cd /Users/admin/builder/spi-builder-workspace/.swiftpm/xcode
builtin-Swift-Compilation-Requirements -- /Applications/Xcode-27.0.0-Release.Candidate.app/Contents/Developer/Toolchains/XcodeDefault.xctoolchain/usr/bin/swiftc -parse-as-library -module-name SwiftyXBee -Onone @/Users/admin/builder/spi-builder-workspace/.derivedData/Build/Intermediates.noindex/SwiftyXBee.build/Debug-watchos/SwiftyXBee-t.build/Objects-normal/arm64/SwiftyXBee.SwiftFileList -DSWIFT_PACKAGE -DDEBUG -DSWIFT_MODULE_RESOURCE_BUNDLE_UNAVAILABLE -DXcode -plugin-path /Applications/Xcode-27.0.0-Release.Candidate.app/Contents/Developer/Toolchains/XcodeDefault.xctoolchain/usr/lib/swift/host/plugins/testing -enable-experimental-feature DebugDescriptionMacro -sdk /Applications/Xcode-27.0.0-Release.Candidate.app/Contents/Developer/Platforms/WatchOS.platform/Developer/SDKs/WatchOS27.0.sdk -target arm64-apple-watchos9.0 -g -module-cache-path /Users/admin/builder/spi-builder-workspace/.derivedData/ModuleCache.noindex -Xfrontend -serialize-debugging-options -enable-testing -index-store-path /Users/admin/builder/spi-builder-workspace/.derivedData/Index.noindex/DataStore -Xcc -D_LIBCPP_HARDENING_MODE\=_LIBCPP_HARDENING_MODE_DEBUG -swift-version 5 -I /Users/admin/builder/spi-builder-workspace/.derivedData/Build/Products/Debug-watchos -Isystem /Applications/Xcode-27.0.0-Release.Candidate.app/Contents/Developer/Platforms/WatchOS.platform/Developer/usr/lib -F /Users/admin/builder/spi-builder-workspace/.derivedData/Build/Products/Debug-watchos/PackageFrameworks -F /Users/admin/builder/spi-builder-workspace/.derivedData/Build/Products/Debug-watchos -F /Applications/Xcode-27.0.0-Release.Candidate.app/Contents/Developer/Platforms/WatchOS.platform/Developer/Library/Frameworks -F /Applications/Xcode-27.0.0-Release.Candidate.app/Contents/Developer/Platforms/WatchOS.platform/Developer/SDKs/WatchOS27.0.sdk/Developer/Library/Frameworks -c -j10 -enable-batch-mode -incremental -Xcc -ivfsstatcache -Xcc /Users/admin/builder/spi-builder-workspace/.derivedData/SDKStatCaches.noindex/watchos27.0-24R360-e829b21a6f8c9b70876ba0858053c04477534ef55a1706bf4c1112bbb242f0a2.sdkstatcache -output-file-map /Users/admin/builder/spi-builder-workspace/.derivedData/Build/Intermediates.noindex/SwiftyXBee.build/Debug-watchos/SwiftyXBee-t.build/Objects-normal/arm64/SwiftyXBee-OutputFileMap.json -save-temps -no-color-diagnostics -explicit-module-build -module-cache-path /Users/admin/builder/spi-builder-workspace/.derivedData/Build/Intermediates.noindex/SwiftExplicitPrecompiledModules -clang-scanner-module-cache-path /Users/admin/builder/spi-builder-workspace/.derivedData/ModuleCache.noindex -sdk-module-cache-path /Users/admin/builder/spi-builder-workspace/.derivedData/SDKExplicitPrecompiledModules -emit-dependencies -emit-module -emit-module-path /Users/admin/builder/spi-builder-workspace/.derivedData/Build/Intermediates.noindex/SwiftyXBee.build/Debug-watchos/SwiftyXBee-t.build/Objects-normal/arm64/SwiftyXBee.swiftmodule -serialize-diagnostics -dependency-scan-serialize-diagnostics-path /Users/admin/builder/spi-builder-workspace/.derivedData/Build/Intermediates.noindex/SwiftyXBee.build/Debug-watchos/SwiftyXBee-t.build/Objects-normal/arm64/SwiftyXBee-dependency-scan.dia -validate-clang-modules-once -clang-build-session-file /Users/admin/builder/spi-builder-workspace/.derivedData/ModuleCache.noindex/Session.modulevalidation -Xcc -fmodules-prune-interval\=86400 -Xcc -fmodules-prune-after\=345600 -emit-const-values -const-gather-protocols-list /Users/admin/builder/spi-builder-workspace/.derivedData/Build/Intermediates.noindex/SwiftyXBee.build/Debug-watchos/SwiftyXBee-t.build/Objects-normal/arm64/SwiftyXBee_const_extract_protocols.json -Xcc -I/Users/admin/builder/spi-builder-workspace/.derivedData/Build/Products/Debug-watchos/include -Xcc -I/Users/admin/builder/spi-builder-workspace/.derivedData/Build/Intermediates.noindex/SwiftyXBee.build/Debug-watchos/SwiftyXBee-t.build/DerivedSources-normal/arm64 -Xcc -I/Users/admin/builder/spi-builder-workspace/.derivedData/Build/Intermediates.noindex/SwiftyXBee.build/Debug-watchos/SwiftyXBee-t.build/DerivedSources/arm64 -Xcc -I/Users/admin/builder/spi-builder-workspace/.derivedData/Build/Intermediates.noindex/SwiftyXBee.build/Debug-watchos/SwiftyXBee-t.build/DerivedSources -Xcc -DSWIFT_PACKAGE -Xcc -DDEBUG\=1 -emit-objc-header -emit-objc-header-path /Users/admin/builder/spi-builder-workspace/.derivedData/Build/Intermediates.noindex/SwiftyXBee.build/Debug-watchos/SwiftyXBee-t.build/Objects-normal/arm64/SwiftyXBee-Swift.h -working-directory /Users/admin/builder/spi-builder-workspace/.swiftpm/xcode -experimental-emit-module-separately -disable-cmo
SwiftDriverJobDiscovery normal arm64_32 Compiling 1Wire.swift (in target 'SwiftyGPIO' from project 'SwiftyGPIO')
SwiftCompile normal arm64 Compiling\ FrameLength.swift,\ NetworkAddress.swift /Users/admin/builder/spi-builder-workspace/Sources/SwiftyXBee/Models/APIFrame/FrameLength.swift /Users/admin/builder/spi-builder-workspace/Sources/SwiftyXBee/Models/APIFrame/NetworkAddress.swift (in target 'SwiftyXBee' from project 'SwiftyXBee')
SwiftCompile normal arm64 /Users/admin/builder/spi-builder-workspace/Sources/SwiftyXBee/Models/APIFrame/FrameLength.swift (in target 'SwiftyXBee' from project 'SwiftyXBee')
cd /Users/admin/builder/spi-builder-workspace/.swiftpm/xcode
builtin-SwiftPerFileCompile FrameLength.swift
SwiftCompile normal arm64 /Users/admin/builder/spi-builder-workspace/Sources/SwiftyXBee/Models/APIFrame/NetworkAddress.swift (in target 'SwiftyXBee' from project 'SwiftyXBee')
cd /Users/admin/builder/spi-builder-workspace/.swiftpm/xcode
builtin-SwiftPerFileCompile NetworkAddress.swift
SwiftMergeGeneratedHeaders /Users/admin/builder/spi-builder-workspace/.derivedData/Build/Intermediates.noindex/GeneratedModuleMaps-watchos/SwiftyXBee-Swift.h /Users/admin/builder/spi-builder-workspace/.derivedData/Build/Intermediates.noindex/SwiftyXBee.build/Debug-watchos/SwiftyXBee-t.build/Objects-normal/arm64/SwiftyXBee-Swift.h /Users/admin/builder/spi-builder-workspace/.derivedData/Build/Intermediates.noindex/SwiftyXBee.build/Debug-watchos/SwiftyXBee-t.build/Objects-normal/arm64_32/SwiftyXBee-Swift.h (in target 'SwiftyXBee' from project 'SwiftyXBee')
cd /Users/admin/builder/spi-builder-workspace
builtin-swiftHeaderTool -arch arm64 /Users/admin/builder/spi-builder-workspace/.derivedData/Build/Intermediates.noindex/SwiftyXBee.build/Debug-watchos/SwiftyXBee-t.build/Objects-normal/arm64/SwiftyXBee-Swift.h -arch arm64_32 /Users/admin/builder/spi-builder-workspace/.derivedData/Build/Intermediates.noindex/SwiftyXBee.build/Debug-watchos/SwiftyXBee-t.build/Objects-normal/arm64_32/SwiftyXBee-Swift.h -o /Users/admin/builder/spi-builder-workspace/.derivedData/Build/Intermediates.noindex/GeneratedModuleMaps-watchos/SwiftyXBee-Swift.h
SwiftDriverJobDiscovery normal arm64_32 Compiling ADC.swift (in target 'SwiftyGPIO' from project 'SwiftyGPIO')
Copy /Users/admin/builder/spi-builder-workspace/.derivedData/Build/Products/Debug-watchos/SwiftyXBee.swiftmodule/arm64-apple-watchos.swiftmodule /Users/admin/builder/spi-builder-workspace/.derivedData/Build/Intermediates.noindex/SwiftyXBee.build/Debug-watchos/SwiftyXBee-t.build/Objects-normal/arm64/SwiftyXBee.swiftmodule (in target 'SwiftyXBee' from project 'SwiftyXBee')
cd /Users/admin/builder/spi-builder-workspace
builtin-copy -exclude .DS_Store -exclude CVS -exclude .svn -exclude .git -exclude .hg -resolve-src-symlinks -rename /Users/admin/builder/spi-builder-workspace/.derivedData/Build/Intermediates.noindex/SwiftyXBee.build/Debug-watchos/SwiftyXBee-t.build/Objects-normal/arm64/SwiftyXBee.swiftmodule /Users/admin/builder/spi-builder-workspace/.derivedData/Build/Products/Debug-watchos/SwiftyXBee.swiftmodule/arm64-apple-watchos.swiftmodule
Copy /Users/admin/builder/spi-builder-workspace/.derivedData/Build/Products/Debug-watchos/SwiftyXBee.swiftmodule/arm64-apple-watchos.swiftdoc /Users/admin/builder/spi-builder-workspace/.derivedData/Build/Intermediates.noindex/SwiftyXBee.build/Debug-watchos/SwiftyXBee-t.build/Objects-normal/arm64/SwiftyXBee.swiftdoc (in target 'SwiftyXBee' from project 'SwiftyXBee')
cd /Users/admin/builder/spi-builder-workspace
builtin-copy -exclude .DS_Store -exclude CVS -exclude .svn -exclude .git -exclude .hg -resolve-src-symlinks -rename /Users/admin/builder/spi-builder-workspace/.derivedData/Build/Intermediates.noindex/SwiftyXBee.build/Debug-watchos/SwiftyXBee-t.build/Objects-normal/arm64/SwiftyXBee.swiftdoc /Users/admin/builder/spi-builder-workspace/.derivedData/Build/Products/Debug-watchos/SwiftyXBee.swiftmodule/arm64-apple-watchos.swiftdoc
Copy /Users/admin/builder/spi-builder-workspace/.derivedData/Build/Products/Debug-watchos/SwiftyXBee.swiftmodule/arm64-apple-watchos.abi.json /Users/admin/builder/spi-builder-workspace/.derivedData/Build/Intermediates.noindex/SwiftyXBee.build/Debug-watchos/SwiftyXBee-t.build/Objects-normal/arm64/SwiftyXBee.abi.json (in target 'SwiftyXBee' from project 'SwiftyXBee')
cd /Users/admin/builder/spi-builder-workspace
builtin-copy -exclude .DS_Store -exclude CVS -exclude .svn -exclude .git -exclude .hg -resolve-src-symlinks -rename /Users/admin/builder/spi-builder-workspace/.derivedData/Build/Intermediates.noindex/SwiftyXBee.build/Debug-watchos/SwiftyXBee-t.build/Objects-normal/arm64/SwiftyXBee.abi.json /Users/admin/builder/spi-builder-workspace/.derivedData/Build/Products/Debug-watchos/SwiftyXBee.swiftmodule/arm64-apple-watchos.abi.json
Copy /Users/admin/builder/spi-builder-workspace/.derivedData/Build/Products/Debug-watchos/SwiftyXBee.swiftmodule/Project/arm64-apple-watchos.swiftsourceinfo /Users/admin/builder/spi-builder-workspace/.derivedData/Build/Intermediates.noindex/SwiftyXBee.build/Debug-watchos/SwiftyXBee-t.build/Objects-normal/arm64/SwiftyXBee.swiftsourceinfo (in target 'SwiftyXBee' from project 'SwiftyXBee')
cd /Users/admin/builder/spi-builder-workspace
builtin-copy -exclude .DS_Store -exclude CVS -exclude .svn -exclude .git -exclude .hg -resolve-src-symlinks -rename /Users/admin/builder/spi-builder-workspace/.derivedData/Build/Intermediates.noindex/SwiftyXBee.build/Debug-watchos/SwiftyXBee-t.build/Objects-normal/arm64/SwiftyXBee.swiftsourceinfo /Users/admin/builder/spi-builder-workspace/.derivedData/Build/Products/Debug-watchos/SwiftyXBee.swiftmodule/Project/arm64-apple-watchos.swiftsourceinfo
SwiftDriverJobDiscovery normal arm64_32 Compiling StartDelimiter.swift, ATCommandData.swift (in target 'SwiftyXBee' from project 'SwiftyXBee')
SwiftCompile normal arm64 Compiling\ APIFrame.swift,\ APIFrameProtocols.swift /Users/admin/builder/spi-builder-workspace/Sources/SwiftyXBee/Models/APIFrame/APIFrame.swift /Users/admin/builder/spi-builder-workspace/Sources/SwiftyXBee/Models/APIFrame/APIFrameProtocols.swift (in target 'SwiftyXBee' from project 'SwiftyXBee')
SwiftCompile normal arm64 /Users/admin/builder/spi-builder-workspace/Sources/SwiftyXBee/Models/APIFrame/APIFrame.swift (in target 'SwiftyXBee' from project 'SwiftyXBee')
cd /Users/admin/builder/spi-builder-workspace/.swiftpm/xcode
builtin-SwiftPerFileCompile APIFrame.swift
SwiftCompile normal arm64 /Users/admin/builder/spi-builder-workspace/Sources/SwiftyXBee/Models/APIFrame/APIFrameProtocols.swift (in target 'SwiftyXBee' from project 'SwiftyXBee')
cd /Users/admin/builder/spi-builder-workspace/.swiftpm/xcode
builtin-SwiftPerFileCompile APIFrameProtocols.swift
SwiftCompile normal arm64_32 Compiling\ Checksum.swift,\ DeviceAddress.swift /Users/admin/builder/spi-builder-workspace/Sources/SwiftyXBee/Models/APIFrame/Checksum.swift /Users/admin/builder/spi-builder-workspace/Sources/SwiftyXBee/Models/APIFrame/DeviceAddress.swift (in target 'SwiftyXBee' from project 'SwiftyXBee')
SwiftCompile normal arm64_32 /Users/admin/builder/spi-builder-workspace/Sources/SwiftyXBee/Models/APIFrame/Checksum.swift (in target 'SwiftyXBee' from project 'SwiftyXBee')
cd /Users/admin/builder/spi-builder-workspace/.swiftpm/xcode
builtin-SwiftPerFileCompile Checksum.swift
SwiftCompile normal arm64_32 /Users/admin/builder/spi-builder-workspace/Sources/SwiftyXBee/Models/APIFrame/DeviceAddress.swift (in target 'SwiftyXBee' from project 'SwiftyXBee')
cd /Users/admin/builder/spi-builder-workspace/.swiftpm/xcode
builtin-SwiftPerFileCompile DeviceAddress.swift
SwiftCompile normal arm64 Compiling\ Checksum.swift,\ DeviceAddress.swift /Users/admin/builder/spi-builder-workspace/Sources/SwiftyXBee/Models/APIFrame/Checksum.swift /Users/admin/builder/spi-builder-workspace/Sources/SwiftyXBee/Models/APIFrame/DeviceAddress.swift (in target 'SwiftyXBee' from project 'SwiftyXBee')
SwiftCompile normal arm64 /Users/admin/builder/spi-builder-workspace/Sources/SwiftyXBee/Models/APIFrame/Checksum.swift (in target 'SwiftyXBee' from project 'SwiftyXBee')
cd /Users/admin/builder/spi-builder-workspace/.swiftpm/xcode
builtin-SwiftPerFileCompile Checksum.swift
SwiftCompile normal arm64 /Users/admin/builder/spi-builder-workspace/Sources/SwiftyXBee/Models/APIFrame/DeviceAddress.swift (in target 'SwiftyXBee' from project 'SwiftyXBee')
cd /Users/admin/builder/spi-builder-workspace/.swiftpm/xcode
builtin-SwiftPerFileCompile DeviceAddress.swift
SwiftDriverJobDiscovery normal arm64_32 Compiling Constants.swift, Array+Extensions.swift, Bool+Extensions.swift (in target 'SwiftyXBee' from project 'SwiftyXBee')
SwiftDriverJobDiscovery normal arm64_32 Compiling FrameLength.swift, NetworkAddress.swift (in target 'SwiftyXBee' from project 'SwiftyXBee')
SwiftCompile normal arm64 Compiling\ ATCommandResponseData.swift,\ ZigBeeReceivePacketData.swift /Users/admin/builder/spi-builder-workspace/Sources/SwiftyXBee/Models/APIFrameData/ATCommandResponseData.swift /Users/admin/builder/spi-builder-workspace/Sources/SwiftyXBee/Models/APIFrameData/ZigBeeReceivePacketData.swift (in target 'SwiftyXBee' from project 'SwiftyXBee')
SwiftCompile normal arm64 /Users/admin/builder/spi-builder-workspace/Sources/SwiftyXBee/Models/APIFrameData/ATCommandResponseData.swift (in target 'SwiftyXBee' from project 'SwiftyXBee')
cd /Users/admin/builder/spi-builder-workspace/.swiftpm/xcode
builtin-SwiftPerFileCompile ATCommandResponseData.swift
SwiftCompile normal arm64 /Users/admin/builder/spi-builder-workspace/Sources/SwiftyXBee/Models/APIFrameData/ZigBeeReceivePacketData.swift (in target 'SwiftyXBee' from project 'SwiftyXBee')
cd /Users/admin/builder/spi-builder-workspace/.swiftpm/xcode
builtin-SwiftPerFileCompile ZigBeeReceivePacketData.swift
SwiftDriverJobDiscovery normal arm64_32 Compiling ATCommandResponseData.swift, ZigBeeReceivePacketData.swift (in target 'SwiftyXBee' from project 'SwiftyXBee')
SwiftCompile normal arm64 Compiling\ Int+Extensions.swift,\ String+Extensions.swift,\ XBeeSerial.swift /Users/admin/builder/spi-builder-workspace/Sources/SwiftyXBee/Helpers/Extensions/Int+Extensions.swift /Users/admin/builder/spi-builder-workspace/Sources/SwiftyXBee/Helpers/Extensions/String+Extensions.swift /Users/admin/builder/spi-builder-workspace/Sources/SwiftyXBee/Helpers/XBeeSerial.swift (in target 'SwiftyXBee' from project 'SwiftyXBee')
SwiftCompile normal arm64 /Users/admin/builder/spi-builder-workspace/Sources/SwiftyXBee/Helpers/Extensions/Int+Extensions.swift (in target 'SwiftyXBee' from project 'SwiftyXBee')
cd /Users/admin/builder/spi-builder-workspace/.swiftpm/xcode
builtin-SwiftPerFileCompile Int+Extensions.swift
SwiftCompile normal arm64 /Users/admin/builder/spi-builder-workspace/Sources/SwiftyXBee/Helpers/Extensions/String+Extensions.swift (in target 'SwiftyXBee' from project 'SwiftyXBee')
cd /Users/admin/builder/spi-builder-workspace/.swiftpm/xcode
builtin-SwiftPerFileCompile String+Extensions.swift
SwiftCompile normal arm64 /Users/admin/builder/spi-builder-workspace/Sources/SwiftyXBee/Helpers/XBeeSerial.swift (in target 'SwiftyXBee' from project 'SwiftyXBee')
cd /Users/admin/builder/spi-builder-workspace/.swiftpm/xcode
builtin-SwiftPerFileCompile XBeeSerial.swift
SwiftDriverJobDiscovery normal arm64_32 Compiling PWM.swift (in target 'SwiftyGPIO' from project 'SwiftyGPIO')
SwiftCompile normal arm64_32 Compiling\ ZigBeeTransmitRequestData.swift,\ ZigBeeTransmitStatusData.swift /Users/admin/builder/spi-builder-workspace/Sources/SwiftyXBee/Models/APIFrameData/ZigBeeTransmitRequestData.swift /Users/admin/builder/spi-builder-workspace/Sources/SwiftyXBee/Models/APIFrameData/ZigBeeTransmitStatusData.swift (in target 'SwiftyXBee' from project 'SwiftyXBee')
SwiftCompile normal arm64_32 /Users/admin/builder/spi-builder-workspace/Sources/SwiftyXBee/Models/APIFrameData/ZigBeeTransmitRequestData.swift (in target 'SwiftyXBee' from project 'SwiftyXBee')
cd /Users/admin/builder/spi-builder-workspace/.swiftpm/xcode
builtin-SwiftPerFileCompile ZigBeeTransmitRequestData.swift
SwiftCompile normal arm64_32 /Users/admin/builder/spi-builder-workspace/Sources/SwiftyXBee/Models/APIFrameData/ZigBeeTransmitStatusData.swift (in target 'SwiftyXBee' from project 'SwiftyXBee')
cd /Users/admin/builder/spi-builder-workspace/.swiftpm/xcode
builtin-SwiftPerFileCompile ZigBeeTransmitStatusData.swift
SwiftCompile normal arm64 Compiling\ StartDelimiter.swift,\ ATCommandData.swift /Users/admin/builder/spi-builder-workspace/Sources/SwiftyXBee/Models/APIFrame/StartDelimiter.swift /Users/admin/builder/spi-builder-workspace/Sources/SwiftyXBee/Models/APIFrameData/ATCommandData.swift (in target 'SwiftyXBee' from project 'SwiftyXBee')
SwiftCompile normal arm64 /Users/admin/builder/spi-builder-workspace/Sources/SwiftyXBee/Models/APIFrame/StartDelimiter.swift (in target 'SwiftyXBee' from project 'SwiftyXBee')
cd /Users/admin/builder/spi-builder-workspace/.swiftpm/xcode
builtin-SwiftPerFileCompile StartDelimiter.swift
SwiftCompile normal arm64 /Users/admin/builder/spi-builder-workspace/Sources/SwiftyXBee/Models/APIFrameData/ATCommandData.swift (in target 'SwiftyXBee' from project 'SwiftyXBee')
cd /Users/admin/builder/spi-builder-workspace/.swiftpm/xcode
builtin-SwiftPerFileCompile ATCommandData.swift
SwiftDriverJobDiscovery normal arm64_32 Compiling SwiftyGPIO.swift (in target 'SwiftyGPIO' from project 'SwiftyGPIO')
SwiftCompile normal arm64_32 Compiling\ ATCommand.swift,\ ATCommandResponse.swift /Users/admin/builder/spi-builder-workspace/Sources/SwiftyXBee/Models/APIFrame/ATCommand.swift /Users/admin/builder/spi-builder-workspace/Sources/SwiftyXBee/Models/APIFrame/ATCommandResponse.swift (in target 'SwiftyXBee' from project 'SwiftyXBee')
SwiftCompile normal arm64_32 /Users/admin/builder/spi-builder-workspace/Sources/SwiftyXBee/Models/APIFrame/ATCommand.swift (in target 'SwiftyXBee' from project 'SwiftyXBee')
cd /Users/admin/builder/spi-builder-workspace/.swiftpm/xcode
builtin-SwiftPerFileCompile ATCommand.swift
SwiftCompile normal arm64_32 /Users/admin/builder/spi-builder-workspace/Sources/SwiftyXBee/Models/APIFrame/ATCommandResponse.swift (in target 'SwiftyXBee' from project 'SwiftyXBee')
cd /Users/admin/builder/spi-builder-workspace/.swiftpm/xcode
builtin-SwiftPerFileCompile ATCommandResponse.swift
SwiftDriverJobDiscovery normal arm64_32 Compiling SerialConnection.swift, SwiftyXBee.swift (in target 'SwiftyXBee' from project 'SwiftyXBee')
SwiftCompile normal arm64_32 Compiling\ APIFrame.swift,\ APIFrameProtocols.swift /Users/admin/builder/spi-builder-workspace/Sources/SwiftyXBee/Models/APIFrame/APIFrame.swift /Users/admin/builder/spi-builder-workspace/Sources/SwiftyXBee/Models/APIFrame/APIFrameProtocols.swift (in target 'SwiftyXBee' from project 'SwiftyXBee')
SwiftCompile normal arm64_32 /Users/admin/builder/spi-builder-workspace/Sources/SwiftyXBee/Models/APIFrame/APIFrame.swift (in target 'SwiftyXBee' from project 'SwiftyXBee')
cd /Users/admin/builder/spi-builder-workspace/.swiftpm/xcode
builtin-SwiftPerFileCompile APIFrame.swift
SwiftCompile normal arm64_32 /Users/admin/builder/spi-builder-workspace/Sources/SwiftyXBee/Models/APIFrame/APIFrameProtocols.swift (in target 'SwiftyXBee' from project 'SwiftyXBee')
cd /Users/admin/builder/spi-builder-workspace/.swiftpm/xcode
builtin-SwiftPerFileCompile APIFrameProtocols.swift
SwiftDriverJobDiscovery normal arm64_32 Compiling Checksum.swift, DeviceAddress.swift (in target 'SwiftyXBee' from project 'SwiftyXBee')
SwiftCompile normal arm64_32 Compiling\ Int+Extensions.swift,\ String+Extensions.swift,\ XBeeSerial.swift /Users/admin/builder/spi-builder-workspace/Sources/SwiftyXBee/Helpers/Extensions/Int+Extensions.swift /Users/admin/builder/spi-builder-workspace/Sources/SwiftyXBee/Helpers/Extensions/String+Extensions.swift /Users/admin/builder/spi-builder-workspace/Sources/SwiftyXBee/Helpers/XBeeSerial.swift (in target 'SwiftyXBee' from project 'SwiftyXBee')
SwiftCompile normal arm64_32 /Users/admin/builder/spi-builder-workspace/Sources/SwiftyXBee/Helpers/Extensions/Int+Extensions.swift (in target 'SwiftyXBee' from project 'SwiftyXBee')
cd /Users/admin/builder/spi-builder-workspace/.swiftpm/xcode
builtin-SwiftPerFileCompile Int+Extensions.swift
SwiftCompile normal arm64_32 /Users/admin/builder/spi-builder-workspace/Sources/SwiftyXBee/Helpers/Extensions/String+Extensions.swift (in target 'SwiftyXBee' from project 'SwiftyXBee')
cd /Users/admin/builder/spi-builder-workspace/.swiftpm/xcode
builtin-SwiftPerFileCompile String+Extensions.swift
SwiftCompile normal arm64_32 /Users/admin/builder/spi-builder-workspace/Sources/SwiftyXBee/Helpers/XBeeSerial.swift (in target 'SwiftyXBee' from project 'SwiftyXBee')
cd /Users/admin/builder/spi-builder-workspace/.swiftpm/xcode
builtin-SwiftPerFileCompile XBeeSerial.swift
SwiftDriverJobDiscovery normal arm64_32 Compiling ZigBeeTransmitRequestData.swift, ZigBeeTransmitStatusData.swift (in target 'SwiftyXBee' from project 'SwiftyXBee')
SwiftCompile normal arm64 Compiling\ Constants.swift,\ Array+Extensions.swift,\ Bool+Extensions.swift /Users/admin/builder/spi-builder-workspace/Sources/SwiftyXBee/Helpers/Constants.swift /Users/admin/builder/spi-builder-workspace/Sources/SwiftyXBee/Helpers/Extensions/Array+Extensions.swift /Users/admin/builder/spi-builder-workspace/Sources/SwiftyXBee/Helpers/Extensions/Bool+Extensions.swift (in target 'SwiftyXBee' from project 'SwiftyXBee')
SwiftCompile normal arm64 /Users/admin/builder/spi-builder-workspace/Sources/SwiftyXBee/Helpers/Constants.swift (in target 'SwiftyXBee' from project 'SwiftyXBee')
cd /Users/admin/builder/spi-builder-workspace/.swiftpm/xcode
builtin-SwiftPerFileCompile Constants.swift
SwiftCompile normal arm64 /Users/admin/builder/spi-builder-workspace/Sources/SwiftyXBee/Helpers/Extensions/Array+Extensions.swift (in target 'SwiftyXBee' from project 'SwiftyXBee')
cd /Users/admin/builder/spi-builder-workspace/.swiftpm/xcode
builtin-SwiftPerFileCompile Array+Extensions.swift
SwiftCompile normal arm64 /Users/admin/builder/spi-builder-workspace/Sources/SwiftyXBee/Helpers/Extensions/Bool+Extensions.swift (in target 'SwiftyXBee' from project 'SwiftyXBee')
cd /Users/admin/builder/spi-builder-workspace/.swiftpm/xcode
builtin-SwiftPerFileCompile Bool+Extensions.swift
SwiftDriverJobDiscovery normal arm64_32 Compiling APIFrame.swift, APIFrameProtocols.swift (in target 'SwiftyXBee' from project 'SwiftyXBee')
SwiftCompile normal arm64 Compiling\ ZigBeeTransmitRequestData.swift,\ ZigBeeTransmitStatusData.swift /Users/admin/builder/spi-builder-workspace/Sources/SwiftyXBee/Models/APIFrameData/ZigBeeTransmitRequestData.swift /Users/admin/builder/spi-builder-workspace/Sources/SwiftyXBee/Models/APIFrameData/ZigBeeTransmitStatusData.swift (in target 'SwiftyXBee' from project 'SwiftyXBee')
SwiftCompile normal arm64 /Users/admin/builder/spi-builder-workspace/Sources/SwiftyXBee/Models/APIFrameData/ZigBeeTransmitRequestData.swift (in target 'SwiftyXBee' from project 'SwiftyXBee')
cd /Users/admin/builder/spi-builder-workspace/.swiftpm/xcode
builtin-SwiftPerFileCompile ZigBeeTransmitRequestData.swift
SwiftCompile normal arm64 /Users/admin/builder/spi-builder-workspace/Sources/SwiftyXBee/Models/APIFrameData/ZigBeeTransmitStatusData.swift (in target 'SwiftyXBee' from project 'SwiftyXBee')
cd /Users/admin/builder/spi-builder-workspace/.swiftpm/xcode
builtin-SwiftPerFileCompile ZigBeeTransmitStatusData.swift
SwiftDriverJobDiscovery normal arm64_32 Compiling ATCommand.swift, ATCommandResponse.swift (in target 'SwiftyXBee' from project 'SwiftyXBee')
SwiftCompile normal arm64 Compiling\ ATCommand.swift,\ ATCommandResponse.swift /Users/admin/builder/spi-builder-workspace/Sources/SwiftyXBee/Models/APIFrame/ATCommand.swift /Users/admin/builder/spi-builder-workspace/Sources/SwiftyXBee/Models/APIFrame/ATCommandResponse.swift (in target 'SwiftyXBee' from project 'SwiftyXBee')
SwiftCompile normal arm64 /Users/admin/builder/spi-builder-workspace/Sources/SwiftyXBee/Models/APIFrame/ATCommand.swift (in target 'SwiftyXBee' from project 'SwiftyXBee')
cd /Users/admin/builder/spi-builder-workspace/.swiftpm/xcode
builtin-SwiftPerFileCompile ATCommand.swift
SwiftCompile normal arm64 /Users/admin/builder/spi-builder-workspace/Sources/SwiftyXBee/Models/APIFrame/ATCommandResponse.swift (in target 'SwiftyXBee' from project 'SwiftyXBee')
cd /Users/admin/builder/spi-builder-workspace/.swiftpm/xcode
builtin-SwiftPerFileCompile ATCommandResponse.swift
SwiftDriverJobDiscovery normal arm64_32 Compiling Int+Extensions.swift, String+Extensions.swift, XBeeSerial.swift (in target 'SwiftyXBee' from project 'SwiftyXBee')
SwiftDriver\ Compilation SwiftyXBee normal arm64_32 com.apple.xcode.tools.swift.compiler (in target 'SwiftyXBee' from project 'SwiftyXBee')
cd /Users/admin/builder/spi-builder-workspace/.swiftpm/xcode
builtin-Swift-Compilation -- /Applications/Xcode-27.0.0-Release.Candidate.app/Contents/Developer/Toolchains/XcodeDefault.xctoolchain/usr/bin/swiftc -parse-as-library -module-name SwiftyXBee -Onone @/Users/admin/builder/spi-builder-workspace/.derivedData/Build/Intermediates.noindex/SwiftyXBee.build/Debug-watchos/SwiftyXBee-t.build/Objects-normal/arm64_32/SwiftyXBee.SwiftFileList -DSWIFT_PACKAGE -DDEBUG -DSWIFT_MODULE_RESOURCE_BUNDLE_UNAVAILABLE -DXcode -plugin-path /Applications/Xcode-27.0.0-Release.Candidate.app/Contents/Developer/Toolchains/XcodeDefault.xctoolchain/usr/lib/swift/host/plugins/testing -enable-experimental-feature DebugDescriptionMacro -sdk /Applications/Xcode-27.0.0-Release.Candidate.app/Contents/Developer/Platforms/WatchOS.platform/Developer/SDKs/WatchOS27.0.sdk -target arm64_32-apple-watchos9.0 -g -module-cache-path /Users/admin/builder/spi-builder-workspace/.derivedData/ModuleCache.noindex -Xfrontend -serialize-debugging-options -enable-testing -index-store-path /Users/admin/builder/spi-builder-workspace/.derivedData/Index.noindex/DataStore -Xcc -D_LIBCPP_HARDENING_MODE\=_LIBCPP_HARDENING_MODE_DEBUG -swift-version 5 -I /Users/admin/builder/spi-builder-workspace/.derivedData/Build/Products/Debug-watchos -Isystem /Applications/Xcode-27.0.0-Release.Candidate.app/Contents/Developer/Platforms/WatchOS.platform/Developer/usr/lib -F /Users/admin/builder/spi-builder-workspace/.derivedData/Build/Products/Debug-watchos/PackageFrameworks -F /Users/admin/builder/spi-builder-workspace/.derivedData/Build/Products/Debug-watchos -F /Applications/Xcode-27.0.0-Release.Candidate.app/Contents/Developer/Platforms/WatchOS.platform/Developer/Library/Frameworks -F /Applications/Xcode-27.0.0-Release.Candidate.app/Contents/Developer/Platforms/WatchOS.platform/Developer/SDKs/WatchOS27.0.sdk/Developer/Library/Frameworks -c -j10 -enable-batch-mode -incremental -Xcc -ivfsstatcache -Xcc /Users/admin/builder/spi-builder-workspace/.derivedData/SDKStatCaches.noindex/watchos27.0-24R360-e829b21a6f8c9b70876ba0858053c04477534ef55a1706bf4c1112bbb242f0a2.sdkstatcache -output-file-map /Users/admin/builder/spi-builder-workspace/.derivedData/Build/Intermediates.noindex/SwiftyXBee.build/Debug-watchos/SwiftyXBee-t.build/Objects-normal/arm64_32/SwiftyXBee-OutputFileMap.json -save-temps -no-color-diagnostics -explicit-module-build -module-cache-path /Users/admin/builder/spi-builder-workspace/.derivedData/Build/Intermediates.noindex/SwiftExplicitPrecompiledModules -clang-scanner-module-cache-path /Users/admin/builder/spi-builder-workspace/.derivedData/ModuleCache.noindex -sdk-module-cache-path /Users/admin/builder/spi-builder-workspace/.derivedData/SDKExplicitPrecompiledModules -emit-dependencies -emit-module -emit-module-path /Users/admin/builder/spi-builder-workspace/.derivedData/Build/Intermediates.noindex/SwiftyXBee.build/Debug-watchos/SwiftyXBee-t.build/Objects-normal/arm64_32/SwiftyXBee.swiftmodule -serialize-diagnostics -dependency-scan-serialize-diagnostics-path /Users/admin/builder/spi-builder-workspace/.derivedData/Build/Intermediates.noindex/SwiftyXBee.build/Debug-watchos/SwiftyXBee-t.build/Objects-normal/arm64_32/SwiftyXBee-dependency-scan.dia -validate-clang-modules-once -clang-build-session-file /Users/admin/builder/spi-builder-workspace/.derivedData/ModuleCache.noindex/Session.modulevalidation -Xcc -fmodules-prune-interval\=86400 -Xcc -fmodules-prune-after\=345600 -emit-const-values -const-gather-protocols-list /Users/admin/builder/spi-builder-workspace/.derivedData/Build/Intermediates.noindex/SwiftyXBee.build/Debug-watchos/SwiftyXBee-t.build/Objects-normal/arm64_32/SwiftyXBee_const_extract_protocols.json -Xcc -I/Users/admin/builder/spi-builder-workspace/.derivedData/Build/Products/Debug-watchos/include -Xcc -I/Users/admin/builder/spi-builder-workspace/.derivedData/Build/Intermediates.noindex/SwiftyXBee.build/Debug-watchos/SwiftyXBee-t.build/DerivedSources-normal/arm64_32 -Xcc -I/Users/admin/builder/spi-builder-workspace/.derivedData/Build/Intermediates.noindex/SwiftyXBee.build/Debug-watchos/SwiftyXBee-t.build/DerivedSources/arm64_32 -Xcc -I/Users/admin/builder/spi-builder-workspace/.derivedData/Build/Intermediates.noindex/SwiftyXBee.build/Debug-watchos/SwiftyXBee-t.build/DerivedSources -Xcc -DSWIFT_PACKAGE -Xcc -DDEBUG\=1 -emit-objc-header -emit-objc-header-path /Users/admin/builder/spi-builder-workspace/.derivedData/Build/Intermediates.noindex/SwiftyXBee.build/Debug-watchos/SwiftyXBee-t.build/Objects-normal/arm64_32/SwiftyXBee-Swift.h -working-directory /Users/admin/builder/spi-builder-workspace/.swiftpm/xcode -experimental-emit-module-separately -disable-cmo
SwiftDriverJobDiscovery normal arm64 Compiling FrameLength.swift, NetworkAddress.swift (in target 'SwiftyXBee' from project 'SwiftyXBee')
SwiftCompile normal arm64 Compiling\ ADC.swift /Users/admin/builder/spi-builder-workspace/.dependencies/checkouts/SwiftyGPIO/Sources/ADC.swift (in target 'SwiftyGPIO' from project 'SwiftyGPIO')
SwiftCompile normal arm64 /Users/admin/builder/spi-builder-workspace/.dependencies/checkouts/SwiftyGPIO/Sources/ADC.swift (in target 'SwiftyGPIO' from project 'SwiftyGPIO')
cd /Users/admin/builder/spi-builder-workspace/.swiftpm/xcode
builtin-SwiftPerFileCompile ADC.swift
SwiftCompile normal arm64 Compiling\ I2C.swift /Users/admin/builder/spi-builder-workspace/.dependencies/checkouts/SwiftyGPIO/Sources/I2C.swift (in target 'SwiftyGPIO' from project 'SwiftyGPIO')
SwiftCompile normal arm64 /Users/admin/builder/spi-builder-workspace/.dependencies/checkouts/SwiftyGPIO/Sources/I2C.swift (in target 'SwiftyGPIO' from project 'SwiftyGPIO')
cd /Users/admin/builder/spi-builder-workspace/.swiftpm/xcode
builtin-SwiftPerFileCompile I2C.swift
SwiftCompile normal arm64 Compiling\ SwiftyGPIO.swift /Users/admin/builder/spi-builder-workspace/.dependencies/checkouts/SwiftyGPIO/Sources/SwiftyGPIO.swift (in target 'SwiftyGPIO' from project 'SwiftyGPIO')
SwiftCompile normal arm64 /Users/admin/builder/spi-builder-workspace/.dependencies/checkouts/SwiftyGPIO/Sources/SwiftyGPIO.swift (in target 'SwiftyGPIO' from project 'SwiftyGPIO')
cd /Users/admin/builder/spi-builder-workspace/.swiftpm/xcode
builtin-SwiftPerFileCompile SwiftyGPIO.swift
SwiftCompile normal arm64 Compiling\ SPI.swift /Users/admin/builder/spi-builder-workspace/.dependencies/checkouts/SwiftyGPIO/Sources/SPI.swift (in target 'SwiftyGPIO' from project 'SwiftyGPIO')
SwiftCompile normal arm64 /Users/admin/builder/spi-builder-workspace/.dependencies/checkouts/SwiftyGPIO/Sources/SPI.swift (in target 'SwiftyGPIO' from project 'SwiftyGPIO')
cd /Users/admin/builder/spi-builder-workspace/.swiftpm/xcode
builtin-SwiftPerFileCompile SPI.swift
SwiftDriverJobDiscovery normal arm64 Compiling Checksum.swift, DeviceAddress.swift (in target 'SwiftyXBee' from project 'SwiftyXBee')
SwiftCompile normal arm64 Compiling\ Mailbox.swift /Users/admin/builder/spi-builder-workspace/.dependencies/checkouts/SwiftyGPIO/Sources/Mailbox.swift (in target 'SwiftyGPIO' from project 'SwiftyGPIO')
SwiftCompile normal arm64 /Users/admin/builder/spi-builder-workspace/.dependencies/checkouts/SwiftyGPIO/Sources/Mailbox.swift (in target 'SwiftyGPIO' from project 'SwiftyGPIO')
cd /Users/admin/builder/spi-builder-workspace/.swiftpm/xcode
builtin-SwiftPerFileCompile Mailbox.swift
SwiftDriverJobDiscovery normal arm64 Compiling APIFrame.swift, APIFrameProtocols.swift (in target 'SwiftyXBee' from project 'SwiftyXBee')
SwiftDriverJobDiscovery normal arm64 Compiling SerialConnection.swift, SwiftyXBee.swift (in target 'SwiftyXBee' from project 'SwiftyXBee')
SwiftDriverJobDiscovery normal arm64 Compiling ATCommandResponseData.swift, ZigBeeReceivePacketData.swift (in target 'SwiftyXBee' from project 'SwiftyXBee')
SwiftCompile normal arm64 Compiling\ PWM.swift /Users/admin/builder/spi-builder-workspace/.dependencies/checkouts/SwiftyGPIO/Sources/PWM.swift (in target 'SwiftyGPIO' from project 'SwiftyGPIO')
SwiftCompile normal arm64 /Users/admin/builder/spi-builder-workspace/.dependencies/checkouts/SwiftyGPIO/Sources/PWM.swift (in target 'SwiftyGPIO' from project 'SwiftyGPIO')
cd /Users/admin/builder/spi-builder-workspace/.swiftpm/xcode
builtin-SwiftPerFileCompile PWM.swift
SwiftDriverJobDiscovery normal arm64 Compiling Int+Extensions.swift, String+Extensions.swift, XBeeSerial.swift (in target 'SwiftyXBee' from project 'SwiftyXBee')
SwiftCompile normal arm64 Compiling\ UART.swift /Users/admin/builder/spi-builder-workspace/.dependencies/checkouts/SwiftyGPIO/Sources/UART.swift (in target 'SwiftyGPIO' from project 'SwiftyGPIO')
/Users/admin/builder/spi-builder-workspace/.dependencies/checkouts/SwiftyGPIO/Sources/UART.swift:72:28: error: cannot convert value of type 'UInt32' to expected argument type 'UInt'
70 | switch self {
71 | case .None:
72 | cfg.c_cflag &= ~UInt32(PARENB | PARODD)
| `- error: cannot convert value of type 'UInt32' to expected argument type 'UInt'
73 | case .Even:
74 | cfg.c_cflag &= ~UInt32(PARENB | PARODD)
/Users/admin/builder/spi-builder-workspace/.dependencies/checkouts/SwiftyGPIO/Sources/UART.swift:74:28: error: cannot convert value of type 'UInt32' to expected argument type 'UInt'
72 | cfg.c_cflag &= ~UInt32(PARENB | PARODD)
73 | case .Even:
74 | cfg.c_cflag &= ~UInt32(PARENB | PARODD)
| `- error: cannot convert value of type 'UInt32' to expected argument type 'UInt'
75 | cfg.c_cflag |= UInt32(PARENB)
76 | case .Odd:
/Users/admin/builder/spi-builder-workspace/.dependencies/checkouts/SwiftyGPIO/Sources/UART.swift:75:28: error: cannot convert value of type 'UInt32' to expected argument type 'UInt'
73 | case .Even:
74 | cfg.c_cflag &= ~UInt32(PARENB | PARODD)
75 | cfg.c_cflag |= UInt32(PARENB)
| `- error: cannot convert value of type 'UInt32' to expected argument type 'UInt'
76 | case .Odd:
77 | cfg.c_cflag |= UInt32(PARENB | PARODD)
/Users/admin/builder/spi-builder-workspace/.dependencies/checkouts/SwiftyGPIO/Sources/UART.swift:77:28: error: cannot convert value of type 'UInt32' to expected argument type 'UInt'
75 | cfg.c_cflag |= UInt32(PARENB)
76 | case .Odd:
77 | cfg.c_cflag |= UInt32(PARENB | PARODD)
| `- error: cannot convert value of type 'UInt32' to expected argument type 'UInt'
78 | }
79 | }
/Users/admin/builder/spi-builder-workspace/.dependencies/checkouts/SwiftyGPIO/Sources/UART.swift:88:38: error: cannot convert value of type 'UInt32' to expected argument type 'UInt'
86 |
87 | public func configure(_ cfg: inout termios) {
88 | cfg.c_cflag = (cfg.c_cflag & ~UInt32(CSIZE))
| `- error: cannot convert value of type 'UInt32' to expected argument type 'UInt'
89 | switch self {
90 | case .Eight:
/Users/admin/builder/spi-builder-workspace/.dependencies/checkouts/SwiftyGPIO/Sources/UART.swift:91:28: error: cannot convert value of type 'UInt32' to expected argument type 'UInt'
89 | switch self {
90 | case .Eight:
91 | cfg.c_cflag |= UInt32(CS8)
| `- error: cannot convert value of type 'UInt32' to expected argument type 'UInt'
92 | case .Seven:
93 | cfg.c_cflag |= UInt32(CS7)
/Users/admin/builder/spi-builder-workspace/.dependencies/checkouts/SwiftyGPIO/Sources/UART.swift:93:28: error: cannot convert value of type 'UInt32' to expected argument type 'UInt'
91 | cfg.c_cflag |= UInt32(CS8)
92 | case .Seven:
93 | cfg.c_cflag |= UInt32(CS7)
| `- error: cannot convert value of type 'UInt32' to expected argument type 'UInt'
94 | case .Six:
95 | cfg.c_cflag |= UInt32(CS6)
/Users/admin/builder/spi-builder-workspace/.dependencies/checkouts/SwiftyGPIO/Sources/UART.swift:95:28: error: cannot convert value of type 'UInt32' to expected argument type 'UInt'
93 | cfg.c_cflag |= UInt32(CS7)
94 | case .Six:
95 | cfg.c_cflag |= UInt32(CS6)
| `- error: cannot convert value of type 'UInt32' to expected argument type 'UInt'
96 | }
97 | }
/Users/admin/builder/spi-builder-workspace/.dependencies/checkouts/SwiftyGPIO/Sources/UART.swift:107:28: error: cannot convert value of type 'UInt32' to expected argument type 'UInt'
105 | switch self {
106 | case .One:
107 | cfg.c_cflag &= ~UInt32(CSTOPB)
| `- error: cannot convert value of type 'UInt32' to expected argument type 'UInt'
108 | case .Two:
109 | cfg.c_cflag |= UInt32(CSTOPB)
/Users/admin/builder/spi-builder-workspace/.dependencies/checkouts/SwiftyGPIO/Sources/UART.swift:109:28: error: cannot convert value of type 'UInt32' to expected argument type 'UInt'
107 | cfg.c_cflag &= ~UInt32(CSTOPB)
108 | case .Two:
109 | cfg.c_cflag |= UInt32(CSTOPB)
| `- error: cannot convert value of type 'UInt32' to expected argument type 'UInt'
110 | }
111 | }
/Users/admin/builder/spi-builder-workspace/.dependencies/checkouts/SwiftyGPIO/Sources/UART.swift:199:24: error: cannot convert value of type 'UInt32' to expected argument type 'UInt'
197 |
198 | bitsPerChar.configure(&tty)
199 | tty.c_iflag &= ~UInt32(IGNBRK) // disable break processing
| `- error: cannot convert value of type 'UInt32' to expected argument type 'UInt'
200 | tty.c_lflag = 0 // no signaling chars, no echo,
201 | // no canonical processing -> read bytes as they come without waiting for LF
/Users/admin/builder/spi-builder-workspace/.dependencies/checkouts/SwiftyGPIO/Sources/UART.swift:206:24: error: cannot convert value of type 'UInt32' to expected argument type 'UInt'
204 | withUnsafeMutableBytes(of: &tty.c_cc) {$0[Int(VMIN)] = UInt8(1); return}
205 | withUnsafeMutableBytes(of: &tty.c_cc) {$0[Int(VTIME)] = UInt8(5); return} // 5 10th of second read timeout
206 | tty.c_iflag &= ~UInt32(IXON | IXOFF | IXANY) // Every kind of software flow control off
| `- error: cannot convert value of type 'UInt32' to expected argument type 'UInt'
207 | tty.c_cflag &= ~UInt32(CRTSCTS) //No hw flow control
208 | tty.c_cflag |= UInt32(CLOCAL | CREAD) // Ignore modem controls, enable read
/Users/admin/builder/spi-builder-workspace/.dependencies/checkouts/SwiftyGPIO/Sources/UART.swift:207:24: error: cannot convert value of type 'UInt32' to expected argument type 'UInt'
205 | withUnsafeMutableBytes(of: &tty.c_cc) {$0[Int(VTIME)] = UInt8(5); return} // 5 10th of second read timeout
206 | tty.c_iflag &= ~UInt32(IXON | IXOFF | IXANY) // Every kind of software flow control off
207 | tty.c_cflag &= ~UInt32(CRTSCTS) //No hw flow control
| `- error: cannot convert value of type 'UInt32' to expected argument type 'UInt'
208 | tty.c_cflag |= UInt32(CLOCAL | CREAD) // Ignore modem controls, enable read
209 | parity.configure(&tty)
/Users/admin/builder/spi-builder-workspace/.dependencies/checkouts/SwiftyGPIO/Sources/UART.swift:208:24: error: cannot convert value of type 'UInt32' to expected argument type 'UInt'
206 | tty.c_iflag &= ~UInt32(IXON | IXOFF | IXANY) // Every kind of software flow control off
207 | tty.c_cflag &= ~UInt32(CRTSCTS) //No hw flow control
208 | tty.c_cflag |= UInt32(CLOCAL | CREAD) // Ignore modem controls, enable read
| `- error: cannot convert value of type 'UInt32' to expected argument type 'UInt'
209 | parity.configure(&tty)
210 | stopBits.configure(&tty)
/Users/admin/builder/spi-builder-workspace/.dependencies/checkouts/SwiftyGPIO/Sources/UART.swift:217:37: error: cannot find 'FIONREAD' in scope
215 | public func hasAvailableData() throws -> Bool {
216 | var bytesToRead = 0
217 | let result = ioctl(fd, UInt(FIONREAD), &bytesToRead)
| `- error: cannot find 'FIONREAD' in scope
218 |
219 | guard result >= 0 else { throw IOCTLError.callExecutionFailed(detail: String(format: "%s", strerror(errno))) }
/Applications/Xcode-27.0.0-Release.Candidate.app/Contents/Developer/Platforms/WatchOS.platform/Developer/SDKs/WatchOS27.0.sdk/usr/include/sys/filio.h:77:9: note: macro 'FIONREAD' unavailable: structure not supported
75 | #define FIOCLEX _IO('f', 1) /* set close on exec on fd */
76 | #define FIONCLEX _IO('f', 2) /* remove close on exec */
77 | #define FIONREAD _IOR('f', 127, int) /* get # bytes to read */
| `- note: macro 'FIONREAD' unavailable: structure not supported
78 | #define FIONBIO _IOW('f', 126, int) /* set/clear non-blocking i/o */
79 | #define FIOASYNC _IOW('f', 125, int) /* set/clear async i/o */
Failed frontend command:
/Applications/Xcode-27.0.0-Release.Candidate.app/Contents/Developer/Toolchains/XcodeDefault.xctoolchain/usr/bin/swift-frontend -frontend -c /Users/admin/builder/spi-builder-workspace/.dependencies/checkouts/SwiftyGPIO/Sources/1Wire.swift /Users/admin/builder/spi-builder-workspace/.dependencies/checkouts/SwiftyGPIO/Sources/ADC.swift /Users/admin/builder/spi-builder-workspace/.dependencies/checkouts/SwiftyGPIO/Sources/I2C.swift /Users/admin/builder/spi-builder-workspace/.dependencies/checkouts/SwiftyGPIO/Sources/Mailbox.swift /Users/admin/builder/spi-builder-workspace/.dependencies/checkouts/SwiftyGPIO/Sources/PWM.swift /Users/admin/builder/spi-builder-workspace/.dependencies/checkouts/SwiftyGPIO/Sources/Presets.swift /Users/admin/builder/spi-builder-workspace/.dependencies/checkouts/SwiftyGPIO/Sources/SPI.swift /Users/admin/builder/spi-builder-workspace/.dependencies/checkouts/SwiftyGPIO/Sources/SunXi.swift /Users/admin/builder/spi-builder-workspace/.dependencies/checkouts/SwiftyGPIO/Sources/SwiftyGPIO.swift -primary-file /Users/admin/builder/spi-builder-workspace/.dependencies/checkouts/SwiftyGPIO/Sources/UART.swift -emit-dependencies-path /Users/admin/builder/spi-builder-workspace/.derivedData/Build/Intermediates.noindex/SwiftyGPIO.build/Debug-watchos/SwiftyGPIO-t.build/Objects-normal/arm64/UART.d -emit-const-values-path /Users/admin/builder/spi-builder-workspace/.derivedData/Build/Intermediates.noindex/SwiftyGPIO.build/Debug-watchos/SwiftyGPIO-t.build/Objects-normal/arm64/UART.swiftconstvalues -emit-reference-dependencies-path /Users/admin/builder/spi-builder-workspace/.derivedData/Build/Intermediates.noindex/SwiftyGPIO.build/Debug-watchos/SwiftyGPIO-t.build/Objects-normal/arm64/UART.swiftdeps -serialize-diagnostics-path /Users/admin/builder/spi-builder-workspace/.derivedData/Build/Intermediates.noindex/SwiftyGPIO.build/Debug-watchos/SwiftyGPIO-t.build/Objects-normal/arm64/UART.dia -target arm64-apple-watchos9.0 -disable-cross-import-overlay-search -swift-module-cross-import Darwin /Applications/Xcode-27.0.0-Release.Candidate.app/Contents/Developer/Platforms/WatchOS.platform/Developer/SDKs/WatchOS.sdk/usr/include/Darwin.swiftcrossimport/xlocale.swiftoverlay -load-resolved-plugin /Applications/Xcode-27.0.0-Release.Candidate.app/Contents/Developer/Platforms/WatchOS.platform/Developer/usr/lib/swift/host/plugins/libFoundationMacros.dylib\#/Applications/Xcode-27.0.0-Release.Candidate.app/Contents/Developer/Platforms/WatchOS.platform/Developer/usr/bin/swift-plugin-server\#FoundationMacros -load-resolved-plugin /Applications/Xcode-27.0.0-Release.Candidate.app/Contents/Developer/Platforms/WatchOS.platform/Developer/usr/lib/swift/host/plugins/libObservationMacros.dylib\#/Applications/Xcode-27.0.0-Release.Candidate.app/Contents/Developer/Platforms/WatchOS.platform/Developer/usr/bin/swift-plugin-server\#ObservationMacros -load-resolved-plugin /Applications/Xcode-27.0.0-Release.Candidate.app/Contents/Developer/Platforms/WatchOS.platform/Developer/usr/lib/swift/host/plugins/libSwiftMacros.dylib\#/Applications/Xcode-27.0.0-Release.Candidate.app/Contents/Developer/Platforms/WatchOS.platform/Developer/usr/bin/swift-plugin-server\#SwiftMacros -disable-implicit-swift-modules -Xcc -fno-implicit-modules -Xcc -fno-implicit-module-maps -explicit-swift-module-map-file /Users/admin/builder/spi-builder-workspace/.derivedData/Build/Intermediates.noindex/SwiftyGPIO.build/Debug-watchos/SwiftyGPIO-t.build/Objects-normal/arm64/SwiftyGPIO-dependencies-1.json -Xllvm -aarch64-use-tbi -enable-objc-interop -stack-check -sdk /Applications/Xcode-27.0.0-Release.Candidate.app/Contents/Developer/Platforms/WatchOS.platform/Developer/SDKs/WatchOS27.0.sdk -I /Users/admin/builder/spi-builder-workspace/.derivedData/Build/Products/Debug-watchos -Isystem /Applications/Xcode-27.0.0-Release.Candidate.app/Contents/Developer/Platforms/WatchOS.platform/Developer/usr/lib -F /Users/admin/builder/spi-builder-workspace/.derivedData/Build/Products/Debug-watchos -F /Applications/Xcode-27.0.0-Release.Candidate.app/Contents/Developer/Platforms/WatchOS.platform/Developer/Library/Frameworks -F /Applications/Xcode-27.0.0-Release.Candidate.app/Contents/Developer/Platforms/WatchOS.platform/Developer/SDKs/WatchOS27.0.sdk/Developer/Library/Frameworks -module-cache-path /Users/admin/builder/spi-builder-workspace/.derivedData/Build/Intermediates.noindex/SwiftExplicitPrecompiledModules -no-color-diagnostics -Xcc -fno-color-diagnostics -enable-testing -g -debug-info-format\=dwarf -dwarf-version\=4 -suppress-warnings -swift-version 5 -Onone -D SWIFT_PACKAGE -D DEBUG -D SWIFT_MODULE_RESOURCE_BUNDLE_UNAVAILABLE -D Xcode -serialize-debugging-options -enable-experimental-feature DebugDescriptionMacro -empty-abi-descriptor -validate-clang-modules-once -clang-build-session-file /Users/admin/builder/spi-builder-workspace/.derivedData/ModuleCache.noindex/Session.modulevalidation -Xcc -working-directory -Xcc /Users/admin/builder/spi-builder-workspace/.swiftpm/xcode -enable-anonymous-context-mangled-names -file-compilation-dir /Users/admin/builder/spi-builder-workspace/.swiftpm/xcode -Xcc -D_LIBCPP_HARDENING_MODE\=_LIBCPP_HARDENING_MODE_DEBUG -Xcc -ivfsstatcache -Xcc /Users/admin/builder/spi-builder-workspace/.derivedData/SDKStatCaches.noindex/watchos27.0-24R360-e829b21a6f8c9b70876ba0858053c04477534ef55a1706bf4c1112bbb242f0a2.sdkstatcache -Xcc -fmodules-prune-interval\=86400 -Xcc -fmodules-prune-after\=345600 -Xcc -I/Users/admin/builder/spi-builder-workspace/.derivedData/Build/Products/Debug-watchos/include -Xcc -I/Users/admin/builder/spi-builder-workspace/.derivedData/Build/Intermediates.noindex/SwiftyGPIO.build/Debug-watchos/SwiftyGPIO-t.build/DerivedSources-normal/arm64 -Xcc -I/Users/admin/builder/spi-builder-workspace/.derivedData/Build/Intermediates.noindex/SwiftyGPIO.build/Debug-watchos/SwiftyGPIO-t.build/DerivedSources/arm64 -Xcc -I/Users/admin/builder/spi-builder-workspace/.derivedData/Build/Intermediates.noindex/SwiftyGPIO.build/Debug-watchos/SwiftyGPIO-t.build/DerivedSources -Xcc -DSWIFT_PACKAGE -Xcc -DDEBUG\=1 -no-auto-bridging-header-chaining -module-name SwiftyGPIO -const-gather-protocols-file /Users/admin/builder/spi-builder-workspace/.derivedData/Build/Intermediates.noindex/SwiftyGPIO.build/Debug-watchos/SwiftyGPIO-t.build/Objects-normal/arm64/SwiftyGPIO_const_extract_protocols.json -disable-clang-spi -clang-target arm64-apple-watchos27.0 -target-sdk-version 27.0 -target-sdk-name watchos27.0 -in-process-plugin-server-path /Applications/Xcode-27.0.0-Release.Candidate.app/Contents/Developer/Toolchains/XcodeDefault.xctoolchain/usr/lib/swift/host/libSwiftInProcPluginServer.dylib -parse-as-library -o /Users/admin/builder/spi-builder-workspace/.derivedData/Build/Intermediates.noindex/SwiftyGPIO.build/Debug-watchos/SwiftyGPIO-t.build/Objects-normal/arm64/UART.o -debug-module-path /Users/admin/builder/spi-builder-workspace/.derivedData/Build/Intermediates.noindex/SwiftyGPIO.build/Debug-watchos/SwiftyGPIO-t.build/Objects-normal/arm64/SwiftyGPIO.swiftmodule -index-unit-output-path /SwiftyGPIO.build/Debug-watchos/SwiftyGPIO-t.build/Objects-normal/arm64/UART.o -index-store-path /Users/admin/builder/spi-builder-workspace/.derivedData/Index.noindex/DataStore -index-system-modules
SwiftCompile normal arm64 /Users/admin/builder/spi-builder-workspace/.dependencies/checkouts/SwiftyGPIO/Sources/UART.swift (in target 'SwiftyGPIO' from project 'SwiftyGPIO')
cd /Users/admin/builder/spi-builder-workspace/.swiftpm/xcode
builtin-SwiftPerFileCompile UART.swift
SwiftDriverJobDiscovery normal arm64 Compiling StartDelimiter.swift, ATCommandData.swift (in target 'SwiftyXBee' from project 'SwiftyXBee')
SwiftCompile normal arm64_32 Compiling\ Presets.swift /Users/admin/builder/spi-builder-workspace/.dependencies/checkouts/SwiftyGPIO/Sources/Presets.swift (in target 'SwiftyGPIO' from project 'SwiftyGPIO')
SwiftCompile normal arm64_32 /Users/admin/builder/spi-builder-workspace/.dependencies/checkouts/SwiftyGPIO/Sources/Presets.swift (in target 'SwiftyGPIO' from project 'SwiftyGPIO')
cd /Users/admin/builder/spi-builder-workspace/.swiftpm/xcode
builtin-SwiftPerFileCompile Presets.swift
SwiftDriverJobDiscovery normal arm64 Compiling ZigBeeTransmitRequestData.swift, ZigBeeTransmitStatusData.swift (in target 'SwiftyXBee' from project 'SwiftyXBee')
SwiftCompile normal arm64_32 Compiling\ UART.swift /Users/admin/builder/spi-builder-workspace/.dependencies/checkouts/SwiftyGPIO/Sources/UART.swift (in target 'SwiftyGPIO' from project 'SwiftyGPIO')
SwiftCompile normal arm64_32 /Users/admin/builder/spi-builder-workspace/.dependencies/checkouts/SwiftyGPIO/Sources/UART.swift (in target 'SwiftyGPIO' from project 'SwiftyGPIO')
cd /Users/admin/builder/spi-builder-workspace/.swiftpm/xcode
builtin-SwiftPerFileCompile UART.swift
SwiftDriverJobDiscovery normal arm64 Compiling ADC.swift (in target 'SwiftyGPIO' from project 'SwiftyGPIO')
SwiftCompile normal arm64 Compiling\ Presets.swift /Users/admin/builder/spi-builder-workspace/.dependencies/checkouts/SwiftyGPIO/Sources/Presets.swift (in target 'SwiftyGPIO' from project 'SwiftyGPIO')
SwiftCompile normal arm64 /Users/admin/builder/spi-builder-workspace/.dependencies/checkouts/SwiftyGPIO/Sources/Presets.swift (in target 'SwiftyGPIO' from project 'SwiftyGPIO')
cd /Users/admin/builder/spi-builder-workspace/.swiftpm/xcode
builtin-SwiftPerFileCompile Presets.swift
SwiftDriverJobDiscovery normal arm64 Compiling Constants.swift, Array+Extensions.swift, Bool+Extensions.swift (in target 'SwiftyXBee' from project 'SwiftyXBee')
SwiftCompile normal arm64 Compiling\ SunXi.swift /Users/admin/builder/spi-builder-workspace/.dependencies/checkouts/SwiftyGPIO/Sources/SunXi.swift (in target 'SwiftyGPIO' from project 'SwiftyGPIO')
SwiftCompile normal arm64 /Users/admin/builder/spi-builder-workspace/.dependencies/checkouts/SwiftyGPIO/Sources/SunXi.swift (in target 'SwiftyGPIO' from project 'SwiftyGPIO')
cd /Users/admin/builder/spi-builder-workspace/.swiftpm/xcode
builtin-SwiftPerFileCompile SunXi.swift
SwiftDriverJobDiscovery normal arm64_32 Compiling Presets.swift (in target 'SwiftyGPIO' from project 'SwiftyGPIO')
SwiftCompile normal arm64 Compiling\ 1Wire.swift /Users/admin/builder/spi-builder-workspace/.dependencies/checkouts/SwiftyGPIO/Sources/1Wire.swift (in target 'SwiftyGPIO' from project 'SwiftyGPIO')
SwiftCompile normal arm64 /Users/admin/builder/spi-builder-workspace/.dependencies/checkouts/SwiftyGPIO/Sources/1Wire.swift (in target 'SwiftyGPIO' from project 'SwiftyGPIO')
cd /Users/admin/builder/spi-builder-workspace/.swiftpm/xcode
builtin-SwiftPerFileCompile 1Wire.swift
PruneExplicitPrecompiledModules /Users/admin/builder/spi-builder-workspace/.derivedData/SDKExplicitPrecompiledModules
PruneExplicitPrecompiledModules /Users/admin/builder/spi-builder-workspace/.derivedData/Build/Intermediates.noindex/SwiftExplicitPrecompiledModules
PruneExplicitPrecompiledModules /Users/admin/builder/spi-builder-workspace/.derivedData/Build/Intermediates.noindex/ExplicitPrecompiledModules
2026-09-16 02:02:38.254 xcodebuild[782:4834] [MT] IDERunDestination: Supported platforms for the buildables in the current scheme is empty.
** BUILD FAILED **
The following build commands failed:
SwiftCompile normal arm64 Compiling\ UART.swift /Users/admin/builder/spi-builder-workspace/.dependencies/checkouts/SwiftyGPIO/Sources/UART.swift (in target 'SwiftyGPIO' from project 'SwiftyGPIO')
SwiftCompile normal arm64 /Users/admin/builder/spi-builder-workspace/.dependencies/checkouts/SwiftyGPIO/Sources/UART.swift (in target 'SwiftyGPIO' from project 'SwiftyGPIO')
Building workspace SwiftyXBee with scheme SwiftyXBee
(3 failures)
BUILD FAILURE 6.4 watchOS