The Swift Package Index logo.Swift Package Index

Build Information

Failed to build SpeedrunKit, reference 1.0.0 (ec93bc), with Swift 6.4 for Wasm on 22 Sep 2026 16:02:11 UTC.

Build Command

bash -c docker run --pull=always --rm -v "checkouts-54344847-1":/host -w "$PWD" -e JAVA_HOME="/root/.sdkman/candidates/java/current" -e SPI_BUILD="1" -e SPI_PROCESSING="1" registry.gitlab.com/saguaro1/spi-images:wasm-6.4-latest swift build --swift-sdk swift-6.4.x-DEVELOPMENT-SNAPSHOT-2026-09-04-a_wasm 2>&1

Build Log

========================================
RunAll
========================================
Builder version: 5.1.0
Interrupt handler set up.
========================================
Checkout
========================================
Clone URL: https://github.com/guitaripod/SpeedrunKit.git
Reference: 1.0.0
Initialized empty Git repository in /host/spi-builder-workspace/.git/
hint: Using 'master' as the name for the initial branch. This default branch name
hint: is subject to change. To configure the initial branch name to use in all
hint: of your new repositories, which will suppress this warning, call:
hint:
hint: 	git config --global init.defaultBranch <name>
hint:
hint: Names commonly chosen instead of 'master' are 'main', 'trunk' and
hint: 'development'. The just-created branch can be renamed via this command:
hint:
hint: 	git branch -m <name>
From https://github.com/guitaripod/SpeedrunKit
 * tag               1.0.0      -> FETCH_HEAD
HEAD is now at ec93bcb fix(docc): resolve documentation build permissions issue
Cloned https://github.com/guitaripod/SpeedrunKit.git
Revision (git rev-parse @):
ec93bcb0b7ff75d863768f7239de406e0556b1e5
SUCCESS checkout https://github.com/guitaripod/SpeedrunKit.git at 1.0.0
========================================
Build
========================================
Selected platform:         wasm
Swift version:             6.4
Building package at path:  $PWD
https://github.com/guitaripod/SpeedrunKit.git
Running build ...
bash -c docker run --pull=always --rm -v "checkouts-54344847-1":/host -w "$PWD" -e JAVA_HOME="/root/.sdkman/candidates/java/current" -e SPI_BUILD="1" -e SPI_PROCESSING="1" registry.gitlab.com/saguaro1/spi-images:wasm-6.4-latest swift build --swift-sdk swift-6.4.x-DEVELOPMENT-SNAPSHOT-2026-09-04-a_wasm 2>&1
wasm-6.4-latest: Pulling from saguaro1/spi-images
Digest: sha256:4328fdb43c680d205c1d6761b1e3267aa38277eefdda9ddfb17b6a0f1a77857a
Status: Image is up to date for registry.gitlab.com/saguaro1/spi-images:wasm-6.4-latest
Fetching https://github.com/swiftlang/swift-docc-plugin
[1/2345] Fetching swift-docc-plugin
Fetched https://github.com/swiftlang/swift-docc-plugin (0.65s)
Computing version for https://github.com/swiftlang/swift-docc-plugin
Computed https://github.com/swiftlang/swift-docc-plugin at 1.5.0 (1.73s)
Fetching https://github.com/swiftlang/swift-docc-symbolkit
[1/3829] Fetching swift-docc-symbolkit
Fetched https://github.com/swiftlang/swift-docc-symbolkit (0.64s)
Computing version for https://github.com/swiftlang/swift-docc-symbolkit
Computed https://github.com/swiftlang/swift-docc-symbolkit at 1.0.0 (0.88s)
Creating working copy for https://github.com/swiftlang/swift-docc-symbolkit
Working copy of https://github.com/swiftlang/swift-docc-symbolkit resolved at 1.0.0
Creating working copy for https://github.com/swiftlang/swift-docc-plugin
Working copy of https://github.com/swiftlang/swift-docc-plugin resolved at 1.5.0
Building for debugging...
[Planning deferred tasks]
error: SwiftCompile normal wasm32 failed with a nonzero exit code. Command line:     cd /host

/host/spi-builder-workspace/Sources/SpeedrunKit/Networking/URLSessionNetwork.swift:30:26: error: 'URLSession' is unavailable: This type has moved to the FoundationNetworking module. Import that module to use it.
 28 | public final class URLSessionNetwork: NetworkProtocol {
 29 |     private let configuration: SpeedrunConfiguration
 30 |     private let session: URLSession
    |                          `- error: 'URLSession' is unavailable: This type has moved to the FoundationNetworking module. Import that module to use it.
 31 |     private let decoder: JSONDecoder
 32 |     private let encoder: JSONEncoder
Foundation.URLSession:2:18: note: 'URLSession' has been explicitly marked unavailable here
1 | @available(*, unavailable, message: "This type has moved to the FoundationNetworking module. Import that module to use it.")
2 | public typealias URLSession = AnyObject
  |                  `- note: 'URLSession' has been explicitly marked unavailable here
/host/spi-builder-workspace/Sources/SpeedrunKit/Networking/URLSessionNetwork.swift:118:17: error: cannot find type 'URLRequest' in scope
116 |         method: HTTPMethod,
117 |         queryItems: [URLQueryItem]? = nil
118 |     ) throws -> URLRequest {
    |                 `- error: cannot find type 'URLRequest' in scope
119 |         // Build URL
120 |         guard var components = URLComponents(string: configuration.baseURL.absoluteString + endpoint) else {
/host/spi-builder-workspace/Sources/SpeedrunKit/Networking/URLSessionNetwork.swift:144:51: error: cannot find type 'URLRequest' in scope
142 |     }
143 |
144 |     private func perform<T: Decodable>(_ request: URLRequest) async throws -> T {
    |                                                   `- error: cannot find type 'URLRequest' in scope
145 |         var lastError: Error?
146 |
/host/spi-builder-workspace/Sources/SpeedrunKit/Networking/URLSessionNetwork.swift:188:47: error: 'URLResponse' is unavailable: This type has moved to the FoundationNetworking module. Import that module to use it.
186 |     }
187 |
188 |     private func validateResponse(_ response: URLResponse, data: Data) throws {
    |                                               `- error: 'URLResponse' is unavailable: This type has moved to the FoundationNetworking module. Import that module to use it.
189 |         guard let httpResponse = response as? HTTPURLResponse else {
190 |             throw SpeedrunError.unknown("Invalid response type")
Foundation.URLResponse:2:18: note: 'URLResponse' has been explicitly marked unavailable here
1 | @available(*, unavailable, message: "This type has moved to the FoundationNetworking module. Import that module to use it.")
2 | public typealias URLResponse = AnyObject
  |                  `- note: 'URLResponse' has been explicitly marked unavailable here
/host/spi-builder-workspace/Sources/SpeedrunKit/Networking/URLSessionNetwork.swift:213:40: error: cannot find type 'URLRequest' in scope
211 |     }
212 |
213 |     private func debugPrint(_ request: URLRequest, data: Data, response: URLResponse) {
    |                                        `- error: cannot find type 'URLRequest' in scope
214 |         print("=== SpeedrunKit Request ===")
215 |         print("URL: \(request.url?.absoluteString ?? "nil")")
/host/spi-builder-workspace/Sources/SpeedrunKit/Networking/URLSessionNetwork.swift:213:74: error: 'URLResponse' is unavailable: This type has moved to the FoundationNetworking module. Import that module to use it.
211 |     }
212 |
213 |     private func debugPrint(_ request: URLRequest, data: Data, response: URLResponse) {
    |                                                                          `- error: 'URLResponse' is unavailable: This type has moved to the FoundationNetworking module. Import that module to use it.
214 |         print("=== SpeedrunKit Request ===")
215 |         print("URL: \(request.url?.absoluteString ?? "nil")")
Foundation.URLResponse:2:18: note: 'URLResponse' has been explicitly marked unavailable here
1 | @available(*, unavailable, message: "This type has moved to the FoundationNetworking module. Import that module to use it.")
2 | public typealias URLResponse = AnyObject
  |                  `- note: 'URLResponse' has been explicitly marked unavailable here
/host/spi-builder-workspace/Sources/SpeedrunKit/Networking/URLSessionNetwork.swift:30:17: warning: stored property 'session' of 'Sendable'-conforming class 'URLSessionNetwork' has non-Sendable type 'AnyObject'; this is an error in the Swift 6 language mode
 28 | public final class URLSessionNetwork: NetworkProtocol {
 29 |     private let configuration: SpeedrunConfiguration
 30 |     private let session: URLSession
    |                 `- warning: stored property 'session' of 'Sendable'-conforming class 'URLSessionNetwork' has non-Sendable type 'AnyObject'; this is an error in the Swift 6 language mode
 31 |     private let decoder: JSONDecoder
 32 |     private let encoder: JSONEncoder
Failed frontend command:
/usr/bin/swift-frontend -frontend -emit-module -experimental-skip-non-inlinable-function-bodies-without-types /host/spi-builder-workspace/Sources/SpeedrunKit/API/CategoriesAPI.swift /host/spi-builder-workspace/Sources/SpeedrunKit/API/Endpoint.swift /host/spi-builder-workspace/Sources/SpeedrunKit/API/GamesAPI.swift /host/spi-builder-workspace/Sources/SpeedrunKit/API/GamesAPIImpl.swift /host/spi-builder-workspace/Sources/SpeedrunKit/API/GenresAPI.swift /host/spi-builder-workspace/Sources/SpeedrunKit/API/LeaderboardsAPI.swift /host/spi-builder-workspace/Sources/SpeedrunKit/API/LevelsAPI.swift /host/spi-builder-workspace/Sources/SpeedrunKit/API/PaginatedResponse.swift /host/spi-builder-workspace/Sources/SpeedrunKit/API/PlatformsAPI.swift /host/spi-builder-workspace/Sources/SpeedrunKit/API/ProfileAPI.swift /host/spi-builder-workspace/Sources/SpeedrunKit/API/RegionsAPI.swift /host/spi-builder-workspace/Sources/SpeedrunKit/API/ResourceProtocol.swift /host/spi-builder-workspace/Sources/SpeedrunKit/API/RunsAPI.swift /host/spi-builder-workspace/Sources/SpeedrunKit/API/SeriesAPI.swift /host/spi-builder-workspace/Sources/SpeedrunKit/API/SpeedrunClientProtocol.swift /host/spi-builder-workspace/Sources/SpeedrunKit/API/SpeedrunConfiguration.swift /host/spi-builder-workspace/Sources/SpeedrunKit/API/UsersAPI.swift /host/spi-builder-workspace/Sources/SpeedrunKit/API/VariablesAPI.swift /host/spi-builder-workspace/Sources/SpeedrunKit/Models/APIResponse.swift /host/spi-builder-workspace/Sources/SpeedrunKit/Models/Asset.swift /host/spi-builder-workspace/Sources/SpeedrunKit/Models/Category.swift /host/spi-builder-workspace/Sources/SpeedrunKit/Models/Color.swift /host/spi-builder-workspace/Sources/SpeedrunKit/Models/Developer.swift /host/spi-builder-workspace/Sources/SpeedrunKit/Models/Engine.swift /host/spi-builder-workspace/Sources/SpeedrunKit/Models/Game.swift /host/spi-builder-workspace/Sources/SpeedrunKit/Models/GameType.swift /host/spi-builder-workspace/Sources/SpeedrunKit/Models/Genre.swift /host/spi-builder-workspace/Sources/SpeedrunKit/Models/Leaderboard.swift /host/spi-builder-workspace/Sources/SpeedrunKit/Models/Level.swift /host/spi-builder-workspace/Sources/SpeedrunKit/Models/Link.swift /host/spi-builder-workspace/Sources/SpeedrunKit/Models/Location.swift /host/spi-builder-workspace/Sources/SpeedrunKit/Models/Names.swift /host/spi-builder-workspace/Sources/SpeedrunKit/Models/Notification.swift /host/spi-builder-workspace/Sources/SpeedrunKit/Models/Platform.swift /host/spi-builder-workspace/Sources/SpeedrunKit/Models/Publisher.swift /host/spi-builder-workspace/Sources/SpeedrunKit/Models/Region.swift /host/spi-builder-workspace/Sources/SpeedrunKit/Models/Run.swift /host/spi-builder-workspace/Sources/SpeedrunKit/Models/RunSubmit.swift /host/spi-builder-workspace/Sources/SpeedrunKit/Models/Series.swift /host/spi-builder-workspace/Sources/SpeedrunKit/Models/User.swift /host/spi-builder-workspace/Sources/SpeedrunKit/Models/Variable.swift /host/spi-builder-workspace/Sources/SpeedrunKit/Networking/NetworkProtocol.swift /host/spi-builder-workspace/Sources/SpeedrunKit/Networking/SpeedrunError.swift /host/spi-builder-workspace/Sources/SpeedrunKit/Networking/URLSessionNetwork.swift /host/spi-builder-workspace/Sources/SpeedrunKit/SpeedrunKit.swift -target wasm32-unknown-wasip1 -disable-objc-interop -sdk /root/.swiftpm/swift-sdks/swift-6.4.x-DEVELOPMENT-SNAPSHOT-2026-09-04-a_wasm.artifactbundle/swift-6.4.x-DEVELOPMENT-SNAPSHOT-2026-09-04-a_wasm/wasm32-unknown-wasip1/WASI.sdk -sysroot /root/.swiftpm/swift-sdks/swift-6.4.x-DEVELOPMENT-SNAPSHOT-2026-09-04-a_wasm.artifactbundle/swift-6.4.x-DEVELOPMENT-SNAPSHOT-2026-09-04-a_wasm/wasm32-unknown-wasip1/WASI.sdk -I /host/spi-builder-workspace/.build/out/Products/Debug-webassembly-wasm32 -module-cache-path /host/spi-builder-workspace/.build/out/ModuleCache.noindex -color-diagnostics -Xcc -fcolor-diagnostics -enable-testing -g -debug-info-format\=dwarf -dwarf-version\=4 -swift-version 5 -Onone -D SWIFT_PACKAGE -D DEBUG -D SWIFT_MODULE_RESOURCE_BUNDLE_UNAVAILABLE -D Xcode -serialize-debugging-options -enable-experimental-feature StrictConcurrency -enable-experimental-feature DebugDescriptionMacro -empty-abi-descriptor -external-plugin-path /usr/lib/swift/host/plugins/testing\#/usr/bin/swift-plugin-server -validate-clang-modules-once -clang-build-session-file /host/spi-builder-workspace/.build/out/ModuleCache.noindex/Session.modulevalidation -Xcc -working-directory -Xcc /host -resource-dir /root/.swiftpm/swift-sdks/swift-6.4.x-DEVELOPMENT-SNAPSHOT-2026-09-04-a_wasm.artifactbundle/swift-6.4.x-DEVELOPMENT-SNAPSHOT-2026-09-04-a_wasm/wasm32-unknown-wasip1/swift.xctoolchain/usr/lib/swift_static -use-static-resource-dir -enable-anonymous-context-mangled-names -file-compilation-dir /host -Xcc -resource-dir -Xcc /root/.swiftpm/swift-sdks/swift-6.4.x-DEVELOPMENT-SNAPSHOT-2026-09-04-a_wasm.artifactbundle/swift-6.4.x-DEVELOPMENT-SNAPSHOT-2026-09-04-a_wasm/wasm32-unknown-wasip1/swift.xctoolchain/usr/lib/swift_static/clang -Xcc -D_LIBCPP_HARDENING_MODE\=_LIBCPP_HARDENING_MODE_DEBUG -Xcc -fmodules-prune-interval\=86400 -Xcc -fmodules-prune-after\=345600 -Xcc -I/host/spi-builder-workspace/.build/out/Products/Debug-webassembly-wasm32/include -Xcc -I/host/spi-builder-workspace/.build/out/Intermediates.noindex/SpeedrunKit.build/Debug-webassembly-wasm32/SpeedrunKit-t.build/DerivedSources-normal/wasm32 -Xcc -I/host/spi-builder-workspace/.build/out/Intermediates.noindex/SpeedrunKit.build/Debug-webassembly-wasm32/SpeedrunKit-t.build/DerivedSources/wasm32 -Xcc -I/host/spi-builder-workspace/.build/out/Intermediates.noindex/SpeedrunKit.build/Debug-webassembly-wasm32/SpeedrunKit-t.build/DerivedSources -Xcc -DSWIFT_PACKAGE -Xcc -DDEBUG\=1 -no-auto-bridging-header-chaining -module-name SpeedrunKit -package-name spi_builder_workspace -const-gather-protocols-file /host/spi-builder-workspace/.build/out/Intermediates.noindex/SpeedrunKit.build/Debug-webassembly-wasm32/SpeedrunKit-t.build/Objects-normal/wasm32/SpeedrunKit_const_extract_protocols.json -in-process-plugin-server-path /usr/lib/swift/host/libSwiftInProcPluginServer.so -plugin-path /usr/lib/swift/host/plugins -plugin-path /usr/local/lib/swift/host/plugins -emit-module-doc-path /host/spi-builder-workspace/.build/out/Intermediates.noindex/SpeedrunKit.build/Debug-webassembly-wasm32/SpeedrunKit-t.build/Objects-normal/wasm32/Modules/SpeedrunKit.swiftdoc -emit-module-source-info-path /host/spi-builder-workspace/.build/out/Intermediates.noindex/SpeedrunKit.build/Debug-webassembly-wasm32/SpeedrunKit-t.build/Objects-normal/wasm32/Modules/SpeedrunKit.swiftsourceinfo -emit-objc-header-path /host/spi-builder-workspace/.build/out/Intermediates.noindex/SpeedrunKit.build/Debug-webassembly-wasm32/SpeedrunKit-t.build/Objects-normal/wasm32/SpeedrunKit-Swift.h -serialize-diagnostics-path /host/spi-builder-workspace/.build/out/Intermediates.noindex/SpeedrunKit.build/Debug-webassembly-wasm32/SpeedrunKit-t.build/Objects-normal/wasm32/SpeedrunKit-primary-emit-module.dia -emit-dependencies-path /host/spi-builder-workspace/.build/out/Intermediates.noindex/SpeedrunKit.build/Debug-webassembly-wasm32/SpeedrunKit-t.build/Objects-normal/wasm32/SpeedrunKit-primary-emit-module.d -parse-as-library -o /host/spi-builder-workspace/.build/out/Intermediates.noindex/SpeedrunKit.build/Debug-webassembly-wasm32/SpeedrunKit-t.build/Objects-normal/wasm32/Modules/SpeedrunKit.swiftmodule
error: Build failed
BUILD FAILURE 6.4 wasm