The Swift Package Index logo.Swift Package Index

Build Information

Failed to build MachOKitSPM, reference main (7b42bf), with Swift 6.1 for Linux on 17 Oct 2026 17:17:18 UTC.

Build Command

bash -c docker run --pull=always --rm -v "checkouts-54344847-0":/host -w "$PWD" -e JAVA_HOME="/root/.sdkman/candidates/java/current" -e SPI_BUILD="1" -e SPI_PROCESSING="1" registry.gitlab.com/saguaro1/spi-images:linux-6.1-latest swift build --triple x86_64-unknown-linux-gnu 2>&1

Build Log

========================================
RunAll
========================================
Builder version: 5.1.3
Interrupt handler set up.
========================================
Checkout
========================================
Clone URL: https://github.com/p-x9/MachOKit-SPM.git
Reference: main
Initialized empty Git repository in /host/spi-builder-workspace/.git/
hint: Using 'master' as the name for the initial branch. This default branch name
hint: is subject to change. To configure the initial branch name to use in all
hint: of your new repositories, which will suppress this warning, call:
hint:
hint: 	git config --global init.defaultBranch <name>
hint:
hint: Names commonly chosen instead of 'master' are 'main', 'trunk' and
hint: 'development'. The just-created branch can be renamed via this command:
hint:
hint: 	git branch -m <name>
From https://github.com/p-x9/MachOKit-SPM
 * branch            main       -> FETCH_HEAD
 * [new branch]      main       -> origin/main
HEAD is now at 7b42bf8 version 0.55.0
Cloned https://github.com/p-x9/MachOKit-SPM.git
Revision (git rev-parse @):
7b42bf8210330fc5a9e00521c381f0f3a54af94d
SUCCESS checkout https://github.com/p-x9/MachOKit-SPM.git at main
========================================
Build
========================================
Selected platform:         linux
Swift version:             6.1
Building package at path:  $PWD
https://github.com/p-x9/MachOKit-SPM.git
https://github.com/p-x9/MachOKit-SPM.git
WARNING: environment variable SUPPRESS_SWIFT_6_FLAGS is not set
Running build ...
bash -c docker run --pull=always --rm -v "checkouts-54344847-0":/host -w "$PWD" -e JAVA_HOME="/root/.sdkman/candidates/java/current" -e SPI_BUILD="1" -e SPI_PROCESSING="1" registry.gitlab.com/saguaro1/spi-images:linux-6.1-latest swift build --triple x86_64-unknown-linux-gnu -Xswiftc -Xfrontend -Xswiftc -stats-output-dir -Xswiftc -Xfrontend -Xswiftc .stats -Xswiftc -strict-concurrency=complete -Xswiftc -enable-upcoming-feature -Xswiftc StrictConcurrency -Xswiftc -enable-upcoming-feature -Xswiftc DisableOutwardActorInference -Xswiftc -enable-upcoming-feature -Xswiftc GlobalActorIsolatedTypesUsability -Xswiftc -enable-upcoming-feature -Xswiftc InferSendableFromCaptures 2>&1
linux-6.1-latest: Pulling from saguaro1/spi-images
Digest: sha256:2ccba1a98249c90438a7c8a4888192d345af17f27af8250de02cec002ad06687
Status: Image is up to date for registry.gitlab.com/saguaro1/spi-images:linux-6.1-latest
Fetching https://github.com/p-x9/swift-binary-parse-support-bin.git
[1/42] Fetching swift-binary-parse-support-bin
Fetched https://github.com/p-x9/swift-binary-parse-support-bin.git from cache (0.31s)
Computing version for https://github.com/p-x9/swift-binary-parse-support-bin.git
Computed https://github.com/p-x9/swift-binary-parse-support-bin.git at 0.3.0 (0.53s)
Creating working copy for https://github.com/p-x9/swift-binary-parse-support-bin.git
Working copy of https://github.com/p-x9/swift-binary-parse-support-bin.git resolved at 0.3.0
Downloading binary artifact https://github.com/p-x9/swift-binary-parse-support/releases/download/0.3.0/BinaryParseSupport.xcframework.zip
Downloading binary artifact https://github.com/p-x9/MachOKit/releases/download/0.55.0/MachOKit.xcframework.zip
Downloading binary artifact https://github.com/p-x9/MachOKit/releases/download/0.55.0/MachOKitC.xcframework.zip
[16375/328117] Downloading https://github.com/p-x9/MachOKit/releases/download/0.55.0/MachOKitC.xcframework.zip
[49125/1259842] Downloading https://github.com/p-x9/MachOKit/releases/download/0.55.0/MachOKitC.xcframework.zip, https://github.com/p-x9/swift-binary-parse-support/releases/download/0.3.0/BinaryParseSupport.xcframework.zip
[639395/24796308] Downloading https://github.com/p-x9/MachOKit/releases/download/0.55.0/MachOKitC.xcframework.zip, https://github.com/p-x9/swift-binary-parse-support/releases/download/0.3.0/BinaryParseSupport.xcframework.zip, https://github.com/p-x9/MachOKit/releases/download/0.55.0/MachOKit.xcframework.zip
Downloaded https://github.com/p-x9/MachOKit/releases/download/0.55.0/MachOKitC.xcframework.zip (0.31s)
[7574066/24468191] Downloading https://github.com/p-x9/swift-binary-parse-support/releases/download/0.3.0/BinaryParseSupport.xcframework.zip, https://github.com/p-x9/MachOKit/releases/download/0.55.0/MachOKit.xcframework.zip
Downloaded https://github.com/p-x9/swift-binary-parse-support/releases/download/0.3.0/BinaryParseSupport.xcframework.zip (0.37s)
Downloaded https://github.com/p-x9/MachOKit/releases/download/0.55.0/MachOKit.xcframework.zip (2.05s)
Building for debugging...
[0/3] Write sources
[2/3] Write swift-version-24593BA9C3E375BF.txt
error: emit-module command failed with exit code 1 (use -v to see invocation)
[4/5] Emitting module _BinaryParseSupportBin
/host/spi-builder-workspace/.build/checkouts/swift-binary-parse-support-bin/Sources/_BinaryParseSupportBin/BinaryParseSupportBin.swift:1:19: error: no such module 'BinaryParseSupport'
1 | @_exported import BinaryParseSupport
  |                   `- error: no such module 'BinaryParseSupport'
2 |
[5/5] Compiling _BinaryParseSupportBin BinaryParseSupportBin.swift
/host/spi-builder-workspace/.build/checkouts/swift-binary-parse-support-bin/Sources/_BinaryParseSupportBin/BinaryParseSupportBin.swift:1:19: error: no such module 'BinaryParseSupport'
1 | @_exported import BinaryParseSupport
  |                   `- error: no such module 'BinaryParseSupport'
2 |
Running build ...
bash -c docker run --pull=always --rm -v "checkouts-54344847-0":/host -w "$PWD" -e JAVA_HOME="/root/.sdkman/candidates/java/current" -e SPI_BUILD="1" -e SPI_PROCESSING="1" registry.gitlab.com/saguaro1/spi-images:linux-6.1-latest swift build --triple x86_64-unknown-linux-gnu 2>&1
linux-6.1-latest: Pulling from saguaro1/spi-images
Digest: sha256:2ccba1a98249c90438a7c8a4888192d345af17f27af8250de02cec002ad06687
Status: Image is up to date for registry.gitlab.com/saguaro1/spi-images:linux-6.1-latest
[0/1] Planning build
Building for debugging...
[0/1] Write swift-version-24593BA9C3E375BF.txt
error: emit-module command failed with exit code 1 (use -v to see invocation)
[2/3] Emitting module _BinaryParseSupportBin
/host/spi-builder-workspace/.build/checkouts/swift-binary-parse-support-bin/Sources/_BinaryParseSupportBin/BinaryParseSupportBin.swift:1:19: error: no such module 'BinaryParseSupport'
1 | @_exported import BinaryParseSupport
  |                   `- error: no such module 'BinaryParseSupport'
2 |
[3/3] Compiling _BinaryParseSupportBin BinaryParseSupportBin.swift
/host/spi-builder-workspace/.build/checkouts/swift-binary-parse-support-bin/Sources/_BinaryParseSupportBin/BinaryParseSupportBin.swift:1:19: error: no such module 'BinaryParseSupport'
1 | @_exported import BinaryParseSupport
  |                   `- error: no such module 'BinaryParseSupport'
2 |
BUILD FAILURE 6.1 linux