Build Information
Failed to build HUMAN, reference 5.3.2 (4ccc70), with Swift 6.2 for tvOS using Xcode 26.3 on 8 Sep 2026 22:37:15 UTC.
Build Command
env DEVELOPER_DIR=/Applications/Xcode-26.3.0.app xcrun xcodebuild -IDEClonedSourcePackagesDirPathOverride=$PWD/.dependencies -skipMacroValidation -skipPackagePluginValidation -derivedDataPath $PWD/.derivedData build -scheme HUMAN -destination generic/platform=tvOSBuild Log
========================================
RunAll
========================================
Builder version: 5.0.2
Interrupt handler set up.
========================================
Checkout
========================================
Clone URL: https://github.com/PerimeterX/human-security-ios-sdk.git
Reference: 5.3.2
Initialized empty Git repository in /Users/admin/builder/spi-builder-workspace/.git/
From https://github.com/PerimeterX/human-security-ios-sdk
* tag 5.3.2 -> FETCH_HEAD
HEAD is now at 4ccc70d Merge pull request #10 from PerimeterX/update-sdk-v5.3.2
Cloned https://github.com/PerimeterX/human-security-ios-sdk.git
Revision (git rev-parse @):
4ccc70d51afb953a667067780894ad789c867236
SUCCESS checkout https://github.com/PerimeterX/human-security-ios-sdk.git at 5.3.2
========================================
Build
========================================
Selected platform: tvOS
Swift version: 6.2
Building package at path: $PWD
https://github.com/PerimeterX/human-security-ios-sdk.git
Command line invocation:
/Applications/Xcode-26.3.0.app/Contents/Developer/usr/bin/xcodebuild -IDEClonedSourcePackagesDirPathOverride=/Users/admin/builder/spi-builder-workspace/.dependencies -resolvePackageDependencies
Resolve Package Graph
Resolve Package Graph
Resolved source packages:
HUMAN: /Users/admin/builder/spi-builder-workspace
resolved source packages: HUMAN
2026-09-08 18:36:48.579 xcodebuild[532:3057] [MT] IDERunDestination: Supported platforms for the buildables in the current scheme is empty.
{
"dependencies" : [
],
"manifest_display_name" : "HUMAN",
"name" : "HUMAN",
"path" : "/Users/admin/builder/spi-builder-workspace",
"platforms" : [
{
"name" : "ios",
"version" : "12.0"
}
],
"products" : [
{
"name" : "HUMAN",
"targets" : [
"HUMAN"
],
"type" : {
"library" : [
"automatic"
]
}
}
],
"targets" : [
{
"c99name" : "HUMAN",
"module_type" : "BinaryTarget",
"name" : "HUMAN",
"path" : "HUMAN.xcframework",
"product_memberships" : [
"HUMAN"
],
"sources" : [
],
"type" : "binary"
}
],
"tools_version" : "5.3"
}
{
"workspace" : {
"name" : "spi-builder-workspace",
"schemes" : [
"HUMAN"
]
}
}
2026-09-08 18:37:09.722 xcodebuild[681:4291] [MT] IDERunDestination: Supported platforms for the buildables in the current scheme is empty.
Running build ...
env DEVELOPER_DIR=/Applications/Xcode-26.3.0.app xcrun xcodebuild -IDEClonedSourcePackagesDirPathOverride=$PWD/.dependencies -skipMacroValidation -skipPackagePluginValidation -derivedDataPath $PWD/.derivedData build -scheme HUMAN -destination generic/platform=tvOS
Command line invocation:
/Applications/Xcode-26.3.0.app/Contents/Developer/usr/bin/xcodebuild -IDEClonedSourcePackagesDirPathOverride=/Users/admin/builder/spi-builder-workspace/.dependencies -skipMacroValidation -skipPackagePluginValidation -derivedDataPath /Users/admin/builder/spi-builder-workspace/.derivedData build -scheme HUMAN -destination generic/platform=tvOS
Resolve Package Graph
Resolved source packages:
HUMAN: /Users/admin/builder/spi-builder-workspace
ComputePackagePrebuildTargetDependencyGraph
Prepare packages
CreateBuildRequest
SendProjectDescription
CreateBuildOperation
ComputeTargetDependencyGraph
note: Building targets in dependency order
note: Target dependency graph (1 target)
Target 'HUMAN' in project 'HUMAN' (no dependencies)
GatherProvisioningInputs
CreateBuildDescription
ExecuteExternalTool /Applications/Xcode-26.3.0.app/Contents/Developer/Toolchains/XcodeDefault.xctoolchain/usr/bin/clang -v -E -dM -isysroot /Applications/Xcode-26.3.0.app/Contents/Developer/Platforms/AppleTVOS.platform/Developer/SDKs/AppleTVOS26.2.sdk -x c -c /dev/null
Build description signature: 55ecc69a0862a3274857a307909492ff
Build description path: /Users/admin/builder/spi-builder-workspace/.derivedData/Build/Intermediates.noindex/XCBuildData/55ecc69a0862a3274857a307909492ff.xcbuilddata
/Users/admin/builder/spi-builder-workspace/HUMAN.xcframework:1:1: error: While building for tvOS, no library for this platform was found in '/Users/admin/builder/spi-builder-workspace/HUMAN.xcframework'. (in target 'HUMAN' from project 'HUMAN')
2026-09-08 18:37:11.167 xcodebuild[683:4329] [MT] IDERunDestination: Supported platforms for the buildables in the current scheme is empty.
** BUILD FAILED **
The following build commands failed:
Building workspace spi-builder-workspace with scheme HUMAN
(1 failure)
Command line invocation:
/Applications/Xcode-26.3.0.app/Contents/Developer/usr/bin/xcodebuild -IDEClonedSourcePackagesDirPathOverride=/Users/admin/builder/spi-builder-workspace/.dependencies -resolvePackageDependencies
Resolve Package Graph
Resolved source packages:
HUMAN: /Users/admin/builder/spi-builder-workspace
resolved source packages: HUMAN
2026-09-08 18:37:13.387 xcodebuild[696:4436] [MT] IDERunDestination: Supported platforms for the buildables in the current scheme is empty.
{
"dependencies" : [
],
"manifest_display_name" : "HUMAN",
"name" : "HUMAN",
"path" : "/Users/admin/builder/spi-builder-workspace",
"platforms" : [
{
"name" : "ios",
"version" : "12.0"
}
],
"products" : [
{
"name" : "HUMAN",
"targets" : [
"HUMAN"
],
"type" : {
"library" : [
"automatic"
]
}
}
],
"targets" : [
{
"c99name" : "HUMAN",
"module_type" : "BinaryTarget",
"name" : "HUMAN",
"path" : "HUMAN.xcframework",
"product_memberships" : [
"HUMAN"
],
"sources" : [
],
"type" : "binary"
}
],
"tools_version" : "5.3"
}
{
"workspace" : {
"name" : "spi-builder-workspace",
"schemes" : [
"HUMAN"
]
}
}
2026-09-08 18:37:14.429 xcodebuild[704:4497] [MT] IDERunDestination: Supported platforms for the buildables in the current scheme is empty.
Running build ...
env DEVELOPER_DIR=/Applications/Xcode-26.3.0.app xcrun xcodebuild -IDEClonedSourcePackagesDirPathOverride=$PWD/.dependencies -skipMacroValidation -skipPackagePluginValidation -derivedDataPath $PWD/.derivedData build -scheme HUMAN -destination generic/platform=tvOS
Command line invocation:
/Applications/Xcode-26.3.0.app/Contents/Developer/usr/bin/xcodebuild -IDEClonedSourcePackagesDirPathOverride=/Users/admin/builder/spi-builder-workspace/.dependencies -skipMacroValidation -skipPackagePluginValidation -derivedDataPath /Users/admin/builder/spi-builder-workspace/.derivedData build -scheme HUMAN -destination generic/platform=tvOS
Resolve Package Graph
Resolved source packages:
HUMAN: /Users/admin/builder/spi-builder-workspace
ComputePackagePrebuildTargetDependencyGraph
Prepare packages
CreateBuildRequest
SendProjectDescription
CreateBuildOperation
ComputeTargetDependencyGraph
note: Building targets in dependency order
note: Target dependency graph (1 target)
Target 'HUMAN' in project 'HUMAN' (no dependencies)
GatherProvisioningInputs
CreateBuildDescription
ExecuteExternalTool /Applications/Xcode-26.3.0.app/Contents/Developer/Toolchains/XcodeDefault.xctoolchain/usr/bin/clang -v -E -dM -isysroot /Applications/Xcode-26.3.0.app/Contents/Developer/Platforms/AppleTVOS.platform/Developer/SDKs/AppleTVOS26.2.sdk -x c -c /dev/null
Build description signature: 55ecc69a0862a3274857a307909492ff
Build description path: /Users/admin/builder/spi-builder-workspace/.derivedData/Build/Intermediates.noindex/XCBuildData/55ecc69a0862a3274857a307909492ff.xcbuilddata
/Users/admin/builder/spi-builder-workspace/HUMAN.xcframework:1:1: error: While building for tvOS, no library for this platform was found in '/Users/admin/builder/spi-builder-workspace/HUMAN.xcframework'. (in target 'HUMAN' from project 'HUMAN')
2026-09-08 18:37:15.267 xcodebuild[706:4527] [MT] IDERunDestination: Supported platforms for the buildables in the current scheme is empty.
** BUILD FAILED **
The following build commands failed:
Building workspace spi-builder-workspace with scheme HUMAN
(1 failure)
BUILD FAILURE 6.2 tvOS