The Swift Package Index logo.Swift Package Index

Build Information

Failed to build GoogleCloudServiceHealthV1, reference main (7b3796), with Swift 6.2 for Android on 11 Oct 2026 17:10:54 UTC.

Build Command

bash -c docker run --pull=always --rm -v "checkouts-54344843-1":/host -w "$PWD" -e JAVA_HOME="/root/.sdkman/candidates/java/current" -e SPI_BUILD="1" -e SPI_PROCESSING="1" registry.gitlab.com/saguaro1/spi-images:android-6.2-latest swift build --swift-sdk aarch64-unknown-linux-android28 2>&1

Build Log

========================================
RunAll
========================================
Builder version: 5.1.1
Interrupt handler set up.
========================================
Checkout
========================================
Clone URL: https://github.com/googleapis/swift-google-cloud-servicehealth-v1.git
Reference: main
Initialized empty Git repository in /host/spi-builder-workspace/.git/
hint: Using 'master' as the name for the initial branch. This default branch name
hint: is subject to change. To configure the initial branch name to use in all
hint: of your new repositories, which will suppress this warning, call:
hint:
hint: 	git config --global init.defaultBranch <name>
hint:
hint: Names commonly chosen instead of 'master' are 'main', 'trunk' and
hint: 'development'. The just-created branch can be renamed via this command:
hint:
hint: 	git branch -m <name>
From https://github.com/googleapis/swift-google-cloud-servicehealth-v1
 * branch            main       -> FETCH_HEAD
 * [new branch]      main       -> origin/main
HEAD is now at 7b3796b chore: release circa 2026-10-07 (#1382)
Cloned https://github.com/googleapis/swift-google-cloud-servicehealth-v1.git
Revision (git rev-parse @):
7b3796ba9499b6867257e89410dee52c6af3e2de
SPI manifest file found: $PWD/.spi.yml
SUCCESS checkout https://github.com/googleapis/swift-google-cloud-servicehealth-v1.git at main
========================================
Build
========================================
Selected platform:         android
Swift version:             6.2
Building package at path:  $PWD
https://github.com/googleapis/swift-google-cloud-servicehealth-v1.git
Running build ...
bash -c docker run --pull=always --rm -v "checkouts-54344843-1":/host -w "$PWD" -e JAVA_HOME="/root/.sdkman/candidates/java/current" -e SPI_BUILD="1" -e SPI_PROCESSING="1" registry.gitlab.com/saguaro1/spi-images:android-6.2-latest swift build --swift-sdk aarch64-unknown-linux-android28 2>&1
android-6.2-latest: Pulling from saguaro1/spi-images
Digest: sha256:a839c9ce201f1dacc8eb056626ec7ab0a1c6d53d7b77c83feda395f4507c51be
Status: Image is up to date for registry.gitlab.com/saguaro1/spi-images:android-6.2-latest
Fetching https://github.com/apple/swift-log
Fetching https://github.com/googleapis/swift-google-gax
Fetching https://github.com/googleapis/swift-google-cloud-location
Fetching https://github.com/googleapis/swift-google-auth
[1/1023] Fetching swift-google-auth
[12/1575] Fetching swift-google-auth, swift-google-cloud-location
[176/3323] Fetching swift-google-auth, swift-google-cloud-location, swift-google-gax
[1024/11580] Fetching swift-google-auth, swift-google-cloud-location, swift-google-gax, swift-log
Fetched https://github.com/googleapis/swift-google-cloud-location from cache (0.53s)
[3068/11028] Fetching swift-google-auth, swift-google-gax, swift-log
Fetched https://github.com/googleapis/swift-google-auth from cache (0.55s)
[3648/10005] Fetching swift-google-gax, swift-log
Fetching https://github.com/googleapis/swift-google-wkt
Fetched https://github.com/googleapis/swift-google-gax from cache (0.66s)
Fetched https://github.com/apple/swift-log from cache (0.66s)
[1/1023] Fetching swift-google-wkt
Fetched https://github.com/googleapis/swift-google-wkt from cache (0.40s)
Computing version for https://github.com/googleapis/swift-google-wkt
Computed https://github.com/googleapis/swift-google-wkt at 0.5.0 (1.22s)
Fetching https://github.com/swift-extras/swift-extras-base64
[1/954] Fetching swift-extras-base64
Fetched https://github.com/swift-extras/swift-extras-base64 from cache (0.37s)
Computing version for https://github.com/googleapis/swift-google-gax
Computed https://github.com/googleapis/swift-google-gax at 0.5.0 (0.56s)
Fetching https://github.com/googleapis/swift-google-rpc
Fetching https://github.com/apple/swift-nio
Fetching https://github.com/swift-server/async-http-client.git
[1/422] Fetching swift-google-rpc
[423/16886] Fetching swift-google-rpc, async-http-client
[16887/103260] Fetching swift-google-rpc, async-http-client, swift-nio
Fetched https://github.com/swift-server/async-http-client.git from cache (1.17s)
[28926/86796] Fetching swift-google-rpc, swift-nio
Fetched https://github.com/googleapis/swift-google-rpc from cache (3.51s)
Fetched https://github.com/apple/swift-nio from cache (3.55s)
Computing version for https://github.com/googleapis/swift-google-cloud-location
Computed https://github.com/googleapis/swift-google-cloud-location at 0.5.0 (3.73s)
Computing version for https://github.com/googleapis/swift-google-auth
Computed https://github.com/googleapis/swift-google-auth at 0.5.0 (0.15s)
Fetching https://github.com/apple/swift-system.git
Fetching https://github.com/vapor/jwt-kit.git
[1/7241] Fetching swift-system
[943/17495] Fetching swift-system, jwt-kit
Fetched https://github.com/apple/swift-system.git from cache (0.87s)
Fetched https://github.com/vapor/jwt-kit.git from cache (0.87s)
Computing version for https://github.com/googleapis/swift-google-rpc
Computed https://github.com/googleapis/swift-google-rpc at 0.5.0 (1.04s)
Computing version for https://github.com/swift-extras/swift-extras-base64
Computed https://github.com/swift-extras/swift-extras-base64 at 1.2.0 (0.15s)
Computing version for https://github.com/swift-server/async-http-client.git
Computed https://github.com/swift-server/async-http-client.git at 1.36.2 (0.21s)
Fetching https://github.com/apple/swift-algorithms.git
Fetching https://github.com/apple/swift-atomics.git
Fetching https://github.com/apple/swift-distributed-tracing.git
Fetching https://github.com/apple/swift-configuration.git
Fetching https://github.com/apple/swift-service-context.git
[1/1501] Fetching swift-service-context
[542/5429] Fetching swift-service-context, swift-configuration
[1234/7318] Fetching swift-service-context, swift-configuration, swift-atomics
[3070/13869] Fetching swift-service-context, swift-configuration, swift-atomics, swift-distributed-tracing
[3896/20033] Fetching swift-service-context, swift-configuration, swift-atomics, swift-distributed-tracing, swift-algorithms
Fetched https://github.com/apple/swift-service-context.git from cache (0.57s)
Fetched https://github.com/apple/swift-configuration.git from cache (0.57s)
Fetching https://github.com/apple/swift-nio-http2.git
Fetching https://github.com/apple/swift-nio-transport-services.git
Fetched https://github.com/apple/swift-atomics.git from cache (0.58s)
Fetching https://github.com/apple/swift-nio-ssl.git
Fetching https://github.com/apple/swift-nio-extras.git
Fetched https://github.com/apple/swift-algorithms.git from cache (0.63s)
Fetched https://github.com/apple/swift-distributed-tracing.git from cache (0.63s)
[1/2867] Fetching swift-nio-transport-services
[30/19738] Fetching swift-nio-transport-services, swift-nio-ssl
[3375/26441] Fetching swift-nio-transport-services, swift-nio-ssl, swift-nio-extras
Fetched https://github.com/apple/swift-nio-transport-services.git from cache (0.47s)
[1850/23574] Fetching swift-nio-ssl, swift-nio-extras
Fetched https://github.com/apple/swift-nio-extras.git from cache (0.55s)
[2531/16871] Fetching swift-nio-ssl
[3713/29165] Fetching swift-nio-ssl, swift-nio-http2
Fetched https://github.com/apple/swift-nio-http2.git from cache (1.30s)
Fetched https://github.com/apple/swift-nio-ssl.git from cache (1.42s)
Computing version for https://github.com/apple/swift-service-context.git
Computed https://github.com/apple/swift-service-context.git at 1.3.0 (2.16s)
Computing version for https://github.com/apple/swift-algorithms.git
Computed https://github.com/apple/swift-algorithms.git at 1.2.1 (1.31s)
Fetching https://github.com/apple/swift-numerics.git
[1/6733] Fetching swift-numerics
Fetched https://github.com/apple/swift-numerics.git from cache (0.50s)
Computing version for https://github.com/apple/swift-log
Computed https://github.com/apple/swift-log at 1.16.1 (0.67s)
Computing version for https://github.com/apple/swift-distributed-tracing.git
Computed https://github.com/apple/swift-distributed-tracing.git at 1.5.0 (0.16s)
Computing version for https://github.com/apple/swift-atomics.git
Computed https://github.com/apple/swift-atomics.git at 1.3.1 (0.16s)
Computing version for https://github.com/apple/swift-numerics.git
Computed https://github.com/apple/swift-numerics.git at 1.1.1 (0.17s)
Computing version for https://github.com/apple/swift-nio
Computed https://github.com/apple/swift-nio at 2.104.0 (0.43s)
Fetching https://github.com/apple/swift-collections.git
[1/28703] Fetching swift-collections
Fetched https://github.com/apple/swift-collections.git from cache (1.41s)
Computing version for https://github.com/apple/swift-configuration.git
Computed https://github.com/apple/swift-configuration.git at 1.2.2 (2.25s)
Fetching https://github.com/swift-server/swift-service-lifecycle
[1/2867] Fetching swift-service-lifecycle
Fetched https://github.com/swift-server/swift-service-lifecycle from cache (0.47s)
Computing version for https://github.com/apple/swift-nio-transport-services.git
Computed https://github.com/apple/swift-nio-transport-services.git at 1.28.0 (0.64s)
Computing version for https://github.com/swift-server/swift-service-lifecycle
Computed https://github.com/swift-server/swift-service-lifecycle at 2.12.1 (0.16s)
Fetching https://github.com/apple/swift-async-algorithms.git
[1/6820] Fetching swift-async-algorithms
Fetched https://github.com/apple/swift-async-algorithms.git from cache (0.58s)
Computing version for https://github.com/apple/swift-async-algorithms.git
Computed https://github.com/apple/swift-async-algorithms.git at 1.1.7 (0.80s)
Computing version for https://github.com/apple/swift-collections.git
Computed https://github.com/apple/swift-collections.git at 1.7.2 (0.27s)
Computing version for https://github.com/apple/swift-nio-http2.git
Computed https://github.com/apple/swift-nio-http2.git at 1.46.0 (0.21s)
Computing version for https://github.com/vapor/jwt-kit.git
Computed https://github.com/vapor/jwt-kit.git at 5.7.1 (0.16s)
Fetching https://github.com/apple/swift-certificates.git
Fetching https://github.com/apple/swift-crypto.git
[1/18629] Fetching swift-crypto
[560/26242] Fetching swift-crypto, swift-certificates
Fetched https://github.com/apple/swift-certificates.git from cache (1.25s)
Fetched https://github.com/apple/swift-crypto.git from cache (1.26s)
Computing version for https://github.com/apple/swift-crypto.git
Computed https://github.com/apple/swift-crypto.git at 4.5.2 (1.89s)
Fetching https://github.com/apple/swift-asn1.git
[1/2009] Fetching swift-asn1
Fetched https://github.com/apple/swift-asn1.git from cache (0.40s)
Computing version for https://github.com/apple/swift-asn1.git
Computed https://github.com/apple/swift-asn1.git at 1.7.3 (0.60s)
Computing version for https://github.com/apple/swift-certificates.git
Computed https://github.com/apple/swift-certificates.git at 1.21.0 (0.23s)
Computing version for https://github.com/apple/swift-nio-ssl.git
Computed https://github.com/apple/swift-nio-ssl.git at 2.37.5 (0.20s)
Computing version for https://github.com/apple/swift-system.git
Computed https://github.com/apple/swift-system.git at 1.8.1 (0.21s)
Computing version for https://github.com/apple/swift-nio-extras.git
Computed https://github.com/apple/swift-nio-extras.git at 1.35.1 (0.30s)
Fetching https://github.com/apple/swift-http-types.git
Fetching https://github.com/apple/swift-http-structured-headers.git
[1/1253] Fetching swift-http-structured-headers
[14/3192] Fetching swift-http-structured-headers, swift-http-types
Fetched https://github.com/apple/swift-http-structured-headers.git from cache (0.40s)
Fetched https://github.com/apple/swift-http-types.git from cache (0.40s)
Computing version for https://github.com/apple/swift-http-structured-headers.git
Computed https://github.com/apple/swift-http-structured-headers.git at 1.7.0 (0.57s)
Computing version for https://github.com/apple/swift-http-types.git
Computed https://github.com/apple/swift-http-types.git at 1.8.0 (0.19s)
Creating working copy for https://github.com/apple/swift-numerics.git
Working copy of https://github.com/apple/swift-numerics.git resolved at 1.1.1
Creating working copy for https://github.com/apple/swift-service-context.git
Working copy of https://github.com/apple/swift-service-context.git resolved at 1.3.0
Creating working copy for https://github.com/apple/swift-nio-transport-services.git
Working copy of https://github.com/apple/swift-nio-transport-services.git resolved at 1.28.0
Creating working copy for https://github.com/swift-server/swift-service-lifecycle
Working copy of https://github.com/swift-server/swift-service-lifecycle resolved at 2.12.1
Creating working copy for https://github.com/apple/swift-nio-extras.git
Working copy of https://github.com/apple/swift-nio-extras.git resolved at 1.35.1
Creating working copy for https://github.com/googleapis/swift-google-rpc
Working copy of https://github.com/googleapis/swift-google-rpc resolved at 0.5.0
Creating working copy for https://github.com/apple/swift-http-structured-headers.git
Working copy of https://github.com/apple/swift-http-structured-headers.git resolved at 1.7.0
Creating working copy for https://github.com/apple/swift-asn1.git
Working copy of https://github.com/apple/swift-asn1.git resolved at 1.7.3
Creating working copy for https://github.com/googleapis/swift-google-cloud-location
Working copy of https://github.com/googleapis/swift-google-cloud-location resolved at 0.5.0
Creating working copy for https://github.com/apple/swift-nio-http2.git
Working copy of https://github.com/apple/swift-nio-http2.git resolved at 1.46.0
Creating working copy for https://github.com/swift-extras/swift-extras-base64
Working copy of https://github.com/swift-extras/swift-extras-base64 resolved at 1.2.0
Creating working copy for https://github.com/apple/swift-log
Working copy of https://github.com/apple/swift-log resolved at 1.16.1
Creating working copy for https://github.com/apple/swift-nio
Working copy of https://github.com/apple/swift-nio resolved at 2.104.0
Creating working copy for https://github.com/apple/swift-http-types.git
Working copy of https://github.com/apple/swift-http-types.git resolved at 1.8.0
Creating working copy for https://github.com/swift-server/async-http-client.git
Working copy of https://github.com/swift-server/async-http-client.git resolved at 1.36.2
Creating working copy for https://github.com/googleapis/swift-google-gax
Working copy of https://github.com/googleapis/swift-google-gax resolved at 0.5.0
Creating working copy for https://github.com/apple/swift-nio-ssl.git
Working copy of https://github.com/apple/swift-nio-ssl.git resolved at 2.37.5
Creating working copy for https://github.com/googleapis/swift-google-auth
Working copy of https://github.com/googleapis/swift-google-auth resolved at 0.5.0
Creating working copy for https://github.com/vapor/jwt-kit.git
Working copy of https://github.com/vapor/jwt-kit.git resolved at 5.7.1
Creating working copy for https://github.com/apple/swift-configuration.git
Working copy of https://github.com/apple/swift-configuration.git resolved at 1.2.2
Creating working copy for https://github.com/apple/swift-collections.git
Working copy of https://github.com/apple/swift-collections.git resolved at 1.7.2
Creating working copy for https://github.com/apple/swift-distributed-tracing.git
Working copy of https://github.com/apple/swift-distributed-tracing.git resolved at 1.5.0
Creating working copy for https://github.com/apple/swift-async-algorithms.git
Working copy of https://github.com/apple/swift-async-algorithms.git resolved at 1.1.7
Creating working copy for https://github.com/apple/swift-atomics.git
Working copy of https://github.com/apple/swift-atomics.git resolved at 1.3.1
Creating working copy for https://github.com/apple/swift-algorithms.git
Working copy of https://github.com/apple/swift-algorithms.git resolved at 1.2.1
Creating working copy for https://github.com/apple/swift-crypto.git
Working copy of https://github.com/apple/swift-crypto.git resolved at 4.5.2
Creating working copy for https://github.com/apple/swift-system.git
Working copy of https://github.com/apple/swift-system.git resolved at 1.8.1
Creating working copy for https://github.com/googleapis/swift-google-wkt
Working copy of https://github.com/googleapis/swift-google-wkt resolved at 0.5.0
Creating working copy for https://github.com/apple/swift-certificates.git
Working copy of https://github.com/apple/swift-certificates.git resolved at 1.21.0
Building for debugging...
[0/924] Write sources
[15/924] Write swift-version--11D90AFD9DD3AB2.txt
[16/924] Compiling _NumericsShims _NumericsShims.c
[17/935] Compiling ecdh.cc
[17/935] Write sources
[22/935] Compiling buf.cc
[23/935] Compiling _AtomicsShims.c
[24/941] Compiling ec_derive.cc
[25/943] Compiling p_dh_asn1.cc
[26/943] Write sources
[56/943] Compiling hash_to_curve.cc
[57/943] Compiling a_strnid.cc
[58/943] Compiling a_strex.cc
[60/1002] Emitting module _NIODataStructures
[61/1002] Compiling InternalCollectionsUtilities UnsafeMutablePointer+Extras.swift
[62/1002] Compiling InternalCollectionsUtilities UnsafeMutableRawBufferPointer+Extras.swift
[63/1002] Compiling InternalCollectionsUtilities UnsafePointer+Extras.swift
[64/1005] Compiling InternalCollectionsUtilities BorrowingIteratorProtocol+Equality.swift
[65/1005] Compiling InternalCollectionsUtilities BorrowingIteratorProtocol+Extras.swift
[66/1006] Compiling RealModule Real.swift
[67/1006] Compiling RealModule RealFunctions.swift
[70/1006] Compiling InternalCollectionsUtilities Debugging.swift
[71/1006] Compiling InternalCollectionsUtilities Descriptions.swift
[72/1006] Emitting module InternalCollectionsUtilities
[73/1006] Compiling InternalCollectionsUtilities _UnsafeBitSet+_Word.swift
[74/1006] Compiling InternalCollectionsUtilities _UnsafeBitSet.swift
[75/1006] Compiling InternalCollectionsUtilities UnsafeBufferPointer+Extras.swift
[76/1006] Compiling InternalCollectionsUtilities UnsafeMutableBufferPointer+Extras.swift
[77/1006] Compiling InternalCollectionsUtilities Strideable+LimitHelpers.swift
[78/1006] Compiling InternalCollectionsUtilities String+Padding.swift
[79/1006] Compiling InternalCollectionsUtilities TemporaryAllocation.swift
[80/1006] Compiling InternalCollectionsUtilities _UnsafeBitSet+Index.swift
[81/1006] Emitting module _NIOBase64
[82/1006] Compiling _NIOBase64 Base64.swift
[83/1007] Emitting module RealModule
[88/1007] Compiling InternalCollectionsUtilities FixedWidthInteger+roundUpToPowerOfTwo.swift
[89/1007] Compiling InternalCollectionsUtilities Integer rank.swift
[90/1007] Compiling InternalCollectionsUtilities UInt+first and last set bit.swift
[91/1009] Compiling ServiceContextModule ServiceContextKey.swift
[92/1009] Compiling SwiftASN1 DER.swift
[93/1009] Compiling SwiftASN1 Errors.swift
[94/1009] Compiling InternalCollectionsUtilities RandomAccessCollection+Offsets.swift
[95/1009] Compiling InternalCollectionsUtilities Span+Extras.swift
[96/1009] Compiling InternalCollectionsUtilities UnsafeRawBufferPointer+Extras.swift
[97/1009] Compiling InternalCollectionsUtilities _SortedCollection.swift
[98/1009] Compiling InternalCollectionsUtilities _UniqueCollection.swift
[99/1009] Compiling RealModule RelaxedArithmetic.swift
[100/1009] Compiling InternalCollectionsUtilities Iterable+CopyContents.swift
[101/1009] Compiling InternalCollectionsUtilities Iterable+Equality.swift
[102/1009] Compiling InternalCollectionsUtilities LifetimeOverride.swift
[103/1009] Compiling InternalCollectionsUtilities MutableRef.swift
[107/1009] Compiling InternalCollectionsUtilities UInt+reversed.swift
[110/1010] Compiling Logging Logger+Attributes.swift
[111/1011] Compiling RealModule Float80+Real.swift
[116/1011] Compiling _NIODataStructures Heap.swift
[117/1011] Compiling _NIODataStructures PriorityQueue.swift
[118/1011] Emitting module ServiceContextModule
[123/1011] Compiling RealModule Float16+Real.swift
[124/1011] Compiling ServiceContextModule ServiceContext.swift
[126/1013] Compiling Logging LoggingSystem.swift
[127/1013] Wrapping AST for _NIOBase64 for debugging
[129/1022] Emitting module _CertificateInternals
[130/1022] Compiling _CertificateInternals _TinyArray.swift
[130/1023] Wrapping AST for RealModule for debugging
[132/1029] Compiling _NIODataStructures _TinyArray.swift
[132/1030] Wrapping AST for ServiceContextModule for debugging
[133/1030] Wrapping AST for InternalCollectionsUtilities for debugging
[134/1030] Write sources
[137/1030] Compiling SpanPreview OutputSpan+InputSpanHelpers.swift
[138/1030] Compiling SpanPreview MutableSpan+InputSpanHelpers.swift
[139/1030] Emitting module SpanPreview
[139/1030] Compiling CXKCPShims shims.c
[141/1030] Compiling SpanPreview InputSpan.swift
[142/1031] Compiling ExtrasBase64 Base32+Span.swift
[142/1031] Compiling SimpleFIPS202.c
[143/1031] Compiling KeccakSponge.c
[145/1031] Compiling KeccakHash.c
[148/1031] Emitting module Instrumentation
[148/1031] Wrapping AST for _CertificateInternals for debugging
[149/1031] Compiling CSystem shims.c
[151/1031] Compiling Instrumentation NoOpInstrument.swift
[152/1031] Compiling Instrumentation MultiplexInstrument.swift
[152/1032] Wrapping AST for _NIODataStructures for debugging
[153/1037] Compiling Logging Logger+With.swift
[154/1037] Compiling Logging Logger.swift
[155/1068] Wrapping AST for SpanPreview for debugging
[156/1068] Compiling CNIOWindows shim.c
[157/1068] Compiling CNIOWindows WSAStartup.c
[158/1068] Compiling CNIOWASI CNIOWASI.c
[159/1069] Compiling CNIOPosix event_loop_id.c
[160/1075] Compiling CNIOOpenBSD shim.c
[162/1102] Compiling Instrumentation Instrument.swift
[163/1110] Compiling DequeModule RigidDeque+Initializers.swift
[164/1110] Compiling DequeModule RigidDeque+Insertions.swift
[165/1110] Compiling DequeModule RigidDeque+Iterable.swift
[166/1110] Compiling DequeModule RigidDeque+Prepend.swift
[167/1110] Compiling DequeModule RigidDeque+Removals.swift
[167/1115] Compiling CNIOLinux shim.c
[168/1115] Compiling KeccakP-1600-opt64.c
[169/1115] Compiling CNIOLinux liburing_shims.c
[171/1115] Emitting module SwiftASN1
[171/1115] Compiling CNIOLLHTTP c_nio_llhttp.c
[172/1115] Compiling CNIOLLHTTP c_nio_http.c
[173/1115] Compiling CNIOFreeBSD shim.c
[174/1115] Compiling CNIOLLHTTP c_nio_api.c
[175/1115] Compiling CNIOExtrasZlib trees.c
[176/1115] Compiling CNIOExtrasZlib zutil.c
[177/1115] Compiling CNIOExtrasZlib inftrees.c
[178/1115] Compiling CNIOExtrasZlib inffast.c
[179/1115] Compiling CNIOExtrasZlib inflate.c
[180/1115] Compiling CNIOExtrasZlib deflate.c
[182/1115] Compiling SystemPackage SystemString.swift
[183/1115] Compiling SystemPackage Util+StringArray.swift
[184/1115] Compiling SystemPackage Util.swift
[185/1115] Compiling SystemPackage UtilConsumers.swift
[186/1115] Compiling SystemPackage WinSDK+Overlay.swift
[186/1115] Compiling CNIOExtrasZlib adler32.c
[187/1115] Compiling CNIODarwin shim.c
[188/1115] Compiling CNIOExtrasZlib crc32.c
[190/1115] Compiling DequeModule Deque+Extras.swift
[191/1115] Compiling DequeModule Deque+Hashable.swift
[192/1115] Compiling DequeModule Deque+Testing.swift
[193/1115] Compiling DequeModule Deque._Storage.swift
[194/1115] Compiling DequeModule Deque._UnsafeHandle.swift
[195/1115] Compiling DequeModule Deque.swift
[196/1115] Compiling DequeModule _DequeBuffer.swift
[197/1115] Compiling DequeModule _DequeBufferHeader.swift
[198/1115] Compiling DequeModule RigidDeque+Append.swift
[199/1115] Compiling DequeModule RigidDeque+Consumption.swift
[200/1115] Compiling DequeModule RigidDeque+ContainerOperations.swift
[201/1115] Compiling DequeModule RigidDeque+Deprecations.swift
[201/1120] Compiling fiat_p256_adx_sqr.S
[203/1120] Compiling DequeModule UniqueDeque+Consumption.swift
[204/1120] Compiling DequeModule UniqueDeque+ContainerOperations.swift
[205/1120] Compiling DequeModule UniqueDeque+Deprecations.swift
[206/1120] Compiling DequeModule UniqueDeque+Descriptions.swift
[207/1120] Compiling DequeModule UniqueDeque+Equatable.swift
[208/1120] Compiling DequeModule UniqueDeque+Hashable.swift
[213/1120] Compiling fiat_p256_adx_mul.S
[214/1120] Compiling fiat_curve25519_adx_square.S
[215/1120] Compiling fiat_curve25519_adx_mul.S
[217/1120] Compiling DequeModule RigidDeque+Descriptions.swift
[218/1120] Compiling DequeModule RigidDeque+Equatable.swift
[219/1120] Compiling DequeModule RigidDeque+Hashable.swift
[225/1120] Compiling DequeModule RigidDeque+Replacements.swift
[226/1120] Compiling DequeModule RigidDeque+Testing.swift
[227/1120] Compiling DequeModule RigidDeque.swift
[228/1120] Compiling DequeModule UniqueDeque+Append.swift
[229/1120] Compiling DequeModule Deque+Codable.swift
[230/1120] Compiling DequeModule Deque+Collection.swift
[231/1120] Compiling DequeModule Deque+CustomReflectable.swift
[232/1120] Compiling DequeModule Deque+Descriptions.swift
[233/1120] Compiling DequeModule Deque+Equatable.swift
[234/1120] Compiling DequeModule Deque+ExpressibleByArrayLiteral.swift
[235/1120] Compiling Instrumentation InstrumentationSystem.swift
[241/1120] Compiling Instrumentation Locks.swift
[255/1121] Compiling Logging MetadataProvider.swift
[257/1121] Compiling CNIOBoringSSLShims shims.c
[261/1129] Emitting module Logging
[269/1130] Wrapping AST for Instrumentation for debugging
[271/1131] Wrapping AST for Logging for debugging
[279/1131] Compiling Tracing TracingTime.swift
[284/1132] Compiling tls_record.cc
[286/1132] Emitting module Tracing
[286/1132] Wrapping AST for SwiftASN1 for debugging
[288/1132] Compiling Tracing WithTracer.swift
[289/1132] Emitting module SystemPackage
[290/1132] Compiling Tracing Tracer.swift
[291/1132] Compiling Tracing TracerProtocol+Legacy.swift
[292/1132] Compiling Tracing TracerProtocol.swift
[293/1132] Compiling Tracing NoOpTracer.swift
[294/1132] Compiling Tracing SpanProtocol.swift
[295/1132] Compiling Tracing InstrumentationSystem+Tracing.swift
[296/1133] Compiling ExtrasBase64 Base32.swift
[297/1133] Wrapping AST for Tracing for debugging
[298/1133] Compiling tls13_server.cc
[300/1133] Compiling DequeModule UniqueDeque+Replacements.swift
[301/1133] Compiling DequeModule UniqueDeque.swift
[302/1133] Compiling DequeModule _DequeSlot.swift
[303/1133] Compiling DequeModule _UnsafeDequeHandle.swift
[304/1133] Compiling DequeModule _UnsafeDequeSegments.swift
[310/1134] Compiling tls_method.cc
[311/1134] Compiling t1_enc.cc
[312/1134] Wrapping AST for SystemPackage for debugging
[313/1134] Compiling ssl_transcript.cc
[314/1134] Compiling ssl_versions.cc
[315/1134] Compiling tls13_enc.cc
[316/1134] Compiling ssl_stat.cc
[317/1134] Compiling tls13_client.cc
[318/1134] Compiling ssl_lib.cc
[320/1134] Emitting module DequeModule
[320/1135] Compiling ssl_x509.cc
[322/1135] Compiling tls13_both.cc
[324/1178] Compiling Configuration Deprecations.swift
[325/1178] Compiling Configuration ExpressibleByConfigInt.swift
[326/1178] Compiling Configuration ExpressibleByConfigString.swift
[327/1178] Compiling Configuration CLIKeyEncoder.swift
[328/1178] Compiling Configuration ConfigKeyEncoder.swift
[329/1178] Compiling Configuration DotSeparatorKeyDecoder.swift
[329/1183] Compiling ssl_privkey.cc
[330/1183] Wrapping AST for DequeModule for debugging
[331/1183] Compiling ssl_cipher.cc
[332/1183] Compiling ssl_session.cc
[333/1183] Compiling ssl_key_share.cc
[334/1183] Compiling ssl_file.cc
[335/1183] Compiling ssl_credential.cc
[336/1183] Compiling ssl_cert.cc
[337/1183] Compiling ssl_aead_ctx.cc
[338/1183] Compiling ssl_buffer.cc
[339/1183] Compiling ssl_asn1.cc
[341/1183] Compiling ExtrasBase64 Base64.swift
[342/1183] Compiling ExtrasBase64 Base64+Span.swift
[342/1183] Compiling s3_pkt.cc
[343/1183] Compiling s3_lib.cc
[344/1183] Compiling handshake_client.cc
[345/1183] Compiling s3_both.cc
[347/1183] Emitting module ExtrasBase64
[348/1215] Compiling handshake.cc
[350/1215] Compiling GoogleWKT WKTFieldMask.swift
[351/1215] Compiling GoogleWKT WKTStringValue.swift
[352/1215] Compiling GoogleWKT WKTTimestamp.swift
[353/1215] Compiling GoogleWKT WKTUInt32Value.swift
[354/1215] Compiling GoogleWKT WKTUInt64Value.swift
[355/1215] Compiling GoogleWKT WKTValue.swift
[356/1215] Compiling GoogleWKT WKTApi.swift
[357/1215] Compiling GoogleWKT WKTEnum.swift
[358/1215] Compiling GoogleWKT WKTEnumValue.swift
[359/1215] Compiling GoogleWKT WKTField.swift
[360/1215] Compiling GoogleWKT WKTMethod.swift
[361/1215] Compiling GoogleWKT WKTMixin.swift
[362/1215] Compiling Configuration EnvironmentKeyEncoder.swift
[363/1215] Compiling Configuration EnvironmentVariablesProvider.swift
[364/1215] Compiling Configuration CommonProviderFileSystem.swift
[365/1215] Compiling Configuration DirectoryFilesProvider.swift
[366/1215] Compiling Configuration FileProvider.swift
[367/1215] Compiling Configuration FileProviderSnapshot.swift
[368/1215] Compiling Configuration CombineLatestManyStorage.swift
[369/1215] Compiling Configuration AsyncSequences.swift
[369/1215] Wrapping AST for ExtrasBase64 for debugging
[370/1215] Compiling Configuration FoundationExtensions.swift
[371/1215] Compiling Configuration Span.swift
[372/1215] Compiling Configuration ConfigBytesFromStringDecoder.swift
[373/1215] Compiling Configuration MutableInMemoryProvider.swift
[374/1215] Compiling Configuration ConfigProvider+Operators.swift
[375/1215] Compiling Configuration KeyMappingProvider.swift
[376/1215] Compiling Configuration SecretsSpecifier.swift
[377/1215] Compiling Configuration AsyncCombineLatestManySequence.swift
[378/1215] Compiling Configuration CombineLatestManyStateMachine.swift
[380/1215] Compiling GoogleWKT WKTOption.swift
[381/1215] Compiling GoogleWKT AnyPackable.swift
[382/1215] Compiling GoogleWKT DecodeToDefault.swift
[383/1215] Compiling GoogleWKT DiscoveryBase64.swift
[384/1215] Compiling GoogleWKT ProtoJSONDecoder.swift
[385/1215] Compiling GoogleWKT ProtoJSONEncoder.swift
[386/1215] Compiling GoogleWKT UnknownFields.swift
[387/1215] Compiling GoogleWKT WKTAny.swift
[388/1215] Compiling GoogleWKT WKTAnyError.swift
[389/1215] Compiling GoogleWKT WKTBoolValue.swift
[390/1215] Compiling GoogleWKT WKTBytesValue.swift
[391/1215] Compiling GoogleWKT WKTFloatValue.swift
[392/1215] Emitting module Configuration
[393/1216] Wrapping AST for Configuration for debugging
[394/1216] Compiling dtls_record.cc
[395/1216] Compiling handoff.cc
[396/1216] Compiling d1_srtp.cc
[397/1216] Compiling handshake_server.cc
[409/1220] Compiling GoogleWKT WKTInt32Value.swift
[410/1220] Compiling GoogleWKT WKTInt64Value.swift
[411/1220] Compiling GoogleWKT WKTRecursive.swift
[411/1220] Compiling bio_ssl.cc
[412/1220] Compiling encrypted_client_hello.cc
[413/1220] Compiling GoogleWKT WKTDoubleValue.swift
[414/1220] Compiling GoogleWKT WKTDuration.swift
[415/1220] Compiling GoogleWKT WKTEmpty.swift
[417/1220] Compiling md5-x86_64-apple.S
[418/1220] Compiling md5-x86_64-linux.S
[419/1220] Compiling md5-586-linux.S
[420/1220] Compiling md5-586-apple.S
[421/1220] Compiling extensions.cc
[422/1220] Compiling chacha20_poly1305_x86_64-linux.S
[423/1220] Compiling chacha20_poly1305_x86_64-apple.S
[424/1220] Compiling chacha20_poly1305_armv8-win.S
[433/1220] Compiling chacha20_poly1305_armv8-apple.S
[434/1220] Compiling chacha20_poly1305_armv8-linux.S
[435/1220] Compiling chacha-x86_64-linux.S
[436/1220] Compiling chacha-x86-linux.S
[437/1220] Compiling chacha-x86_64-apple.S
[438/1220] Compiling chacha-x86-apple.S
[439/1220] Compiling chacha-armv8-win.S
[440/1220] Compiling chacha-armv8-apple.S
[441/1220] Compiling chacha-armv8-linux.S
[442/1220] Compiling chacha-armv4-linux.S
[443/1220] Compiling aes128gcmsiv-x86_64-linux.S
[444/1220] Compiling d1_pkt.cc
[445/1220] Compiling aes128gcmsiv-x86_64-apple.S
[446/1220] Compiling x86_64-mont5-linux.S
[447/1220] Compiling dtls_method.cc
[448/1220] Compiling x86_64-mont-linux.S
[449/1220] Compiling x86_64-mont-apple.S
[451/1220] Compiling GoogleWKT WKTSourceContext.swift
[452/1220] Compiling GoogleWKT WKTSyntax.swift
[453/1220] Compiling GoogleWKT WKTType.swift
[454/1220] Compiling GoogleWKT PackageVersion.swift
[454/1220] Compiling x86_64-mont5-apple.S
[455/1220] Compiling x86-mont-apple.S
[456/1220] Compiling x86-mont-linux.S
[457/1220] Compiling vpaes-x86_64-apple.S
[457/1220] Compiling vpaes-x86_64-linux.S
[459/1220] Compiling vpaes-x86-apple.S
[460/1220] Compiling vpaes-x86-linux.S
[461/1220] Compiling vpaes-armv8-linux.S
[462/1220] Compiling vpaes-armv8-apple.S
[463/1220] Compiling vpaes-armv8-win.S
[464/1220] Compiling sha512-x86_64-linux.S
[465/1220] Compiling sha512-armv8-win.S
[466/1220] Compiling vpaes-armv7-linux.S
[467/1220] Compiling sha512-x86_64-apple.S
[468/1220] Compiling sha512-armv8-apple.S
[469/1220] Compiling sha512-armv4-linux.S
[470/1220] Compiling sha512-586-linux.S
[471/1220] Compiling sha512-armv8-linux.S
[472/1220] Compiling sha512-586-apple.S
[473/1220] Compiling d1_lib.cc
[474/1220] Compiling sha256-x86_64-linux.S
[475/1220] Compiling sha256-armv8-linux.S
[476/1220] Compiling sha256-x86_64-apple.S
[477/1220] Compiling sha256-armv8-win.S
[478/1220] Compiling sha256-armv8-apple.S
[479/1220] Compiling err_data.cc
[480/1220] Compiling sha256-armv4-linux.S
[481/1220] Compiling sha1-x86_64-apple.S
[482/1220] Compiling sha1-x86_64-linux.S
[483/1220] Compiling sha256-586-linux.S
[484/1220] Compiling sha256-586-apple.S
[485/1220] Compiling sha1-armv8-win.S
[486/1220] Compiling sha1-armv4-large-linux.S
[492/1220] Compiling sha1-armv8-linux.S
[494/1220] Emitting module GoogleWKT
[494/1220] Compiling sha1-586-linux.S
[495/1221] Compiling sha1-armv8-apple.S
[496/1221] Compiling sha1-586-apple.S
[497/1221] Compiling rsaz-avx2-linux.S
[498/1221] Compiling rsaz-avx2-apple.S
[499/1221] Compiling p256_beeu-x86_64-asm-linux.S
[501/1221] Compiling p256_beeu-x86_64-asm-apple.S
[502/1221] Compiling rdrand-x86_64-linux.S
[503/1221] Compiling rdrand-x86_64-apple.S
[504/1221] Compiling p256_beeu-armv8-asm-apple.S
[505/1221] Compiling p256-x86_64-asm-linux.S
[506/1221] Compiling p256_beeu-armv8-asm-win.S
[507/1221] Compiling p256_beeu-armv8-asm-linux.S
[508/1221] Compiling p256-x86_64-asm-apple.S
[509/1221] Compiling p256-armv8-asm-win.S
[510/1221] Compiling ghashv8-armv8-win.S
[511/1221] Compiling p256-armv8-asm-apple.S
[512/1221] Compiling ghashv8-armv8-linux.S
[513/1221] Compiling ghashv8-armv8-apple.S
[514/1221] Compiling p256-armv8-asm-linux.S
[515/1222] Wrapping AST for GoogleWKT for debugging
[516/1236] Compiling ghash-x86_64-linux.S
[517/1236] Compiling ghashv8-armv7-linux.S
[518/1236] Compiling ghash-x86-linux.S
[519/1236] Compiling ghash-x86_64-apple.S
[520/1236] Compiling ghash-x86-apple.S
[521/1236] Compiling ghash-ssse3-x86_64-linux.S
[522/1236] Compiling ghash-ssse3-x86_64-apple.S
[523/1236] Compiling ghash-ssse3-x86-linux.S
[524/1236] Compiling ghash-ssse3-x86-apple.S
[525/1236] Compiling ghash-neon-armv8-win.S
[526/1236] Compiling ghash-neon-armv8-apple.S
[527/1236] Compiling ghash-neon-armv8-linux.S
[528/1236] Compiling d1_both.cc
[529/1236] Compiling bsaes-armv7-linux.S
[530/1236] Compiling ghash-armv4-linux.S
[531/1236] Compiling co-586-linux.S
[532/1236] Compiling co-586-apple.S
[533/1236] Compiling bn-armv8-linux.S
[534/1236] Compiling bn-armv8-win.S
[535/1236] Compiling bn-586-linux.S
[536/1236] Compiling bn-armv8-apple.S
[537/1236] Compiling bn-586-apple.S
[538/1236] Compiling armv8-mont-win.S
[539/1236] Compiling aesv8-gcm-armv8-win.S
[540/1236] Compiling armv8-mont-apple.S
[541/1236] Compiling armv4-mont-linux.S
[542/1236] Compiling armv8-mont-linux.S
[543/1236] Compiling aesv8-gcm-armv8-apple.S
[544/1236] Compiling aesv8-armv8-win.S
[545/1236] Compiling aesv8-armv8-linux.S
[546/1236] Compiling aesv8-gcm-armv8-linux.S
[547/1236] Compiling aesni-x86_64-apple.S
[548/1236] Compiling aesni-x86-linux.S
[549/1236] Compiling aesni-x86_64-linux.S
[550/1236] Compiling aesv8-armv7-linux.S
[551/1236] Compiling aesni-x86-apple.S
[552/1236] Compiling aesv8-armv8-apple.S
[553/1236] Compiling aesni-gcm-x86_64-linux.S
[554/1236] Compiling aesni-gcm-x86_64-apple.S
[555/1236] Compiling aes-gcm-avx10-x86_64-linux.S
[556/1236] Compiling aes-gcm-avx2-x86_64-apple.S
[557/1236] Compiling aes-gcm-avx2-x86_64-linux.S
[558/1236] Compiling aes-gcm-avx10-x86_64-apple.S
[560/1236] Compiling GoogleRpc LocalizedMessage.swift
[561/1236] Compiling GoogleRpc PackageVersion.swift
[562/1236] Compiling GoogleRpc RequestInfo.swift
[563/1236] Compiling GoogleRpc ResourceInfo.swift
[564/1238] Compiling GoogleRpc RetryInfo.swift
[565/1238] Compiling GoogleRpc Status.swift
[566/1238] Compiling GoogleRpc PreconditionFailure.swift
[567/1238] Compiling GoogleRpc QuotaFailure.swift
[568/1238] Compiling GoogleRpc HttpRequest.swift
[569/1238] Compiling GoogleRpc HttpResponse.swift
[570/1238] Compiling GoogleRpc DebugInfo.swift
[571/1238] Compiling GoogleRpc ErrorInfo.swift
[572/1238] Compiling GoogleRpc Help.swift
[573/1238] Compiling GoogleRpc HttpHeader.swift
[574/1238] Emitting module GoogleRpc
[575/1238] Compiling GoogleRpc BadRequest.swift
[576/1238] Compiling GoogleRpc Code.swift
[576/1239] Compiling x_req.cc
[578/1239] Compiling x_spki.cc
[579/1239] Wrapping AST for GoogleRpc for debugging
[580/1239] Compiling x_exten.cc
[581/1239] Compiling x_x509a.cc
[582/1239] Compiling x_crl.cc
[583/1239] Compiling x_sig.cc
[584/1239] Compiling x_val.cc
[585/1239] Compiling x_x509.cc
[586/1239] Compiling x_pubkey.cc
[587/1239] Compiling x_name.cc
[588/1239] Compiling x509rset.cc
[589/1239] Compiling x_attrib.cc
[590/1239] Compiling x509cset.cc
[591/1239] Compiling x_algor.cc
[592/1239] Compiling x509spki.cc
[593/1239] Compiling x509_vpm.cc
[594/1239] Compiling x509name.cc
[595/1239] Compiling x_all.cc
[596/1239] Compiling x509_set.cc
[597/1239] Compiling x509_req.cc
[598/1239] Compiling x509_vfy.cc
[599/1239] Compiling x509_v3.cc
[600/1239] Compiling x509_lu.cc
[601/1239] Compiling x509_ext.cc
[602/1239] Compiling x509_txt.cc
[603/1239] Compiling x509_trs.cc
[604/1239] Compiling x509_obj.cc
[605/1239] Compiling x509_cmp.cc
[606/1239] Compiling x509_def.cc
[607/1239] Compiling x509.cc
[608/1239] Compiling x509_att.cc
[609/1239] Compiling x509_d2.cc
[610/1239] Compiling v3_skey.cc
[611/1239] Compiling v3_utl.cc
[612/1239] Compiling v3_purp.cc
[613/1239] Compiling v3_prn.cc
[614/1239] Compiling v3_pmaps.cc
[615/1239] Compiling v3_pcons.cc
[616/1239] Compiling v3_ocsp.cc
[617/1239] Compiling v3_lib.cc
[618/1239] Compiling v3_ncons.cc
[619/1239] Compiling v3_int.cc
[620/1239] Compiling v3_info.cc
[621/1239] Compiling v3_ia5.cc
[622/1239] Compiling v3_crld.cc
[623/1239] Compiling v3_extku.cc
[624/1239] Compiling v3_genn.cc
[625/1239] Compiling v3_enum.cc
[626/1239] Compiling v3_cpols.cc
[627/1239] Compiling v3_conf.cc
[628/1239] Compiling t_req.cc
[629/1239] Compiling v3_bitst.cc
[630/1239] Compiling v3_bcons.cc
[631/1239] Compiling v3_alt.cc
[632/1239] Compiling v3_akey.cc
[633/1239] Compiling v3_akeya.cc
[634/1239] Compiling t_x509a.cc
[635/1239] Compiling t_x509.cc
[636/1239] Compiling t_crl.cc
[637/1239] Compiling policy.cc
[638/1239] Compiling i2d_pr.cc
[639/1239] Compiling rsa_pss.cc
[640/1239] Compiling algorithm.cc
[641/1239] Compiling asn1_gen.cc
[642/1239] Compiling name_print.cc
[643/1239] Compiling by_file.cc
[644/1239] Compiling a_digest.cc
[645/1239] Compiling by_dir.cc
[646/1239] Compiling a_verify.cc
[647/1239] Compiling thread_win.cc
[648/1239] Compiling a_sign.cc
[649/1239] Compiling trust_token.cc
[650/1239] Compiling thread.cc
[651/1239] Compiling thread_pthread.cc
[652/1239] Compiling voprf.cc
[653/1239] Compiling thread_none.cc
[654/1239] Compiling pmbtoken.cc
[655/1239] Compiling stack.cc
[656/1239] Compiling siphash.cc
[657/1239] Compiling sha1.cc
[658/1239] Compiling rsa_crypt.cc
[659/1239] Compiling sha512.cc
[660/1239] Compiling sha256.cc
[661/1239] Compiling rsa_asn1.cc
[662/1239] Compiling slhdsa.cc
[663/1239] Compiling rsa_print.cc
[664/1239] Compiling rsa_extra.cc
[665/1239] Compiling spake2plus.cc
[666/1239] Compiling refcount.cc
[667/1239] Compiling trusty.cc
[668/1239] Compiling urandom.cc
[669/1239] Compiling rc4.cc
[670/1239] Compiling windows.cc
[671/1239] Compiling ios.cc
[672/1239] Compiling rand.cc
[673/1239] Compiling getentropy.cc
[674/1239] Compiling poly1305_arm_asm.S
[675/1239] Compiling forkunsafe.cc
[676/1239] Compiling passive.cc
[677/1239] Compiling fork_detect.cc
[678/1239] Compiling deterministic.cc
[679/1239] Compiling pool.cc
[680/1239] Compiling poly1305_vec.cc
[681/1239] Compiling poly1305.cc
[682/1239] Compiling poly1305_arm.cc
[683/1239] Compiling p5_pbev2.cc
[684/1239] Compiling pkcs8.cc
[685/1239] Compiling pkcs7.cc
[686/1239] Compiling pkcs8_x509.cc
[687/1239] Compiling pkcs7_x509.cc
[688/1239] Compiling pem_xaux.cc
[689/1239] Compiling pem_pkey.cc
[690/1239] Compiling pem_pk8.cc
[691/1239] Compiling obj.cc
[692/1239] Compiling pem_info.cc
[693/1239] Compiling pem_x509.cc
[694/1239] Compiling mem.cc
[695/1239] Compiling md5.cc
[696/1239] Compiling mldsa.cc
[697/1239] Compiling pem_oth.cc
[698/1239] Compiling obj_xref.cc
[699/1239] Compiling poly_rq_mul.S
[700/1239] Compiling lhash.cc
[701/1239] Compiling mlkem.cc
[702/1239] Compiling fips_shared_support.cc
[703/1239] Compiling pem_all.cc
[704/1239] Compiling pem_lib.cc
[705/1239] Compiling ex_data.cc
[706/1239] Compiling md4.cc
[707/1239] Compiling print.cc
[708/1239] Compiling sign.cc
[709/1239] Compiling kyber.cc
[710/1239] Compiling p_x25519.cc
[711/1239] Compiling hpke.cc
[712/1239] Compiling hrss.cc
[713/1239] Compiling scrypt.cc
[714/1239] Compiling pbkdf.cc
[715/1239] Compiling p_ed25519_asn1.cc
[716/1239] Compiling p_x25519_asn1.cc
[717/1239] Compiling p_rsa.cc
[718/1239] Compiling p_ed25519.cc
[719/1239] Compiling p_ec.cc
[720/1239] Compiling p_dh_asn1.cc
[721/1239] Compiling p_ec_asn1.cc
[722/1239] Compiling p_hkdf.cc
[723/1239] Compiling p_dh.cc
[724/1239] Compiling p_rsa_asn1.cc
[725/1239] Compiling engine.cc
[726/1239] Compiling evp_ctx.cc
[727/1239] Compiling evp.cc
[728/1239] Compiling p_dsa_asn1.cc
[729/1239] Compiling err.cc
[730/1239] Compiling ecdh.cc
[731/1239] Compiling evp_asn1.cc
[732/1239] Compiling hash_to_curve.cc
[733/1239] Compiling dsa.cc
[734/1239] Compiling ecdsa_asn1.cc
[735/1239] Compiling ec_derive.cc
[736/1239] Compiling spake25519.cc
[737/1239] Compiling ec_asn1.cc
[738/1239] Compiling curve25519_64_adx.cc
[739/1239] Compiling params.cc
[740/1239] Compiling x25519-asm-arm.S
[741/1239] Compiling dsa_asn1.cc
[742/1239] Compiling digest_extra.cc
[743/1239] Compiling dh_asn1.cc
[744/1239] Compiling des.cc
[745/1239] Compiling cpu_intel.cc
[746/1239] Compiling cpu_arm_linux.cc
[747/1239] Compiling bcm.cc
[748/1239] Compiling crypto.cc
[749/1239] Compiling curve25519.cc
[750/1239] Compiling cpu_aarch64_win.cc
[751/1239] Compiling cpu_arm_freebsd.cc
[752/1239] Compiling cpu_aarch64_fuchsia.cc
[753/1239] Compiling cpu_aarch64_sysreg.cc
[754/1239] Compiling cpu_aarch64_linux.cc
[755/1239] Compiling cpu_aarch64_openbsd.cc
[756/1239] Compiling e_tls.cc
[757/1239] Compiling cpu_aarch64_apple.cc
[758/1239] Compiling conf.cc
[759/1239] Compiling get_cipher.cc
[760/1239] Compiling tls_cbc.cc
[761/1239] Compiling e_des.cc
[762/1239] Compiling e_rc4.cc
[763/1239] Compiling e_rc2.cc
[764/1239] Compiling e_null.cc
[765/1239] Compiling e_aesctrhmac.cc
[766/1239] Compiling chacha.cc
[767/1239] Compiling e_aesgcmsiv.cc
[768/1239] Compiling e_chacha20poly1305.cc
[769/1239] Compiling derive_key.cc
[770/1239] Compiling unicode.cc
[771/1239] Compiling cbb.cc
[772/1239] Compiling blake2.cc
[773/1239] Compiling socket_helper.cc
[774/1239] Compiling buf.cc
[775/1239] Compiling ber.cc
[776/1239] Compiling socket.cc
[777/1239] Compiling asn1_compat.cc
[778/1239] Compiling cbs.cc
[779/1239] Compiling convert.cc
[780/1239] Compiling bn_asn1.cc
[781/1239] Compiling fd.cc
[782/1239] Compiling printf.cc
[783/1239] Compiling bio.cc
[784/1239] Compiling hexdump.cc
[785/1239] Compiling bio_mem.cc
[786/1239] Compiling pair.cc
[787/1239] Compiling file.cc
[788/1239] Compiling errno.cc
[789/1239] Compiling connect.cc
[790/1239] Compiling tasn_typ.cc
[791/1239] Compiling base64.cc
[792/1239] Compiling tasn_enc.cc
[793/1239] Compiling tasn_dec.cc
[794/1239] Compiling tasn_utl.cc
[795/1239] Compiling tasn_fre.cc
[796/1239] Compiling tasn_new.cc
[797/1239] Compiling posix_time.cc
[798/1239] Compiling f_string.cc
[799/1239] Compiling asn1_par.cc
[800/1239] Compiling f_int.cc
[801/1239] Compiling asn1_lib.cc
[802/1239] Compiling asn_pack.cc
[803/1239] Compiling a_octet.cc
[804/1239] Compiling a_type.cc
[805/1239] Compiling a_time.cc
[806/1239] Compiling a_strex.cc
[807/1239] Compiling a_object.cc
[808/1239] Compiling a_utctm.cc
[809/1239] Compiling a_strnid.cc
[810/1239] Compiling a_i2d_fp.cc
[811/1239] Compiling a_mbstr.cc
[812/1239] Compiling a_gentm.cc
[813/1239] Compiling CGoogleGaxCRC32C CGoogleGaxCRC32C.c
[814/1239] Compiling a_dup.cc
[815/1239] Compiling fiat_p256_adx_sqr.S
[816/1239] Compiling a_d2i_fp.cc
[817/1239] Compiling fiat_p256_adx_mul.S
[818/1239] Compiling a_bitstr.cc
[819/1239] Compiling fiat_curve25519_adx_square.S
[820/1239] Compiling md5-x86_64-linux.S
[821/1239] Compiling fiat_curve25519_adx_mul.S
[822/1239] Compiling CCryptoBoringSSLShims shims.c
[823/1239] Compiling md5-586-linux.S
[824/1239] Compiling md5-x86_64-apple.S
[825/1239] Compiling md5-586-apple.S
[826/1239] Compiling chacha20_poly1305_armv8-win.S
[827/1239] Compiling chacha20_poly1305_x86_64-apple.S
[828/1239] Compiling a_int.cc
[829/1239] Compiling chacha20_poly1305_x86_64-linux.S
[830/1239] Compiling chacha20_poly1305_armv8-apple.S
[831/1239] Compiling chacha-x86_64-linux.S
[832/1239] Compiling chacha-x86_64-apple.S
[833/1239] Compiling chacha20_poly1305_armv8-linux.S
[834/1239] Compiling chacha-x86-linux.S
[835/1239] Compiling chacha-x86-apple.S
[836/1239] Compiling chacha-armv8-apple.S
[837/1239] Compiling chacha-armv8-win.S
[838/1239] Compiling aes128gcmsiv-x86_64-apple.S
[839/1239] Compiling chacha-armv4-linux.S
[840/1239] Compiling chacha-armv8-linux.S
[841/1239] Compiling aes128gcmsiv-x86_64-linux.S
[842/1239] Compiling x86_64-mont5-linux.S
[843/1239] Compiling x86_64-mont-apple.S
[844/1239] Compiling x86_64-mont-linux.S
[845/1239] Compiling x86_64-mont5-apple.S
[846/1239] Compiling x86-mont-linux.S
[847/1239] Compiling x86-mont-apple.S
[848/1239] Compiling vpaes-x86_64-apple.S
[849/1239] Compiling vpaes-x86-apple.S
[850/1239] Compiling vpaes-x86_64-linux.S
[851/1239] Compiling vpaes-x86-linux.S
[852/1239] Compiling vpaes-armv8-win.S
[853/1239] Compiling vpaes-armv8-apple.S
[854/1239] Compiling vpaes-armv7-linux.S
[855/1239] Compiling sha512-x86_64-linux.S
[856/1239] Compiling vpaes-armv8-linux.S
[857/1239] Compiling sha512-x86_64-apple.S
[858/1239] Compiling sha512-armv8-win.S
[859/1239] Compiling sha512-armv8-apple.S
[860/1239] Compiling sha512-armv8-linux.S
[861/1239] Compiling sha512-armv4-linux.S
[862/1239] Compiling sha512-586-apple.S
[863/1239] Compiling sha512-586-linux.S
[864/1239] Compiling sha256-x86_64-apple.S
[865/1239] Compiling a_bool.cc
[866/1239] Compiling sha256-x86_64-linux.S
[867/1239] Compiling sha256-armv8-apple.S
[868/1239] Compiling sha256-armv8-linux.S
[869/1239] Compiling sha256-armv8-win.S
[870/1239] Compiling sha1-x86_64-linux.S
[871/1239] Compiling sha256-armv4-linux.S
[872/1239] Compiling sha256-586-linux.S
[873/1239] Compiling err_data.cc
[874/1239] Compiling sha1-armv8-win.S
[875/1239] Compiling sha256-586-apple.S
[876/1239] Compiling sha1-x86_64-apple.S
[877/1239] Compiling sha1-armv8-linux.S
[878/1239] Compiling sha1-armv8-apple.S
[879/1239] Compiling sha1-armv4-large-linux.S
[880/1239] Compiling sha1-586-linux.S
[881/1239] Compiling rsaz-avx2-linux.S
[882/1239] Compiling sha1-586-apple.S
[882/1239] Compiling rsaz-avx2-apple.S
[884/1239] Compiling rdrand-x86_64-linux.S
[885/1239] Compiling p256_beeu-x86_64-asm-linux.S
[886/1239] Compiling p256_beeu-x86_64-asm-apple.S
[887/1239] Compiling p256_beeu-armv8-asm-win.S
[888/1239] Compiling p256_beeu-armv8-asm-linux.S
[889/1239] Compiling rdrand-x86_64-apple.S
[890/1239] Compiling p256-x86_64-asm-linux.S
[891/1239] Compiling p256_beeu-armv8-asm-apple.S
[892/1239] Compiling p256-x86_64-asm-apple.S
[893/1239] Compiling p256-armv8-asm-win.S
[894/1239] Compiling p256-armv8-asm-linux.S
[895/1239] Compiling p256-armv8-asm-apple.S
[896/1239] Compiling ghashv8-armv8-linux.S
[897/1239] Compiling ghashv8-armv8-apple.S
[898/1239] Compiling ghashv8-armv7-linux.S
[899/1239] Compiling ghash-x86_64-apple.S
[900/1239] Compiling ghash-x86-linux.S
[901/1239] Compiling ghash-x86_64-linux.S
[902/1239] Compiling ghash-ssse3-x86_64-linux.S
[903/1239] Compiling ghash-x86-apple.S
[904/1239] Compiling ghashv8-armv8-win.S
[905/1239] Compiling ghash-ssse3-x86-linux.S
[905/1239] Compiling ghash-ssse3-x86-apple.S
[905/1239] Compiling ghash-ssse3-x86_64-apple.S
[908/1239] Compiling ghash-neon-armv8-win.S
[909/1239] Compiling ghash-neon-armv8-apple.S
[910/1239] Compiling ghash-neon-armv8-linux.S
[911/1239] Compiling bn-armv8-linux.S
[912/1239] Compiling bn-armv8-win.S
[913/1239] Compiling co-586-linux.S
[914/1239] Compiling co-586-apple.S
[915/1239] Compiling bsaes-armv7-linux.S
[916/1239] Compiling armv8-mont-win.S
[917/1239] Compiling bn-armv8-apple.S
[918/1239] Compiling bn-586-linux.S
[919/1239] Compiling ghash-armv4-linux.S
[920/1239] Compiling bn-586-apple.S
[921/1239] Compiling armv8-mont-apple.S
[922/1239] Compiling aesv8-gcm-armv8-win.S
[923/1239] Compiling armv8-mont-linux.S
[924/1239] Compiling aesv8-armv8-win.S
[925/1239] Compiling aesv8-gcm-armv8-apple.S
[926/1239] Compiling armv4-mont-linux.S
[927/1239] Compiling aesv8-armv7-linux.S
[928/1239] Compiling aesv8-gcm-armv8-linux.S
[929/1239] Compiling aesni-x86_64-linux.S
[930/1239] Compiling aesv8-armv8-apple.S
[931/1239] Compiling aesni-x86-apple.S
[932/1239] Compiling aesv8-armv8-linux.S
[932/1239] Compiling aesni-x86_64-apple.S
[934/1239] Compiling aesni-x86-linux.S
[935/1239] Compiling aesni-gcm-x86_64-linux.S
[936/1239] Compiling aesni-gcm-x86_64-apple.S
[937/1239] Compiling aes-gcm-avx512-x86_64-apple.S
[938/1239] Compiling aes-gcm-avx512-x86_64-linux.S
[939/1239] Compiling aes-gcm-avx2-x86_64-apple.S
[940/1239] Compiling aes-gcm-avx2-x86_64-linux.S
[941/1239] Compiling x_x509.cc
[942/1239] Compiling xwing.cc
[943/1239] Compiling x_spki.cc
[944/1239] Compiling x_sig.cc
[945/1239] Compiling x_x509a.cc
[946/1239] Compiling x_req.cc
[947/1239] Compiling x_pubkey.cc
[948/1239] Compiling x_name.cc
[949/1239] Compiling c-nioatomics.c
[950/1239] Compiling x_exten.cc
[951/1239] Compiling x_attrib.cc
[952/1239] Compiling c-atomics.c
[953/1239] Compiling x_crl.cc
[954/1239] Compiling x_all.cc
[956/1246] Compiling NIOConcurrencyHelpers NIOLockedValueBox.swift
[957/1246] Compiling NIOConcurrencyHelpers NIOLock.swift
[958/1246] Compiling NIOConcurrencyHelpers NIOThreadPoolWorkAvailable.swift
[958/1246] Compiling x509spki.cc
[959/1246] Compiling x_algor.cc
[961/1246] Compiling NIOConcurrencyHelpers lock.swift
[961/1246] Compiling x509cset.cc
[963/1246] Compiling NIOConcurrencyHelpers NIOAtomic.swift
[964/1246] Emitting module NIOConcurrencyHelpers
[964/1246] Compiling x509name.cc
[965/1246] Compiling x509rset.cc
[967/1246] Compiling NIOConcurrencyHelpers atomics.swift
[968/1247] Compiling x509_vpm.cc
[969/1247] Compiling x509_trs.cc
[970/1247] Compiling x509_vfy.cc
[971/1247] Wrapping AST for NIOConcurrencyHelpers for debugging
[972/1247] Compiling x509_req.cc
[973/1247] Compiling x509_v3.cc
[974/1247] Compiling x509_set.cc
[975/1247] Compiling x509_txt.cc
[976/1247] Compiling x509_d2.cc
[977/1247] Compiling x509_att.cc
[978/1247] Compiling v3_utl.cc
[979/1247] Compiling v3_skey.cc
[980/1247] Compiling x509_ext.cc
[981/1247] Compiling x509_obj.cc
[982/1247] Compiling x509_cmp.cc
[983/1247] Compiling v3_purp.cc
[984/1247] Compiling x509_def.cc
[985/1247] Compiling v3_prn.cc
[986/1247] Compiling x509_lu.cc
[987/1247] Compiling x509.cc
[988/1247] Compiling v3_pcons.cc
[989/1247] Compiling v3_info.cc
[990/1247] Compiling v3_genn.cc
[991/1247] Compiling v3_extku.cc
[992/1247] Compiling v3_pmaps.cc
[993/1247] Compiling v3_enum.cc
[994/1247] Compiling v3_ocsp.cc
[995/1247] Compiling v3_ncons.cc
[996/1247] Compiling v3_ia5.cc
[997/1247] Compiling v3_lib.cc
[998/1247] Compiling v3_int.cc
[999/1247] Compiling v3_bcons.cc
[1000/1247] Compiling v3_akey.cc
[1001/1247] Compiling v3_crld.cc
[1002/1247] Compiling t_x509a.cc
[1003/1247] Compiling v3_conf.cc
[1004/1247] Compiling t_crl.cc
[1005/1247] Compiling v3_cpols.cc
[1006/1247] Compiling v3_bitst.cc
[1007/1247] Compiling v3_alt.cc
[1008/1247] Compiling rsa_pss.cc
[1009/1247] Compiling v3_akeya.cc
[1010/1247] Compiling policy.cc
[1011/1247] Compiling t_req.cc
[1012/1247] Compiling t_x509.cc
[1013/1247] Compiling a_verify.cc
[1014/1247] Compiling asn1_gen.cc
[1015/1247] Compiling name_print.cc
[1016/1247] Compiling i2d_pr.cc
[1017/1247] Compiling a_sign.cc
[1018/1247] Compiling trust_token.cc
[1019/1247] Compiling thread_win.cc
[1020/1247] Compiling thread_pthread.cc
[1021/1247] Compiling thread_none.cc
[1022/1247] Compiling thread.cc
[1023/1247] Compiling by_dir.cc
[1024/1247] Compiling by_file.cc
[1025/1247] Compiling a_digest.cc
[1026/1247] Compiling algorithm.cc
[1027/1247] Compiling voprf.cc
[1028/1247] Compiling pmbtoken.cc
[1029/1247] Compiling stack.cc
[1030/1247] Compiling siphash.cc
[1031/1247] Compiling sha1.cc
[1032/1247] Compiling rsa_print.cc
[1033/1247] Compiling sha256.cc
[1034/1247] Compiling sha512.cc
[1035/1247] Compiling rsa_extra.cc
[1036/1247] Compiling slhdsa.cc
[1037/1247] Compiling windows.cc
[1038/1247] Compiling rsa_crypt.cc
[1039/1247] Compiling spake2plus.cc
[1040/1247] Compiling ios.cc
[1041/1247] Compiling refcount.cc
[1042/1247] Compiling rc4.cc
[1043/1247] Compiling rand.cc
[1044/1247] Compiling rsa_asn1.cc
[1045/1247] Compiling passive.cc
[1046/1247] Compiling trusty.cc
[1047/1247] Compiling poly1305_arm_asm.S
[1048/1247] Compiling urandom.cc
[1049/1247] Compiling deterministic.cc
[1050/1247] Compiling forkunsafe.cc
[1051/1247] Compiling fork_detect.cc
[1052/1247] Compiling poly1305_vec.cc
[1053/1247] Compiling poly1305_arm.cc
[1054/1247] Compiling getentropy.cc
[1055/1247] Compiling poly1305.cc
[1056/1247] Compiling pool.cc
[1057/1247] Compiling pkcs8_x509.cc
[1058/1247] Compiling pem_xaux.cc
[1059/1247] Compiling pem_pk8.cc
[1060/1247] Compiling pem_oth.cc
[1061/1247] Compiling p5_pbev2.cc
[1062/1247] Compiling pkcs7.cc
[1063/1247] Compiling pem_lib.cc
[1064/1247] Compiling pkcs8.cc
[1065/1247] Compiling pkcs7_x509.cc
[1066/1247] Compiling pem_pkey.cc
[1067/1247] Compiling pem_x509.cc
[1068/1247] Compiling pem_info.cc
[1069/1247] Compiling obj.cc
[1070/1247] Compiling mldsa.cc
[1071/1247] Compiling mlkem.cc
[1072/1247] Compiling obj_xref.cc
[1073/1247] Compiling poly_rq_mul.S
[1074/1247] Compiling kyber.cc
[1075/1247] Compiling mem.cc
[1076/1247] Compiling fips_shared_support.cc
[1077/1247] Compiling lhash.cc
[1078/1247] Compiling hpke.cc
[1079/1247] Compiling md5.cc
[1080/1247] Compiling pem_all.cc
[1081/1247] Compiling md4.cc
[1082/1247] Compiling sign.cc
[1083/1247] Compiling fuzzer_mode.cc
[1084/1247] Compiling ex_data.cc
[1085/1247] Compiling scrypt.cc
[1086/1247] Compiling hrss.cc
[1087/1247] Compiling p_x25519_asn1.cc
[1088/1247] Compiling p_x25519.cc
[1089/1247] Compiling pbkdf.cc
[1090/1247] Compiling print.cc
[1091/1247] Compiling p_rsa_asn1.cc
[1092/1247] Compiling p_ec.cc
[1093/1247] Compiling p_rsa.cc
[1094/1247] Compiling p_hkdf.cc
[1095/1247] Compiling p_dsa_asn1.cc
[1096/1247] Compiling p_ed25519.cc
[1097/1247] Compiling p_dh.cc
[1098/1247] Compiling p_ed25519_asn1.cc
[1099/1247] Compiling p_ec_asn1.cc
[1100/1247] Compiling evp.cc
[1101/1247] Compiling ecdsa_asn1.cc
[1102/1247] Compiling ec_asn1.cc
[1103/1247] Compiling engine.cc
[1104/1247] Compiling err.cc
[1105/1247] Compiling evp_ctx.cc
[1106/1247] Compiling ecdsa_p1363.cc
[1107/1247] Compiling evp_asn1.cc
[1108/1247] Compiling dh_asn1.cc
[1109/1247] Compiling params.cc
[1110/1247] Compiling dsa_asn1.cc
[1111/1247] Compiling curve25519_64_adx.cc
[1112/1247] Compiling dsa.cc
[1113/1247] Compiling x25519-asm-arm.S
[1114/1247] Compiling digest_extra.cc
[1115/1247] Compiling curve25519.cc
[1116/1247] Compiling des.cc
[1117/1247] Compiling spake25519.cc
[1118/1247] Compiling cpu_intel.cc
[1119/1247] Compiling cpu_aarch64_sysreg.cc
[1120/1247] Compiling cpu_arm_linux.cc
[1121/1247] Compiling crypto.cc
[1122/1247] Compiling cpu_aarch64_win.cc
[1123/1247] Compiling cpu_aarch64_fuchsia.cc
[1124/1247] Compiling cpu_arm_freebsd.cc
[1125/1247] Compiling cpu_aarch64_openbsd.cc
[1126/1247] Compiling tls_cbc.cc
[1127/1247] Compiling get_cipher.cc
[1128/1247] Compiling conf.cc
[1129/1247] Compiling cpu_aarch64_apple.cc
[1130/1247] Compiling cpu_aarch64_linux.cc
[1131/1247] Compiling cms.cc
[1132/1247] Compiling e_rc4.cc
[1133/1247] Compiling e_tls.cc
[1134/1247] Compiling e_null.cc
[1135/1247] Compiling e_rc2.cc
[1136/1247] Compiling derive_key.cc
[1137/1247] Compiling e_aeseax.cc
[1138/1247] Compiling e_chacha20poly1305.cc
[1139/1247] Compiling e_des.cc
[1140/1247] Compiling e_aesgcmsiv.cc
[1141/1247] Compiling e_aesctrhmac.cc
[1142/1247] Compiling cbs.cc
[1143/1247] Compiling unicode.cc
[1144/1247] Compiling chacha.cc
[1145/1247] Compiling sqrt.cc
[1146/1247] Compiling exponentiation.cc
[1147/1247] Compiling ber.cc
[1148/1247] Compiling cbb.cc
[1149/1247] Compiling bn_asn1.cc
[1150/1247] Compiling div.cc
[1151/1247] Compiling blake2.cc
[1152/1247] Compiling asn1_compat.cc
[1153/1247] Compiling file.cc
[1154/1247] Compiling pair.cc
[1155/1247] Compiling printf.cc
[1156/1247] Compiling bio_mem.cc
[1157/1247] Compiling convert.cc
[1158/1247] Compiling hexdump.cc
[1159/1247] Compiling bio.cc
[1160/1247] Compiling fd.cc
[1161/1247] Compiling tasn_utl.cc
[1162/1247] Compiling base64.cc
[1163/1247] Compiling tasn_fre.cc
[1164/1247] Compiling errno.cc
[1165/1247] Compiling tasn_dec.cc
[1166/1247] Compiling f_string.cc
[1167/1247] Compiling f_int.cc
[1168/1247] Compiling posix_time.cc
[1169/1247] Compiling asn_pack.cc
[1170/1247] Compiling tasn_typ.cc
[1171/1247] Compiling asn1_par.cc
[1172/1247] Compiling a_octet.cc
[1173/1247] Compiling a_type.cc
[1174/1247] Compiling tasn_new.cc
[1174/1247] Compiling tasn_enc.cc
[1176/1247] Compiling asn1_lib.cc
[1177/1247] Compiling a_utctm.cc
[1178/1247] Compiling a_time.cc
[1179/1247] Compiling a_object.cc
[1180/1247] Compiling a_mbstr.cc
[1181/1247] Compiling a_i2d_fp.cc
[1182/1247] Compiling a_int.cc
[1182/1247] Compiling aes.cc
[1184/1247] Write sources
[1187/1247] Compiling CAsyncHTTPClient CAsyncHTTPClient.c
[1188/1290] Compiling a_dup.cc
[1190/1290] Compiling Algorithms Split.swift
[1191/1290] Compiling Algorithms Stride.swift
[1192/1290] Compiling Algorithms Reductions.swift
[1193/1290] Compiling Algorithms Rotate.swift
[1194/1292] Compiling Algorithms Intersperse.swift
[1195/1292] Compiling Algorithms RandomSample.swift
[1196/1292] Compiling Algorithms Grouped.swift
[1197/1292] Compiling Algorithms Indexed.swift
[1197/1292] Compiling a_d2i_fp.cc
[1199/1292] Compiling Algorithms Combinations.swift
[1200/1292] Compiling Algorithms Compacted.swift
[1201/1292] Compiling Algorithms Cycle.swift
[1202/1292] Compiling Atomics IntegerOperations.swift
[1203/1292] Compiling Atomics Unmanaged extensions.swift
[1203/1292] Compiling a_gentm.cc
[1204/1292] Compiling a_bitstr.cc
[1205/1292] Compiling a_bool.cc
[1213/1295] Compiling Algorithms Joined.swift
[1214/1295] Compiling Algorithms Keyed.swift
[1215/1295] Compiling Algorithms MinMax.swift
[1216/1295] Compiling Algorithms Trim.swift
[1217/1295] Compiling Algorithms Unique.swift
[1218/1295] Compiling Algorithms Windows.swift
[1219/1295] Compiling Algorithms FlattenCollection.swift
[1225/1295] Compiling Algorithms EitherSequence.swift
[1226/1295] Compiling Algorithms FirstNonNil.swift
[1228/1295] Compiling Algorithms Permutations.swift
[1229/1295] Compiling Algorithms Product.swift
[1230/1295] Compiling Algorithms AdjacentPairs.swift
[1231/1295] Compiling Algorithms Chain.swift
[1232/1295] Compiling Algorithms Chunked.swift
[1234/1295] Emitting module Atomics
[1241/1343] Wrapping AST for Atomics for debugging
[1243/1360] Emitting module Algorithms
[1244/1361] Wrapping AST for Algorithms for debugging
[1245/1361] Compiling bcm.cc
[1247/1369] Compiling CryptoBoringWrapper EllipticCurve.swift
[1248/1369] Compiling CryptoBoringWrapper RandomBytes.swift
[1249/1369] Compiling CryptoBoringWrapper CryptoKitErrors_boring.swift
[1250/1369] Compiling CryptoBoringWrapper FiniteFieldArithmeticContext.swift
[1251/1369] Emitting module CryptoBoringWrapper
[1252/1369] Compiling CryptoBoringWrapper ArbitraryPrecisionInteger.swift
[1253/1369] Compiling CryptoBoringWrapper BoringSSLAEAD.swift
[1254/1369] Compiling CryptoBoringWrapper EllipticCurvePoint.swift
[1256/1370] Compiling NIOCore EventLoopFuture+Deprecated.swift
[1257/1370] Compiling NIOCore EventLoopFuture+WithEventLoop.swift
[1258/1370] Compiling NIOCore EventLoopFuture.swift
[1259/1370] Compiling NIOCore FileDescriptor.swift
[1260/1370] Compiling NIOCore FileHandle.swift
[1261/1370] Compiling NIOCore FileRegion.swift
[1262/1370] Compiling NIOCore GlobalSingletons.swift
[1263/1370] Compiling NIOCore IO.swift
[1264/1370] Compiling NIOCore IOData.swift
[1265/1370] Compiling NIOCore NIOCoreSendableMetatype.swift
[1266/1370] Compiling NIOCore NIODecodedAsyncSequence.swift
[1267/1370] Compiling NIOCore NIOLoopBound.swift
[1268/1370] Compiling NIOCore NIOPooledRecvBufferAllocator.swift
[1269/1370] Compiling NIOCore NIOScheduledCallback.swift
[1270/1370] Compiling NIOCore NIOSendable.swift
[1271/1370] Compiling NIOCore NIOSplitLinesMessageDecoder.swift
[1272/1370] Compiling NIOCore NIOTransportAccessibleChannelCore.swift
[1273/1370] Compiling NIOCore RecvByteBufferAllocator.swift
[1273/1378] Wrapping AST for CryptoBoringWrapper for debugging
[1275/1462] Compiling Crypto ASN1Boolean.swift
[1276/1462] Compiling Crypto ASN1Identifier.swift
[1277/1462] Compiling Crypto ASN1Integer.swift
[1278/1462] Compiling Crypto ASN1Null.swift
[1279/1462] Compiling Crypto ASN1OctetString.swift
[1280/1462] Compiling Crypto ASN1Strings.swift
[1281/1462] Compiling Crypto ArraySliceBigint.swift
[1282/1462] Compiling Crypto GeneralizedTime.swift
[1283/1462] Compiling Crypto ObjectIdentifier.swift
[1284/1462] Compiling Crypto MLKEM.swift
[1285/1462] Compiling Crypto XWing.swift
[1286/1462] Compiling Crypto ECDH_boring.swift
[1287/1462] Compiling Crypto DH.swift
[1288/1462] Compiling Crypto ECDH.swift
[1289/1462] Compiling Crypto ANSIx963.swift
[1290/1462] Compiling Crypto HKDF.swift
[1291/1462] Compiling Crypto AESWrap.swift
[1292/1462] Compiling Crypto AESWrap_boring.swift
[1293/1462] Compiling Crypto HPKE-LabeledExtract.swift
[1294/1462] Compiling Crypto HPKE-Utils.swift
[1295/1462] Compiling Crypto DHKEM.swift
[1296/1462] Compiling Crypto HPKE-KEM-Curve25519.swift
[1297/1462] Compiling Crypto HPKE-NIST-EC-KEMs.swift
[1298/1462] Compiling Crypto HPKE-KEM.swift
[1299/1462] Compiling Crypto HPKE-Errors.swift
[1300/1462] Compiling Crypto HPKE.swift
[1301/1462] Compiling Crypto HPKE-Context.swift
[1302/1462] Compiling Crypto HPKE-KeySchedule.swift
[1303/1462] Compiling Crypto HPKE-Modes.swift
[1304/1462] Compiling Crypto Insecure.swift
[1305/1473] Compiling Crypto CryptoKitErrors.swift
[1306/1473] Compiling Crypto Digest_boring.swift
[1307/1473] Compiling Crypto Digest.swift
[1308/1473] Compiling Crypto Digests.swift
[1309/1473] Compiling Crypto HashFunctions.swift
[1310/1473] Compiling Crypto HashFunctions_SHA2.swift
[1311/1473] Compiling Crypto HashFunctions_SHA3.swift
[1312/1473] Compiling Crypto Digest_xkcp.swift
[1313/1473] Compiling Crypto HPKE-AEAD.swift
[1314/1473] Compiling Crypto HPKE-Ciphersuite.swift
[1315/1473] Compiling Crypto HPKE-KDF.swift
[1316/1473] Compiling Crypto HPKE-KexKeyDerivation.swift
[1323/1473] Compiling Crypto ECDSASignature.swift
[1324/1473] Compiling Crypto PEMDocument.swift
[1325/1473] Compiling Crypto PKCS8PrivateKey.swift
[1326/1473] Compiling Crypto SEC1PrivateKey.swift
[1327/1473] Compiling Crypto SubjectPublicKeyInfo.swift
[1328/1473] Compiling Crypto CryptoError_boring.swift
[1329/1473] Compiling Crypto Ed25519_boring.swift
[1330/1473] Compiling Crypto NISTCurvesKeys_boring.swift
[1331/1473] Compiling Crypto X25519Keys_boring.swift
[1332/1473] Compiling Crypto Curve25519.swift
[1333/1473] Compiling Crypto Ed25519Keys.swift
[1334/1473] Compiling Crypto NISTCurvesKeys.swift
[1335/1473] Compiling Crypto X25519Keys.swift
[1336/1473] Compiling Crypto SymmetricKeys.swift
[1337/1473] Emitting module Crypto
[1338/1473] Compiling Crypto AES-GCM.swift
[1339/1473] Compiling Crypto AES-GCM_boring.swift
[1340/1473] Compiling Crypto ChaChaPoly_boring.swift
[1341/1473] Compiling Crypto ChaChaPoly.swift
[1342/1473] Compiling Crypto Cipher.swift
[1343/1473] Compiling Crypto Nonces.swift
[1344/1473] Compiling Crypto ASN1.swift
[1345/1473] Compiling Crypto ASN1Any.swift
[1346/1473] Compiling Crypto ASN1BitString.swift
[1361/1473] Compiling Crypto HMAC.swift
[1362/1473] Compiling Crypto MACFunctions.swift
[1363/1473] Compiling Crypto MessageAuthenticationCode.swift
[1364/1473] Compiling Crypto AES.swift
[1365/1473] Compiling Crypto ECDSASignature_boring.swift
[1366/1473] Compiling Crypto ECDSA_boring.swift
[1367/1473] Compiling Crypto EdDSA_boring.swift
[1368/1473] Compiling Crypto MLDSA_boring.swift
[1369/1473] Compiling Crypto MLDSA_wrapper.swift
[1370/1473] Compiling Crypto ECDSA.swift
[1371/1473] Compiling Crypto Ed25519.swift
[1372/1473] Compiling Crypto MLDSA.swift
[1373/1473] Compiling Crypto Insecure_HashFunctions.swift
[1374/1473] Compiling Crypto MLKEM_boring.swift
[1375/1473] Compiling Crypto MLKEM_wrapper.swift
[1376/1473] Compiling Crypto XWing_boring.swift
[1377/1473] Compiling Crypto KEM-Errors.swift
[1378/1473] Compiling Crypto KEM.swift
[1385/1473] Compiling Crypto Signature.swift
[1386/1473] Compiling Crypto CryptoKitErrors_boring.swift
[1387/1473] Compiling Crypto Optional+withUnsafeBytes_boring.swift
[1388/1473] Compiling Crypto RNG_boring.swift
[1389/1473] Compiling Crypto SafeCompare_boring.swift
[1390/1473] Compiling Crypto Zeroization_boring.swift
[1391/1473] Compiling Crypto _CryptoModuleAnchor.swift
[1392/1473] Compiling Crypto PrettyBytes.swift
[1393/1473] Compiling Crypto SafeCompare.swift
[1394/1473] Compiling Crypto SecureBytes.swift
[1395/1473] Compiling Crypto Zeroization.swift
[1396/1474] Wrapping AST for Crypto for debugging
[1398/1536] Compiling CryptoExtras Data+Extensions.swift
[1399/1536] Compiling CryptoExtras DigestType.swift
[1400/1536] Compiling CryptoExtras Error.swift
[1401/1536] Compiling CryptoExtras I2OSP.swift
[1402/1536] Compiling CryptoExtras IntegerEncoding.swift
[1403/1536] Compiling CryptoExtras PEMDocument.swift
[1404/1536] Compiling CryptoExtras PrettyBytes.swift
[1405/1536] Compiling CryptoExtras SubjectPublicKeyInfo.swift
[1406/1536] Compiling CryptoExtras PBKDF2.swift
[1407/1536] Compiling CryptoExtras Scrypt_boring.swift
[1408/1536] Compiling CryptoExtras Scrypt.swift
[1409/1536] Compiling CryptoExtras OPRF.swift
[1410/1536] Compiling CryptoExtras OPRFClient.swift
[1411/1536] Compiling CryptoExtras OPRFServer.swift
[1412/1536] Compiling CryptoExtras VOPRF+API.swift
[1413/1536] Compiling CryptoExtras VOPRFClient.swift
[1414/1536] Compiling CryptoExtras VOPRFServer.swift
[1415/1536] Compiling CryptoExtras BoringSSLPassphraseCallbackManager.swift
[1416/1536] Compiling CryptoExtras AES_CBC.swift
[1417/1536] Compiling CryptoExtras AES_CFB.swift
[1418/1536] Compiling CryptoExtras AES_CTR.swift
[1419/1536] Compiling CryptoExtras AES_GCM_SIV.swift
[1420/1536] Compiling CryptoExtras Block Function.swift
[1421/1536] Compiling CryptoExtras AES_CBC_boring.swift
[1422/1536] Compiling CryptoExtras AES_CFB_boring.swift
[1423/1536] Compiling CryptoExtras AES_CTR_boring.swift
[1424/1536] Compiling CryptoExtras AES_GCM_SIV_boring.swift
[1433/1544] Compiling CryptoExtras PKCS8DERRepresentation.swift
[1434/1544] Compiling CryptoExtras PKCS8PrivateKey.swift
[1435/1544] Compiling CryptoExtras RFC8410AlgorithmIdentifier.swift
[1436/1544] Compiling CryptoExtras ECToolbox_boring.swift
[1437/1544] Compiling CryptoExtras ECToolbox.swift
[1438/1544] Compiling CryptoExtras HashToField.swift
[1439/1544] Compiling CryptoExtras KDF.swift
[1440/1544] Compiling CryptoExtras PBKDF2_boring.swift
[1441/1544] Compiling CryptoExtras PBKDF2_commoncrypto.swift
[1442/1544] Compiling CryptoExtras ThreadOps.swift
[1443/1544] Compiling CryptoExtras ThreadPosix.swift
[1444/1544] Compiling CryptoExtras ThreadSpecific.swift
[1445/1544] Compiling CryptoExtras ThreadWindows.swift
[1446/1544] Compiling CryptoExtras DLEQ.swift
[1447/1544] Compiling CryptoExtras Prover.swift
[1448/1544] Compiling CryptoExtras Verifier.swift
[1449/1544] Compiling CryptoExtras ZKPToolbox.swift
[1459/1544] Compiling CryptoExtras CMAC.swift
[1460/1544] Compiling CryptoExtras ARC+API.swift
[1461/1544] Compiling CryptoExtras ARC.swift
[1462/1544] Compiling CryptoExtras ARCCredential.swift
[1463/1544] Compiling CryptoExtras ARCEncoding.swift
[1464/1544] Compiling CryptoExtras ARCPrecredential.swift
[1465/1544] Compiling CryptoExtras ARCPresentation.swift
[1466/1544] Compiling CryptoExtras ARCRequest.swift
[1467/1544] Compiling CryptoExtras ARCResponse.swift
[1468/1544] Emitting module CryptoExtras
[1470/1544] Compiling CryptoExtras RSA+BlindSigning.swift
[1471/1544] Compiling CryptoExtras RSA.swift
[1472/1544] Compiling CryptoExtras RSA_boring.swift
[1473/1544] Compiling CryptoExtras Reexport.swift
[1474/1544] Compiling CryptoExtras Zeroization_boring.swift
[1475/1544] Compiling CryptoExtras BoringSSLHelpers.swift
[1476/1544] Compiling CryptoExtras CryptoKitErrors_boring.swift
[1477/1544] Compiling CryptoExtras ARCServer.swift
[1478/1544] Compiling CryptoExtras ChaCha20CTR_boring.swift
[1479/1544] Compiling CryptoExtras ChaCha20CTR.swift
[1480/1544] Compiling CryptoExtras BoringSSLSHA512256Context.swift
[1481/1544] Compiling CryptoExtras BoringSSLSHA512256HashFunction.swift
[1482/1544] Compiling CryptoExtras SHA512256.swift
[1483/1544] Compiling CryptoExtras SHA512256Digest.swift
[1484/1544] Compiling CryptoExtras Curve25519+PEM.swift
[1485/1544] Compiling CryptoExtras ObjectIdentifier.swift
[1495/1545] Wrapping AST for CryptoExtras for debugging
[1497/1547] Emitting module NIOCore
[1499/1548] Emitting module _CryptoExtras
[1500/1548] Compiling _CryptoExtras Exports.swift
[1501/1556] Wrapping AST for NIOCore for debugging
[1502/1557] Wrapping AST for _CryptoExtras for debugging
[1504/1624] Compiling NIOFoundationEssentialsCompat Codable+ByteBuffer.swift
[1505/1701] Compiling NIOFoundationEssentialsCompat ByteBuffer-foundation.swift
[1506/1701] Emitting module NIOFoundationEssentialsCompat
[1507/1702] Wrapping AST for NIOFoundationEssentialsCompat for debugging
[1509/1702] Compiling NIOEmbedded AsyncTestingChannel.swift
[1510/1702] Compiling X509 CSRAttribute.swift
[1511/1702] Compiling X509 CSRAttributes.swift
[1512/1702] Compiling X509 CSRVersion.swift
[1513/1702] Compiling X509 CertificateSigningRequest.swift
[1514/1702] Compiling X509 CertificationRequestInfo.swift
[1515/1702] Compiling X509 ExtensionRequest.swift
[1516/1702] Compiling X509 Certificate.swift
[1517/1702] Compiling X509 CertificatePrivateKey.swift
[1518/1702] Compiling X509 CertificatePublicKey.swift
[1519/1702] Compiling X509 CertificateSerialNumber.swift
[1520/1702] Compiling X509 CertificateVersion.swift
[1521/1702] Compiling X509 CMSAttribute.swift
[1522/1702] Compiling X509 CMSContentInfo.swift
[1523/1702] Compiling X509 CMSEncapsulatedContentInfo.swift
[1524/1715] Compiling NIOEmbedded AsyncTestingEventLoop.swift
[1525/1715] Compiling NIOEmbedded Embedded.swift
[1526/1715] Emitting module NIOEmbedded
[1527/1716] Wrapping AST for NIOEmbedded for debugging
[1529/1716] Emitting module NIOPosix
[1530/1723] Compiling X509 ValidatedCertificateChain.swift
[1531/1723] Compiling X509 VerificationDiagnostic.swift
[1532/1723] Compiling X509 Verifier.swift
[1533/1723] Compiling X509 VerifierPolicy.swift
[1534/1723] Compiling X509 AlgorithmIdentifier.swift
[1535/1723] Compiling X509 ECDSASignature.swift
[1536/1723] Compiling X509 RSAPKCS1PublicKey.swift
[1537/1723] Compiling X509 SubjectPublicKeyInfo.swift
[1538/1723] Compiling X509 TBSCertificate.swift
[1539/1723] Compiling X509 Time.swift
[1540/1723] Compiling X509 TimeCalculations.swift
[1541/1723] Compiling X509 Validity.swift
[1542/1723] Compiling X509 X509SendableMetatype.swift
[1543/1723] Compiling X509 Curve25519+DER.swift
[1544/1723] Compiling X509 CustomPrivateKey.swift
[1545/1723] Compiling X509 Digests.swift
[1546/1723] Compiling X509 DistinguishedName.swift
[1547/1723] Compiling X509 CommonName.swift
[1548/1723] Compiling X509 CountryName.swift
[1549/1723] Compiling X509 DNBuilder.swift
[1557/1723] Compiling X509 CMSIssuerAndSerialNumber.swift
[1558/1723] Compiling X509 CMSOperations.swift
[1559/1723] Compiling X509 CMSSignature.swift
[1560/1723] Compiling X509 CMSSignedData.swift
[1561/1723] Compiling X509 CMSSignerIdentifier.swift
[1562/1723] Compiling X509 CMSSignerInfo.swift
[1563/1723] Compiling X509 CMSVersion.swift
[1571/1723] Compiling NIOPosix Thread.swift
[1572/1723] Compiling NIOPosix ThreadPosix.swift
[1573/1723] Compiling NIOPosix ThreadWindows.swift
[1574/1723] Compiling NIOPosix Utilities.swift
[1575/1723] Compiling NIOPosix VsockAddress.swift
[1576/1723] Compiling NIOPosix VsockChannelEvents.swift
[1577/1723] Compiling NIOPosix Windows.swift
[1579/1723] Compiling X509 PromiseAndFuture.swift
[1580/1723] Compiling X509 RDNAttribute.swift
[1581/1723] Compiling X509 RandomNumberGenerator+bytes.swift
[1582/1723] Compiling X509 RelativeDistinguishedName.swift
[1583/1723] Compiling X509 SEC1PrivateKey.swift
[1584/1723] Compiling X509 SecKeyWrapper.swift
[1585/1723] Compiling X509 Signature.swift
[1586/1723] Compiling X509 SignatureAlgorithm.swift
[1587/1723] Compiling X509 AllOfPolicies.swift
[1588/1723] Compiling X509 AnyPolicy.swift
[1589/1723] Compiling X509 CertificateStore.swift
[1590/1723] Compiling X509 CustomCertificateStore.swift
[1591/1723] Compiling X509 DomainComponent.swift
[1592/1723] Compiling X509 EmailAddress.swift
[1593/1723] Compiling X509 LocalityName.swift
[1594/1723] Compiling X509 OrganizationName.swift
[1595/1723] Compiling X509 OrganizationalUnitName.swift
[1596/1723] Compiling X509 StateOrProvinceName.swift
[1597/1723] Compiling X509 StreetAddress.swift
[1598/1723] Compiling X509 Error.swift
[1599/1723] Compiling X509 AuthorityInformationAccess.swift
[1600/1723] Compiling X509 AuthorityKeyIdentifier.swift
[1601/1723] Compiling X509 BasicConstraints.swift
[1602/1723] Compiling X509 ExtendedKeyUsage.swift
[1603/1723] Compiling X509 ExtensionIdentifiers.swift
[1604/1723] Compiling X509 KeyUsage.swift
[1605/1723] Compiling X509 NameConstraints.swift
[1606/1723] Compiling X509 SubjectAlternativeName.swift
[1607/1723] Compiling X509 SubjectKeyIdentifier.swift
[1608/1723] Compiling X509 Extension.swift
[1609/1723] Compiling X509 Extensions.swift
[1610/1723] Compiling X509 ExtensionsBuilder.swift
[1611/1723] Compiling X509 GeneralName.swift
[1618/1723] Compiling X509 OCSPExtensionID.swift
[1619/1723] Compiling X509 OCSPNonce.swift
[1620/1723] Compiling X509 OCSPPolicy.swift
[1621/1723] Compiling X509 OCSPRequest.swift
[1622/1723] Compiling X509 OCSPResponse.swift
[1623/1723] Compiling X509 OCSPResponseBytes.swift
[1624/1723] Compiling X509 OCSPResponseData.swift
[1625/1723] Compiling X509 OCSPResponseStatus.swift
[1626/1723] Compiling X509 OCSPSignature.swift
[1627/1723] Compiling X509 OCSPSingleRequest.swift
[1628/1723] Compiling X509 OCSPSingleResponse.swift
[1629/1723] Compiling X509 OCSPTBSRequest.swift
[1630/1723] Compiling X509 OCSPVersion.swift
[1631/1723] Compiling X509 OneOfPolicies.swift
[1632/1723] Compiling X509 PolicyBuilder.swift
[1633/1723] Compiling X509 BasicConstraintsPolicy.swift
[1634/1723] Compiling X509 DNSNames.swift
[1635/1723] Compiling X509 ExpiryPolicy.swift
[1636/1723] Compiling X509 IPConstraints.swift
[1637/1723] Compiling X509 NameConstraintsPolicy.swift
[1638/1723] Compiling X509 RFC5280Policy.swift
[1639/1723] Compiling X509 URIConstraints.swift
[1640/1723] Compiling X509 VersionPolicy.swift
[1641/1723] Compiling X509 ServerIdentityPolicy.swift
[1642/1723] Compiling X509 TrustRootLoading.swift
[1643/1723] Compiling X509 UnverifiedChain.swift
[1679/1724] Wrapping AST for NIOPosix for debugging
[1681/1726] Compiling NIO Exports.swift
[1682/1726] Emitting module NIO
[1683/1750] Wrapping AST for NIO for debugging
[1685/1766] Compiling NIOFoundationCompat Exports.swift
[1686/1766] Compiling NIOFoundationCompat JSONSerialization+ByteBuffer.swift
[1687/1766] Emitting module NIOFoundationCompat
[1688/1766] Compiling NIOTLS TLSEvents.swift
[1689/1766] Emitting module NIOTLS
[1690/1766] Compiling NIOTLS NIOTypedApplicationProtocolNegotiationHandler.swift
[1691/1766] Compiling NIOFoundationCompat WaitSpinningRunLoop.swift
[1692/1767] Compiling NIOSOCKS SOCKSResponse.swift
[1694/1768] Emitting module NIOSOCKS
[1695/1768] Compiling NIOSOCKS AuthenticationMethod.swift
[1696/1768] Compiling NIOSOCKS ClientGreeting.swift
[1696/1768] Wrapping AST for NIOFoundationCompat for debugging
[1698/1768] Compiling NIOSOCKS SOCKSClientHandler.swift
[1699/1768] Compiling NIOSOCKS SOCKSServerHandshakeHandler.swift
[1700/1768] Compiling NIOSOCKS ClientStateMachine.swift
[1701/1768] Compiling NIOSOCKS SelectedAuthenticationMethod.swift
[1702/1768] Compiling NIOHTTP1 NIOTypedHTTPClientUpgradeHandler.swift
[1703/1768] Compiling NIOHTTP1 NIOTypedHTTPClientUpgraderStateMachine.swift
[1704/1770] Compiling NIOSOCKS Messages.swift
[1705/1770] Compiling NIOSOCKS SOCKSRequest.swift
[1706/1770] Compiling NIOSOCKS ServerStateMachine.swift
[1707/1770] Compiling NIOSOCKS Errors.swift
[1708/1770] Compiling NIOSOCKS Helpers.swift
[1711/1771] Compiling NIOTLS SNIHandler.swift
[1712/1771] Compiling NIOTLS ApplicationProtocolNegotiationHandler.swift
[1713/1771] Compiling NIOTLS ProtocolNegotiationHandlerStateMachine.swift
[1715/1772] Wrapping AST for NIOSOCKS for debugging
[1719/1802] Wrapping AST for NIOTLS for debugging
[1721/1802] Compiling NIOSSL SSLConnection.swift
[1722/1802] Compiling NIOSSL SSLPrivateKey.swift
[1723/1802] Compiling NIOSSL SSLPKCS12Bundle.swift
[1724/1802] Compiling NIOSSL NIOSSLServerHandler.swift
[1725/1802] Emitting module NIOHTTP1
[1726/1802] Compiling NIOSSL AndroidCABundle.swift
[1727/1802] Compiling NIOSSL ByteBufferBIO.swift
[1728/1802] Compiling NIOSSL CustomPrivateKey.swift
[1729/1802] Compiling NIOSSL SSLPublicKey.swift
[1730/1802] Compiling NIOSSL SecurityFrameworkCertificateVerification.swift
[1731/1802] Compiling NIOSSL String+unsafeUninitializedCapacity.swift
[1732/1802] Compiling NIOSSL SSLContext.swift
[1733/1803] Emitting module X509
[1735/1821] Wrapping AST for NIOHTTP1 for debugging
[1740/1825] Wrapping AST for X509 for debugging
[1742/1825] Emitting module NIOSSL
[1743/1892] Compiling NIOHTTPCompression HTTPRequestCompressor.swift
[1744/1892] Compiling NIOHPACK IntegerCoding.swift
[1745/1892] Compiling NIOHPACK IndexedHeaderTable.swift
[1746/1893] Compiling NIOHPACK HuffmanCoding.swift
[1747/1893] Compiling NIOHPACK HuffmanTables.swift
[1748/1893] Compiling JWTKit AudienceClaim.swift
[1749/1893] Compiling JWTKit BoolClaim.swift
[1750/1893] Compiling JWTKit ExpirationClaim.swift
[1751/1893] Compiling JWTKit GoogleHostedDomainClaim.swift
[1752/1893] Compiling JWTKit IDClaim.swift
[1753/1893] Compiling JWTKit IssuedAtClaim.swift
[1754/1893] Compiling JWTKit IssuerClaim.swift
[1755/1893] Compiling JWTKit JWTClaim.swift
[1756/1893] Compiling JWTKit JWTMultiValueClaim.swift
[1757/1893] Compiling JWTKit JWTUnixEpochClaim.swift
[1763/1902] Compiling NIOHTTPCompression HTTPDecompressor.swift
[1764/1902] Compiling NIOHTTPCompression HTTPResponseCompressor.swift
[1765/1902] Compiling NIOHTTPCompression HTTPCompression.swift
[1766/1902] Compiling NIOHTTPCompression HTTPDecompression.swift
[1767/1902] Emitting module NIOHTTPCompression
[1769/1903] Compiling JWTKit JWTKeyCollection+ECDSA.swift
[1770/1903] Compiling JWTKit P256+CurveType.swift
[1771/1903] Compiling JWTKit P384+CurveType.swift
[1772/1903] Compiling JWTKit P521+CurveType.swift
[1773/1903] Compiling JWTKit EdDSA.swift
[1774/1903] Compiling JWTKit EdDSACurve.swift
[1775/1903] Compiling JWTKit EdDSAError.swift
[1776/1903] Compiling JWTKit EdDSASigner.swift
[1776/1903] Wrapping AST for NIOHTTPCompression for debugging
[1778/1903] Compiling NIOHPACK StaticHeaderTable.swift
[1781/1903] Compiling JWTKit MLDSAType.swift
[1782/1903] Compiling JWTKit JWTKeyCollection+UnsecuredNone.swift
[1783/1903] Compiling JWTKit UnsecuredNoneSigner.swift
[1784/1903] Compiling JWTKit JWTKeyCollection+RSA.swift
[1785/1903] Compiling JWTKit RSA.swift
[1786/1903] Compiling JWTKit RSAError.swift
[1787/1903] Compiling JWTKit RSASigner.swift
[1788/1903] Compiling JWTKit Base64URL.swift
[1789/1903] Compiling JWTKit CryptoSigner.swift
[1790/1903] Compiling JWTKit JWTSerializer.swift
[1791/1903] Compiling JWTKit JWTSigner.swift
[1792/1903] Compiling JWTKit JWTKeyCollection+MLDSA.swift
[1793/1903] Compiling JWTKit MLDSA.swift
[1794/1903] Compiling JWTKit MLDSA65+MLDSAKey.swift
[1795/1903] Compiling JWTKit MLDSA87+MLDSAKey.swift
[1796/1903] Compiling JWTKit MLDSAError.swift
[1797/1903] Compiling JWTKit MLDSAKey.swift
[1798/1903] Compiling JWTKit MLDSASigner.swift
[1805/1903] Emitting module NIOHPACK
[1808/1904] Compiling JWTKit LocaleClaim.swift
[1809/1904] Compiling JWTKit NotBeforeClaim.swift
[1810/1904] Compiling JWTKit SubjectClaim.swift
[1811/1904] Compiling JWTKit TenantIDClaim.swift
[1812/1904] Compiling JWTKit ECDSA.swift
[1813/1904] Compiling JWTKit ECDSACurve.swift
[1814/1904] Compiling JWTKit ECDSACurveType.swift
[1815/1904] Compiling JWTKit ECDSAError.swift
[1816/1904] Compiling JWTKit ECDSAKeyTypes.swift
[1817/1904] Compiling JWTKit ECDSASigner.swift
[1818/1904] Emitting module JWTKit
[1819/1904] Wrapping AST for NIOHPACK for debugging
[1821/1934] Compiling NIOHTTP2 ReceivingWindowUpdateState.swift
[1822/1934] Compiling NIOHTTP2 DOSHeuristics.swift
[1823/1934] Compiling NIOHTTP2 Error+Any.swift
[1824/1934] Compiling NIOHTTP2 ConcurrentStreamBuffer.swift
[1825/1934] Compiling NIOHTTP2 ReceivingGoAwayState.swift
[1826/1934] Compiling NIOHTTP2 ReceivingHeadersState.swift
[1827/1934] Compiling NIOHTTP2 ReceivingPushPromiseState.swift
[1828/1934] Compiling NIOHTTP2 ReceivingRstStreamState.swift
[1829/1967] Compiling NIOHTTP2 HTTP2ConnectionStateChange.swift
[1830/1967] Compiling NIOHTTP2 HTTP2Error.swift
[1831/1967] Compiling NIOHTTP2 HTTP2ErrorCode.swift
[1832/1967] Compiling NIOHTTP2 HTTP2FlowControlWindow.swift
[1833/1967] Compiling NIOHTTP2 HTTP2Frame.swift
[1834/1967] Compiling NIOHTTP2 HTTP2FrameEncoder.swift
[1835/1967] Compiling NIOHTTP2 HTTP2FrameParser.swift
[1836/1967] Compiling NIOHTTP2 HTTP2PingData.swift
[1837/1967] Compiling NIOHTTP2 HTTP2PipelineHelpers.swift
[1839/1967] Compiling NIOHTTP2 ControlFrameBuffer.swift
[1840/1967] Compiling NIOHTTP2 OutboundFlowControlBuffer.swift
[1841/1967] Compiling NIOHTTP2 OutboundFrameBuffer.swift
[1842/1967] Compiling NIOHTTP2 GlitchesMonitor.swift
[1843/1967] Compiling NIOHTTP2 HPACKHeaders+Validation.swift
[1844/1967] Compiling NIOHTTP2 HTTP2ChannelHandler+InboundStreamMultiplexer.swift
[1845/1967] Compiling NIOHTTP2 MaySendFrames.swift
[1846/1967] Compiling NIOHTTP2 SendingDataState.swift
[1847/1967] Compiling NIOHTTP2 SendingGoawayState.swift
[1848/1967] Compiling NIOHTTP2 SendingHeadersState.swift
[1849/1967] Compiling NIOHTTP2 SendingPushPromiseState.swift
[1850/1967] Compiling NIOHTTP2 SendingRstStreamState.swift
[1851/1967] Compiling NIOHTTP2 SendingWindowUpdateState.swift
[1852/1967] Compiling NIOHTTP2 HTTP2SettingsState.swift
[1853/1967] Compiling NIOHTTP2 HasExtendedConnectSettings.swift
[1854/1967] Compiling NIOHTTP2 HTTP2ChannelHandler+InlineStreamMultiplexer.swift
[1855/1967] Compiling NIOHTTP2 HTTP2ChannelHandler.swift
[1856/1967] Compiling NIOHTTP2 HTTP2CommonInboundStreamMultiplexer.swift
[1861/1968] Wrapping AST for NIOSSL for debugging
[1863/1968] Compiling JWTKit CustomizedJSONCoders.swift
[1864/1968] Compiling JWTKit Utilities.swift
[1865/1968] Compiling JWTKit AppleIdentityToken.swift
[1866/1968] Compiling JWTKit FirebaseAuthIdentityToken.swift
[1867/1968] Compiling JWTKit GoogleIdentityToken.swift
[1868/1968] Compiling JWTKit MicrosoftIdentityToken.swift
[1869/1968] Compiling JWTKit EmptyPolicy.swift
[1870/1968] Compiling JWTKit ValidationTimePayload.swift
[1871/1968] Compiling JWTKit X5CVerifier.swift
[1872/1969] Wrapping AST for JWTKit for debugging
[1874/1969] Compiling NIOHTTP2 HasFlowControlWindows.swift
[1875/1969] Compiling NIOHTTP2 HasLocalSettings.swift
[1876/1969] Compiling NIOHTTP2 HasRemoteSettings.swift
[1877/1969] Compiling NIOHTTP2 LocallyQuiescingState.swift
[1878/1969] Compiling NIOHTTP2 QuiescingState.swift
[1879/1969] Compiling NIOHTTP2 RemotelyQuiescingState.swift
[1880/1969] Compiling NIOHTTP2 SendAndReceiveGoawayState.swift
[1881/1969] Compiling NIOHTTP2 StateMachineResult.swift
[1882/1969] Compiling NIOHTTP2 ContentLengthVerifier.swift
[1883/1977] Emitting module NIOHTTP2
[1893/1977] Compiling NIOHTTP2 HTTP2StreamMultiplexer.swift
[1894/1977] Compiling NIOHTTP2 HTTP2ToHTTP1Codec.swift
[1895/1977] Compiling NIOHTTP2 HTTP2UserEvents.swift
[1896/1977] Compiling NIOHTTP2 InboundEventBuffer.swift
[1897/1977] Compiling NIOHTTP2 InboundWindowManager.swift
[1898/1977] Compiling NIOHTTP2 MultiplexerAbstractChannel.swift
[1899/1977] Compiling NIOHTTP2 NIOHTTP2FrameDelegate.swift
[1900/1977] Compiling NIOHTTP2 NIOHTTP2ServerConnectionManagementHandler+StateMachine.swift
[1901/1977] Compiling NIOHTTP2 ConnectionStateMachine.swift
[1902/1977] Compiling NIOHTTP2 ConnectionStreamsState.swift
[1903/1977] Compiling NIOHTTP2 MayReceiveFrames.swift
[1904/1977] Compiling NIOHTTP2 ReceivingDataState.swift
[1910/1977] Compiling NIOHTTP2 NIOHTTP2ServerConnectionManagementHandler.swift
[1911/1977] Compiling NIOHTTP2 StreamChannelFlowController.swift
[1912/1977] Compiling NIOHTTP2 StreamChannelList.swift
[1913/1977] Compiling NIOHTTP2 StreamMap.swift
[1914/1977] Compiling NIOHTTP2 StreamStateMachine.swift
[1915/1977] Compiling NIOHTTP2 Timer.swift
[1916/1977] Compiling NIOHTTP2 UnsafeTransfer.swift
[1917/1977] Compiling NIOHTTP2 WatermarkedFlowController.swift
[1921/1977] Compiling NIOHTTP2 HTTP2Settings.swift
[1922/1977] Compiling NIOHTTP2 HTTP2Stream.swift
[1923/1977] Compiling NIOHTTP2 HTTP2StreamChannel+OutboundStreamMultiplexer.swift
[1924/1977] Compiling NIOHTTP2 HTTP2StreamChannel.swift
[1925/1977] Compiling NIOHTTP2 HTTP2StreamDelegate.swift
[1926/1977] Compiling NIOHTTP2 HTTP2StreamID.swift
[1945/1978] Wrapping AST for NIOHTTP2 for debugging
[1947/2042] Emitting module AsyncHTTPClient
[1948/2050] Compiling AsyncHTTPClient RequestValidation.swift
[1949/2050] Compiling AsyncHTTPClient SSLContextCache.swift
[1950/2050] Compiling AsyncHTTPClient Scheme.swift
[1951/2050] Compiling AsyncHTTPClient Singleton.swift
[1952/2050] Compiling AsyncHTTPClient StringConvertibleInstances.swift
[1953/2050] Compiling AsyncHTTPClient StructuredConcurrencyHelpers.swift
[1954/2050] Compiling AsyncHTTPClient TracingSupport.swift
[1955/2050] Compiling AsyncHTTPClient Utils.swift
[1956/2050] Compiling AsyncHTTPClient HTTP1ProxyConnectHandler.swift
[1957/2050] Compiling AsyncHTTPClient SOCKSEventsHandler.swift
[1958/2050] Compiling AsyncHTTPClient TLSEventsHandler.swift
[1959/2050] Compiling AsyncHTTPClient HTTP1ClientChannelHandler.swift
[1960/2050] Compiling AsyncHTTPClient HTTP1Connection.swift
[1961/2050] Compiling AsyncHTTPClient HTTP1ConnectionStateMachine.swift
[1962/2050] Compiling AsyncHTTPClient HTTP2ClientRequestHandler.swift
[1963/2050] Compiling AsyncHTTPClient HTTP2Connection.swift
[1964/2050] Compiling AsyncHTTPClient HTTP2IdleHandler.swift
[1965/2050] Compiling AsyncHTTPClient LRUCache.swift
[1966/2050] Compiling AsyncHTTPClient NIOLoopBound+Execute.swift
[1967/2050] Compiling AsyncHTTPClient NWErrorHandler.swift
[1968/2050] Compiling AsyncHTTPClient NWWaitingHandler.swift
[1969/2050] Compiling AsyncHTTPClient TLSConfiguration.swift
[1970/2050] Compiling AsyncHTTPClient RedirectState.swift
[1971/2050] Compiling AsyncHTTPClient RequestBag+StateMachine.swift
[1972/2050] Compiling AsyncHTTPClient RequestBag+Tracing.swift
[1973/2050] Compiling AsyncHTTPClient RequestBag.swift
[1974/2050] Compiling AsyncHTTPClient HTTPConnectionEvent.swift
[1975/2050] Compiling AsyncHTTPClient HTTPConnectionPool+Factory.swift
[1976/2050] Compiling AsyncHTTPClient HTTPConnectionPool+Manager.swift
[1977/2050] Compiling AsyncHTTPClient HTTPConnectionPool.swift
[1978/2050] Compiling AsyncHTTPClient HTTPExecutableRequest.swift
[1979/2050] Compiling AsyncHTTPClient HTTPRequestStateMachine+Demand.swift
[1980/2050] Compiling AsyncHTTPClient HTTPRequestStateMachine.swift
[1981/2050] Compiling AsyncHTTPClient RequestBodyLength.swift
[1982/2050] Compiling AsyncHTTPClient RequestFramingMetadata.swift
[1983/2050] Compiling AsyncHTTPClient AnyAsyncSequence.swift
[1984/2050] Compiling AsyncHTTPClient AnyAsyncSequenceProucerDelete.swift
[1985/2050] Compiling AsyncHTTPClient AsyncLazySequence.swift
[1986/2050] Compiling AsyncHTTPClient HTTPClient+execute.swift
[1987/2050] Compiling AsyncHTTPClient HTTPClient+shutdown.swift
[1988/2050] Compiling AsyncHTTPClient HTTPClient+tracing.swift
[1989/2050] Compiling AsyncHTTPClient HTTPClientRequest+Prepared.swift
[1990/2050] Compiling AsyncHTTPClient HTTPClientRequest+auth.swift
[1991/2050] Compiling AsyncHTTPClient HTTPClientRequest.swift
[1992/2050] Compiling AsyncHTTPClient RequestOptions.swift
[1993/2050] Compiling AsyncHTTPClient HTTPConnectionPool+Backoff.swift
[1994/2050] Compiling AsyncHTTPClient HTTPConnectionPool+HTTP1Connections.swift
[1995/2050] Compiling AsyncHTTPClient HTTPConnectionPool+HTTP1StateMachine.swift
[1996/2050] Compiling AsyncHTTPClient HTTPConnectionPool+HTTP2Connections.swift
[1997/2050] Compiling AsyncHTTPClient HTTPConnectionPool+HTTP2StateMachine.swift
[1998/2050] Compiling AsyncHTTPClient HTTPConnectionPool+RequestQueue.swift
[1999/2050] Compiling AsyncHTTPClient HTTPConnectionPool+StateMachine.swift
[2000/2050] Compiling AsyncHTTPClient ConnectionTarget.swift
[2001/2050] Compiling AsyncHTTPClient HTTPClientResponse.swift
[2002/2050] Compiling AsyncHTTPClient SingleIteratorPrecondition.swift
[2003/2050] Compiling AsyncHTTPClient Transaction+StateMachine.swift
[2004/2050] Compiling AsyncHTTPClient Transaction.swift
[2005/2050] Compiling AsyncHTTPClient Base64.swift
[2006/2050] Compiling AsyncHTTPClient BasicAuth.swift
[2007/2050] Compiling AsyncHTTPClient BestEffortHashableTLSConfiguration.swift
[2008/2050] Compiling AsyncHTTPClient Configuration+BrowserLike.swift
[2009/2050] Compiling AsyncHTTPClient ConnectionPool.swift
[2010/2050] Compiling AsyncHTTPClient DeconstructedURL.swift
[2011/2050] Compiling AsyncHTTPClient FileDownloadDelegate.swift
[2012/2050] Compiling AsyncHTTPClient FoundationExtensions.swift
[2013/2050] Compiling AsyncHTTPClient HTTPClient+HTTPCookie.swift
[2014/2050] Compiling AsyncHTTPClient HTTPClient+Proxy.swift
[2015/2050] Compiling AsyncHTTPClient HTTPClient+StructuredConcurrency.swift
[2016/2050] Compiling AsyncHTTPClient HTTPClient.swift
[2017/2050] Compiling AsyncHTTPClient HTTPClientConfiguration+SwiftConfiguration.swift
[2018/2050] Compiling AsyncHTTPClient HTTPHandler.swift
[2019/2051] Wrapping AST for AsyncHTTPClient for debugging
[2021/2074] Compiling GoogleAuth CredentialParserRegistry.swift
[2022/2074] Compiling GoogleAuth Credentials.swift
[2023/2074] Compiling GoogleAuth CredentialsError.swift
[2024/2077] Emitting module GoogleAuth
[2025/2077] Compiling GoogleAuth AnonymousCredentials.swift
[2026/2077] Compiling GoogleAuth ApiKeyCredentials.swift
[2027/2077] Compiling GoogleAuth ExternalAccountCredentials.swift
[2028/2077] Compiling GoogleAuth ServiceAccountCredentials.swift
[2029/2077] Compiling GoogleAuth ServiceAccountData.swift
[2030/2077] Compiling GoogleAuth ServiceAccountTokenProvider.swift
[2031/2077] Compiling GoogleAuth SubjectTokenProvider.swift
[2032/2077] Compiling GoogleAuth MDSAccessTokenProvider.swift
[2033/2077] Compiling GoogleAuth MDSCredentials.swift
[2034/2077] Compiling GoogleAuth AuthHTTPClient.swift
[2035/2077] Compiling GoogleAuth AuthHTTPError.swift
[2036/2077] Compiling GoogleAuth RetryEngine.swift
[2037/2077] Compiling GoogleAuth UserAccountData.swift
[2038/2077] Compiling GoogleAuth UserAccountTokenProvider.swift
[2039/2077] Compiling GoogleAuth UserCredentials.swift
[2040/2077] Compiling GoogleAuth ADC.swift
[2041/2077] Compiling GoogleAuth ADCPath.swift
[2042/2077] Compiling GoogleAuth ADCResolver.swift
[2043/2077] Compiling GoogleAuth AuthHeaders.swift
[2044/2077] Compiling GoogleAuth STSHandler.swift
[2045/2077] Compiling GoogleAuth TokenCache.swift
[2046/2077] Compiling GoogleAuth PackageVersion.swift
[2047/2078] Wrapping AST for GoogleAuth for debugging
[2049/2136] Compiling GoogleGax Pagination.swift
/host/spi-builder-workspace/.build/checkouts/swift-google-gax/Sources/GoogleGax/Pagination.swift:44:22: error: cannot convert '@Sendable (String) async throws -> (response: ResponseType, items: [Item], nextToken: String)' to 'nonisolated(nonsending) @Sendable (String) async throws -> (response: ResponseType, items: [Item], nextToken: String)' because crossing of an isolation boundary requires parameter and result types to conform to 'Sendable' protocol
 42 |   ) where ResponseType: _PaginatedResponse<Item> {
 43 |     self.initialPageToken = initialPageToken ?? ""
 44 |     self.fetchPage = { token in
    |                      |- error: cannot convert '@Sendable (String) async throws -> (response: ResponseType, items: [Item], nextToken: String)' to 'nonisolated(nonsending) @Sendable (String) async throws -> (response: ResponseType, items: [Item], nextToken: String)' because crossing of an isolation boundary requires parameter and result types to conform to 'Sendable' protocol
    |                      `- note: type 'Item' does not conform to 'Sendable' protocol
 45 |       let response = try await listRpc(token)
 46 |       return (response, response._getPaginatedItems(), response._nextPageToken())
[2050/2136] Compiling GoogleGax PollingBackoffPolicy.swift
/host/spi-builder-workspace/.build/checkouts/swift-google-gax/Sources/GoogleGax/Pagination.swift:44:22: error: cannot convert '@Sendable (String) async throws -> (response: ResponseType, items: [Item], nextToken: String)' to 'nonisolated(nonsending) @Sendable (String) async throws -> (response: ResponseType, items: [Item], nextToken: String)' because crossing of an isolation boundary requires parameter and result types to conform to 'Sendable' protocol
 42 |   ) where ResponseType: _PaginatedResponse<Item> {
 43 |     self.initialPageToken = initialPageToken ?? ""
 44 |     self.fetchPage = { token in
    |                      |- error: cannot convert '@Sendable (String) async throws -> (response: ResponseType, items: [Item], nextToken: String)' to 'nonisolated(nonsending) @Sendable (String) async throws -> (response: ResponseType, items: [Item], nextToken: String)' because crossing of an isolation boundary requires parameter and result types to conform to 'Sendable' protocol
    |                      `- note: type 'Item' does not conform to 'Sendable' protocol
 45 |       let response = try await listRpc(token)
 46 |       return (response, response._getPaginatedItems(), response._nextPageToken())
[2051/2136] Compiling GoogleGax PollingErrorPolicy.swift
/host/spi-builder-workspace/.build/checkouts/swift-google-gax/Sources/GoogleGax/Pagination.swift:44:22: error: cannot convert '@Sendable (String) async throws -> (response: ResponseType, items: [Item], nextToken: String)' to 'nonisolated(nonsending) @Sendable (String) async throws -> (response: ResponseType, items: [Item], nextToken: String)' because crossing of an isolation boundary requires parameter and result types to conform to 'Sendable' protocol
 42 |   ) where ResponseType: _PaginatedResponse<Item> {
 43 |     self.initialPageToken = initialPageToken ?? ""
 44 |     self.fetchPage = { token in
    |                      |- error: cannot convert '@Sendable (String) async throws -> (response: ResponseType, items: [Item], nextToken: String)' to 'nonisolated(nonsending) @Sendable (String) async throws -> (response: ResponseType, items: [Item], nextToken: String)' because crossing of an isolation boundary requires parameter and result types to conform to 'Sendable' protocol
    |                      `- note: type 'Item' does not conform to 'Sendable' protocol
 45 |       let response = try await listRpc(token)
 46 |       return (response, response._getPaginatedItems(), response._nextPageToken())
[2052/2136] Compiling GoogleGax PollingResult.swift
/host/spi-builder-workspace/.build/checkouts/swift-google-gax/Sources/GoogleGax/Pagination.swift:44:22: error: cannot convert '@Sendable (String) async throws -> (response: ResponseType, items: [Item], nextToken: String)' to 'nonisolated(nonsending) @Sendable (String) async throws -> (response: ResponseType, items: [Item], nextToken: String)' because crossing of an isolation boundary requires parameter and result types to conform to 'Sendable' protocol
 42 |   ) where ResponseType: _PaginatedResponse<Item> {
 43 |     self.initialPageToken = initialPageToken ?? ""
 44 |     self.fetchPage = { token in
    |                      |- error: cannot convert '@Sendable (String) async throws -> (response: ResponseType, items: [Item], nextToken: String)' to 'nonisolated(nonsending) @Sendable (String) async throws -> (response: ResponseType, items: [Item], nextToken: String)' because crossing of an isolation boundary requires parameter and result types to conform to 'Sendable' protocol
    |                      `- note: type 'Item' does not conform to 'Sendable' protocol
 45 |       let response = try await listRpc(token)
 46 |       return (response, response._getPaginatedItems(), response._nextPageToken())
[2053/2136] Compiling GoogleGax PollingState.swift
/host/spi-builder-workspace/.build/checkouts/swift-google-gax/Sources/GoogleGax/Pagination.swift:44:22: error: cannot convert '@Sendable (String) async throws -> (response: ResponseType, items: [Item], nextToken: String)' to 'nonisolated(nonsending) @Sendable (String) async throws -> (response: ResponseType, items: [Item], nextToken: String)' because crossing of an isolation boundary requires parameter and result types to conform to 'Sendable' protocol
 42 |   ) where ResponseType: _PaginatedResponse<Item> {
 43 |     self.initialPageToken = initialPageToken ?? ""
 44 |     self.fetchPage = { token in
    |                      |- error: cannot convert '@Sendable (String) async throws -> (response: ResponseType, items: [Item], nextToken: String)' to 'nonisolated(nonsending) @Sendable (String) async throws -> (response: ResponseType, items: [Item], nextToken: String)' because crossing of an isolation boundary requires parameter and result types to conform to 'Sendable' protocol
    |                      `- note: type 'Item' does not conform to 'Sendable' protocol
 45 |       let response = try await listRpc(token)
 46 |       return (response, response._getPaginatedItems(), response._nextPageToken())
[2054/2136] Compiling GoogleGax ProtobufConversionError.swift
/host/spi-builder-workspace/.build/checkouts/swift-google-gax/Sources/GoogleGax/Pagination.swift:44:22: error: cannot convert '@Sendable (String) async throws -> (response: ResponseType, items: [Item], nextToken: String)' to 'nonisolated(nonsending) @Sendable (String) async throws -> (response: ResponseType, items: [Item], nextToken: String)' because crossing of an isolation boundary requires parameter and result types to conform to 'Sendable' protocol
 42 |   ) where ResponseType: _PaginatedResponse<Item> {
 43 |     self.initialPageToken = initialPageToken ?? ""
 44 |     self.fetchPage = { token in
    |                      |- error: cannot convert '@Sendable (String) async throws -> (response: ResponseType, items: [Item], nextToken: String)' to 'nonisolated(nonsending) @Sendable (String) async throws -> (response: ResponseType, items: [Item], nextToken: String)' because crossing of an isolation boundary requires parameter and result types to conform to 'Sendable' protocol
    |                      `- note: type 'Item' does not conform to 'Sendable' protocol
 45 |       let response = try await listRpc(token)
 46 |       return (response, response._getPaginatedItems(), response._nextPageToken())
[2055/2136] Compiling GoogleGax QueryParameter.swift
/host/spi-builder-workspace/.build/checkouts/swift-google-gax/Sources/GoogleGax/Pagination.swift:44:22: error: cannot convert '@Sendable (String) async throws -> (response: ResponseType, items: [Item], nextToken: String)' to 'nonisolated(nonsending) @Sendable (String) async throws -> (response: ResponseType, items: [Item], nextToken: String)' because crossing of an isolation boundary requires parameter and result types to conform to 'Sendable' protocol
 42 |   ) where ResponseType: _PaginatedResponse<Item> {
 43 |     self.initialPageToken = initialPageToken ?? ""
 44 |     self.fetchPage = { token in
    |                      |- error: cannot convert '@Sendable (String) async throws -> (response: ResponseType, items: [Item], nextToken: String)' to 'nonisolated(nonsending) @Sendable (String) async throws -> (response: ResponseType, items: [Item], nextToken: String)' because crossing of an isolation boundary requires parameter and result types to conform to 'Sendable' protocol
    |                      `- note: type 'Item' does not conform to 'Sendable' protocol
 45 |       let response = try await listRpc(token)
 46 |       return (response, response._getPaginatedItems(), response._nextPageToken())
[2056/2136] Compiling GoogleGax RequestError.swift
/host/spi-builder-workspace/.build/checkouts/swift-google-gax/Sources/GoogleGax/Pagination.swift:44:22: error: cannot convert '@Sendable (String) async throws -> (response: ResponseType, items: [Item], nextToken: String)' to 'nonisolated(nonsending) @Sendable (String) async throws -> (response: ResponseType, items: [Item], nextToken: String)' because crossing of an isolation boundary requires parameter and result types to conform to 'Sendable' protocol
 42 |   ) where ResponseType: _PaginatedResponse<Item> {
 43 |     self.initialPageToken = initialPageToken ?? ""
 44 |     self.fetchPage = { token in
    |                      |- error: cannot convert '@Sendable (String) async throws -> (response: ResponseType, items: [Item], nextToken: String)' to 'nonisolated(nonsending) @Sendable (String) async throws -> (response: ResponseType, items: [Item], nextToken: String)' because crossing of an isolation boundary requires parameter and result types to conform to 'Sendable' protocol
    |                      `- note: type 'Item' does not conform to 'Sendable' protocol
 45 |       let response = try await listRpc(token)
 46 |       return (response, response._getPaginatedItems(), response._nextPageToken())
[2057/2144] Emitting module GoogleGax
[2058/2144] Compiling GoogleGax LimitedAttemptCount+PollingErrorPolicy.swift
[2059/2144] Compiling GoogleGax LimitedAttemptCount+RetryPolicy.swift
[2060/2144] Compiling GoogleGax LimitedAttemptCount.swift
[2061/2144] Compiling GoogleGax LimitedElapsedTime+PollingErrorPolicy.swift
[2062/2144] Compiling GoogleGax LimitedElapsedTime+RetryPolicy.swift
[2063/2144] Compiling GoogleGax LimitedElapsedTime.swift
[2064/2144] Compiling GoogleGax LongRunningOperations.swift
[2065/2144] Compiling GoogleGax NeverRetry.swift
[2066/2144] Compiling GoogleGax RequestOptions.swift
[2067/2144] Compiling GoogleGax RetryLoop.swift
[2068/2144] Compiling GoogleGax RetryPolicy.swift
[2069/2144] Compiling GoogleGax RetryResult.swift
[2070/2144] Compiling GoogleGax RetryState.swift
[2071/2144] Compiling GoogleGax RetryThrottler.swift
[2072/2144] Compiling GoogleGax RetryThrottlerError.swift
[2073/2144] Compiling GoogleGax RoutingMatcher.swift
[2074/2144] Compiling GoogleGax ContinueOnIO.swift
[2075/2144] Compiling GoogleGax CredentialsProtocol.swift
[2076/2144] Compiling GoogleGax ErrorWrapper.swift
[2077/2144] Compiling GoogleGax ExponentialBackoff+BackoffPolicy.swift
[2078/2144] Compiling GoogleGax ExponentialBackoff+PollingBackoffPolicy.swift
[2079/2144] Compiling GoogleGax ExponentialBackoff.swift
[2080/2144] Compiling GoogleGax HTTPClient.swift
[2081/2144] Compiling GoogleGax HTTPClientHolder.swift
[2082/2144] Compiling GoogleGax ServiceError.swift
[2083/2144] Compiling GoogleGax StatusDetail.swift
[2084/2144] Compiling GoogleGax StrictIdempotency.swift
[2085/2144] Compiling GoogleGax ThrottleResult.swift
[2086/2144] Compiling GoogleGax TooManyRequests+PollingErrorPolicy.swift
[2087/2144] Compiling GoogleGax TooManyRequests+RetryPolicy.swift
[2088/2144] Compiling GoogleGax TooManyRequests.swift
[2089/2144] Compiling GoogleGax PackageVersion.swift
[2090/2144] Compiling GoogleGax HTTPClientProtocol.swift
[2091/2144] Compiling GoogleGax HTTPClientRequest.swift
[2092/2144] Compiling GoogleGax HTTPClientResponse.swift
[2093/2144] Compiling GoogleGax HTTPHeaders.swift
[2094/2144] Compiling GoogleGax HTTPResponseBody.swift
[2095/2144] Compiling GoogleGax HeaderNames.swift
[2096/2144] Compiling GoogleGax Host.swift
[2097/2144] Compiling GoogleGax InProgressResult.swift
[2098/2144] Compiling GoogleGax AIP194+PollingErrorPolicy.swift
[2099/2144] Compiling GoogleGax AIP194+RetryPolicy.swift
[2100/2144] Compiling GoogleGax AIP194.swift
[2101/2144] Compiling GoogleGax AdaptiveThrottler.swift
[2102/2144] Compiling GoogleGax AlwaysPoll.swift
[2103/2144] Compiling GoogleGax AlwaysRetry.swift
[2104/2144] Compiling GoogleGax ApiClientHeader.swift
[2105/2144] Compiling GoogleGax BackoffPolicy.swift
[2106/2144] Compiling GoogleGax BasePollingErrorPolicy.swift
[2107/2144] Compiling GoogleGax BaseRetryPolicy.swift
[2108/2144] Compiling GoogleGax BindingError.swift
[2109/2144] Compiling GoogleGax CRC32C.swift
[2110/2144] Compiling GoogleGax CircuitBreaker.swift
[2111/2144] Compiling GoogleGax ClientError.swift
[2112/2144] Compiling GoogleGax ClientOptions.swift
[2113/2144] Compiling GoogleGax ContinueOnIO+PollingErrorPolicy.swift
[2114/2144] Compiling GoogleGax ContinueOnIO+RetryPolicy.swift
BUILD FAILURE 6.2 android