The Swift Package Index logo.Swift Package Index

Build Information

Failed to build swift-issue-reporting, reference main (75b000), with Swift 6.2 for Linux on 28 Sep 2026 22:03:20 UTC.

Build Command

bash -c docker run --pull=always --rm -v "checkouts-54344844-0":/host -w "$PWD" -e JAVA_HOME="/root/.sdkman/candidates/java/current" -e SPI_BUILD="1" -e SPI_PROCESSING="1" registry.gitlab.com/saguaro1/spi-images:basic-6.2-latest swift build --triple x86_64-unknown-linux-gnu 2>&1

Build Log

========================================
RunAll
========================================
Builder version: 5.1.0
Interrupt handler set up.
========================================
Checkout
========================================
Clone URL: https://github.com/pointfreeco/swift-issue-reporting.git
Reference: main
Initialized empty Git repository in /host/spi-builder-workspace/.git/
hint: Using 'master' as the name for the initial branch. This default branch name
hint: is subject to change. To configure the initial branch name to use in all
hint: of your new repositories, which will suppress this warning, call:
hint:
hint: 	git config --global init.defaultBranch <name>
hint:
hint: Names commonly chosen instead of 'master' are 'main', 'trunk' and
hint: 'development'. The just-created branch can be renamed via this command:
hint:
hint: 	git branch -m <name>
From https://github.com/pointfreeco/swift-issue-reporting
 * branch            main       -> FETCH_HEAD
 * [new branch]      main       -> origin/main
HEAD is now at 75b000c Fix Windows build (#200)
Cloned https://github.com/pointfreeco/swift-issue-reporting.git
Revision (git rev-parse @):
75b000cea2ca6d7527a57e1b9cc0bdf21a9abe9f
SPI manifest file found: $PWD/.spi.yml
SUCCESS checkout https://github.com/pointfreeco/swift-issue-reporting.git at main
========================================
Build
========================================
Selected platform:         linux
Swift version:             6.2
Building package at path:  $PWD
https://github.com/pointfreeco/swift-issue-reporting.git
Running build ...
bash -c docker run --pull=always --rm -v "checkouts-54344844-0":/host -w "$PWD" -e JAVA_HOME="/root/.sdkman/candidates/java/current" -e SPI_BUILD="1" -e SPI_PROCESSING="1" registry.gitlab.com/saguaro1/spi-images:basic-6.2-latest swift build --triple x86_64-unknown-linux-gnu 2>&1
basic-6.2-latest: Pulling from saguaro1/spi-images
Digest: sha256:813c8e8a77634154d7d247705cb89167ff1c866446abbe321f542129dc4cf5a7
Status: Image is up to date for registry.gitlab.com/saguaro1/spi-images:basic-6.2-latest
Fetching https://github.com/apple/swift-docc-plugin
[1/2345] Fetching swift-docc-plugin
Fetched https://github.com/apple/swift-docc-plugin from cache (0.60s)
Computing version for https://github.com/apple/swift-docc-plugin
Computed https://github.com/apple/swift-docc-plugin at 1.5.0 (1.51s)
Fetching https://github.com/swiftlang/swift-docc-symbolkit
[1/3832] Fetching swift-docc-symbolkit
Fetched https://github.com/swiftlang/swift-docc-symbolkit from cache (1.75s)
Computing version for https://github.com/swiftlang/swift-docc-symbolkit
Computed https://github.com/swiftlang/swift-docc-symbolkit at 1.0.0 (1.97s)
Creating working copy for https://github.com/apple/swift-docc-plugin
Working copy of https://github.com/apple/swift-docc-plugin resolved at 1.5.0
Creating working copy for https://github.com/swiftlang/swift-docc-symbolkit
Working copy of https://github.com/swiftlang/swift-docc-symbolkit resolved at 1.0.0
[1/1] Compiling plugin Swift-DocC Preview
[2/2] Compiling plugin Swift-DocC
Building for debugging...
[2/8] Write sources
[4/8] Write swift-version-24593BA9C3E375BF.txt
[6/34] Emitting module IssueReporting
[7/36] Compiling IssueReporting WithIssueContext.swift
[8/36] Compiling IssueReporting _WithKnownIssue.swift
[9/36] Compiling IssueReporting FatalErrorReporter.swift
[10/36] Compiling IssueReporting IssueSeverity.swift
[11/36] Compiling IssueReporting ReportIssue.swift
[12/36] Compiling IssueReporting IssueReporter.swift
/host/spi-builder-workspace/Sources/IssueReporting/IssueReporters/DefaultReporter.swift:1:8: warning: public import of 'Foundation' was not used in public declarations or inlinable code
  1 | public import Foundation
    |        `- warning: public import of 'Foundation' was not used in public declarations or inlinable code
  2 |
  3 | #if canImport(os)
[13/36] Compiling IssueReporting BreakpointReporter.swift
/host/spi-builder-workspace/Sources/IssueReporting/IssueReporters/DefaultReporter.swift:1:8: warning: public import of 'Foundation' was not used in public declarations or inlinable code
  1 | public import Foundation
    |        `- warning: public import of 'Foundation' was not used in public declarations or inlinable code
  2 |
  3 | #if canImport(os)
[14/36] Compiling IssueReporting DefaultReporter.swift
/host/spi-builder-workspace/Sources/IssueReporting/IssueReporters/DefaultReporter.swift:1:8: warning: public import of 'Foundation' was not used in public declarations or inlinable code
  1 | public import Foundation
    |        `- warning: public import of 'Foundation' was not used in public declarations or inlinable code
  2 |
  3 | #if canImport(os)
[15/36] Compiling IssueReporting _Test.swift
[16/36] Compiling IssueReporting TestContext.swift
[17/36] Compiling IssueReporting Unimplemented.swift
[18/36] Compiling IssueReporting ErrorReporting.swift
[19/36] Compiling IssueReporting ExpectReportsIssue.swift
[20/36] Compiling IssueReporting AppHostWarning.swift
[21/36] Compiling IssueReporting Deprecations.swift
/host/spi-builder-workspace/Sources/IssueReporting/Internal/LockIsolated.swift:19:16: error: sending 'value' risks causing data races [#SendingRisksDataRace]
16 |     defer { lock.unlock() }
17 |     var value = _value
18 |     defer { _value = value }
   |     |- note: access can happen concurrently
   |     `- note: access can happen concurrently
19 |     return try operation(&value)
   |                |- error: sending 'value' risks causing data races [#SendingRisksDataRace]
   |                `- note: 'value' used after being passed as a 'sending' parameter; Later uses could race
20 |   }
21 | }
[#SendingRisksDataRace]: <https://docs.swift.org/compiler/documentation/diagnostics/sending-risks-data-race>
[22/36] Compiling IssueReporting FailureObserver.swift
/host/spi-builder-workspace/Sources/IssueReporting/Internal/LockIsolated.swift:19:16: error: sending 'value' risks causing data races [#SendingRisksDataRace]
16 |     defer { lock.unlock() }
17 |     var value = _value
18 |     defer { _value = value }
   |     |- note: access can happen concurrently
   |     `- note: access can happen concurrently
19 |     return try operation(&value)
   |                |- error: sending 'value' risks causing data races [#SendingRisksDataRace]
   |                `- note: 'value' used after being passed as a 'sending' parameter; Later uses could race
20 |   }
21 | }
[#SendingRisksDataRace]: <https://docs.swift.org/compiler/documentation/diagnostics/sending-risks-data-race>
[23/36] Compiling IssueReporting LockIsolated.swift
/host/spi-builder-workspace/Sources/IssueReporting/Internal/LockIsolated.swift:19:16: error: sending 'value' risks causing data races [#SendingRisksDataRace]
16 |     defer { lock.unlock() }
17 |     var value = _value
18 |     defer { _value = value }
   |     |- note: access can happen concurrently
   |     `- note: access can happen concurrently
19 |     return try operation(&value)
   |                |- error: sending 'value' risks causing data races [#SendingRisksDataRace]
   |                `- note: 'value' used after being passed as a 'sending' parameter; Later uses could race
20 |   }
21 | }
[#SendingRisksDataRace]: <https://docs.swift.org/compiler/documentation/diagnostics/sending-risks-data-race>
[24/36] Emitting module IssueReportingTestSupport
[25/36] Compiling IssueReportingTestSupport XCTest.swift
[26/36] Compiling IssueReportingTestSupport SwiftTesting.swift
[27/36] Compiling IssueReportingTestSupport _Test.swift
[28/37] Wrapping AST for IssueReportingTestSupport for debugging
[29/37] Write Objects.LinkFileList
[30/37] Linking libIssueReportingTestSupport.so
[32/37] Compiling IssueReporting Warn.swift
/host/spi-builder-workspace/Sources/IssueReporting/Internal/XCTest.swift:9:12: warning: public import of 'Glibc' was not used in public declarations or inlinable code
  7 |     public import Darwin
  8 |   #elseif canImport(Glibc)
  9 |     public import Glibc
    |            `- warning: public import of 'Glibc' was not used in public declarations or inlinable code
 10 |   #elseif canImport(WinSDK)
 11 |     public import WinSDK
[33/37] Compiling IssueReporting XCTest.swift
/host/spi-builder-workspace/Sources/IssueReporting/Internal/XCTest.swift:9:12: warning: public import of 'Glibc' was not used in public declarations or inlinable code
  7 |     public import Darwin
  8 |   #elseif canImport(Glibc)
  9 |     public import Glibc
    |            `- warning: public import of 'Glibc' was not used in public declarations or inlinable code
 10 |   #elseif canImport(WinSDK)
 11 |     public import WinSDK
[34/37] Compiling IssueReporting IsTesting.swift
/host/spi-builder-workspace/Sources/IssueReporting/Internal/XCTest.swift:9:12: warning: public import of 'Glibc' was not used in public declarations or inlinable code
  7 |     public import Darwin
  8 |   #elseif canImport(Glibc)
  9 |     public import Glibc
    |            `- warning: public import of 'Glibc' was not used in public declarations or inlinable code
 10 |   #elseif canImport(WinSDK)
 11 |     public import WinSDK
[35/37] Compiling IssueReporting Rethrows.swift
[36/37] Compiling IssueReporting SwiftTesting.swift
[37/37] Compiling IssueReporting UncheckedSendable.swift
BUILD FAILURE 6.2 linux