The Swift Package Index logo.Swift Package Index

Build Information

Failed to build Siwf, reference v1.0.0 (1796dd), with Swift 6.4 for macOS (SPM) on 22 Sep 2026 02:09:56 UTC.

Build Command

env DEVELOPER_DIR=/Applications/Xcode-27.0.0-Release.Candidate.app xcrun swift build --arch arm64

Build Log

========================================
RunAll
========================================
Builder version: 5.1.0
Interrupt handler set up.
========================================
Checkout
========================================
Clone URL: https://github.com/ProjectLibertyLabs/siwf-sdk-ios.git
Reference: v1.0.0
Initialized empty Git repository in /Users/admin/builder/spi-builder-workspace/.git/
From https://github.com/ProjectLibertyLabs/siwf-sdk-ios
 * tag               v1.0.0     -> FETCH_HEAD
HEAD is now at 1796ddd add uri to callback params (#30)
Cloned https://github.com/ProjectLibertyLabs/siwf-sdk-ios.git
Revision (git rev-parse @):
1796ddd13c576a47ba4460b324915373001a499e
SUCCESS checkout https://github.com/ProjectLibertyLabs/siwf-sdk-ios.git at v1.0.0
========================================
Build
========================================
Selected platform:         macosSpm
Swift version:             6.4
Building package at path:  $PWD
https://github.com/ProjectLibertyLabs/siwf-sdk-ios.git
Running build ...
env DEVELOPER_DIR=/Applications/Xcode-27.0.0-Release.Candidate.app xcrun swift build --arch arm64
Building for debugging...
[Planning deferred tasks]
[19 / 28]
[20 / 29] Siwf
[30 / 107]
[33 / 107]
[41 / 107]
[43 / 107]
[44 / 107]
[50 / 107]
[52 / 107]
[55 / 107]
[61 / 107]
[64 / 107]
[66 / 107]
[67 / 107]
[77 / 107]
[79 / 107]
[80 / 107]
[83 / 107]
[85 / 107]
[98 / 107] Siwf
error: SwiftCompile normal arm64 failed with a nonzero exit code. Command line:     cd /Users/admin/builder

/Users/admin/builder/spi-builder-workspace/Sources/Siwf/Helpers/DecodeAssets.swift:15:57: error: cannot find type 'UIImage' in scope
13 | /// - Parameter base64String: The Base64-encoded image string.
14 | /// - Returns: The decoded `UIImage`, or `nil` if decoding fails.
15 | public func decodeBase64Image(base64String: String?) -> UIImage? {
   |                                                         `- error: cannot find type 'UIImage' in scope
16 |     guard let base64String = base64String, !base64String.isEmpty else {
17 |         print("⚠️ Base64 string is empty or nil.")
/Users/admin/builder/spi-builder-workspace/Sources/Siwf/Helpers/GetButtonStyle.swift:15:20: error: cannot find type 'UIImage' in scope
13 |     var textColor: Color
14 |     var borderColor: Color
15 |     var logoImage: UIImage?
   |                    `- error: cannot find type 'UIImage' in scope
16 | }
17 |
/Users/admin/builder/spi-builder-workspace/Sources/Siwf/Helpers/SafariView.swift:17:100: error: cannot find type 'SFSafariViewController' in scope
15 |     }
16 |
17 |     public func makeUIViewController(context: UIViewControllerRepresentableContext<SafariView>) -> SFSafariViewController {
   |                                                                                                    `- error: cannot find type 'SFSafariViewController' in scope
18 |         return SFSafariViewController(url: url)
19 |     }
/Users/admin/builder/spi-builder-workspace/Sources/Siwf/Helpers/SafariView.swift:17:47: error: cannot find type 'UIViewControllerRepresentableContext' in scope
15 |     }
16 |
17 |     public func makeUIViewController(context: UIViewControllerRepresentableContext<SafariView>) -> SFSafariViewController {
   |                                               `- error: cannot find type 'UIViewControllerRepresentableContext' in scope
18 |         return SFSafariViewController(url: url)
19 |     }
/Users/admin/builder/spi-builder-workspace/Sources/Siwf/Helpers/SafariView.swift:21:60: error: cannot find type 'SFSafariViewController' in scope
19 |     }
20 |
21 |     public func updateUIViewController(_ uiViewController: SFSafariViewController, context: UIViewControllerRepresentableContext<SafariView>) {}
   |                                                            `- error: cannot find type 'SFSafariViewController' in scope
22 | }
23 |
/Users/admin/builder/spi-builder-workspace/Sources/Siwf/Helpers/SafariView.swift:21:93: error: cannot find type 'UIViewControllerRepresentableContext' in scope
19 |     }
20 |
21 |     public func updateUIViewController(_ uiViewController: SFSafariViewController, context: UIViewControllerRepresentableContext<SafariView>) {}
   |                                                                                             `- error: cannot find type 'UIViewControllerRepresentableContext' in scope
22 | }
23 |
/Users/admin/builder/spi-builder-workspace/Sources/Siwf/Helpers/SafariView.swift:10:27: error: cannot find type 'UIViewControllerRepresentable' in scope
 8 | /// - Parameters:
 9 | ///   - url: The URL to be loaded in the Safari view.
10 | public struct SafariView: UIViewControllerRepresentable {
   |                           `- error: cannot find type 'UIViewControllerRepresentable' in scope
11 |     public let url: URL
12 |
Failed frontend command:
/Applications/Xcode-27.0.0-Release.Candidate.app/Contents/Developer/Toolchains/XcodeDefault.xctoolchain/usr/bin/swift-frontend -frontend -emit-module -experimental-skip-non-inlinable-function-bodies-without-types /Users/admin/builder/spi-builder-workspace/Sources/Siwf/Helpers/AuthLoginUtils.swift /Users/admin/builder/spi-builder-workspace/Sources/Siwf/Helpers/DecodeAssets.swift /Users/admin/builder/spi-builder-workspace/Sources/Siwf/Helpers/GetAssets.swift /Users/admin/builder/spi-builder-workspace/Sources/Siwf/Helpers/GetButtonStyle.swift /Users/admin/builder/spi-builder-workspace/Sources/Siwf/Helpers/HexToRGB.swift /Users/admin/builder/spi-builder-workspace/Sources/Siwf/Helpers/SafariView.swift /Users/admin/builder/spi-builder-workspace/Sources/Siwf/Helpers/Utils.swift /Users/admin/builder/spi-builder-workspace/Sources/Siwf/Models/SiwfAuthRequest.swift /Users/admin/builder/spi-builder-workspace/Sources/Siwf/Models/SiwfModels.swift /Users/admin/builder/spi-builder-workspace/Sources/Siwf/Models/SiwfUIModels.swift /Users/admin/builder/spi-builder-workspace/Sources/Siwf/Siwf.swift /Users/admin/builder/spi-builder-workspace/Sources/Siwf/SiwfButton.swift -target arm64-apple-macos12.0 -disable-cross-import-overlay-search -load-resolved-plugin /Applications/Xcode-27.0.0-Release.Candidate.app/Contents/Developer/Platforms/MacOSX.platform/Developer/usr/lib/swift/host/plugins/libFoundationMacros.dylib\#/Applications/Xcode-27.0.0-Release.Candidate.app/Contents/Developer/Platforms/MacOSX.platform/Developer/usr/bin/swift-plugin-server\#FoundationMacros -load-resolved-plugin /Applications/Xcode-27.0.0-Release.Candidate.app/Contents/Developer/Platforms/MacOSX.platform/Developer/usr/lib/swift/host/plugins/libObservationMacros.dylib\#/Applications/Xcode-27.0.0-Release.Candidate.app/Contents/Developer/Platforms/MacOSX.platform/Developer/usr/bin/swift-plugin-server\#ObservationMacros -load-resolved-plugin /Applications/Xcode-27.0.0-Release.Candidate.app/Contents/Developer/Platforms/MacOSX.platform/Developer/usr/lib/swift/host/plugins/libPreviewsMacros.dylib\#/Applications/Xcode-27.0.0-Release.Candidate.app/Contents/Developer/Platforms/MacOSX.platform/Developer/usr/bin/swift-plugin-server\#PreviewsMacros -load-resolved-plugin /Applications/Xcode-27.0.0-Release.Candidate.app/Contents/Developer/Platforms/MacOSX.platform/Developer/usr/lib/swift/host/plugins/libSwiftMacros.dylib\#/Applications/Xcode-27.0.0-Release.Candidate.app/Contents/Developer/Platforms/MacOSX.platform/Developer/usr/bin/swift-plugin-server\#SwiftMacros -load-resolved-plugin /Applications/Xcode-27.0.0-Release.Candidate.app/Contents/Developer/Platforms/MacOSX.platform/Developer/usr/lib/swift/host/plugins/libSwiftUIMacros.dylib\#/Applications/Xcode-27.0.0-Release.Candidate.app/Contents/Developer/Platforms/MacOSX.platform/Developer/usr/bin/swift-plugin-server\#SwiftUIMacros -disable-implicit-swift-modules -Xcc -fno-implicit-modules -Xcc -fno-implicit-module-maps -explicit-swift-module-map-file /Users/admin/builder/spi-builder-workspace/.build/out/Intermediates.noindex/Siwf.build/Debug/Siwf-t.build/Objects-normal/arm64/Siwf-dependencies-1.json -Xllvm -aarch64-use-tbi -enable-objc-interop -stack-check -sdk /Applications/Xcode-27.0.0-Release.Candidate.app/Contents/Developer/Platforms/MacOSX.platform/Developer/SDKs/MacOSX27.0.sdk -I /Users/admin/builder/spi-builder-workspace/.build/out/Products/Debug -Isystem /Applications/Xcode-27.0.0-Release.Candidate.app/Contents/Developer/Platforms/MacOSX.platform/Developer/usr/lib -F /Users/admin/builder/spi-builder-workspace/.build/out/Products/Debug -F /Applications/Xcode-27.0.0-Release.Candidate.app/Contents/Developer/Platforms/MacOSX.platform/Developer/Library/Frameworks -module-cache-path /Users/admin/builder/spi-builder-workspace/.build/out/Intermediates.noindex/SwiftExplicitPrecompiledModules -color-diagnostics -Xcc -fcolor-diagnostics -enable-testing -g -debug-info-format\=dwarf -dwarf-version\=4 -swift-version 5 -Onone -D SWIFT_PACKAGE -D DEBUG -D SWIFT_MODULE_RESOURCE_BUNDLE_UNAVAILABLE -D Xcode -serialize-debugging-options -enable-experimental-feature DebugDescriptionMacro -empty-abi-descriptor -validate-clang-modules-once -clang-build-session-file /Users/admin/builder/spi-builder-workspace/.build/out/ModuleCache.noindex/Session.modulevalidation -Xcc -working-directory -Xcc /Users/admin/builder -enable-anonymous-context-mangled-names -file-compilation-dir /Users/admin/builder -Xcc -D_LIBCPP_HARDENING_MODE\=_LIBCPP_HARDENING_MODE_DEBUG -Xcc -ivfsstatcache -Xcc /Users/admin/builder/spi-builder-workspace/.build/out/SDKStatCaches.noindex/macosx27.0-26A425-80c5bbf1d171475443272936d42f90a36a22442a12e9d48fe1a705f55a1adfc4.sdkstatcache -Xcc -fmodules-prune-interval\=86400 -Xcc -fmodules-prune-after\=345600 -Xcc -I/Users/admin/builder/spi-builder-workspace/.build/out/Products/Debug/include -Xcc -I/Users/admin/builder/spi-builder-workspace/.build/out/Intermediates.noindex/Siwf.build/Debug/Siwf-t.build/DerivedSources-normal/arm64 -Xcc -I/Users/admin/builder/spi-builder-workspace/.build/out/Intermediates.noindex/Siwf.build/Debug/Siwf-t.build/DerivedSources/arm64 -Xcc -I/Users/admin/builder/spi-builder-workspace/.build/out/Intermediates.noindex/Siwf.build/Debug/Siwf-t.build/DerivedSources -Xcc -DSWIFT_PACKAGE -Xcc -DDEBUG\=1 -no-auto-bridging-header-chaining -module-name Siwf -package-name spi_builder_workspace -const-gather-protocols-file /Users/admin/builder/spi-builder-workspace/.build/out/Intermediates.noindex/Siwf.build/Debug/Siwf-t.build/Objects-normal/arm64/Siwf_const_extract_protocols.json -disable-clang-spi -clang-target arm64-apple-macos27.0 -target-sdk-version 27.0 -target-sdk-name macosx27.0 -in-process-plugin-server-path /Applications/Xcode-27.0.0-Release.Candidate.app/Contents/Developer/Toolchains/XcodeDefault.xctoolchain/usr/lib/swift/host/libSwiftInProcPluginServer.dylib -emit-module-doc-path /Users/admin/builder/spi-builder-workspace/.build/out/Intermediates.noindex/Siwf.build/Debug/Siwf-t.build/Objects-normal/arm64/Siwf.swiftdoc -emit-module-source-info-path /Users/admin/builder/spi-builder-workspace/.build/out/Intermediates.noindex/Siwf.build/Debug/Siwf-t.build/Objects-normal/arm64/Siwf.swiftsourceinfo -emit-objc-header-path /Users/admin/builder/spi-builder-workspace/.build/out/Intermediates.noindex/Siwf.build/Debug/Siwf-t.build/Objects-normal/arm64/Siwf-Swift.h -serialize-diagnostics-path /Users/admin/builder/spi-builder-workspace/.build/out/Intermediates.noindex/Siwf.build/Debug/Siwf-t.build/Objects-normal/arm64/Siwf-primary-emit-module.dia -emit-dependencies-path /Users/admin/builder/spi-builder-workspace/.build/out/Intermediates.noindex/Siwf.build/Debug/Siwf-t.build/Objects-normal/arm64/Siwf-primary-emit-module.d -parse-as-library -o /Users/admin/builder/spi-builder-workspace/.build/out/Intermediates.noindex/Siwf.build/Debug/Siwf-t.build/Objects-normal/arm64/Siwf.swiftmodule -emit-abi-descriptor-path /Users/admin/builder/spi-builder-workspace/.build/out/Intermediates.noindex/Siwf.build/Debug/Siwf-t.build/Objects-normal/arm64/Siwf.abi.json
error: Build failed
BUILD FAILURE 6.4 macosSpm