The Swift Package Index logo.Swift Package Index

Build Information

Failed to build SwiftDecision, reference 0.9.0 (d98ebb), with Swift 6.3 for Wasm on 30 Oct 2026 04:05:35 UTC.

Build Command

bash -c docker run --pull=always --rm -v "checkouts-54344844-1":/host -w "$PWD" -e JAVA_HOME="/root/.sdkman/candidates/java/current" -e SPI_BUILD="1" -e SPI_PROCESSING="1" registry.gitlab.com/saguaro1/spi-images:wasm-6.3-latest swift build --swift-sdk swift-6.3.2-RELEASE_wasm 2>&1

Build Log

========================================
RunAll
========================================
Builder version: 5.1.4
Interrupt handler set up.
========================================
Checkout
========================================
Clone URL: https://github.com/SoundBlaster/SwiftDecision.git
Reference: 0.9.0
Initialized empty Git repository in /host/spi-builder-workspace/.git/
hint: Using 'master' as the name for the initial branch. This default branch name
hint: is subject to change. To configure the initial branch name to use in all
hint: of your new repositories, which will suppress this warning, call:
hint:
hint: 	git config --global init.defaultBranch <name>
hint:
hint: Names commonly chosen instead of 'master' are 'main', 'trunk' and
hint: 'development'. The just-created branch can be renamed via this command:
hint:
hint: 	git branch -m <name>
From https://github.com/SoundBlaster/SwiftDecision
 * tag               0.9.0      -> FETCH_HEAD
HEAD is now at d98ebbc Merge pull request #25 from SoundBlaster/codex/gliner-release-0.9
Cloned https://github.com/SoundBlaster/SwiftDecision.git
Revision (git rev-parse @):
d98ebbc36f2d3df311790cb431a04cefbd64b36f
SUCCESS checkout https://github.com/SoundBlaster/SwiftDecision.git at 0.9.0
========================================
Build
========================================
Selected platform:         wasm
Swift version:             6.3
Building package at path:  $PWD
https://github.com/SoundBlaster/SwiftDecision.git
Running build ...
bash -c docker run --pull=always --rm -v "checkouts-54344844-1":/host -w "$PWD" -e JAVA_HOME="/root/.sdkman/candidates/java/current" -e SPI_BUILD="1" -e SPI_PROCESSING="1" registry.gitlab.com/saguaro1/spi-images:wasm-6.3-latest swift build --swift-sdk swift-6.3.2-RELEASE_wasm 2>&1
wasm-6.3-latest: Pulling from saguaro1/spi-images
Digest: sha256:eea66feda95ad8894091082dbcb77ec1fc917891d37888fd1938b0b68455d992
Status: Image is up to date for registry.gitlab.com/saguaro1/spi-images:wasm-6.3-latest
Fetching https://github.com/SoundBlaster/SpecificationCore.git
[1/900] Fetching specificationcore
Fetched https://github.com/SoundBlaster/SpecificationCore.git from cache (0.40s)
Computing version for https://github.com/SoundBlaster/SpecificationCore.git
Computed https://github.com/SoundBlaster/SpecificationCore.git at 2.1.0 (0.57s)
Fetching https://github.com/swiftlang/swift-syntax
[1/81362] Fetching swift-syntax
Fetched https://github.com/swiftlang/swift-syntax from cache (3.63s)
Computing version for https://github.com/swiftlang/swift-syntax
Computed https://github.com/swiftlang/swift-syntax at 601.0.1 (4.66s)
Creating working copy for https://github.com/SoundBlaster/SpecificationCore.git
Working copy of https://github.com/SoundBlaster/SpecificationCore.git resolved at 2.1.0
Creating working copy for https://github.com/swiftlang/swift-syntax
Working copy of https://github.com/swiftlang/swift-syntax resolved at 601.0.1
Building for debugging...
[0/46] Write sources
[21/46] Compiling _SwiftSyntaxCShims dummy.c
[22/46] Write swift-version-24593BA9C3E375BF.txt
[24/54] Emitting module SwiftSyntax509
[25/54] Emitting module SwiftSyntax601
[26/54] Compiling SwiftSyntax601 Empty.swift
[27/55] Wrapping AST for SwiftSyntax601 for debugging
[29/55] Compiling SwiftSyntax509 Empty.swift
[31/56] Emitting module SwiftSyntax600
[32/56] Compiling SwiftSyntax600 Empty.swift
[32/57] Wrapping AST for SwiftSyntax509 for debugging
[34/57] Wrapping AST for SwiftSyntax600 for debugging
[36/57] Compiling SwiftSyntax510 Empty.swift
[37/57] Emitting module SwiftSyntax510
[38/58] Wrapping AST for SwiftSyntax510 for debugging
[40/122] Compiling SwiftSyntax Identifier.swift
[41/122] Compiling SwiftSyntax MemoryLayout.swift
[42/122] Compiling SwiftSyntax MissingNodeInitializers.swift
[43/122] Compiling SwiftSyntax RawSyntax.swift
[44/122] Compiling SwiftSyntax RawSyntaxLayoutView.swift
[45/122] Compiling SwiftSyntax RawSyntaxNodeProtocol.swift
[46/122] Compiling SwiftSyntax RawSyntaxTokenView.swift
[47/122] Compiling SwiftSyntax SourceEdit.swift
[48/122] Compiling SwiftSyntax SourceLength.swift
[49/131] Compiling SwiftSyntax SyntaxIdentifier.swift
[50/131] Compiling SwiftSyntax SyntaxNodeFactory.swift
[51/131] Compiling SwiftSyntax SyntaxNodeStructure.swift
[52/131] Compiling SwiftSyntax SyntaxProtocol.swift
[53/131] Compiling SwiftSyntax SyntaxText.swift
[54/131] Compiling SwiftSyntax SyntaxTreeViewMode.swift
[55/131] Compiling SwiftSyntax TokenDiagnostic.swift
[56/131] Compiling SwiftSyntax TokenSequence.swift
[57/131] Compiling SwiftSyntax TokenSyntax.swift
[58/131] Compiling SwiftSyntax SourceLocation.swift
[59/131] Compiling SwiftSyntax SourcePresence.swift
[60/131] Compiling SwiftSyntax SwiftSyntaxCompatibility.swift
[61/131] Compiling SwiftSyntax Syntax.swift
[62/131] Compiling SwiftSyntax SyntaxArena.swift
[63/131] Compiling SwiftSyntax SyntaxArenaAllocatedBuffer.swift
[64/131] Compiling SwiftSyntax SyntaxChildren.swift
[65/131] Compiling SwiftSyntax SyntaxCollection.swift
[66/131] Compiling SwiftSyntax SyntaxHashable.swift
[67/131] Compiling SwiftSyntax SyntaxEnum.swift
[68/131] Compiling SwiftSyntax SyntaxKind.swift
[69/131] Compiling SwiftSyntax SyntaxRewriter.swift
[70/131] Compiling SwiftSyntax SyntaxTraits.swift
[71/131] Compiling SwiftSyntax SyntaxVisitor.swift
[72/131] Compiling SwiftSyntax TokenKind.swift
[73/131] Compiling SwiftSyntax Tokens.swift
[74/131] Compiling SwiftSyntax TriviaPieces.swift
[75/131] Compiling SwiftSyntax RawSyntaxNodesAB.swift
[76/131] Compiling SwiftSyntax RawSyntaxNodesC.swift
[77/131] Compiling SwiftSyntax RawSyntaxNodesD.swift
[78/131] Compiling SwiftSyntax RawSyntaxNodesEF.swift
[79/131] Compiling SwiftSyntax RawSyntaxNodesGHI.swift
[80/131] Compiling SwiftSyntax RawSyntaxNodesJKLMN.swift
[81/131] Compiling SwiftSyntax RawSyntaxNodesOP.swift
[82/131] Compiling SwiftSyntax RawSyntaxNodesQRS.swift
[83/131] Compiling SwiftSyntax RawSyntaxNodesTUVWXYZ.swift
[84/131] Compiling SwiftSyntax RawSyntaxValidation.swift
[85/131] Compiling SwiftSyntax AbsolutePosition.swift
[86/131] Compiling SwiftSyntax AbsoluteRawSyntax.swift
[87/131] Compiling SwiftSyntax AbsoluteSyntaxInfo.swift
[88/131] Compiling SwiftSyntax Assert.swift
[89/131] Compiling SwiftSyntax BumpPtrAllocator.swift
[90/131] Compiling SwiftSyntax CommonAncestor.swift
[91/131] Compiling SwiftSyntax Convenience.swift
[92/131] Compiling SwiftSyntax CustomTraits.swift
[93/131] Compiling SwiftSyntax EditorPlaceholder.swift
[94/131] Compiling SwiftSyntax Trivia.swift
[95/131] Compiling SwiftSyntax Utils.swift
[96/131] Compiling SwiftSyntax ChildNameForKeyPath.swift
[97/131] Compiling SwiftSyntax Keyword.swift
[98/131] Compiling SwiftSyntax RenamedChildrenCompatibility.swift
[99/131] Compiling SwiftSyntax RenamedNodesCompatibility.swift
[100/131] Compiling SwiftSyntax SyntaxAnyVisitor.swift
[101/131] Compiling SwiftSyntax SyntaxBaseNodes.swift
[102/131] Compiling SwiftSyntax SyntaxCollections.swift
[103/131] Emitting module SwiftSyntax
[104/131] Compiling SwiftSyntax SyntaxNodesAB.swift
[105/131] Compiling SwiftSyntax SyntaxNodesC.swift
[106/131] Compiling SwiftSyntax SyntaxNodesD.swift
[107/131] Compiling SwiftSyntax SyntaxNodesEF.swift
[108/131] Compiling SwiftSyntax SyntaxNodesGHI.swift
[109/131] Compiling SwiftSyntax SyntaxNodesJKLMN.swift
[110/131] Compiling SwiftSyntax SyntaxNodesOP.swift
[111/131] Compiling SwiftSyntax SyntaxNodesQRS.swift
[112/131] Compiling SwiftSyntax SyntaxNodesTUVWXYZ.swift
[113/155] Wrapping AST for SwiftSyntax for debugging
[115/190] Compiling SwiftDiagnostics Message.swift
[116/191] Emitting module SwiftDiagnostics
[117/191] Compiling SwiftBasicFormat Syntax+Extensions.swift
[118/191] Compiling SwiftDiagnostics DiagnosticDecorator.swift
[119/191] Compiling SwiftParser CharacterInfo.swift
[120/191] Compiling SwiftParser CollectionNodes+Parsable.swift
[121/191] Compiling SwiftDiagnostics DiagnosticsFormatter.swift
[122/191] Compiling SwiftBasicFormat Trivia+FormatExtensions.swift
[123/191] Compiling SwiftBasicFormat SyntaxProtocol+Formatted.swift
[124/191] Compiling SwiftDiagnostics Note.swift
[125/191] Compiling SwiftParser Attributes.swift
[126/191] Compiling SwiftParser Availability.swift
[127/191] Compiling SwiftDiagnostics FixIt.swift
[128/191] Compiling SwiftDiagnostics GroupedDiagnostics.swift
[129/192] Compiling SwiftBasicFormat Indenter.swift
[130/192] Compiling SwiftBasicFormat InferIndentation.swift
[131/192] Wrapping AST for SwiftDiagnostics for debugging
[133/192] Compiling SwiftParser SwiftParserCompatibility.swift
[134/192] Compiling SwiftParser SwiftVersion.swift
[135/192] Compiling SwiftParser SyntaxUtils.swift
[136/192] Compiling SwiftParser TokenConsumer.swift
[137/192] Compiling SwiftParser TokenPrecedence.swift
[138/197] Compiling SwiftBasicFormat BasicFormat.swift
[139/197] Emitting module SwiftBasicFormat
[141/198] Emitting module SwiftParser
[141/198] Wrapping AST for SwiftBasicFormat for debugging
[143/198] Compiling SwiftParser LexemeSequence.swift
[144/198] Compiling SwiftParser Lexer.swift
[145/198] Compiling SwiftParser RegexLiteralLexer.swift
[146/198] Compiling SwiftParser UnicodeScalarExtensions.swift
[147/198] Compiling SwiftParser Lookahead.swift
[148/198] Compiling SwiftParser LoopProgressCondition.swift
[149/198] Compiling SwiftParser Modifiers.swift
[150/198] Compiling SwiftParser Names.swift
[151/198] Compiling SwiftParser Nominals.swift
[152/198] Compiling SwiftParser Parameters.swift
[153/198] Compiling SwiftParser ParseSourceFile.swift
[154/198] Compiling SwiftParser Parser.swift
[155/198] Compiling SwiftParser Patterns.swift
[156/198] Compiling SwiftParser Recovery.swift
[157/198] Compiling SwiftParser Specifiers.swift
[158/198] Compiling SwiftParser Statements.swift
[159/198] Compiling SwiftParser StringLiteralRepresentedLiteralValue.swift
[160/198] Compiling SwiftParser StringLiterals.swift
[165/198] Compiling SwiftParser Declarations.swift
[166/198] Compiling SwiftParser Directives.swift
[167/198] Compiling SwiftParser TokenSpec.swift
[168/198] Compiling SwiftParser TokenSpecSet.swift
[169/198] Compiling SwiftParser TopLevel.swift
[170/198] Compiling SwiftParser TriviaParser.swift
[171/198] Compiling SwiftParser Types.swift
[172/198] Compiling SwiftParser ExpressionInterpretedAsVersionTuple.swift
[173/198] Compiling SwiftParser Expressions.swift
[174/198] Compiling SwiftParser IncrementalParseTransition.swift
[175/198] Compiling SwiftParser IsValidIdentifier.swift
[176/198] Compiling SwiftParser Cursor.swift
[177/198] Compiling SwiftParser Lexeme.swift
[178/198] Compiling SwiftParser ExperimentalFeatures.swift
[179/198] Compiling SwiftParser IsLexerClassified.swift
[180/198] Compiling SwiftParser LayoutNodes+Parsable.swift
[181/198] Compiling SwiftParser Parser+TokenSpecSet.swift
[182/198] Compiling SwiftParser TokenSpecStaticMembers.swift
[183/199] Wrapping AST for SwiftParser for debugging
[185/222] Compiling SwiftParserDiagnostics SyntaxKindNameForDiagnostics.swift
[186/223] Compiling SwiftOperators PrecedenceGroup.swift
[187/224] Compiling SwiftOperators OperatorTable.swift
[188/224] Compiling SwiftOperators PrecedenceGraph.swift
[189/224] Compiling SwiftParserDiagnostics TokenNameForDiagnostics.swift
[190/224] Compiling SwiftOperators SyntaxSynthesis.swift
[191/224] Emitting module SwiftOperators
[192/224] Compiling SwiftOperators OperatorTable+Folding.swift
[193/224] Compiling SwiftParserDiagnostics DiagnosticExtensions.swift
[194/224] Compiling SwiftParserDiagnostics LexerDiagnosticMessages.swift
[195/224] Compiling SwiftParserDiagnostics MissingNodesError.swift
[196/224] Compiling SwiftParserDiagnostics MissingTokenError.swift
[197/224] Compiling SwiftOperators OperatorTable+Semantics.swift
[198/225] Wrapping AST for SwiftOperators for debugging
[200/225] Compiling SwiftParserDiagnostics ChildNameForDiagnostics.swift
[201/225] Compiling SwiftParserDiagnostics SyntaxExtensions.swift
[202/225] Compiling SwiftParserDiagnostics Utils.swift
[207/225] Emitting module SwiftParserDiagnostics
[208/225] Compiling SwiftParserDiagnostics ParserDiagnosticMessages.swift
[209/225] Compiling SwiftParserDiagnostics PresenceUtils.swift
[210/225] Compiling SwiftParserDiagnostics MultiLineStringLiteralDiagnosticsGenerator.swift
[211/225] Compiling SwiftParserDiagnostics ParseDiagnosticsGenerator.swift
[212/226] Wrapping AST for SwiftParserDiagnostics for debugging
[214/241] Emitting module SwiftSyntaxBuilder
[215/242] Compiling SwiftSyntaxBuilder SyntaxParsable+ExpressibleByStringInterpolation.swift
[216/242] Compiling SwiftSyntaxBuilder ValidatingSyntaxNodes.swift
[217/242] Compiling SwiftSyntaxBuilder SyntaxExpressibleByStringInterpolationConformances.swift
[218/242] Compiling SwiftSyntaxBuilder Indenter.swift
[219/242] Compiling SwiftSyntaxBuilder ListBuilder.swift
[220/242] Compiling SwiftSyntaxBuilder ConvenienceInitializers.swift
[221/242] Compiling SwiftSyntaxBuilder DeclSyntaxParseable.swift
[222/242] Compiling SwiftSyntaxBuilder ResultBuilderExtensions.swift
[223/242] Compiling SwiftSyntaxBuilder SwiftSyntaxBuilderCompatibility.swift
[224/242] Compiling SwiftSyntaxBuilder WithTrailingCommaSyntax+EnsuringTrailingComma.swift
[225/242] Compiling SwiftSyntaxBuilder BuildableNodes.swift
[226/242] Compiling SwiftSyntaxBuilder Syntax+StringInterpolation.swift
[227/242] Compiling SwiftSyntaxBuilder SyntaxNodeWithBody.swift
[228/242] Compiling SwiftSyntaxBuilder RenamedChildrenBuilderCompatibility.swift
[229/242] Compiling SwiftSyntaxBuilder ResultBuilders.swift
[230/243] Wrapping AST for SwiftSyntaxBuilder for debugging
[232/260] Compiling SwiftSyntaxMacros CodeItemMacro.swift
[233/260] Compiling SwiftSyntaxMacros DeclarationMacro.swift
[234/260] Compiling SwiftSyntaxMacros Macro.swift
[235/260] Compiling SwiftSyntaxMacros MemberAttributeMacro.swift
[236/260] Compiling SwiftSyntaxMacros FreestandingMacro.swift
[237/260] Compiling SwiftSyntaxMacros Macro+Format.swift
[238/262] Compiling SwiftSyntaxMacros AccessorMacro.swift
[239/262] Compiling SwiftSyntaxMacros AttachedMacro.swift
[240/262] Compiling SwiftSyntaxMacros BodyMacro.swift
[241/262] Compiling SwiftSyntaxMacros ExpressionMacro.swift
[242/262] Compiling SwiftSyntaxMacros ExtensionMacro.swift
[243/262] Compiling SwiftSyntaxMacros MemberMacro.swift
[244/262] Compiling SwiftSyntaxMacros PeerMacro.swift
[245/262] Emitting module SwiftSyntaxMacros
[246/262] Compiling SwiftSyntaxMacros AbstractSourceLocation.swift
[247/262] Compiling SwiftSyntaxMacros MacroExpansionContext.swift
[248/262] Compiling SwiftSyntaxMacros MacroExpansionDiagnosticMessages.swift
[249/262] Compiling SwiftSyntaxMacros PreambleMacro.swift
[250/262] Compiling SwiftSyntaxMacros Syntax+LexicalContext.swift
[251/263] Wrapping AST for SwiftSyntaxMacros for debugging
[253/272] Compiling SwiftSyntaxMacroExpansion MacroExpansionDiagnosticMessages.swift
[254/273] Compiling SwiftSyntaxMacroExpansion MacroSpec.swift
[255/273] Compiling SwiftSyntaxMacroExpansion MacroArgument.swift
[256/273] Compiling SwiftSyntaxMacroExpansion IndentationUtils.swift
[257/273] Emitting module SwiftSyntaxMacroExpansion
[258/273] Compiling SwiftSyntaxMacroExpansion MacroExpansion.swift
[259/273] Compiling SwiftSyntaxMacroExpansion BasicMacroExpansionContext.swift
[260/273] Compiling SwiftSyntaxMacroExpansion FunctionParameterUtils.swift
[261/273] Compiling SwiftSyntaxMacroExpansion MacroReplacement.swift
[262/273] Compiling SwiftSyntaxMacroExpansion MacroSystem.swift
[263/274] Wrapping AST for SwiftSyntaxMacroExpansion for debugging
[265/286] Compiling SwiftCompilerPluginMessageHandling PluginMessageCompatibility.swift
[266/287] Compiling SwiftCompilerPluginMessageHandling LRUCache.swift
[267/287] Compiling SwiftCompilerPluginMessageHandling Macros.swift
[268/287] Compiling SwiftCompilerPluginMessageHandling PluginMacroExpansionContext.swift
[269/287] Compiling SwiftCompilerPluginMessageHandling StandardIOMessageConnection.swift
[270/287] Compiling SwiftCompilerPluginMessageHandling PluginMessages.swift
[271/287] Emitting module SwiftCompilerPluginMessageHandling
[272/287] Compiling SwiftCompilerPluginMessageHandling JSONDecoding.swift
[273/287] Compiling SwiftCompilerPluginMessageHandling JSONEncoding.swift
[274/287] Compiling SwiftCompilerPluginMessageHandling CodingUtilities.swift
[275/287] Compiling SwiftCompilerPluginMessageHandling JSON.swift
[276/287] Compiling SwiftCompilerPluginMessageHandling CompilerPluginMessageHandler.swift
[277/287] Compiling SwiftCompilerPluginMessageHandling Diagnostics.swift
[278/288] Wrapping AST for SwiftCompilerPluginMessageHandling for debugging
[280/290] Compiling SwiftCompilerPlugin CompilerPlugin.swift
[281/290] Emitting module SwiftCompilerPlugin
[282/291] Wrapping AST for SwiftCompilerPlugin for debugging
[284/296] Compiling SpecificationCoreMacros TracingMacros.swift
[285/296] Compiling SpecificationCoreMacros SpecMacro.swift
[286/296] Emitting module SpecificationCoreMacros
[287/296] Compiling SpecificationCoreMacros AutoContextMacro.swift
[288/296] Compiling SpecificationCoreMacros MacroPlugin.swift
[289/297] Wrapping AST for SpecificationCoreMacros for debugging
[290/297] Write Objects.LinkFileList
[291/297] Linking SpecificationCoreMacros-tool
error: emit-module command failed with exit code 1 (use -v to see invocation)
[293/323] Emitting module SpecificationCore
/host/spi-builder-workspace/.build/checkouts/SpecificationCore/Sources/SpecificationCore/Tracing/SpecificationTraceTimeline.swift:27:30: error: cannot find 'DispatchTime' in scope
25 |     public final class SpecificationTraceTimeline: @unchecked Sendable {
26 |         private let lock = NSLock()
27 |         private let origin = DispatchTime.now().uptimeNanoseconds
   |                              `- error: cannot find 'DispatchTime' in scope
28 |         private var nextSequence: UInt64 = 0
29 |
[294/326] Compiling SpecificationCore PredicateSpec.swift
/host/spi-builder-workspace/.build/checkouts/SpecificationCore/Sources/SpecificationCore/Tracing/SpecificationTraceRuntime.swift:119:41: error: cannot find 'DispatchTime' in scope
117 |             return (
118 |                 id: nextID,
119 |                 startUptimeNanoseconds: DispatchTime.now().uptimeNanoseconds,
    |                                         `- error: cannot find 'DispatchTime' in scope
120 |                 position: position
121 |             )
/host/spi-builder-workspace/.build/checkouts/SpecificationCore/Sources/SpecificationCore/Tracing/SpecificationTraceRuntime.swift:252:17: error: cannot find 'DispatchTime' in scope
250 |                 completionPosition.elapsedNanoseconds - startPosition.elapsedNanoseconds
251 |             } else {
252 |                 DispatchTime.now().uptimeNanoseconds - start.startUptimeNanoseconds
    |                 `- error: cannot find 'DispatchTime' in scope
253 |             }
254 |             context.recorder.append(SpecificationTraceEvent(
[295/326] Compiling SpecificationCore TimeSinceEventSpec.swift
/host/spi-builder-workspace/.build/checkouts/SpecificationCore/Sources/SpecificationCore/Tracing/SpecificationTraceRuntime.swift:119:41: error: cannot find 'DispatchTime' in scope
117 |             return (
118 |                 id: nextID,
119 |                 startUptimeNanoseconds: DispatchTime.now().uptimeNanoseconds,
    |                                         `- error: cannot find 'DispatchTime' in scope
120 |                 position: position
121 |             )
/host/spi-builder-workspace/.build/checkouts/SpecificationCore/Sources/SpecificationCore/Tracing/SpecificationTraceRuntime.swift:252:17: error: cannot find 'DispatchTime' in scope
250 |                 completionPosition.elapsedNanoseconds - startPosition.elapsedNanoseconds
251 |             } else {
252 |                 DispatchTime.now().uptimeNanoseconds - start.startUptimeNanoseconds
    |                 `- error: cannot find 'DispatchTime' in scope
253 |             }
254 |             context.recorder.append(SpecificationTraceEvent(
[296/326] Compiling SpecificationCore SpecificationTraceRuntime.swift
/host/spi-builder-workspace/.build/checkouts/SpecificationCore/Sources/SpecificationCore/Tracing/SpecificationTraceRuntime.swift:119:41: error: cannot find 'DispatchTime' in scope
117 |             return (
118 |                 id: nextID,
119 |                 startUptimeNanoseconds: DispatchTime.now().uptimeNanoseconds,
    |                                         `- error: cannot find 'DispatchTime' in scope
120 |                 position: position
121 |             )
/host/spi-builder-workspace/.build/checkouts/SpecificationCore/Sources/SpecificationCore/Tracing/SpecificationTraceRuntime.swift:252:17: error: cannot find 'DispatchTime' in scope
250 |                 completionPosition.elapsedNanoseconds - startPosition.elapsedNanoseconds
251 |             } else {
252 |                 DispatchTime.now().uptimeNanoseconds - start.startUptimeNanoseconds
    |                 `- error: cannot find 'DispatchTime' in scope
253 |             }
254 |             context.recorder.append(SpecificationTraceEvent(
[297/326] Compiling SpecificationCore DecisionSpec.swift
[298/326] Compiling SpecificationCore Specification.swift
[299/326] Compiling SpecificationCore SpecificationOperators.swift
[300/326] Compiling SpecificationCore AutoContextSpecification.swift
[301/326] Compiling SpecificationCore CompositeSpec.swift
[302/326] Compiling SpecificationCore AsyncFirstMatchSpec.swift
[303/326] Compiling SpecificationCore CooldownIntervalSpec.swift
[304/326] Compiling SpecificationCore DateComparisonSpec.swift
[305/326] Compiling SpecificationCore DateRangeSpec.swift
[306/326] Compiling SpecificationCore FirstMatchSpec.swift
[307/326] Compiling SpecificationCore MaxCountSpec.swift
[308/326] Compiling SpecificationCore DefaultContextProvider.swift
[309/326] Compiling SpecificationCore EvaluationContext.swift
[310/326] Compiling SpecificationCore MockContextProvider.swift
[311/326] Compiling SpecificationCore AnyContextProvider.swift
[312/326] Compiling SpecificationCore Decides.swift
[313/326] Compiling SpecificationCore Maybe.swift
[314/326] Compiling SpecificationCore Satisfies.swift
[315/326] Compiling SpecificationCore AnySpecification.swift
[316/326] Compiling SpecificationCore AsyncDecisionSpec.swift
[317/326] Compiling SpecificationCore AsyncSpecification.swift
[318/326] Compiling SpecificationCore ContextProviding.swift
[319/326] Compiling SpecificationCore SpecificationTraceTimeline.swift
/host/spi-builder-workspace/.build/checkouts/SpecificationCore/Sources/SpecificationCore/Tracing/SpecificationTraceTimeline.swift:27:30: error: cannot find 'DispatchTime' in scope
25 |     public final class SpecificationTraceTimeline: @unchecked Sendable {
26 |         private let lock = NSLock()
27 |         private let origin = DispatchTime.now().uptimeNanoseconds
   |                              `- error: cannot find 'DispatchTime' in scope
28 |         private var nextSequence: UInt64 = 0
29 |
/host/spi-builder-workspace/.build/checkouts/SpecificationCore/Sources/SpecificationCore/Tracing/SpecificationTraceTimeline.swift:41:38: error: cannot find 'DispatchTime' in scope
39 |
40 |             nextSequence += 1
41 |             let elapsedNanoseconds = DispatchTime.now().uptimeNanoseconds - origin
   |                                      `- error: cannot find 'DispatchTime' in scope
42 |             return SpecificationTracePosition(
43 |                 sequence: nextSequence,
Internal Error: DecodingError.dataCorrupted: Data was corrupted. Debug description: Corrupted JSON. Underlying error: unexpected end of file
[320/326] Compiling SpecificationCore TracingMacros.swift
/host/spi-builder-workspace/.build/checkouts/SpecificationCore/Sources/SpecificationCore/Tracing/SpecificationTraceTimeline.swift:27:30: error: cannot find 'DispatchTime' in scope
25 |     public final class SpecificationTraceTimeline: @unchecked Sendable {
26 |         private let lock = NSLock()
27 |         private let origin = DispatchTime.now().uptimeNanoseconds
   |                              `- error: cannot find 'DispatchTime' in scope
28 |         private var nextSequence: UInt64 = 0
29 |
/host/spi-builder-workspace/.build/checkouts/SpecificationCore/Sources/SpecificationCore/Tracing/SpecificationTraceTimeline.swift:41:38: error: cannot find 'DispatchTime' in scope
39 |
40 |             nextSequence += 1
41 |             let elapsedNanoseconds = DispatchTime.now().uptimeNanoseconds - origin
   |                                      `- error: cannot find 'DispatchTime' in scope
42 |             return SpecificationTracePosition(
43 |                 sequence: nextSequence,
Internal Error: DecodingError.dataCorrupted: Data was corrupted. Debug description: Corrupted JSON. Underlying error: unexpected end of file
[321/326] Compiling SpecificationCore AsyncSatisfies.swift
/host/spi-builder-workspace/.build/checkouts/SpecificationCore/Sources/SpecificationCore/Tracing/SpecificationTraceTimeline.swift:27:30: error: cannot find 'DispatchTime' in scope
25 |     public final class SpecificationTraceTimeline: @unchecked Sendable {
26 |         private let lock = NSLock()
27 |         private let origin = DispatchTime.now().uptimeNanoseconds
   |                              `- error: cannot find 'DispatchTime' in scope
28 |         private var nextSequence: UInt64 = 0
29 |
/host/spi-builder-workspace/.build/checkouts/SpecificationCore/Sources/SpecificationCore/Tracing/SpecificationTraceTimeline.swift:41:38: error: cannot find 'DispatchTime' in scope
39 |
40 |             nextSequence += 1
41 |             let elapsedNanoseconds = DispatchTime.now().uptimeNanoseconds - origin
   |                                      `- error: cannot find 'DispatchTime' in scope
42 |             return SpecificationTracePosition(
43 |                 sequence: nextSequence,
Internal Error: DecodingError.dataCorrupted: Data was corrupted. Debug description: Corrupted JSON. Underlying error: unexpected end of file
BUILD FAILURE 6.3 wasm