Build Information
Failed to build OpenLibrary, reference main (e52063), with Swift 6.3 for watchOS using Xcode 26.4 on 24 Oct 2026 23:22:30 UTC.
Build Command
env DEVELOPER_DIR=/Applications/Xcode-26.5.0.app xcrun xcodebuild -IDEClonedSourcePackagesDirPathOverride=$PWD/.dependencies -skipMacroValidation -skipPackagePluginValidation -derivedDataPath $PWD/.derivedData build -scheme OpenLibrary-Package -destination generic/platform=watchOSBuild Log
========================================
RunAll
========================================
Builder version: 5.1.3
Interrupt handler set up.
========================================
Checkout
========================================
Clone URL: https://github.com/natikgadzhi/swift-openlibrary.git
Reference: main
Initialized empty Git repository in /Users/admin/builder/spi-builder-workspace/.git/
From https://github.com/natikgadzhi/swift-openlibrary
* branch main -> FETCH_HEAD
* [new branch] main -> origin/main
HEAD is now at e52063a claude: run multi-agent builds as Workflows
Cloned https://github.com/natikgadzhi/swift-openlibrary.git
Revision (git rev-parse @):
e52063a3f6c0380616718a8f81e48f09e0864ff0
SUCCESS checkout https://github.com/natikgadzhi/swift-openlibrary.git at main
========================================
Build
========================================
Selected platform: watchOS
Swift version: 6.3
Building package at path: $PWD
https://github.com/natikgadzhi/swift-openlibrary.git
Command line invocation:
/Applications/Xcode-26.5.0.app/Contents/Developer/usr/bin/xcodebuild -IDEClonedSourcePackagesDirPathOverride=/Users/admin/builder/spi-builder-workspace/.dependencies -resolvePackageDependencies
Resolve Package Graph
Resolve Package Graph
Resolved source packages:
OpenLibrary: /Users/admin/builder/spi-builder-workspace
resolved source packages: OpenLibrary
2026-10-24 19:22:10.288 xcodebuild[576:3158] [MT] IDERunDestination: Supported platforms for the buildables in the current scheme is empty.
{
"dependencies" : [
],
"manifest_display_name" : "OpenLibrary",
"name" : "OpenLibrary",
"path" : "/Users/admin/builder/spi-builder-workspace",
"platforms" : [
{
"name" : "macos",
"version" : "14.0"
},
{
"name" : "ios",
"version" : "17.0"
},
{
"name" : "watchos",
"version" : "8.0"
},
{
"name" : "maccatalyst",
"version" : "17.0"
},
{
"name" : "tvos",
"version" : "16.0"
}
],
"products" : [
{
"name" : "OpenLibrary",
"targets" : [
"OpenLibrary"
],
"type" : {
"library" : [
"automatic"
]
}
},
{
"name" : "openlibrary",
"targets" : [
"OpenLibraryCLI"
],
"type" : {
"executable" : null
}
}
],
"swift_languages_versions" : [
"6"
],
"targets" : [
{
"c99name" : "OpenLibraryTests",
"module_type" : "SwiftTarget",
"name" : "OpenLibraryTests",
"path" : "Tests/OpenLibraryAPITests",
"sources" : [
"OpenLibraryClientFoundationTests.swift",
"OpenLibraryCoversTests.swift",
"OpenLibraryEditionTests.swift",
"OpenLibraryEditionsTests.swift",
"OpenLibrarySearchTests.swift",
"OpenLibrarySubjectTests.swift",
"OpenLibraryTestSupport.swift",
"OpenLibraryWorkExtrasTests.swift",
"OpenLibraryWorkTests.swift"
],
"target_dependencies" : [
"OpenLibrary"
],
"type" : "test"
},
{
"c99name" : "OpenLibraryCLITests",
"module_type" : "SwiftTarget",
"name" : "OpenLibraryCLITests",
"path" : "Tests/OpenLibraryCLITests",
"sources" : [
"OpenLibraryCLIParserTests.swift"
],
"target_dependencies" : [
"OpenLibraryCLI"
],
"type" : "test"
},
{
"c99name" : "OpenLibraryCLI",
"module_type" : "SwiftTarget",
"name" : "OpenLibraryCLI",
"path" : "Sources/OpenLibraryCLI",
"product_memberships" : [
"openlibrary"
],
"sources" : [
"CommandParser.swift",
"OpenLibraryCLI.swift"
],
"target_dependencies" : [
"OpenLibrary"
],
"type" : "executable"
},
{
"c99name" : "OpenLibrary",
"module_type" : "SwiftTarget",
"name" : "OpenLibrary",
"path" : "Sources/OpenLibrary",
"product_memberships" : [
"OpenLibrary",
"openlibrary"
],
"sources" : [
"OpenLibraryAPI.swift",
"OpenLibraryAPIMocks.swift",
"OpenLibraryCovers.swift",
"OpenLibraryEdition.swift",
"OpenLibraryLogger.swift",
"OpenLibrarySearch.swift",
"OpenLibrarySubject.swift",
"OpenLibraryWork.swift",
"OpenLibraryWorkBookshelves.swift",
"OpenLibraryWorkRatings.swift"
],
"type" : "library"
}
],
"tools_version" : "6.0"
}
{
"workspace" : {
"name" : "spi-builder-workspace",
"schemes" : [
"openlibrary",
"OpenLibrary",
"OpenLibrary-Package"
]
}
}
2026-10-24 19:22:18.117 xcodebuild[693:4017] [MT] IDERunDestination: Supported platforms for the buildables in the current scheme is empty.
Running build ...
env DEVELOPER_DIR=/Applications/Xcode-26.5.0.app xcrun xcodebuild -IDEClonedSourcePackagesDirPathOverride=$PWD/.dependencies -skipMacroValidation -skipPackagePluginValidation -derivedDataPath $PWD/.derivedData build -scheme OpenLibrary-Package -destination generic/platform=watchOS
Command line invocation:
/Applications/Xcode-26.5.0.app/Contents/Developer/usr/bin/xcodebuild -IDEClonedSourcePackagesDirPathOverride=/Users/admin/builder/spi-builder-workspace/.dependencies -skipMacroValidation -skipPackagePluginValidation -derivedDataPath /Users/admin/builder/spi-builder-workspace/.derivedData build -scheme OpenLibrary-Package -destination generic/platform=watchOS
Resolve Package Graph
Resolved source packages:
OpenLibrary: /Users/admin/builder/spi-builder-workspace
ComputePackagePrebuildTargetDependencyGraph
Prepare packages
CreateBuildRequest
SendProjectDescription
CreateBuildOperation
ComputeTargetDependencyGraph
note: Building targets in dependency order
note: Target dependency graph (3 targets)
Target 'openlibrary' in project 'OpenLibrary'
➜ Explicit dependency on target 'OpenLibrary' in project 'OpenLibrary'
Target 'OpenLibrary' in project 'OpenLibrary'
➜ Explicit dependency on target 'OpenLibrary' in project 'OpenLibrary'
Target 'OpenLibrary' in project 'OpenLibrary' (no dependencies)
GatherProvisioningInputs
CreateBuildDescription
ExecuteExternalTool /Applications/Xcode-26.5.0.app/Contents/Developer/Toolchains/XcodeDefault.xctoolchain/usr/bin/clang -v -E -dM -isysroot /Applications/Xcode-26.5.0.app/Contents/Developer/Platforms/WatchOS.platform/Developer/SDKs/WatchOS26.5.sdk -x c -c /dev/null
ExecuteExternalTool /Applications/Xcode-26.5.0.app/Contents/Developer/Toolchains/XcodeDefault.xctoolchain/usr/bin/swiftc --version
ExecuteExternalTool /Applications/Xcode-26.5.0.app/Contents/Developer/Toolchains/XcodeDefault.xctoolchain/usr/bin/ld -version_details
Build description signature: a063fc48249454ef8bcc26fcec5dbca0
Build description path: /Users/admin/builder/spi-builder-workspace/.derivedData/Build/Intermediates.noindex/XCBuildData/a063fc48249454ef8bcc26fcec5dbca0.xcbuilddata
ClangStatCache /Applications/Xcode-26.5.0.app/Contents/Developer/Toolchains/XcodeDefault.xctoolchain/usr/bin/clang-stat-cache /Applications/Xcode-26.5.0.app/Contents/Developer/Platforms/WatchOS.platform/Developer/SDKs/WatchOS26.5.sdk /Users/admin/builder/spi-builder-workspace/.derivedData/SDKStatCaches.noindex/watchos26.5-23T570-688ef53f1462e2c8f657fdc38a81448f7931b973dfc65d9472806dbbc3af9379.sdkstatcache
cd /Users/admin/builder/spi-builder-workspace/.swiftpm/xcode
/Applications/Xcode-26.5.0.app/Contents/Developer/Toolchains/XcodeDefault.xctoolchain/usr/bin/clang-stat-cache /Applications/Xcode-26.5.0.app/Contents/Developer/Platforms/WatchOS.platform/Developer/SDKs/WatchOS26.5.sdk -o /Users/admin/builder/spi-builder-workspace/.derivedData/SDKStatCaches.noindex/watchos26.5-23T570-688ef53f1462e2c8f657fdc38a81448f7931b973dfc65d9472806dbbc3af9379.sdkstatcache
CreateBuildDirectory /Users/admin/builder/spi-builder-workspace/.derivedData/Build/Products
cd /Users/admin/builder/spi-builder-workspace/.swiftpm/xcode
builtin-create-build-directory /Users/admin/builder/spi-builder-workspace/.derivedData/Build/Products
CreateBuildDirectory /Users/admin/builder/spi-builder-workspace/.derivedData/Build/Intermediates.noindex
cd /Users/admin/builder/spi-builder-workspace/.swiftpm/xcode
builtin-create-build-directory /Users/admin/builder/spi-builder-workspace/.derivedData/Build/Intermediates.noindex
CreateBuildDirectory /Users/admin/builder/spi-builder-workspace/.derivedData/Build/Intermediates.noindex/ExplicitPrecompiledModules
cd /Users/admin/builder/spi-builder-workspace/.swiftpm/xcode
builtin-create-build-directory /Users/admin/builder/spi-builder-workspace/.derivedData/Build/Intermediates.noindex/ExplicitPrecompiledModules
CreateBuildDirectory /Users/admin/builder/spi-builder-workspace/.derivedData/Build/Intermediates.noindex/SwiftExplicitPrecompiledModules
cd /Users/admin/builder/spi-builder-workspace/.swiftpm/xcode
builtin-create-build-directory /Users/admin/builder/spi-builder-workspace/.derivedData/Build/Intermediates.noindex/SwiftExplicitPrecompiledModules
CreateBuildDirectory /Users/admin/builder/spi-builder-workspace/.derivedData/Build/Intermediates.noindex/EagerLinkingTBDs/Debug-watchos
cd /Users/admin/builder/spi-builder-workspace/.swiftpm/xcode
builtin-create-build-directory /Users/admin/builder/spi-builder-workspace/.derivedData/Build/Intermediates.noindex/EagerLinkingTBDs/Debug-watchos
CreateBuildDirectory /Users/admin/builder/spi-builder-workspace/.derivedData/Build/Products/Debug-watchos
cd /Users/admin/builder/spi-builder-workspace/.swiftpm/xcode
builtin-create-build-directory /Users/admin/builder/spi-builder-workspace/.derivedData/Build/Products/Debug-watchos
CreateBuildDirectory /Users/admin/builder/spi-builder-workspace/.derivedData/Build/Products/Debug-watchos/PackageFrameworks
cd /Users/admin/builder/spi-builder-workspace/.swiftpm/xcode
builtin-create-build-directory /Users/admin/builder/spi-builder-workspace/.derivedData/Build/Products/Debug-watchos/PackageFrameworks
WriteAuxiliaryFile /Users/admin/builder/spi-builder-workspace/.derivedData/Build/Intermediates.noindex/OpenLibrary.build/Debug-watchos/openlibrary.build/openlibrary.DependencyMetadataFileList (in target 'openlibrary' from project 'OpenLibrary')
cd /Users/admin/builder/spi-builder-workspace
write-file /Users/admin/builder/spi-builder-workspace/.derivedData/Build/Intermediates.noindex/OpenLibrary.build/Debug-watchos/openlibrary.build/openlibrary.DependencyMetadataFileList
WriteAuxiliaryFile /Users/admin/builder/spi-builder-workspace/.derivedData/Build/Intermediates.noindex/OpenLibrary.build/Debug-watchos/openlibrary.build/openlibrary.DependencyStaticMetadataFileList (in target 'openlibrary' from project 'OpenLibrary')
cd /Users/admin/builder/spi-builder-workspace
write-file /Users/admin/builder/spi-builder-workspace/.derivedData/Build/Intermediates.noindex/OpenLibrary.build/Debug-watchos/openlibrary.build/openlibrary.DependencyStaticMetadataFileList
WriteAuxiliaryFile /Users/admin/builder/spi-builder-workspace/.derivedData/Build/Intermediates.noindex/OpenLibrary.build/Debug-watchos/openlibrary.build/Objects-normal/armv7k/openlibrary.SwiftFileList (in target 'openlibrary' from project 'OpenLibrary')
cd /Users/admin/builder/spi-builder-workspace
write-file /Users/admin/builder/spi-builder-workspace/.derivedData/Build/Intermediates.noindex/OpenLibrary.build/Debug-watchos/openlibrary.build/Objects-normal/armv7k/openlibrary.SwiftFileList
WriteAuxiliaryFile /Users/admin/builder/spi-builder-workspace/.derivedData/Build/Intermediates.noindex/OpenLibrary.build/Debug-watchos/openlibrary.build/Objects-normal/arm64_32/openlibrary_const_extract_protocols.json (in target 'openlibrary' from project 'OpenLibrary')
cd /Users/admin/builder/spi-builder-workspace
write-file /Users/admin/builder/spi-builder-workspace/.derivedData/Build/Intermediates.noindex/OpenLibrary.build/Debug-watchos/openlibrary.build/Objects-normal/arm64_32/openlibrary_const_extract_protocols.json
WriteAuxiliaryFile /Users/admin/builder/spi-builder-workspace/.derivedData/Build/Intermediates.noindex/OpenLibrary.build/Debug-watchos/openlibrary.build/Objects-normal/arm64_32/openlibrary.LinkFileList (in target 'openlibrary' from project 'OpenLibrary')
cd /Users/admin/builder/spi-builder-workspace
write-file /Users/admin/builder/spi-builder-workspace/.derivedData/Build/Intermediates.noindex/OpenLibrary.build/Debug-watchos/openlibrary.build/Objects-normal/arm64_32/openlibrary.LinkFileList
WriteAuxiliaryFile /Users/admin/builder/spi-builder-workspace/.derivedData/Build/Intermediates.noindex/OpenLibrary.build/Debug-watchos/openlibrary.build/Objects-normal/armv7k/openlibrary-OutputFileMap.json (in target 'openlibrary' from project 'OpenLibrary')
cd /Users/admin/builder/spi-builder-workspace
write-file /Users/admin/builder/spi-builder-workspace/.derivedData/Build/Intermediates.noindex/OpenLibrary.build/Debug-watchos/openlibrary.build/Objects-normal/armv7k/openlibrary-OutputFileMap.json
WriteAuxiliaryFile /Users/admin/builder/spi-builder-workspace/.derivedData/Build/Intermediates.noindex/OpenLibrary.build/Debug-watchos/openlibrary.build/Objects-normal/armv7k/openlibrary_const_extract_protocols.json (in target 'openlibrary' from project 'OpenLibrary')
cd /Users/admin/builder/spi-builder-workspace
write-file /Users/admin/builder/spi-builder-workspace/.derivedData/Build/Intermediates.noindex/OpenLibrary.build/Debug-watchos/openlibrary.build/Objects-normal/armv7k/openlibrary_const_extract_protocols.json
WriteAuxiliaryFile /Users/admin/builder/spi-builder-workspace/.derivedData/Build/Intermediates.noindex/OpenLibrary.build/Debug-watchos/openlibrary.build/Objects-normal/armv7k/openlibrary.LinkFileList (in target 'openlibrary' from project 'OpenLibrary')
cd /Users/admin/builder/spi-builder-workspace
write-file /Users/admin/builder/spi-builder-workspace/.derivedData/Build/Intermediates.noindex/OpenLibrary.build/Debug-watchos/openlibrary.build/Objects-normal/armv7k/openlibrary.LinkFileList
WriteAuxiliaryFile /Users/admin/builder/spi-builder-workspace/.derivedData/Build/Intermediates.noindex/OpenLibrary.build/Debug-watchos/openlibrary.build/Objects-normal/arm64_32/openlibrary.SwiftFileList (in target 'openlibrary' from project 'OpenLibrary')
cd /Users/admin/builder/spi-builder-workspace
write-file /Users/admin/builder/spi-builder-workspace/.derivedData/Build/Intermediates.noindex/OpenLibrary.build/Debug-watchos/openlibrary.build/Objects-normal/arm64_32/openlibrary.SwiftFileList
WriteAuxiliaryFile /Users/admin/builder/spi-builder-workspace/.derivedData/Build/Intermediates.noindex/OpenLibrary.build/Debug-watchos/openlibrary.build/Objects-normal/arm64_32/openlibrary-OutputFileMap.json (in target 'openlibrary' from project 'OpenLibrary')
cd /Users/admin/builder/spi-builder-workspace
write-file /Users/admin/builder/spi-builder-workspace/.derivedData/Build/Intermediates.noindex/OpenLibrary.build/Debug-watchos/openlibrary.build/Objects-normal/arm64_32/openlibrary-OutputFileMap.json
WriteAuxiliaryFile /Users/admin/builder/spi-builder-workspace/.derivedData/Build/Intermediates.noindex/OpenLibrary.build/Debug-watchos/openlibrary.build/Objects-normal/arm64/openlibrary.SwiftFileList (in target 'openlibrary' from project 'OpenLibrary')
cd /Users/admin/builder/spi-builder-workspace
write-file /Users/admin/builder/spi-builder-workspace/.derivedData/Build/Intermediates.noindex/OpenLibrary.build/Debug-watchos/openlibrary.build/Objects-normal/arm64/openlibrary.SwiftFileList
WriteAuxiliaryFile /Users/admin/builder/spi-builder-workspace/.derivedData/Build/Intermediates.noindex/OpenLibrary.build/Debug-watchos/openlibrary.build/Objects-normal/arm64/openlibrary_const_extract_protocols.json (in target 'openlibrary' from project 'OpenLibrary')
cd /Users/admin/builder/spi-builder-workspace
write-file /Users/admin/builder/spi-builder-workspace/.derivedData/Build/Intermediates.noindex/OpenLibrary.build/Debug-watchos/openlibrary.build/Objects-normal/arm64/openlibrary_const_extract_protocols.json
WriteAuxiliaryFile /Users/admin/builder/spi-builder-workspace/.derivedData/Build/Intermediates.noindex/OpenLibrary.build/Debug-watchos/openlibrary.build/Objects-normal/arm64/openlibrary.LinkFileList (in target 'openlibrary' from project 'OpenLibrary')
cd /Users/admin/builder/spi-builder-workspace
write-file /Users/admin/builder/spi-builder-workspace/.derivedData/Build/Intermediates.noindex/OpenLibrary.build/Debug-watchos/openlibrary.build/Objects-normal/arm64/openlibrary.LinkFileList
WriteAuxiliaryFile /Users/admin/builder/spi-builder-workspace/.derivedData/Build/Intermediates.noindex/OpenLibrary.build/Debug-watchos/openlibrary.build/Objects-normal/arm64/openlibrary-OutputFileMap.json (in target 'openlibrary' from project 'OpenLibrary')
cd /Users/admin/builder/spi-builder-workspace
write-file /Users/admin/builder/spi-builder-workspace/.derivedData/Build/Intermediates.noindex/OpenLibrary.build/Debug-watchos/openlibrary.build/Objects-normal/arm64/openlibrary-OutputFileMap.json
WriteAuxiliaryFile /Users/admin/builder/spi-builder-workspace/.derivedData/Build/Intermediates.noindex/OpenLibrary.build/Debug-watchos/OpenLibrary.build/OpenLibrary.modulemap (in target 'OpenLibrary' from project 'OpenLibrary')
cd /Users/admin/builder/spi-builder-workspace
write-file /Users/admin/builder/spi-builder-workspace/.derivedData/Build/Intermediates.noindex/OpenLibrary.build/Debug-watchos/OpenLibrary.build/OpenLibrary.modulemap
WriteAuxiliaryFile /Users/admin/builder/spi-builder-workspace/.derivedData/Build/Intermediates.noindex/OpenLibrary.build/Debug-watchos/OpenLibrary.build/OpenLibrary.DependencyMetadataFileList (in target 'OpenLibrary' from project 'OpenLibrary')
cd /Users/admin/builder/spi-builder-workspace
write-file /Users/admin/builder/spi-builder-workspace/.derivedData/Build/Intermediates.noindex/OpenLibrary.build/Debug-watchos/OpenLibrary.build/OpenLibrary.DependencyMetadataFileList
WriteAuxiliaryFile /Users/admin/builder/spi-builder-workspace/.derivedData/Build/Intermediates.noindex/OpenLibrary.build/Debug-watchos/OpenLibrary.build/OpenLibrary.DependencyStaticMetadataFileList (in target 'OpenLibrary' from project 'OpenLibrary')
cd /Users/admin/builder/spi-builder-workspace
write-file /Users/admin/builder/spi-builder-workspace/.derivedData/Build/Intermediates.noindex/OpenLibrary.build/Debug-watchos/OpenLibrary.build/OpenLibrary.DependencyStaticMetadataFileList
WriteAuxiliaryFile /Users/admin/builder/spi-builder-workspace/.derivedData/Build/Intermediates.noindex/OpenLibrary.build/Debug-watchos/OpenLibrary.build/Objects-normal/armv7k/OpenLibrary_const_extract_protocols.json (in target 'OpenLibrary' from project 'OpenLibrary')
cd /Users/admin/builder/spi-builder-workspace
write-file /Users/admin/builder/spi-builder-workspace/.derivedData/Build/Intermediates.noindex/OpenLibrary.build/Debug-watchos/OpenLibrary.build/Objects-normal/armv7k/OpenLibrary_const_extract_protocols.json
WriteAuxiliaryFile /Users/admin/builder/spi-builder-workspace/.derivedData/Build/Intermediates.noindex/OpenLibrary.build/Debug-watchos/OpenLibrary.build/Objects-normal/armv7k/OpenLibrary.SwiftFileList (in target 'OpenLibrary' from project 'OpenLibrary')
cd /Users/admin/builder/spi-builder-workspace
write-file /Users/admin/builder/spi-builder-workspace/.derivedData/Build/Intermediates.noindex/OpenLibrary.build/Debug-watchos/OpenLibrary.build/Objects-normal/armv7k/OpenLibrary.SwiftFileList
WriteAuxiliaryFile /Users/admin/builder/spi-builder-workspace/.derivedData/Build/Intermediates.noindex/OpenLibrary.build/Debug-watchos/OpenLibrary.build/Objects-normal/armv7k/OpenLibrary.SwiftConstValuesFileList (in target 'OpenLibrary' from project 'OpenLibrary')
cd /Users/admin/builder/spi-builder-workspace
write-file /Users/admin/builder/spi-builder-workspace/.derivedData/Build/Intermediates.noindex/OpenLibrary.build/Debug-watchos/OpenLibrary.build/Objects-normal/armv7k/OpenLibrary.SwiftConstValuesFileList
WriteAuxiliaryFile /Users/admin/builder/spi-builder-workspace/.derivedData/Build/Intermediates.noindex/OpenLibrary.build/Debug-watchos/OpenLibrary.build/Objects-normal/armv7k/OpenLibrary.LinkFileList (in target 'OpenLibrary' from project 'OpenLibrary')
cd /Users/admin/builder/spi-builder-workspace
write-file /Users/admin/builder/spi-builder-workspace/.derivedData/Build/Intermediates.noindex/OpenLibrary.build/Debug-watchos/OpenLibrary.build/Objects-normal/armv7k/OpenLibrary.LinkFileList
WriteAuxiliaryFile /Users/admin/builder/spi-builder-workspace/.derivedData/Build/Intermediates.noindex/OpenLibrary.build/Debug-watchos/OpenLibrary.build/Objects-normal/armv7k/OpenLibrary-OutputFileMap.json (in target 'OpenLibrary' from project 'OpenLibrary')
cd /Users/admin/builder/spi-builder-workspace
write-file /Users/admin/builder/spi-builder-workspace/.derivedData/Build/Intermediates.noindex/OpenLibrary.build/Debug-watchos/OpenLibrary.build/Objects-normal/armv7k/OpenLibrary-OutputFileMap.json
WriteAuxiliaryFile /Users/admin/builder/spi-builder-workspace/.derivedData/Build/Intermediates.noindex/OpenLibrary.build/Debug-watchos/OpenLibrary.build/Objects-normal/arm64_32/OpenLibrary_const_extract_protocols.json (in target 'OpenLibrary' from project 'OpenLibrary')
cd /Users/admin/builder/spi-builder-workspace
write-file /Users/admin/builder/spi-builder-workspace/.derivedData/Build/Intermediates.noindex/OpenLibrary.build/Debug-watchos/OpenLibrary.build/Objects-normal/arm64_32/OpenLibrary_const_extract_protocols.json
WriteAuxiliaryFile /Users/admin/builder/spi-builder-workspace/.derivedData/Build/Intermediates.noindex/OpenLibrary.build/Debug-watchos/OpenLibrary.build/Objects-normal/arm64_32/OpenLibrary.SwiftFileList (in target 'OpenLibrary' from project 'OpenLibrary')
cd /Users/admin/builder/spi-builder-workspace
write-file /Users/admin/builder/spi-builder-workspace/.derivedData/Build/Intermediates.noindex/OpenLibrary.build/Debug-watchos/OpenLibrary.build/Objects-normal/arm64_32/OpenLibrary.SwiftFileList
WriteAuxiliaryFile /Users/admin/builder/spi-builder-workspace/.derivedData/Build/Intermediates.noindex/OpenLibrary.build/Debug-watchos/OpenLibrary.build/Objects-normal/arm64_32/OpenLibrary.SwiftConstValuesFileList (in target 'OpenLibrary' from project 'OpenLibrary')
cd /Users/admin/builder/spi-builder-workspace
write-file /Users/admin/builder/spi-builder-workspace/.derivedData/Build/Intermediates.noindex/OpenLibrary.build/Debug-watchos/OpenLibrary.build/Objects-normal/arm64_32/OpenLibrary.SwiftConstValuesFileList
WriteAuxiliaryFile /Users/admin/builder/spi-builder-workspace/.derivedData/Build/Intermediates.noindex/OpenLibrary.build/Debug-watchos/OpenLibrary.build/Objects-normal/arm64_32/OpenLibrary.LinkFileList (in target 'OpenLibrary' from project 'OpenLibrary')
cd /Users/admin/builder/spi-builder-workspace
write-file /Users/admin/builder/spi-builder-workspace/.derivedData/Build/Intermediates.noindex/OpenLibrary.build/Debug-watchos/OpenLibrary.build/Objects-normal/arm64_32/OpenLibrary.LinkFileList
WriteAuxiliaryFile /Users/admin/builder/spi-builder-workspace/.derivedData/Build/Intermediates.noindex/OpenLibrary.build/Debug-watchos/OpenLibrary.build/Objects-normal/arm64_32/OpenLibrary-OutputFileMap.json (in target 'OpenLibrary' from project 'OpenLibrary')
cd /Users/admin/builder/spi-builder-workspace
write-file /Users/admin/builder/spi-builder-workspace/.derivedData/Build/Intermediates.noindex/OpenLibrary.build/Debug-watchos/OpenLibrary.build/Objects-normal/arm64_32/OpenLibrary-OutputFileMap.json
WriteAuxiliaryFile /Users/admin/builder/spi-builder-workspace/.derivedData/Build/Intermediates.noindex/OpenLibrary.build/Debug-watchos/OpenLibrary.build/Objects-normal/arm64/OpenLibrary_const_extract_protocols.json (in target 'OpenLibrary' from project 'OpenLibrary')
cd /Users/admin/builder/spi-builder-workspace
write-file /Users/admin/builder/spi-builder-workspace/.derivedData/Build/Intermediates.noindex/OpenLibrary.build/Debug-watchos/OpenLibrary.build/Objects-normal/arm64/OpenLibrary_const_extract_protocols.json
WriteAuxiliaryFile /Users/admin/builder/spi-builder-workspace/.derivedData/Build/Intermediates.noindex/OpenLibrary.build/Debug-watchos/OpenLibrary.build/Objects-normal/arm64/OpenLibrary.SwiftFileList (in target 'OpenLibrary' from project 'OpenLibrary')
cd /Users/admin/builder/spi-builder-workspace
write-file /Users/admin/builder/spi-builder-workspace/.derivedData/Build/Intermediates.noindex/OpenLibrary.build/Debug-watchos/OpenLibrary.build/Objects-normal/arm64/OpenLibrary.SwiftFileList
WriteAuxiliaryFile /Users/admin/builder/spi-builder-workspace/.derivedData/Build/Intermediates.noindex/OpenLibrary.build/Debug-watchos/OpenLibrary.build/Objects-normal/arm64/OpenLibrary.SwiftConstValuesFileList (in target 'OpenLibrary' from project 'OpenLibrary')
cd /Users/admin/builder/spi-builder-workspace
write-file /Users/admin/builder/spi-builder-workspace/.derivedData/Build/Intermediates.noindex/OpenLibrary.build/Debug-watchos/OpenLibrary.build/Objects-normal/arm64/OpenLibrary.SwiftConstValuesFileList
WriteAuxiliaryFile /Users/admin/builder/spi-builder-workspace/.derivedData/Build/Intermediates.noindex/OpenLibrary.build/Debug-watchos/OpenLibrary.build/Objects-normal/arm64/OpenLibrary.LinkFileList (in target 'OpenLibrary' from project 'OpenLibrary')
cd /Users/admin/builder/spi-builder-workspace
write-file /Users/admin/builder/spi-builder-workspace/.derivedData/Build/Intermediates.noindex/OpenLibrary.build/Debug-watchos/OpenLibrary.build/Objects-normal/arm64/OpenLibrary.LinkFileList
WriteAuxiliaryFile /Users/admin/builder/spi-builder-workspace/.derivedData/Build/Intermediates.noindex/OpenLibrary.build/Debug-watchos/OpenLibrary.build/Objects-normal/arm64/OpenLibrary-OutputFileMap.json (in target 'OpenLibrary' from project 'OpenLibrary')
cd /Users/admin/builder/spi-builder-workspace
write-file /Users/admin/builder/spi-builder-workspace/.derivedData/Build/Intermediates.noindex/OpenLibrary.build/Debug-watchos/OpenLibrary.build/Objects-normal/arm64/OpenLibrary-OutputFileMap.json
Copy /Users/admin/builder/spi-builder-workspace/.derivedData/Build/Intermediates.noindex/GeneratedModuleMaps-watchos/OpenLibrary.modulemap /Users/admin/builder/spi-builder-workspace/.derivedData/Build/Intermediates.noindex/OpenLibrary.build/Debug-watchos/OpenLibrary.build/OpenLibrary.modulemap (in target 'OpenLibrary' from project 'OpenLibrary')
cd /Users/admin/builder/spi-builder-workspace
builtin-copy -exclude .DS_Store -exclude CVS -exclude .svn -exclude .git -exclude .hg -resolve-src-symlinks /Users/admin/builder/spi-builder-workspace/.derivedData/Build/Intermediates.noindex/OpenLibrary.build/Debug-watchos/OpenLibrary.build/OpenLibrary.modulemap /Users/admin/builder/spi-builder-workspace/.derivedData/Build/Intermediates.noindex/GeneratedModuleMaps-watchos
SwiftDriver OpenLibrary normal arm64_32 com.apple.xcode.tools.swift.compiler (in target 'OpenLibrary' from project 'OpenLibrary')
cd /Users/admin/builder/spi-builder-workspace/.swiftpm/xcode
builtin-SwiftDriver -- /Applications/Xcode-26.5.0.app/Contents/Developer/Toolchains/XcodeDefault.xctoolchain/usr/bin/swiftc -module-name OpenLibrary -Onone @/Users/admin/builder/spi-builder-workspace/.derivedData/Build/Intermediates.noindex/OpenLibrary.build/Debug-watchos/OpenLibrary.build/Objects-normal/arm64_32/OpenLibrary.SwiftFileList -DSWIFT_PACKAGE -DDEBUG -DSWIFT_MODULE_RESOURCE_BUNDLE_UNAVAILABLE -DXcode -plugin-path /Applications/Xcode-26.5.0.app/Contents/Developer/Toolchains/XcodeDefault.xctoolchain/usr/lib/swift/host/plugins/testing -enable-experimental-feature DebugDescriptionMacro -sdk /Applications/Xcode-26.5.0.app/Contents/Developer/Platforms/WatchOS.platform/Developer/SDKs/WatchOS26.5.sdk -target arm64_32-apple-watchos8.0 -g -module-cache-path /Users/admin/builder/spi-builder-workspace/.derivedData/ModuleCache.noindex -Xfrontend -serialize-debugging-options -profile-coverage-mapping -profile-generate -enable-testing -index-store-path /Users/admin/builder/spi-builder-workspace/.derivedData/Index.noindex/DataStore -Xcc -D_LIBCPP_HARDENING_MODE\=_LIBCPP_HARDENING_MODE_DEBUG -swift-version 6 -I /Users/admin/builder/spi-builder-workspace/.derivedData/Build/Products/Debug-watchos -Isystem /Applications/Xcode-26.5.0.app/Contents/Developer/Platforms/WatchOS.platform/Developer/usr/lib -F /Users/admin/builder/spi-builder-workspace/.derivedData/Build/Products/Debug-watchos -F /Applications/Xcode-26.5.0.app/Contents/Developer/Platforms/WatchOS.platform/Developer/Library/Frameworks -F /Applications/Xcode-26.5.0.app/Contents/Developer/Platforms/WatchOS.platform/Developer/SDKs/WatchOS26.5.sdk/Developer/Library/Frameworks -c -j10 -enable-batch-mode -incremental -Xcc -ivfsstatcache -Xcc /Users/admin/builder/spi-builder-workspace/.derivedData/SDKStatCaches.noindex/watchos26.5-23T570-688ef53f1462e2c8f657fdc38a81448f7931b973dfc65d9472806dbbc3af9379.sdkstatcache -output-file-map /Users/admin/builder/spi-builder-workspace/.derivedData/Build/Intermediates.noindex/OpenLibrary.build/Debug-watchos/OpenLibrary.build/Objects-normal/arm64_32/OpenLibrary-OutputFileMap.json -use-frontend-parseable-output -save-temps -no-color-diagnostics -explicit-module-build -module-cache-path /Users/admin/builder/spi-builder-workspace/.derivedData/Build/Intermediates.noindex/SwiftExplicitPrecompiledModules -clang-scanner-module-cache-path /Users/admin/builder/spi-builder-workspace/.derivedData/ModuleCache.noindex -sdk-module-cache-path /Users/admin/builder/spi-builder-workspace/.derivedData/ModuleCache.noindex -serialize-diagnostics -emit-dependencies -emit-module -emit-module-path /Users/admin/builder/spi-builder-workspace/.derivedData/Build/Intermediates.noindex/OpenLibrary.build/Debug-watchos/OpenLibrary.build/Objects-normal/arm64_32/OpenLibrary.swiftmodule -validate-clang-modules-once -clang-build-session-file /Users/admin/builder/spi-builder-workspace/.derivedData/ModuleCache.noindex/Session.modulevalidation -package-name spi_builder_workspace -Xcc -I/Users/admin/builder/spi-builder-workspace/.derivedData/Build/Intermediates.noindex/OpenLibrary.build/Debug-watchos/OpenLibrary.build/swift-overrides.hmap -emit-const-values -Xfrontend -const-gather-protocols-file -Xfrontend /Users/admin/builder/spi-builder-workspace/.derivedData/Build/Intermediates.noindex/OpenLibrary.build/Debug-watchos/OpenLibrary.build/Objects-normal/arm64_32/OpenLibrary_const_extract_protocols.json -Xcc -I/Users/admin/builder/spi-builder-workspace/.derivedData/Build/Products/Debug-watchos/include -Xcc -I/Users/admin/builder/spi-builder-workspace/.derivedData/Build/Intermediates.noindex/OpenLibrary.build/Debug-watchos/OpenLibrary.build/DerivedSources-normal/arm64_32 -Xcc -I/Users/admin/builder/spi-builder-workspace/.derivedData/Build/Intermediates.noindex/OpenLibrary.build/Debug-watchos/OpenLibrary.build/DerivedSources/arm64_32 -Xcc -I/Users/admin/builder/spi-builder-workspace/.derivedData/Build/Intermediates.noindex/OpenLibrary.build/Debug-watchos/OpenLibrary.build/DerivedSources -Xcc -DSWIFT_PACKAGE -Xcc -DDEBUG\=1 -emit-objc-header -emit-objc-header-path /Users/admin/builder/spi-builder-workspace/.derivedData/Build/Intermediates.noindex/OpenLibrary.build/Debug-watchos/OpenLibrary.build/Objects-normal/arm64_32/OpenLibrary-Swift.h -working-directory /Users/admin/builder/spi-builder-workspace/.swiftpm/xcode -experimental-emit-module-separately -disable-cmo
SwiftDriver OpenLibrary normal armv7k com.apple.xcode.tools.swift.compiler (in target 'OpenLibrary' from project 'OpenLibrary')
cd /Users/admin/builder/spi-builder-workspace/.swiftpm/xcode
builtin-SwiftDriver -- /Applications/Xcode-26.5.0.app/Contents/Developer/Toolchains/XcodeDefault.xctoolchain/usr/bin/swiftc -module-name OpenLibrary -Onone @/Users/admin/builder/spi-builder-workspace/.derivedData/Build/Intermediates.noindex/OpenLibrary.build/Debug-watchos/OpenLibrary.build/Objects-normal/armv7k/OpenLibrary.SwiftFileList -DSWIFT_PACKAGE -DDEBUG -DSWIFT_MODULE_RESOURCE_BUNDLE_UNAVAILABLE -DXcode -plugin-path /Applications/Xcode-26.5.0.app/Contents/Developer/Toolchains/XcodeDefault.xctoolchain/usr/lib/swift/host/plugins/testing -enable-experimental-feature DebugDescriptionMacro -sdk /Applications/Xcode-26.5.0.app/Contents/Developer/Platforms/WatchOS.platform/Developer/SDKs/WatchOS26.5.sdk -target armv7k-apple-watchos8.0 -g -module-cache-path /Users/admin/builder/spi-builder-workspace/.derivedData/ModuleCache.noindex -Xfrontend -serialize-debugging-options -profile-coverage-mapping -profile-generate -enable-testing -index-store-path /Users/admin/builder/spi-builder-workspace/.derivedData/Index.noindex/DataStore -Xcc -D_LIBCPP_HARDENING_MODE\=_LIBCPP_HARDENING_MODE_DEBUG -swift-version 6 -I /Users/admin/builder/spi-builder-workspace/.derivedData/Build/Products/Debug-watchos -Isystem /Applications/Xcode-26.5.0.app/Contents/Developer/Platforms/WatchOS.platform/Developer/usr/lib -F /Users/admin/builder/spi-builder-workspace/.derivedData/Build/Products/Debug-watchos -F /Applications/Xcode-26.5.0.app/Contents/Developer/Platforms/WatchOS.platform/Developer/Library/Frameworks -F /Applications/Xcode-26.5.0.app/Contents/Developer/Platforms/WatchOS.platform/Developer/SDKs/WatchOS26.5.sdk/Developer/Library/Frameworks -c -j10 -enable-batch-mode -incremental -Xcc -ivfsstatcache -Xcc /Users/admin/builder/spi-builder-workspace/.derivedData/SDKStatCaches.noindex/watchos26.5-23T570-688ef53f1462e2c8f657fdc38a81448f7931b973dfc65d9472806dbbc3af9379.sdkstatcache -output-file-map /Users/admin/builder/spi-builder-workspace/.derivedData/Build/Intermediates.noindex/OpenLibrary.build/Debug-watchos/OpenLibrary.build/Objects-normal/armv7k/OpenLibrary-OutputFileMap.json -use-frontend-parseable-output -save-temps -no-color-diagnostics -explicit-module-build -module-cache-path /Users/admin/builder/spi-builder-workspace/.derivedData/Build/Intermediates.noindex/SwiftExplicitPrecompiledModules -clang-scanner-module-cache-path /Users/admin/builder/spi-builder-workspace/.derivedData/ModuleCache.noindex -sdk-module-cache-path /Users/admin/builder/spi-builder-workspace/.derivedData/ModuleCache.noindex -serialize-diagnostics -emit-dependencies -emit-module -emit-module-path /Users/admin/builder/spi-builder-workspace/.derivedData/Build/Intermediates.noindex/OpenLibrary.build/Debug-watchos/OpenLibrary.build/Objects-normal/armv7k/OpenLibrary.swiftmodule -validate-clang-modules-once -clang-build-session-file /Users/admin/builder/spi-builder-workspace/.derivedData/ModuleCache.noindex/Session.modulevalidation -package-name spi_builder_workspace -Xcc -I/Users/admin/builder/spi-builder-workspace/.derivedData/Build/Intermediates.noindex/OpenLibrary.build/Debug-watchos/OpenLibrary.build/swift-overrides.hmap -emit-const-values -Xfrontend -const-gather-protocols-file -Xfrontend /Users/admin/builder/spi-builder-workspace/.derivedData/Build/Intermediates.noindex/OpenLibrary.build/Debug-watchos/OpenLibrary.build/Objects-normal/armv7k/OpenLibrary_const_extract_protocols.json -Xcc -I/Users/admin/builder/spi-builder-workspace/.derivedData/Build/Products/Debug-watchos/include -Xcc -I/Users/admin/builder/spi-builder-workspace/.derivedData/Build/Intermediates.noindex/OpenLibrary.build/Debug-watchos/OpenLibrary.build/DerivedSources-normal/armv7k -Xcc -I/Users/admin/builder/spi-builder-workspace/.derivedData/Build/Intermediates.noindex/OpenLibrary.build/Debug-watchos/OpenLibrary.build/DerivedSources/armv7k -Xcc -I/Users/admin/builder/spi-builder-workspace/.derivedData/Build/Intermediates.noindex/OpenLibrary.build/Debug-watchos/OpenLibrary.build/DerivedSources -Xcc -DSWIFT_PACKAGE -Xcc -DDEBUG\=1 -emit-objc-header -emit-objc-header-path /Users/admin/builder/spi-builder-workspace/.derivedData/Build/Intermediates.noindex/OpenLibrary.build/Debug-watchos/OpenLibrary.build/Objects-normal/armv7k/OpenLibrary-Swift.h -working-directory /Users/admin/builder/spi-builder-workspace/.swiftpm/xcode -experimental-emit-module-separately -disable-cmo
SwiftDriver OpenLibrary normal arm64 com.apple.xcode.tools.swift.compiler (in target 'OpenLibrary' from project 'OpenLibrary')
cd /Users/admin/builder/spi-builder-workspace/.swiftpm/xcode
builtin-SwiftDriver -- /Applications/Xcode-26.5.0.app/Contents/Developer/Toolchains/XcodeDefault.xctoolchain/usr/bin/swiftc -module-name OpenLibrary -Onone @/Users/admin/builder/spi-builder-workspace/.derivedData/Build/Intermediates.noindex/OpenLibrary.build/Debug-watchos/OpenLibrary.build/Objects-normal/arm64/OpenLibrary.SwiftFileList -DSWIFT_PACKAGE -DDEBUG -DSWIFT_MODULE_RESOURCE_BUNDLE_UNAVAILABLE -DXcode -plugin-path /Applications/Xcode-26.5.0.app/Contents/Developer/Toolchains/XcodeDefault.xctoolchain/usr/lib/swift/host/plugins/testing -enable-experimental-feature DebugDescriptionMacro -sdk /Applications/Xcode-26.5.0.app/Contents/Developer/Platforms/WatchOS.platform/Developer/SDKs/WatchOS26.5.sdk -target arm64-apple-watchos8.0 -g -module-cache-path /Users/admin/builder/spi-builder-workspace/.derivedData/ModuleCache.noindex -Xfrontend -serialize-debugging-options -profile-coverage-mapping -profile-generate -enable-testing -index-store-path /Users/admin/builder/spi-builder-workspace/.derivedData/Index.noindex/DataStore -Xcc -D_LIBCPP_HARDENING_MODE\=_LIBCPP_HARDENING_MODE_DEBUG -swift-version 6 -I /Users/admin/builder/spi-builder-workspace/.derivedData/Build/Products/Debug-watchos -Isystem /Applications/Xcode-26.5.0.app/Contents/Developer/Platforms/WatchOS.platform/Developer/usr/lib -F /Users/admin/builder/spi-builder-workspace/.derivedData/Build/Products/Debug-watchos -F /Applications/Xcode-26.5.0.app/Contents/Developer/Platforms/WatchOS.platform/Developer/Library/Frameworks -F /Applications/Xcode-26.5.0.app/Contents/Developer/Platforms/WatchOS.platform/Developer/SDKs/WatchOS26.5.sdk/Developer/Library/Frameworks -c -j10 -enable-batch-mode -incremental -Xcc -ivfsstatcache -Xcc /Users/admin/builder/spi-builder-workspace/.derivedData/SDKStatCaches.noindex/watchos26.5-23T570-688ef53f1462e2c8f657fdc38a81448f7931b973dfc65d9472806dbbc3af9379.sdkstatcache -output-file-map /Users/admin/builder/spi-builder-workspace/.derivedData/Build/Intermediates.noindex/OpenLibrary.build/Debug-watchos/OpenLibrary.build/Objects-normal/arm64/OpenLibrary-OutputFileMap.json -use-frontend-parseable-output -save-temps -no-color-diagnostics -explicit-module-build -module-cache-path /Users/admin/builder/spi-builder-workspace/.derivedData/Build/Intermediates.noindex/SwiftExplicitPrecompiledModules -clang-scanner-module-cache-path /Users/admin/builder/spi-builder-workspace/.derivedData/ModuleCache.noindex -sdk-module-cache-path /Users/admin/builder/spi-builder-workspace/.derivedData/ModuleCache.noindex -serialize-diagnostics -emit-dependencies -emit-module -emit-module-path /Users/admin/builder/spi-builder-workspace/.derivedData/Build/Intermediates.noindex/OpenLibrary.build/Debug-watchos/OpenLibrary.build/Objects-normal/arm64/OpenLibrary.swiftmodule -validate-clang-modules-once -clang-build-session-file /Users/admin/builder/spi-builder-workspace/.derivedData/ModuleCache.noindex/Session.modulevalidation -package-name spi_builder_workspace -Xcc -I/Users/admin/builder/spi-builder-workspace/.derivedData/Build/Intermediates.noindex/OpenLibrary.build/Debug-watchos/OpenLibrary.build/swift-overrides.hmap -emit-const-values -Xfrontend -const-gather-protocols-file -Xfrontend /Users/admin/builder/spi-builder-workspace/.derivedData/Build/Intermediates.noindex/OpenLibrary.build/Debug-watchos/OpenLibrary.build/Objects-normal/arm64/OpenLibrary_const_extract_protocols.json -Xcc -I/Users/admin/builder/spi-builder-workspace/.derivedData/Build/Products/Debug-watchos/include -Xcc -I/Users/admin/builder/spi-builder-workspace/.derivedData/Build/Intermediates.noindex/OpenLibrary.build/Debug-watchos/OpenLibrary.build/DerivedSources-normal/arm64 -Xcc -I/Users/admin/builder/spi-builder-workspace/.derivedData/Build/Intermediates.noindex/OpenLibrary.build/Debug-watchos/OpenLibrary.build/DerivedSources/arm64 -Xcc -I/Users/admin/builder/spi-builder-workspace/.derivedData/Build/Intermediates.noindex/OpenLibrary.build/Debug-watchos/OpenLibrary.build/DerivedSources -Xcc -DSWIFT_PACKAGE -Xcc -DDEBUG\=1 -emit-objc-header -emit-objc-header-path /Users/admin/builder/spi-builder-workspace/.derivedData/Build/Intermediates.noindex/OpenLibrary.build/Debug-watchos/OpenLibrary.build/Objects-normal/arm64/OpenLibrary-Swift.h -working-directory /Users/admin/builder/spi-builder-workspace/.swiftpm/xcode -experimental-emit-module-separately -disable-cmo
SwiftExplicitDependencyGeneratePcm armv7k /Users/admin/builder/spi-builder-workspace/.derivedData/ModuleCache.noindex/ptrauth-D1KUVP5BW8V6YRBE3MNVCBE2E.pcm
SwiftExplicitDependencyGeneratePcm armv7k /Users/admin/builder/spi-builder-workspace/.derivedData/ModuleCache.noindex/_SwiftConcurrencyShims-HF1NBH7P9KULYHML9AVKSA4P.pcm
SwiftExplicitDependencyGeneratePcm armv7k /Users/admin/builder/spi-builder-workspace/.derivedData/ModuleCache.noindex/SwiftShims-54O3XTFTGS0DCHGQXX0VXAKIW.pcm
SwiftExplicitDependencyGeneratePcm armv7k /Users/admin/builder/spi-builder-workspace/.derivedData/ModuleCache.noindex/_Builtin_stdbool-3F5M0YH52IF7ISNJDW2IHEQ2A.pcm
SwiftExplicitDependencyGeneratePcm armv7k /Users/admin/builder/spi-builder-workspace/.derivedData/ModuleCache.noindex/ptrcheck-84CJDWDKWYKE887DNNOFBAKE5.pcm
SwiftExplicitDependencyGeneratePcm armv7k /Users/admin/builder/spi-builder-workspace/.derivedData/ModuleCache.noindex/_Builtin_stdarg-D4LWD3SLKMEEMR29WTOG26Q5T.pcm
SwiftExplicitDependencyGeneratePcm armv7k /Users/admin/builder/spi-builder-workspace/.derivedData/ModuleCache.noindex/_Builtin_float-9MGM9VU0PEMKSTW8BBVNVP7PQ.pcm
SwiftExplicitDependencyGeneratePcm armv7k /Users/admin/builder/spi-builder-workspace/.derivedData/ModuleCache.noindex/_AvailabilityInternal-EFXN1W5VCP6ADN05CH69KOJMD.pcm
SwiftExplicitDependencyGeneratePcm armv7k /Users/admin/builder/spi-builder-workspace/.derivedData/ModuleCache.noindex/_Builtin_stddef-6IRMF7QDYT5Q8LMH89XUFJQ69.pcm
SwiftExplicitDependencyGeneratePcm arm64 /Users/admin/builder/spi-builder-workspace/.derivedData/ModuleCache.noindex/_Builtin_stddef-7O9IMW3SKT9J5KMH1DFSCTUT2.pcm
SwiftExplicitDependencyGeneratePcm arm64_32 /Users/admin/builder/spi-builder-workspace/.derivedData/ModuleCache.noindex/_Builtin_float-BHCK2B2ROVBMZ91A2DBMECP3P.pcm
SwiftExplicitDependencyGeneratePcm arm64 /Users/admin/builder/spi-builder-workspace/.derivedData/ModuleCache.noindex/ptrcheck-B3DWAI23K1VSBZ9B4HQFDUGA9.pcm
SwiftExplicitDependencyGeneratePcm arm64 /Users/admin/builder/spi-builder-workspace/.derivedData/ModuleCache.noindex/_Builtin_stdarg-30UO0JZ3BZL3UJMXZ8NY7BG2N.pcm
SwiftExplicitDependencyGeneratePcm arm64 /Users/admin/builder/spi-builder-workspace/.derivedData/ModuleCache.noindex/_SwiftConcurrencyShims-6JV4TIBCO35VV8QOUUP4HYHU8.pcm
SwiftExplicitDependencyGeneratePcm arm64 /Users/admin/builder/spi-builder-workspace/.derivedData/ModuleCache.noindex/_Builtin_float-2WT5Y9SB362ACJMEXFZK7ZNN2.pcm
SwiftExplicitDependencyGeneratePcm arm64_32 /Users/admin/builder/spi-builder-workspace/.derivedData/ModuleCache.noindex/_Builtin_stdbool-29VZCTHK280GJHA571SXG9ASG.pcm
SwiftExplicitDependencyGeneratePcm arm64_32 /Users/admin/builder/spi-builder-workspace/.derivedData/ModuleCache.noindex/_SwiftConcurrencyShims-49MSOLZ7F449TZ0TRVKQIVZNP.pcm
SwiftExplicitDependencyGeneratePcm arm64 /Users/admin/builder/spi-builder-workspace/.derivedData/ModuleCache.noindex/_Builtin_stdbool-3K0NS9706ZZKMB26W34N7NRJO.pcm
SwiftExplicitDependencyGeneratePcm arm64_32 /Users/admin/builder/spi-builder-workspace/.derivedData/ModuleCache.noindex/_Builtin_stddef-44ZBBCAVH9H95PIUL2R06EPNN.pcm
SwiftExplicitDependencyGeneratePcm armv7k /Users/admin/builder/spi-builder-workspace/.derivedData/ModuleCache.noindex/_DarwinFoundation1-ADE3NB165C6L2JTXOQ8OTD6BF.pcm
SwiftExplicitDependencyGeneratePcm arm64 /Users/admin/builder/spi-builder-workspace/.derivedData/ModuleCache.noindex/SwiftShims-BSAA6BK72NLSMMSC85W2FICHH.pcm
SwiftExplicitDependencyGeneratePcm arm64_32 /Users/admin/builder/spi-builder-workspace/.derivedData/ModuleCache.noindex/_Builtin_stdarg-2846LW51WR3FJYNEE769BGM54.pcm
SwiftExplicitDependencyGeneratePcm arm64 /Users/admin/builder/spi-builder-workspace/.derivedData/ModuleCache.noindex/_AvailabilityInternal-EOZA7RNZF83GHAFYVNANSPB7K.pcm
SwiftExplicitDependencyGeneratePcm arm64_32 /Users/admin/builder/spi-builder-workspace/.derivedData/ModuleCache.noindex/_AvailabilityInternal-DLHW2QV8S38P9IRN7DKDTHEP9.pcm
SwiftExplicitDependencyGeneratePcm arm64_32 /Users/admin/builder/spi-builder-workspace/.derivedData/ModuleCache.noindex/SwiftShims-Y9UOIV5KSIS0KDX5BDVVAMKQ.pcm
SwiftExplicitDependencyGeneratePcm arm64 /Users/admin/builder/spi-builder-workspace/.derivedData/ModuleCache.noindex/ptrauth-6RRLJFTMP964BUOH3ZA18NCET.pcm
SwiftExplicitDependencyGeneratePcm arm64_32 /Users/admin/builder/spi-builder-workspace/.derivedData/ModuleCache.noindex/ptrcheck-AUKOWKLJ5LR59DLJDZ0QMNHKP.pcm
SwiftExplicitDependencyGeneratePcm arm64_32 /Users/admin/builder/spi-builder-workspace/.derivedData/ModuleCache.noindex/ptrauth-EIGELRNUEL7SAJU41BKCUDR6K.pcm
SwiftExplicitDependencyGeneratePcm armv7k /Users/admin/builder/spi-builder-workspace/.derivedData/ModuleCache.noindex/_DarwinFoundation2-DV4KEW6PHTUWM9UDXVAKG4PHY.pcm
SwiftExplicitDependencyGeneratePcm armv7k /Users/admin/builder/spi-builder-workspace/.derivedData/ModuleCache.noindex/_Builtin_limits-1Q4YKVDE3QBNIZPTETVUW17T3.pcm
SwiftExplicitDependencyGeneratePcm arm64 /Users/admin/builder/spi-builder-workspace/.derivedData/ModuleCache.noindex/_DarwinFoundation1-227SNA2OQZAYY2EILOQ4OZWWI.pcm
SwiftExplicitDependencyGeneratePcm arm64_32 /Users/admin/builder/spi-builder-workspace/.derivedData/ModuleCache.noindex/_DarwinFoundation1-BH2JKT0EOE6EKNI1RBDKTQWZU.pcm
SwiftExplicitDependencyGeneratePcm armv7k /Users/admin/builder/spi-builder-workspace/.derivedData/ModuleCache.noindex/sys_types-A40CZMME078D7VG6FJ9GFAUT1.pcm
SwiftExplicitDependencyGeneratePcm armv7k /Users/admin/builder/spi-builder-workspace/.derivedData/ModuleCache.noindex/_Builtin_stdint-4UJPCK27WLNAZ5JG8BDJ95Y7T.pcm
SwiftExplicitDependencyGeneratePcm arm64_32 /Users/admin/builder/spi-builder-workspace/.derivedData/ModuleCache.noindex/_DarwinFoundation2-9GSSHE2BT8BHCO2O1DDAW0NKJ.pcm
SwiftExplicitDependencyGeneratePcm arm64_32 /Users/admin/builder/spi-builder-workspace/.derivedData/ModuleCache.noindex/_Builtin_limits-6HWMASE09GWITZD3QJ535CHWD.pcm
SwiftExplicitDependencyGeneratePcm arm64 /Users/admin/builder/spi-builder-workspace/.derivedData/ModuleCache.noindex/_Builtin_limits-BZZBOTGJQZJ01O3UJXM4TUTUN.pcm
SwiftExplicitDependencyGeneratePcm arm64 /Users/admin/builder/spi-builder-workspace/.derivedData/ModuleCache.noindex/_DarwinFoundation2-AWB6S4FOQZ2F9R5HPQGPXLQM1.pcm
SwiftExplicitDependencyGeneratePcm armv7k /Users/admin/builder/spi-builder-workspace/.derivedData/ModuleCache.noindex/_Builtin_stdatomic-32ECWZ72BOH2QGMSIB20D4WTK.pcm
SwiftExplicitDependencyGeneratePcm armv7k /Users/admin/builder/spi-builder-workspace/.derivedData/ModuleCache.noindex/_DarwinFoundation3-EBKFW3VQLO7I73Z6JO2EF7K9T.pcm
SwiftExplicitDependencyGeneratePcm arm64_32 /Users/admin/builder/spi-builder-workspace/.derivedData/ModuleCache.noindex/sys_types-7PPBQQMP9WOPXZY9PV3O6HWOJ.pcm
SwiftExplicitDependencyGeneratePcm arm64_32 /Users/admin/builder/spi-builder-workspace/.derivedData/ModuleCache.noindex/_Builtin_stdint-A5GOZXANJIP53GSEWN310YNNY.pcm
SwiftExplicitDependencyGeneratePcm arm64 /Users/admin/builder/spi-builder-workspace/.derivedData/ModuleCache.noindex/sys_types-44TDJXBNABH6YIBIB1L6UJG2A.pcm
SwiftExplicitDependencyGeneratePcm arm64 /Users/admin/builder/spi-builder-workspace/.derivedData/ModuleCache.noindex/_Builtin_stdint-ZZ44XETV7JCUHQPW9HSEGAW0.pcm
SwiftExplicitDependencyGeneratePcm armv7k /Users/admin/builder/spi-builder-workspace/.derivedData/ModuleCache.noindex/_Builtin_inttypes-8B9XQ9DWPY04NISEJWZ2RW2L6.pcm
SwiftExplicitDependencyGeneratePcm arm64 /Users/admin/builder/spi-builder-workspace/.derivedData/ModuleCache.noindex/_Builtin_stdatomic-4FPXSGJ3807R0A98B7RJ7KO3P.pcm
SwiftExplicitDependencyGeneratePcm arm64 /Users/admin/builder/spi-builder-workspace/.derivedData/ModuleCache.noindex/_DarwinFoundation3-DG1LCR8UJOFMAEKZ4QOY33HZX.pcm
SwiftExplicitDependencyGeneratePcm arm64_32 /Users/admin/builder/spi-builder-workspace/.derivedData/ModuleCache.noindex/_DarwinFoundation3-86NTIOJMBO32S9WDN64L1LC6L.pcm
SwiftExplicitDependencyGeneratePcm arm64_32 /Users/admin/builder/spi-builder-workspace/.derivedData/ModuleCache.noindex/_Builtin_stdatomic-5U5ITJZ0O5PNT4FRT0VIAZW0S.pcm
SwiftExplicitDependencyGeneratePcm armv7k /Users/admin/builder/spi-builder-workspace/.derivedData/ModuleCache.noindex/Darwin-9PFSQ7LZ2AK01ELYMABKS3GL8.pcm
SwiftExplicitDependencyGeneratePcm arm64_32 /Users/admin/builder/spi-builder-workspace/.derivedData/ModuleCache.noindex/_Builtin_inttypes-IK3B20A93OGK2P0MVMMPHD49.pcm
SwiftExplicitDependencyGeneratePcm arm64 /Users/admin/builder/spi-builder-workspace/.derivedData/ModuleCache.noindex/_Builtin_inttypes-9RH3ZGRF7L0UFIAA3RWNP3416.pcm
SwiftExplicitDependencyGeneratePcm arm64_32 /Users/admin/builder/spi-builder-workspace/.derivedData/ModuleCache.noindex/Darwin-7EOY6B0FYD3NKAS35RMGXP5LK.pcm
SwiftExplicitDependencyGeneratePcm arm64 /Users/admin/builder/spi-builder-workspace/.derivedData/ModuleCache.noindex/Darwin-16I5UGYPDATFKFISIN5OQGOVM.pcm
SwiftExplicitDependencyGeneratePcm armv7k /Users/admin/builder/spi-builder-workspace/.derivedData/ModuleCache.noindex/ObjectiveC-E0ZDS99EDVATS2F85SO1ROOW3.pcm
SwiftExplicitDependencyGeneratePcm armv7k /Users/admin/builder/spi-builder-workspace/.derivedData/ModuleCache.noindex/MachO-5AHWAIT8GJXLH4ACAZ0WGYDC9.pcm
SwiftExplicitDependencyGeneratePcm armv7k /Users/admin/builder/spi-builder-workspace/.derivedData/ModuleCache.noindex/os_object-18PXU9H3WOD68TY6MAL1ZLNP9.pcm
SwiftExplicitDependencyGeneratePcm armv7k /Users/admin/builder/spi-builder-workspace/.derivedData/ModuleCache.noindex/os_workgroup-BVJ42AVMIW7DCL8N126TAMQWH.pcm
SwiftExplicitDependencyGeneratePcm arm64_32 /Users/admin/builder/spi-builder-workspace/.derivedData/ModuleCache.noindex/ObjectiveC-MY1YPPP48ZKLRCFMRI5GO9R.pcm
SwiftExplicitDependencyGeneratePcm arm64_32 /Users/admin/builder/spi-builder-workspace/.derivedData/ModuleCache.noindex/MachO-AZNX121YHV7UPYG4ADKN4OZAW.pcm
SwiftExplicitDependencyGeneratePcm arm64 /Users/admin/builder/spi-builder-workspace/.derivedData/ModuleCache.noindex/MachO-5ONAD48ZCP7NZVK80MAC9ZP1V.pcm
SwiftExplicitDependencyGeneratePcm arm64 /Users/admin/builder/spi-builder-workspace/.derivedData/ModuleCache.noindex/ObjectiveC-8UETU9VIN6TLHAJS803FFNIGA.pcm
SwiftExplicitDependencyGeneratePcm armv7k /Users/admin/builder/spi-builder-workspace/.derivedData/ModuleCache.noindex/Dispatch-E47IY0S0HQME5O93LIR5ULUJ3.pcm
SwiftExplicitDependencyGeneratePcm arm64 /Users/admin/builder/spi-builder-workspace/.derivedData/ModuleCache.noindex/os_object-DJJBVMOS2UUUVOJOUK4V18IDX.pcm
SwiftExplicitDependencyGeneratePcm arm64_32 /Users/admin/builder/spi-builder-workspace/.derivedData/ModuleCache.noindex/os_object-E0CVHB9RT7I5F6HKP5IXA5JJN.pcm
SwiftExplicitDependencyGeneratePcm armv7k /Users/admin/builder/spi-builder-workspace/.derivedData/ModuleCache.noindex/XPC-9DTZ8AF9XTWF42TLLJ49FJTST.pcm
SwiftExplicitDependencyGeneratePcm armv7k /Users/admin/builder/spi-builder-workspace/.derivedData/ModuleCache.noindex/CoreFoundation-7GHF7X5P6ZD825PTKSHFN9ZI4.pcm
SwiftExplicitDependencyGeneratePcm arm64_32 /Users/admin/builder/spi-builder-workspace/.derivedData/ModuleCache.noindex/os_workgroup-3O8OVEKEFKDEG3VCH3RTEZ94B.pcm
SwiftExplicitDependencyGeneratePcm arm64 /Users/admin/builder/spi-builder-workspace/.derivedData/ModuleCache.noindex/os_workgroup-B77XM89IDYHHAHLL7HI5JSCBX.pcm
SwiftExplicitDependencyGeneratePcm armv7k /Users/admin/builder/spi-builder-workspace/.derivedData/ModuleCache.noindex/os-99ATW2U7G5N5ZUXXLC3T7KSD7.pcm
SwiftExplicitDependencyGeneratePcm arm64_32 /Users/admin/builder/spi-builder-workspace/.derivedData/ModuleCache.noindex/Dispatch-1FJ1MI5CEQAKDW1VL40ZXGEZX.pcm
SwiftExplicitDependencyGeneratePcm arm64 /Users/admin/builder/spi-builder-workspace/.derivedData/ModuleCache.noindex/Dispatch-VJEF7PUQ9LH822JVM5XG6MK1.pcm
SwiftExplicitDependencyGeneratePcm armv7k /Users/admin/builder/spi-builder-workspace/.derivedData/ModuleCache.noindex/Security-7SE760WZ2OEJ7HFR5VXFCZI9G.pcm
SwiftExplicitDependencyGeneratePcm arm64 /Users/admin/builder/spi-builder-workspace/.derivedData/ModuleCache.noindex/CoreFoundation-DJJGOYJ4YNQ64CSPYCZOO8QAP.pcm
SwiftExplicitDependencyGeneratePcm arm64 /Users/admin/builder/spi-builder-workspace/.derivedData/ModuleCache.noindex/XPC-BSDTMJV05ILJA5FSICCCI2OL5.pcm
SwiftExplicitDependencyGeneratePcm arm64_32 /Users/admin/builder/spi-builder-workspace/.derivedData/ModuleCache.noindex/XPC-OZIOUFM4EDBR3SQ2IFY2FZJ3.pcm
SwiftExplicitDependencyGeneratePcm arm64_32 /Users/admin/builder/spi-builder-workspace/.derivedData/ModuleCache.noindex/CoreFoundation-2WN2GWDD3XFIB7PUN7AGTCXVV.pcm
SwiftExplicitDependencyGeneratePcm armv7k /Users/admin/builder/spi-builder-workspace/.derivedData/ModuleCache.noindex/Foundation-EPSSWBF5ZPDOEQV0Z1H7HHJ2F.pcm
SwiftExplicitDependencyGeneratePcm arm64 /Users/admin/builder/spi-builder-workspace/.derivedData/ModuleCache.noindex/os-7D8S9K5739H2BVJ8T4L2OULD4.pcm
SwiftExplicitDependencyGeneratePcm arm64_32 /Users/admin/builder/spi-builder-workspace/.derivedData/ModuleCache.noindex/os-AZZ732J76QGJY33B6R5MIFKZA.pcm
SwiftExplicitDependencyGeneratePcm arm64_32 /Users/admin/builder/spi-builder-workspace/.derivedData/ModuleCache.noindex/Security-7N2K583MEDYU75HOC5BPDGNTH.pcm
SwiftExplicitDependencyGeneratePcm arm64 /Users/admin/builder/spi-builder-workspace/.derivedData/ModuleCache.noindex/Security-AURWBFXY7JXCFHSY4JJOY36RH.pcm
SwiftExplicitDependencyGeneratePcm arm64_32 /Users/admin/builder/spi-builder-workspace/.derivedData/ModuleCache.noindex/Foundation-83JWXXASQB5K8FJA2ZIQES3E6.pcm
SwiftExplicitDependencyGeneratePcm arm64 /Users/admin/builder/spi-builder-workspace/.derivedData/ModuleCache.noindex/Foundation-EK2FWRD3ACYA8LSCWDBUAPYS5.pcm
SwiftExplicitDependencyGeneratePcm armv7k /Users/admin/builder/spi-builder-workspace/.derivedData/ModuleCache.noindex/OSLog-B6IE36ZR3K4ZDO18PV6KIK4EC.pcm
SwiftEmitModule normal armv7k Emitting\ module\ for\ OpenLibrary (in target 'OpenLibrary' from project 'OpenLibrary')
EmitSwiftModule normal armv7k (in target 'OpenLibrary' from project 'OpenLibrary')
cd /Users/admin/builder/spi-builder-workspace/.swiftpm/xcode
SwiftCompile normal armv7k Compiling\ OpenLibraryWorkBookshelves.swift /Users/admin/builder/spi-builder-workspace/Sources/OpenLibrary/OpenLibraryWorkBookshelves.swift (in target 'OpenLibrary' from project 'OpenLibrary')
SwiftCompile normal armv7k /Users/admin/builder/spi-builder-workspace/Sources/OpenLibrary/OpenLibraryWorkBookshelves.swift (in target 'OpenLibrary' from project 'OpenLibrary')
cd /Users/admin/builder/spi-builder-workspace/.swiftpm/xcode
SwiftCompile normal armv7k Compiling\ OpenLibraryWork.swift /Users/admin/builder/spi-builder-workspace/Sources/OpenLibrary/OpenLibraryWork.swift (in target 'OpenLibrary' from project 'OpenLibrary')
SwiftCompile normal armv7k /Users/admin/builder/spi-builder-workspace/Sources/OpenLibrary/OpenLibraryWork.swift (in target 'OpenLibrary' from project 'OpenLibrary')
cd /Users/admin/builder/spi-builder-workspace/.swiftpm/xcode
SwiftCompile normal armv7k Compiling\ OpenLibraryCovers.swift /Users/admin/builder/spi-builder-workspace/Sources/OpenLibrary/OpenLibraryCovers.swift (in target 'OpenLibrary' from project 'OpenLibrary')
SwiftCompile normal armv7k /Users/admin/builder/spi-builder-workspace/Sources/OpenLibrary/OpenLibraryCovers.swift (in target 'OpenLibrary' from project 'OpenLibrary')
cd /Users/admin/builder/spi-builder-workspace/.swiftpm/xcode
SwiftCompile normal armv7k Compiling\ OpenLibrarySubject.swift /Users/admin/builder/spi-builder-workspace/Sources/OpenLibrary/OpenLibrarySubject.swift (in target 'OpenLibrary' from project 'OpenLibrary')
SwiftCompile normal armv7k /Users/admin/builder/spi-builder-workspace/Sources/OpenLibrary/OpenLibrarySubject.swift (in target 'OpenLibrary' from project 'OpenLibrary')
cd /Users/admin/builder/spi-builder-workspace/.swiftpm/xcode
SwiftCompile normal armv7k Compiling\ OpenLibraryEdition.swift /Users/admin/builder/spi-builder-workspace/Sources/OpenLibrary/OpenLibraryEdition.swift (in target 'OpenLibrary' from project 'OpenLibrary')
Failed frontend command:
/Applications/Xcode-26.5.0.app/Contents/Developer/Toolchains/XcodeDefault.xctoolchain/usr/bin/swift-frontend -frontend -c /Users/admin/builder/spi-builder-workspace/Sources/OpenLibrary/OpenLibraryAPI.swift /Users/admin/builder/spi-builder-workspace/Sources/OpenLibrary/OpenLibraryAPIMocks.swift /Users/admin/builder/spi-builder-workspace/Sources/OpenLibrary/OpenLibraryCovers.swift -primary-file /Users/admin/builder/spi-builder-workspace/Sources/OpenLibrary/OpenLibraryEdition.swift /Users/admin/builder/spi-builder-workspace/Sources/OpenLibrary/OpenLibraryLogger.swift /Users/admin/builder/spi-builder-workspace/Sources/OpenLibrary/OpenLibrarySearch.swift /Users/admin/builder/spi-builder-workspace/Sources/OpenLibrary/OpenLibrarySubject.swift /Users/admin/builder/spi-builder-workspace/Sources/OpenLibrary/OpenLibraryWork.swift /Users/admin/builder/spi-builder-workspace/Sources/OpenLibrary/OpenLibraryWorkBookshelves.swift /Users/admin/builder/spi-builder-workspace/Sources/OpenLibrary/OpenLibraryWorkRatings.swift -emit-dependencies-path /Users/admin/builder/spi-builder-workspace/.derivedData/Build/Intermediates.noindex/OpenLibrary.build/Debug-watchos/OpenLibrary.build/Objects-normal/armv7k/OpenLibraryEdition.d -emit-const-values-path /Users/admin/builder/spi-builder-workspace/.derivedData/Build/Intermediates.noindex/OpenLibrary.build/Debug-watchos/OpenLibrary.build/Objects-normal/armv7k/OpenLibraryEdition.swiftconstvalues -emit-reference-dependencies-path /Users/admin/builder/spi-builder-workspace/.derivedData/Build/Intermediates.noindex/OpenLibrary.build/Debug-watchos/OpenLibrary.build/Objects-normal/armv7k/OpenLibraryEdition.swiftdeps -serialize-diagnostics-path /Users/admin/builder/spi-builder-workspace/.derivedData/Build/Intermediates.noindex/OpenLibrary.build/Debug-watchos/OpenLibrary.build/Objects-normal/armv7k/OpenLibraryEdition.dia -target armv7k-apple-watchos8.0 -module-can-import-version OSLog 10 1861.120.4 -load-resolved-plugin /Applications/Xcode-26.5.0.app/Contents/Developer/Platforms/WatchOS.platform/Developer/usr/lib/swift/host/plugins/libFoundationMacros.dylib\#/Applications/Xcode-26.5.0.app/Contents/Developer/Platforms/WatchOS.platform/Developer/usr/bin/swift-plugin-server\#FoundationMacros -load-resolved-plugin /Applications/Xcode-26.5.0.app/Contents/Developer/Platforms/WatchOS.platform/Developer/usr/lib/swift/host/plugins/libObservationMacros.dylib\#/Applications/Xcode-26.5.0.app/Contents/Developer/Platforms/WatchOS.platform/Developer/usr/bin/swift-plugin-server\#ObservationMacros -load-resolved-plugin /Applications/Xcode-26.5.0.app/Contents/Developer/Platforms/WatchOS.platform/Developer/usr/lib/swift/host/plugins/libSwiftMacros.dylib\#/Applications/Xcode-26.5.0.app/Contents/Developer/Platforms/WatchOS.platform/Developer/usr/bin/swift-plugin-server\#SwiftMacros -disable-implicit-swift-modules -Xcc -fno-implicit-modules -Xcc -fno-implicit-module-maps -explicit-swift-module-map-file /Users/admin/builder/spi-builder-workspace/.derivedData/Build/Intermediates.noindex/OpenLibrary.build/Debug-watchos/OpenLibrary.build/Objects-normal/armv7k/OpenLibrary-dependencies-1.json -debug-module-path /Users/admin/builder/spi-builder-workspace/.derivedData/Build/Intermediates.noindex/OpenLibrary.build/Debug-watchos/OpenLibrary.build/Objects-normal/armv7k/OpenLibrary.swiftmodule -enable-objc-interop -stack-check -sdk /Applications/Xcode-26.5.0.app/Contents/Developer/Platforms/WatchOS.platform/Developer/SDKs/WatchOS26.5.sdk -I /Users/admin/builder/spi-builder-workspace/.derivedData/Build/Products/Debug-watchos -Isystem /Applications/Xcode-26.5.0.app/Contents/Developer/Platforms/WatchOS.platform/Developer/usr/lib -F /Users/admin/builder/spi-builder-workspace/.derivedData/Build/Products/Debug-watchos -F /Applications/Xcode-26.5.0.app/Contents/Developer/Platforms/WatchOS.platform/Developer/Library/Frameworks -F /Applications/Xcode-26.5.0.app/Contents/Developer/Platforms/WatchOS.platform/Developer/SDKs/WatchOS26.5.sdk/Developer/Library/Frameworks -no-color-diagnostics -Xcc -fno-color-diagnostics -enable-testing -g -debug-info-format\=dwarf -dwarf-version\=4 -module-cache-path /Users/admin/builder/spi-builder-workspace/.derivedData/Build/Intermediates.noindex/SwiftExplicitPrecompiledModules -profile-generate -profile-coverage-mapping -swift-version 6 -Onone -D SWIFT_PACKAGE -D DEBUG -D SWIFT_MODULE_RESOURCE_BUNDLE_UNAVAILABLE -D Xcode -serialize-debugging-options -const-gather-protocols-file /Users/admin/builder/spi-builder-workspace/.derivedData/Build/Intermediates.noindex/OpenLibrary.build/Debug-watchos/OpenLibrary.build/Objects-normal/armv7k/OpenLibrary_const_extract_protocols.json -enable-experimental-feature DebugDescriptionMacro -empty-abi-descriptor -validate-clang-modules-once -clang-build-session-file /Users/admin/builder/spi-builder-workspace/.derivedData/ModuleCache.noindex/Session.modulevalidation -Xcc -working-directory -Xcc /Users/admin/builder/spi-builder-workspace/.swiftpm/xcode -enable-anonymous-context-mangled-names -file-compilation-dir /Users/admin/builder/spi-builder-workspace/.swiftpm/xcode -Xcc -D_LIBCPP_HARDENING_MODE\=_LIBCPP_HARDENING_MODE_DEBUG -Xcc -ivfsstatcache -Xcc /Users/admin/builder/spi-builder-workspace/.derivedData/SDKStatCaches.noindex/watchos26.5-23T570-688ef53f1462e2c8f657fdc38a81448f7931b973dfc65d9472806dbbc3af9379.sdkstatcache -Xcc -I/Users/admin/builder/spi-builder-workspace/.derivedData/Build/Intermediates.noindex/OpenLibrary.build/Debug-watchos/OpenLibrary.build/swift-overrides.hmap -Xcc -I/Users/admin/builder/spi-builder-workspace/.derivedData/Build/Products/Debug-watchos/include -Xcc -I/Users/admin/builder/spi-builder-workspace/.derivedData/Build/Intermediates.noindex/OpenLibrary.build/Debug-watchos/OpenLibrary.build/DerivedSources-normal/armv7k -Xcc -I/Users/admin/builder/spi-builder-workspace/.derivedData/Build/Intermediates.noindex/OpenLibrary.build/Debug-watchos/OpenLibrary.build/DerivedSources/armv7k -Xcc -I/Users/admin/builder/spi-builder-workspace/.derivedData/Build/Intermediates.noindex/OpenLibrary.build/Debug-watchos/OpenLibrary.build/DerivedSources -Xcc -DSWIFT_PACKAGE -Xcc -DDEBUG\=1 -no-auto-bridging-header-chaining -module-name OpenLibrary -package-name spi_builder_workspace -frontend-parseable-output -disable-clang-spi -clang-target armv7k-apple-watchos26.5 -target-sdk-version 26.5 -target-sdk-name watchos26.5 -in-process-plugin-server-path /Applications/Xcode-26.5.0.app/Contents/Developer/Toolchains/XcodeDefault.xctoolchain/usr/lib/swift/host/libSwiftInProcPluginServer.dylib -o /Users/admin/builder/spi-builder-workspace/.derivedData/Build/Intermediates.noindex/OpenLibrary.build/Debug-watchos/OpenLibrary.build/Objects-normal/armv7k/OpenLibraryEdition.o -index-unit-output-path /OpenLibrary.build/Debug-watchos/OpenLibrary.build/Objects-normal/armv7k/OpenLibraryEdition.o -index-store-path /Users/admin/builder/spi-builder-workspace/.derivedData/Index.noindex/DataStore -index-system-modules
SwiftCompile normal armv7k /Users/admin/builder/spi-builder-workspace/Sources/OpenLibrary/OpenLibraryEdition.swift (in target 'OpenLibrary' from project 'OpenLibrary')
cd /Users/admin/builder/spi-builder-workspace/.swiftpm/xcode
/Users/admin/builder/spi-builder-workspace/Sources/OpenLibrary/OpenLibraryEdition.swift:166:22: error: 'Regex' is only available in watchOS 9.0 or newer
let regex = try! Regex("\\b\\d{4}\\b")
^
/Users/admin/builder/spi-builder-workspace/Sources/OpenLibrary/OpenLibraryEdition.swift:166:22: note: add 'if #available' version check
let regex = try! Regex("\\b\\d{4}\\b")
^
/Users/admin/builder/spi-builder-workspace/Sources/OpenLibrary/OpenLibraryEdition.swift:165:14: note: add '@available' attribute to enclosing property
public var publicationYear: String? {
^
/Users/admin/builder/spi-builder-workspace/Sources/OpenLibrary/OpenLibraryEdition.swift:17:15: note: add '@available' attribute to enclosing struct
public struct OpenLibraryEdition: Codable, Identifiable, Sendable {
^
/Users/admin/builder/spi-builder-workspace/Sources/OpenLibrary/OpenLibraryEdition.swift:166:22: error: 'init(_:)' is only available in watchOS 9.0 or newer
let regex = try! Regex("\\b\\d{4}\\b")
^
/Users/admin/builder/spi-builder-workspace/Sources/OpenLibrary/OpenLibraryEdition.swift:166:22: note: add 'if #available' version check
let regex = try! Regex("\\b\\d{4}\\b")
^
/Users/admin/builder/spi-builder-workspace/Sources/OpenLibrary/OpenLibraryEdition.swift:165:14: note: add '@available' attribute to enclosing property
public var publicationYear: String? {
^
/Users/admin/builder/spi-builder-workspace/Sources/OpenLibrary/OpenLibraryEdition.swift:17:15: note: add '@available' attribute to enclosing struct
public struct OpenLibraryEdition: Codable, Identifiable, Sendable {
^
/Users/admin/builder/spi-builder-workspace/Sources/OpenLibrary/OpenLibraryEdition.swift:167:12: error: 'subscript(dynamicMember:)' is only available in watchOS 9.0 or newer
return publishDate?.firstMatch(of: regex)?.0.description
^
/Users/admin/builder/spi-builder-workspace/Sources/OpenLibrary/OpenLibraryEdition.swift:167:12: note: add 'if #available' version check
return publishDate?.firstMatch(of: regex)?.0.description
^
/Users/admin/builder/spi-builder-workspace/Sources/OpenLibrary/OpenLibraryEdition.swift:165:14: note: add '@available' attribute to enclosing property
public var publicationYear: String? {
^
/Users/admin/builder/spi-builder-workspace/Sources/OpenLibrary/OpenLibraryEdition.swift:17:15: note: add '@available' attribute to enclosing struct
public struct OpenLibraryEdition: Codable, Identifiable, Sendable {
^
/Users/admin/builder/spi-builder-workspace/Sources/OpenLibrary/OpenLibraryEdition.swift:167:25: error: 'firstMatch(of:)' is only available in watchOS 9.0 or newer
return publishDate?.firstMatch(of: regex)?.0.description
^
/Users/admin/builder/spi-builder-workspace/Sources/OpenLibrary/OpenLibraryEdition.swift:167:25: note: add 'if #available' version check
return publishDate?.firstMatch(of: regex)?.0.description
^
/Users/admin/builder/spi-builder-workspace/Sources/OpenLibrary/OpenLibraryEdition.swift:165:14: note: add '@available' attribute to enclosing property
public var publicationYear: String? {
^
/Users/admin/builder/spi-builder-workspace/Sources/OpenLibrary/OpenLibraryEdition.swift:17:15: note: add '@available' attribute to enclosing struct
public struct OpenLibraryEdition: Codable, Identifiable, Sendable {
^
SwiftCompile normal armv7k Compiling\ OpenLibraryAPIMocks.swift /Users/admin/builder/spi-builder-workspace/Sources/OpenLibrary/OpenLibraryAPIMocks.swift (in target 'OpenLibrary' from project 'OpenLibrary')
SwiftCompile normal armv7k /Users/admin/builder/spi-builder-workspace/Sources/OpenLibrary/OpenLibraryAPIMocks.swift (in target 'OpenLibrary' from project 'OpenLibrary')
cd /Users/admin/builder/spi-builder-workspace/.swiftpm/xcode
SwiftCompile normal armv7k Compiling\ OpenLibraryWorkRatings.swift /Users/admin/builder/spi-builder-workspace/Sources/OpenLibrary/OpenLibraryWorkRatings.swift (in target 'OpenLibrary' from project 'OpenLibrary')
SwiftCompile normal armv7k /Users/admin/builder/spi-builder-workspace/Sources/OpenLibrary/OpenLibraryWorkRatings.swift (in target 'OpenLibrary' from project 'OpenLibrary')
cd /Users/admin/builder/spi-builder-workspace/.swiftpm/xcode
SwiftCompile normal armv7k Compiling\ OpenLibraryLogger.swift /Users/admin/builder/spi-builder-workspace/Sources/OpenLibrary/OpenLibraryLogger.swift (in target 'OpenLibrary' from project 'OpenLibrary')
SwiftCompile normal armv7k /Users/admin/builder/spi-builder-workspace/Sources/OpenLibrary/OpenLibraryLogger.swift (in target 'OpenLibrary' from project 'OpenLibrary')
cd /Users/admin/builder/spi-builder-workspace/.swiftpm/xcode
SwiftExplicitDependencyGeneratePcm arm64_32 /Users/admin/builder/spi-builder-workspace/.derivedData/ModuleCache.noindex/OSLog-15NEI8TBYNL7NGXG5C7ESCAFJ.pcm
SwiftExplicitDependencyGeneratePcm arm64 /Users/admin/builder/spi-builder-workspace/.derivedData/ModuleCache.noindex/OSLog-BGTA5CIZOXOV3QB3D2PVT5DN0.pcm
SwiftEmitModule normal arm64_32 Emitting\ module\ for\ OpenLibrary (in target 'OpenLibrary' from project 'OpenLibrary')
EmitSwiftModule normal arm64_32 (in target 'OpenLibrary' from project 'OpenLibrary')
cd /Users/admin/builder/spi-builder-workspace/.swiftpm/xcode
SwiftDriverJobDiscovery normal armv7k Emitting module for OpenLibrary (in target 'OpenLibrary' from project 'OpenLibrary')
SwiftDriver\ Compilation\ Requirements OpenLibrary normal armv7k com.apple.xcode.tools.swift.compiler (in target 'OpenLibrary' from project 'OpenLibrary')
cd /Users/admin/builder/spi-builder-workspace/.swiftpm/xcode
builtin-Swift-Compilation-Requirements -- /Applications/Xcode-26.5.0.app/Contents/Developer/Toolchains/XcodeDefault.xctoolchain/usr/bin/swiftc -module-name OpenLibrary -Onone @/Users/admin/builder/spi-builder-workspace/.derivedData/Build/Intermediates.noindex/OpenLibrary.build/Debug-watchos/OpenLibrary.build/Objects-normal/armv7k/OpenLibrary.SwiftFileList -DSWIFT_PACKAGE -DDEBUG -DSWIFT_MODULE_RESOURCE_BUNDLE_UNAVAILABLE -DXcode -plugin-path /Applications/Xcode-26.5.0.app/Contents/Developer/Toolchains/XcodeDefault.xctoolchain/usr/lib/swift/host/plugins/testing -enable-experimental-feature DebugDescriptionMacro -sdk /Applications/Xcode-26.5.0.app/Contents/Developer/Platforms/WatchOS.platform/Developer/SDKs/WatchOS26.5.sdk -target armv7k-apple-watchos8.0 -g -module-cache-path /Users/admin/builder/spi-builder-workspace/.derivedData/ModuleCache.noindex -Xfrontend -serialize-debugging-options -profile-coverage-mapping -profile-generate -enable-testing -index-store-path /Users/admin/builder/spi-builder-workspace/.derivedData/Index.noindex/DataStore -Xcc -D_LIBCPP_HARDENING_MODE\=_LIBCPP_HARDENING_MODE_DEBUG -swift-version 6 -I /Users/admin/builder/spi-builder-workspace/.derivedData/Build/Products/Debug-watchos -Isystem /Applications/Xcode-26.5.0.app/Contents/Developer/Platforms/WatchOS.platform/Developer/usr/lib -F /Users/admin/builder/spi-builder-workspace/.derivedData/Build/Products/Debug-watchos -F /Applications/Xcode-26.5.0.app/Contents/Developer/Platforms/WatchOS.platform/Developer/Library/Frameworks -F /Applications/Xcode-26.5.0.app/Contents/Developer/Platforms/WatchOS.platform/Developer/SDKs/WatchOS26.5.sdk/Developer/Library/Frameworks -c -j10 -enable-batch-mode -incremental -Xcc -ivfsstatcache -Xcc /Users/admin/builder/spi-builder-workspace/.derivedData/SDKStatCaches.noindex/watchos26.5-23T570-688ef53f1462e2c8f657fdc38a81448f7931b973dfc65d9472806dbbc3af9379.sdkstatcache -output-file-map /Users/admin/builder/spi-builder-workspace/.derivedData/Build/Intermediates.noindex/OpenLibrary.build/Debug-watchos/OpenLibrary.build/Objects-normal/armv7k/OpenLibrary-OutputFileMap.json -use-frontend-parseable-output -save-temps -no-color-diagnostics -explicit-module-build -module-cache-path /Users/admin/builder/spi-builder-workspace/.derivedData/Build/Intermediates.noindex/SwiftExplicitPrecompiledModules -clang-scanner-module-cache-path /Users/admin/builder/spi-builder-workspace/.derivedData/ModuleCache.noindex -sdk-module-cache-path /Users/admin/builder/spi-builder-workspace/.derivedData/ModuleCache.noindex -serialize-diagnostics -emit-dependencies -emit-module -emit-module-path /Users/admin/builder/spi-builder-workspace/.derivedData/Build/Intermediates.noindex/OpenLibrary.build/Debug-watchos/OpenLibrary.build/Objects-normal/armv7k/OpenLibrary.swiftmodule -validate-clang-modules-once -clang-build-session-file /Users/admin/builder/spi-builder-workspace/.derivedData/ModuleCache.noindex/Session.modulevalidation -package-name spi_builder_workspace -Xcc -I/Users/admin/builder/spi-builder-workspace/.derivedData/Build/Intermediates.noindex/OpenLibrary.build/Debug-watchos/OpenLibrary.build/swift-overrides.hmap -emit-const-values -Xfrontend -const-gather-protocols-file -Xfrontend /Users/admin/builder/spi-builder-workspace/.derivedData/Build/Intermediates.noindex/OpenLibrary.build/Debug-watchos/OpenLibrary.build/Objects-normal/armv7k/OpenLibrary_const_extract_protocols.json -Xcc -I/Users/admin/builder/spi-builder-workspace/.derivedData/Build/Products/Debug-watchos/include -Xcc -I/Users/admin/builder/spi-builder-workspace/.derivedData/Build/Intermediates.noindex/OpenLibrary.build/Debug-watchos/OpenLibrary.build/DerivedSources-normal/armv7k -Xcc -I/Users/admin/builder/spi-builder-workspace/.derivedData/Build/Intermediates.noindex/OpenLibrary.build/Debug-watchos/OpenLibrary.build/DerivedSources/armv7k -Xcc -I/Users/admin/builder/spi-builder-workspace/.derivedData/Build/Intermediates.noindex/OpenLibrary.build/Debug-watchos/OpenLibrary.build/DerivedSources -Xcc -DSWIFT_PACKAGE -Xcc -DDEBUG\=1 -emit-objc-header -emit-objc-header-path /Users/admin/builder/spi-builder-workspace/.derivedData/Build/Intermediates.noindex/OpenLibrary.build/Debug-watchos/OpenLibrary.build/Objects-normal/armv7k/OpenLibrary-Swift.h -working-directory /Users/admin/builder/spi-builder-workspace/.swiftpm/xcode -experimental-emit-module-separately -disable-cmo
SwiftEmitModule normal arm64 Emitting\ module\ for\ OpenLibrary (in target 'OpenLibrary' from project 'OpenLibrary')
EmitSwiftModule normal arm64 (in target 'OpenLibrary' from project 'OpenLibrary')
cd /Users/admin/builder/spi-builder-workspace/.swiftpm/xcode
Copy /Users/admin/builder/spi-builder-workspace/.derivedData/Build/Products/Debug-watchos/OpenLibrary.swiftmodule/armv7k-apple-watchos.swiftmodule /Users/admin/builder/spi-builder-workspace/.derivedData/Build/Intermediates.noindex/OpenLibrary.build/Debug-watchos/OpenLibrary.build/Objects-normal/armv7k/OpenLibrary.swiftmodule (in target 'OpenLibrary' from project 'OpenLibrary')
cd /Users/admin/builder/spi-builder-workspace
builtin-copy -exclude .DS_Store -exclude CVS -exclude .svn -exclude .git -exclude .hg -resolve-src-symlinks -rename /Users/admin/builder/spi-builder-workspace/.derivedData/Build/Intermediates.noindex/OpenLibrary.build/Debug-watchos/OpenLibrary.build/Objects-normal/armv7k/OpenLibrary.swiftmodule /Users/admin/builder/spi-builder-workspace/.derivedData/Build/Products/Debug-watchos/OpenLibrary.swiftmodule/armv7k-apple-watchos.swiftmodule
SwiftDriverJobDiscovery normal arm64_32 Emitting module for OpenLibrary (in target 'OpenLibrary' from project 'OpenLibrary')
SwiftDriver\ Compilation\ Requirements OpenLibrary normal arm64_32 com.apple.xcode.tools.swift.compiler (in target 'OpenLibrary' from project 'OpenLibrary')
cd /Users/admin/builder/spi-builder-workspace/.swiftpm/xcode
builtin-Swift-Compilation-Requirements -- /Applications/Xcode-26.5.0.app/Contents/Developer/Toolchains/XcodeDefault.xctoolchain/usr/bin/swiftc -module-name OpenLibrary -Onone @/Users/admin/builder/spi-builder-workspace/.derivedData/Build/Intermediates.noindex/OpenLibrary.build/Debug-watchos/OpenLibrary.build/Objects-normal/arm64_32/OpenLibrary.SwiftFileList -DSWIFT_PACKAGE -DDEBUG -DSWIFT_MODULE_RESOURCE_BUNDLE_UNAVAILABLE -DXcode -plugin-path /Applications/Xcode-26.5.0.app/Contents/Developer/Toolchains/XcodeDefault.xctoolchain/usr/lib/swift/host/plugins/testing -enable-experimental-feature DebugDescriptionMacro -sdk /Applications/Xcode-26.5.0.app/Contents/Developer/Platforms/WatchOS.platform/Developer/SDKs/WatchOS26.5.sdk -target arm64_32-apple-watchos8.0 -g -module-cache-path /Users/admin/builder/spi-builder-workspace/.derivedData/ModuleCache.noindex -Xfrontend -serialize-debugging-options -profile-coverage-mapping -profile-generate -enable-testing -index-store-path /Users/admin/builder/spi-builder-workspace/.derivedData/Index.noindex/DataStore -Xcc -D_LIBCPP_HARDENING_MODE\=_LIBCPP_HARDENING_MODE_DEBUG -swift-version 6 -I /Users/admin/builder/spi-builder-workspace/.derivedData/Build/Products/Debug-watchos -Isystem /Applications/Xcode-26.5.0.app/Contents/Developer/Platforms/WatchOS.platform/Developer/usr/lib -F /Users/admin/builder/spi-builder-workspace/.derivedData/Build/Products/Debug-watchos -F /Applications/Xcode-26.5.0.app/Contents/Developer/Platforms/WatchOS.platform/Developer/Library/Frameworks -F /Applications/Xcode-26.5.0.app/Contents/Developer/Platforms/WatchOS.platform/Developer/SDKs/WatchOS26.5.sdk/Developer/Library/Frameworks -c -j10 -enable-batch-mode -incremental -Xcc -ivfsstatcache -Xcc /Users/admin/builder/spi-builder-workspace/.derivedData/SDKStatCaches.noindex/watchos26.5-23T570-688ef53f1462e2c8f657fdc38a81448f7931b973dfc65d9472806dbbc3af9379.sdkstatcache -output-file-map /Users/admin/builder/spi-builder-workspace/.derivedData/Build/Intermediates.noindex/OpenLibrary.build/Debug-watchos/OpenLibrary.build/Objects-normal/arm64_32/OpenLibrary-OutputFileMap.json -use-frontend-parseable-output -save-temps -no-color-diagnostics -explicit-module-build -module-cache-path /Users/admin/builder/spi-builder-workspace/.derivedData/Build/Intermediates.noindex/SwiftExplicitPrecompiledModules -clang-scanner-module-cache-path /Users/admin/builder/spi-builder-workspace/.derivedData/ModuleCache.noindex -sdk-module-cache-path /Users/admin/builder/spi-builder-workspace/.derivedData/ModuleCache.noindex -serialize-diagnostics -emit-dependencies -emit-module -emit-module-path /Users/admin/builder/spi-builder-workspace/.derivedData/Build/Intermediates.noindex/OpenLibrary.build/Debug-watchos/OpenLibrary.build/Objects-normal/arm64_32/OpenLibrary.swiftmodule -validate-clang-modules-once -clang-build-session-file /Users/admin/builder/spi-builder-workspace/.derivedData/ModuleCache.noindex/Session.modulevalidation -package-name spi_builder_workspace -Xcc -I/Users/admin/builder/spi-builder-workspace/.derivedData/Build/Intermediates.noindex/OpenLibrary.build/Debug-watchos/OpenLibrary.build/swift-overrides.hmap -emit-const-values -Xfrontend -const-gather-protocols-file -Xfrontend /Users/admin/builder/spi-builder-workspace/.derivedData/Build/Intermediates.noindex/OpenLibrary.build/Debug-watchos/OpenLibrary.build/Objects-normal/arm64_32/OpenLibrary_const_extract_protocols.json -Xcc -I/Users/admin/builder/spi-builder-workspace/.derivedData/Build/Products/Debug-watchos/include -Xcc -I/Users/admin/builder/spi-builder-workspace/.derivedData/Build/Intermediates.noindex/OpenLibrary.build/Debug-watchos/OpenLibrary.build/DerivedSources-normal/arm64_32 -Xcc -I/Users/admin/builder/spi-builder-workspace/.derivedData/Build/Intermediates.noindex/OpenLibrary.build/Debug-watchos/OpenLibrary.build/DerivedSources/arm64_32 -Xcc -I/Users/admin/builder/spi-builder-workspace/.derivedData/Build/Intermediates.noindex/OpenLibrary.build/Debug-watchos/OpenLibrary.build/DerivedSources -Xcc -DSWIFT_PACKAGE -Xcc -DDEBUG\=1 -emit-objc-header -emit-objc-header-path /Users/admin/builder/spi-builder-workspace/.derivedData/Build/Intermediates.noindex/OpenLibrary.build/Debug-watchos/OpenLibrary.build/Objects-normal/arm64_32/OpenLibrary-Swift.h -working-directory /Users/admin/builder/spi-builder-workspace/.swiftpm/xcode -experimental-emit-module-separately -disable-cmo
Copy /Users/admin/builder/spi-builder-workspace/.derivedData/Build/Products/Debug-watchos/OpenLibrary.swiftmodule/armv7k-apple-watchos.swiftdoc /Users/admin/builder/spi-builder-workspace/.derivedData/Build/Intermediates.noindex/OpenLibrary.build/Debug-watchos/OpenLibrary.build/Objects-normal/armv7k/OpenLibrary.swiftdoc (in target 'OpenLibrary' from project 'OpenLibrary')
cd /Users/admin/builder/spi-builder-workspace
builtin-copy -exclude .DS_Store -exclude CVS -exclude .svn -exclude .git -exclude .hg -resolve-src-symlinks -rename /Users/admin/builder/spi-builder-workspace/.derivedData/Build/Intermediates.noindex/OpenLibrary.build/Debug-watchos/OpenLibrary.build/Objects-normal/armv7k/OpenLibrary.swiftdoc /Users/admin/builder/spi-builder-workspace/.derivedData/Build/Products/Debug-watchos/OpenLibrary.swiftmodule/armv7k-apple-watchos.swiftdoc
Copy /Users/admin/builder/spi-builder-workspace/.derivedData/Build/Products/Debug-watchos/OpenLibrary.swiftmodule/armv7k-apple-watchos.abi.json /Users/admin/builder/spi-builder-workspace/.derivedData/Build/Intermediates.noindex/OpenLibrary.build/Debug-watchos/OpenLibrary.build/Objects-normal/armv7k/OpenLibrary.abi.json (in target 'OpenLibrary' from project 'OpenLibrary')
cd /Users/admin/builder/spi-builder-workspace
builtin-copy -exclude .DS_Store -exclude CVS -exclude .svn -exclude .git -exclude .hg -resolve-src-symlinks -rename /Users/admin/builder/spi-builder-workspace/.derivedData/Build/Intermediates.noindex/OpenLibrary.build/Debug-watchos/OpenLibrary.build/Objects-normal/armv7k/OpenLibrary.abi.json /Users/admin/builder/spi-builder-workspace/.derivedData/Build/Products/Debug-watchos/OpenLibrary.swiftmodule/armv7k-apple-watchos.abi.json
Copy /Users/admin/builder/spi-builder-workspace/.derivedData/Build/Products/Debug-watchos/OpenLibrary.swiftmodule/arm64_32-apple-watchos.swiftmodule /Users/admin/builder/spi-builder-workspace/.derivedData/Build/Intermediates.noindex/OpenLibrary.build/Debug-watchos/OpenLibrary.build/Objects-normal/arm64_32/OpenLibrary.swiftmodule (in target 'OpenLibrary' from project 'OpenLibrary')
cd /Users/admin/builder/spi-builder-workspace
builtin-copy -exclude .DS_Store -exclude CVS -exclude .svn -exclude .git -exclude .hg -resolve-src-symlinks -rename /Users/admin/builder/spi-builder-workspace/.derivedData/Build/Intermediates.noindex/OpenLibrary.build/Debug-watchos/OpenLibrary.build/Objects-normal/arm64_32/OpenLibrary.swiftmodule /Users/admin/builder/spi-builder-workspace/.derivedData/Build/Products/Debug-watchos/OpenLibrary.swiftmodule/arm64_32-apple-watchos.swiftmodule
Copy /Users/admin/builder/spi-builder-workspace/.derivedData/Build/Products/Debug-watchos/OpenLibrary.swiftmodule/arm64_32-apple-watchos.swiftdoc /Users/admin/builder/spi-builder-workspace/.derivedData/Build/Intermediates.noindex/OpenLibrary.build/Debug-watchos/OpenLibrary.build/Objects-normal/arm64_32/OpenLibrary.swiftdoc (in target 'OpenLibrary' from project 'OpenLibrary')
cd /Users/admin/builder/spi-builder-workspace
builtin-copy -exclude .DS_Store -exclude CVS -exclude .svn -exclude .git -exclude .hg -resolve-src-symlinks -rename /Users/admin/builder/spi-builder-workspace/.derivedData/Build/Intermediates.noindex/OpenLibrary.build/Debug-watchos/OpenLibrary.build/Objects-normal/arm64_32/OpenLibrary.swiftdoc /Users/admin/builder/spi-builder-workspace/.derivedData/Build/Products/Debug-watchos/OpenLibrary.swiftmodule/arm64_32-apple-watchos.swiftdoc
Copy /Users/admin/builder/spi-builder-workspace/.derivedData/Build/Products/Debug-watchos/OpenLibrary.swiftmodule/arm64_32-apple-watchos.abi.json /Users/admin/builder/spi-builder-workspace/.derivedData/Build/Intermediates.noindex/OpenLibrary.build/Debug-watchos/OpenLibrary.build/Objects-normal/arm64_32/OpenLibrary.abi.json (in target 'OpenLibrary' from project 'OpenLibrary')
cd /Users/admin/builder/spi-builder-workspace
builtin-copy -exclude .DS_Store -exclude CVS -exclude .svn -exclude .git -exclude .hg -resolve-src-symlinks -rename /Users/admin/builder/spi-builder-workspace/.derivedData/Build/Intermediates.noindex/OpenLibrary.build/Debug-watchos/OpenLibrary.build/Objects-normal/arm64_32/OpenLibrary.abi.json /Users/admin/builder/spi-builder-workspace/.derivedData/Build/Products/Debug-watchos/OpenLibrary.swiftmodule/arm64_32-apple-watchos.abi.json
Copy /Users/admin/builder/spi-builder-workspace/.derivedData/Build/Products/Debug-watchos/OpenLibrary.swiftmodule/Project/armv7k-apple-watchos.swiftsourceinfo /Users/admin/builder/spi-builder-workspace/.derivedData/Build/Intermediates.noindex/OpenLibrary.build/Debug-watchos/OpenLibrary.build/Objects-normal/armv7k/OpenLibrary.swiftsourceinfo (in target 'OpenLibrary' from project 'OpenLibrary')
cd /Users/admin/builder/spi-builder-workspace
builtin-copy -exclude .DS_Store -exclude CVS -exclude .svn -exclude .git -exclude .hg -resolve-src-symlinks -rename /Users/admin/builder/spi-builder-workspace/.derivedData/Build/Intermediates.noindex/OpenLibrary.build/Debug-watchos/OpenLibrary.build/Objects-normal/armv7k/OpenLibrary.swiftsourceinfo /Users/admin/builder/spi-builder-workspace/.derivedData/Build/Products/Debug-watchos/OpenLibrary.swiftmodule/Project/armv7k-apple-watchos.swiftsourceinfo
Copy /Users/admin/builder/spi-builder-workspace/.derivedData/Build/Products/Debug-watchos/OpenLibrary.swiftmodule/Project/arm64_32-apple-watchos.swiftsourceinfo /Users/admin/builder/spi-builder-workspace/.derivedData/Build/Intermediates.noindex/OpenLibrary.build/Debug-watchos/OpenLibrary.build/Objects-normal/arm64_32/OpenLibrary.swiftsourceinfo (in target 'OpenLibrary' from project 'OpenLibrary')
cd /Users/admin/builder/spi-builder-workspace
builtin-copy -exclude .DS_Store -exclude CVS -exclude .svn -exclude .git -exclude .hg -resolve-src-symlinks -rename /Users/admin/builder/spi-builder-workspace/.derivedData/Build/Intermediates.noindex/OpenLibrary.build/Debug-watchos/OpenLibrary.build/Objects-normal/arm64_32/OpenLibrary.swiftsourceinfo /Users/admin/builder/spi-builder-workspace/.derivedData/Build/Products/Debug-watchos/OpenLibrary.swiftmodule/Project/arm64_32-apple-watchos.swiftsourceinfo
SwiftCompile normal arm64 Compiling\ OpenLibraryAPI.swift /Users/admin/builder/spi-builder-workspace/Sources/OpenLibrary/OpenLibraryAPI.swift (in target 'OpenLibrary' from project 'OpenLibrary')
Failed frontend command:
/Applications/Xcode-26.5.0.app/Contents/Developer/Toolchains/XcodeDefault.xctoolchain/usr/bin/swift-frontend -frontend -c -primary-file /Users/admin/builder/spi-builder-workspace/Sources/OpenLibrary/OpenLibraryAPI.swift /Users/admin/builder/spi-builder-workspace/Sources/OpenLibrary/OpenLibraryAPIMocks.swift /Users/admin/builder/spi-builder-workspace/Sources/OpenLibrary/OpenLibraryCovers.swift /Users/admin/builder/spi-builder-workspace/Sources/OpenLibrary/OpenLibraryEdition.swift /Users/admin/builder/spi-builder-workspace/Sources/OpenLibrary/OpenLibraryLogger.swift /Users/admin/builder/spi-builder-workspace/Sources/OpenLibrary/OpenLibrarySearch.swift /Users/admin/builder/spi-builder-workspace/Sources/OpenLibrary/OpenLibrarySubject.swift /Users/admin/builder/spi-builder-workspace/Sources/OpenLibrary/OpenLibraryWork.swift /Users/admin/builder/spi-builder-workspace/Sources/OpenLibrary/OpenLibraryWorkBookshelves.swift /Users/admin/builder/spi-builder-workspace/Sources/OpenLibrary/OpenLibraryWorkRatings.swift -emit-dependencies-path /Users/admin/builder/spi-builder-workspace/.derivedData/Build/Intermediates.noindex/OpenLibrary.build/Debug-watchos/OpenLibrary.build/Objects-normal/arm64/OpenLibraryAPI.d -emit-const-values-path /Users/admin/builder/spi-builder-workspace/.derivedData/Build/Intermediates.noindex/OpenLibrary.build/Debug-watchos/OpenLibrary.build/Objects-normal/arm64/OpenLibraryAPI.swiftconstvalues -emit-reference-dependencies-path /Users/admin/builder/spi-builder-workspace/.derivedData/Build/Intermediates.noindex/OpenLibrary.build/Debug-watchos/OpenLibrary.build/Objects-normal/arm64/OpenLibraryAPI.swiftdeps -serialize-diagnostics-path /Users/admin/builder/spi-builder-workspace/.derivedData/Build/Intermediates.noindex/OpenLibrary.build/Debug-watchos/OpenLibrary.build/Objects-normal/arm64/OpenLibraryAPI.dia -target arm64-apple-watchos8.0 -module-can-import-version OSLog 10 1861.120.4 -load-resolved-plugin /Applications/Xcode-26.5.0.app/Contents/Developer/Platforms/WatchOS.platform/Developer/usr/lib/swift/host/plugins/libFoundationMacros.dylib\#/Applications/Xcode-26.5.0.app/Contents/Developer/Platforms/WatchOS.platform/Developer/usr/bin/swift-plugin-server\#FoundationMacros -load-resolved-plugin /Applications/Xcode-26.5.0.app/Contents/Developer/Platforms/WatchOS.platform/Developer/usr/lib/swift/host/plugins/libObservationMacros.dylib\#/Applications/Xcode-26.5.0.app/Contents/Developer/Platforms/WatchOS.platform/Developer/usr/bin/swift-plugin-server\#ObservationMacros -load-resolved-plugin /Applications/Xcode-26.5.0.app/Contents/Developer/Platforms/WatchOS.platform/Developer/usr/lib/swift/host/plugins/libSwiftMacros.dylib\#/Applications/Xcode-26.5.0.app/Contents/Developer/Platforms/WatchOS.platform/Developer/usr/bin/swift-plugin-server\#SwiftMacros -disable-implicit-swift-modules -Xcc -fno-implicit-modules -Xcc -fno-implicit-module-maps -explicit-swift-module-map-file /Users/admin/builder/spi-builder-workspace/.derivedData/Build/Intermediates.noindex/OpenLibrary.build/Debug-watchos/OpenLibrary.build/Objects-normal/arm64/OpenLibrary-dependencies-3.json -debug-module-path /Users/admin/builder/spi-builder-workspace/.derivedData/Build/Intermediates.noindex/OpenLibrary.build/Debug-watchos/OpenLibrary.build/Objects-normal/arm64/OpenLibrary.swiftmodule -Xllvm -aarch64-use-tbi -enable-objc-interop -stack-check -sdk /Applications/Xcode-26.5.0.app/Contents/Developer/Platforms/WatchOS.platform/Developer/SDKs/WatchOS26.5.sdk -I /Users/admin/builder/spi-builder-workspace/.derivedData/Build/Products/Debug-watchos -Isystem /Applications/Xcode-26.5.0.app/Contents/Developer/Platforms/WatchOS.platform/Developer/usr/lib -F /Users/admin/builder/spi-builder-workspace/.derivedData/Build/Products/Debug-watchos -F /Applications/Xcode-26.5.0.app/Contents/Developer/Platforms/WatchOS.platform/Developer/Library/Frameworks -F /Applications/Xcode-26.5.0.app/Contents/Developer/Platforms/WatchOS.platform/Developer/SDKs/WatchOS26.5.sdk/Developer/Library/Frameworks -no-color-diagnostics -Xcc -fno-color-diagnostics -enable-testing -g -debug-info-format\=dwarf -dwarf-version\=4 -module-cache-path /Users/admin/builder/spi-builder-workspace/.derivedData/Build/Intermediates.noindex/SwiftExplicitPrecompiledModules -profile-generate -profile-coverage-mapping -swift-version 6 -Onone -D SWIFT_PACKAGE -D DEBUG -D SWIFT_MODULE_RESOURCE_BUNDLE_UNAVAILABLE -D Xcode -serialize-debugging-options -const-gather-protocols-file /Users/admin/builder/spi-builder-workspace/.derivedData/Build/Intermediates.noindex/OpenLibrary.build/Debug-watchos/OpenLibrary.build/Objects-normal/arm64/OpenLibrary_const_extract_protocols.json -enable-experimental-feature DebugDescriptionMacro -empty-abi-descriptor -validate-clang-modules-once -clang-build-session-file /Users/admin/builder/spi-builder-workspace/.derivedData/ModuleCache.noindex/Session.modulevalidation -Xcc -working-directory -Xcc /Users/admin/builder/spi-builder-workspace/.swiftpm/xcode -enable-anonymous-context-mangled-names -file-compilation-dir /Users/admin/builder/spi-builder-workspace/.swiftpm/xcode -Xcc -D_LIBCPP_HARDENING_MODE\=_LIBCPP_HARDENING_MODE_DEBUG -Xcc -ivfsstatcache -Xcc /Users/admin/builder/spi-builder-workspace/.derivedData/SDKStatCaches.noindex/watchos26.5-23T570-688ef53f1462e2c8f657fdc38a81448f7931b973dfc65d9472806dbbc3af9379.sdkstatcache -Xcc -I/Users/admin/builder/spi-builder-workspace/.derivedData/Build/Intermediates.noindex/OpenLibrary.build/Debug-watchos/OpenLibrary.build/swift-overrides.hmap -Xcc -I/Users/admin/builder/spi-builder-workspace/.derivedData/Build/Products/Debug-watchos/include -Xcc -I/Users/admin/builder/spi-builder-workspace/.derivedData/Build/Intermediates.noindex/OpenLibrary.build/Debug-watchos/OpenLibrary.build/DerivedSources-normal/arm64 -Xcc -I/Users/admin/builder/spi-builder-workspace/.derivedData/Build/Intermediates.noindex/OpenLibrary.build/Debug-watchos/OpenLibrary.build/DerivedSources/arm64 -Xcc -I/Users/admin/builder/spi-builder-workspace/.derivedData/Build/Intermediates.noindex/OpenLibrary.build/Debug-watchos/OpenLibrary.build/DerivedSources -Xcc -DSWIFT_PACKAGE -Xcc -DDEBUG\=1 -no-auto-bridging-header-chaining -module-name OpenLibrary -package-name spi_builder_workspace -frontend-parseable-output -disable-clang-spi -clang-target arm64-apple-watchos26.5 -target-sdk-version 26.5 -target-sdk-name watchos26.5 -in-process-plugin-server-path /Applications/Xcode-26.5.0.app/Contents/Developer/Toolchains/XcodeDefault.xctoolchain/usr/lib/swift/host/libSwiftInProcPluginServer.dylib -o /Users/admin/builder/spi-builder-workspace/.derivedData/Build/Intermediates.noindex/OpenLibrary.build/Debug-watchos/OpenLibrary.build/Objects-normal/arm64/OpenLibraryAPI.o -index-unit-output-path /OpenLibrary.build/Debug-watchos/OpenLibrary.build/Objects-normal/arm64/OpenLibraryAPI.o -index-store-path /Users/admin/builder/spi-builder-workspace/.derivedData/Index.noindex/DataStore -index-system-modules
SwiftCompile normal arm64 /Users/admin/builder/spi-builder-workspace/Sources/OpenLibrary/OpenLibraryAPI.swift (in target 'OpenLibrary' from project 'OpenLibrary')
cd /Users/admin/builder/spi-builder-workspace/.swiftpm/xcode
/Users/admin/builder/spi-builder-workspace/Sources/OpenLibrary/OpenLibraryAPI.swift:502:20: error: 'language' is only available in watchOS 9 or newer
Locale.current.language.languageCode?.identifier(.alpha3)
^
/Users/admin/builder/spi-builder-workspace/Sources/OpenLibrary/OpenLibraryAPI.swift:502:20: note: add 'if #available' version check
Locale.current.language.languageCode?.identifier(.alpha3)
^
/Users/admin/builder/spi-builder-workspace/Sources/OpenLibrary/OpenLibraryAPI.swift:501:23: note: add '@available' attribute to enclosing static method
private static func defaultSearchLanguage() -> String? {
^
/Users/admin/builder/spi-builder-workspace/Sources/OpenLibrary/OpenLibraryAPI.swift:35:15: note: add '@available' attribute to enclosing struct
public struct OpenLibraryAPI: Sendable {
^
/Users/admin/builder/spi-builder-workspace/Sources/OpenLibrary/OpenLibraryAPI.swift:502:29: error: 'languageCode' is only available in watchOS 9 or newer
Locale.current.language.languageCode?.identifier(.alpha3)
^
/Users/admin/builder/spi-builder-workspace/Sources/OpenLibrary/OpenLibraryAPI.swift:502:29: note: add 'if #available' version check
Locale.current.language.languageCode?.identifier(.alpha3)
^
/Users/admin/builder/spi-builder-workspace/Sources/OpenLibrary/OpenLibraryAPI.swift:501:23: note: add '@available' attribute to enclosing static method
private static func defaultSearchLanguage() -> String? {
^
/Users/admin/builder/spi-builder-workspace/Sources/OpenLibrary/OpenLibraryAPI.swift:35:15: note: add '@available' attribute to enclosing struct
public struct OpenLibraryAPI: Sendable {
^
/Users/admin/builder/spi-builder-workspace/Sources/OpenLibrary/OpenLibraryAPI.swift:502:43: error: 'identifier' is only available in watchOS 9 or newer
Locale.current.language.languageCode?.identifier(.alpha3)
^
/Users/admin/builder/spi-builder-workspace/Sources/OpenLibrary/OpenLibraryAPI.swift:502:43: note: add 'if #available' version check
Locale.current.language.languageCode?.identifier(.alpha3)
^
/Users/admin/builder/spi-builder-workspace/Sources/OpenLibrary/OpenLibraryAPI.swift:501:23: note: add '@available' attribute to enclosing static method
private static func defaultSearchLanguage() -> String? {
^
/Users/admin/builder/spi-builder-workspace/Sources/OpenLibrary/OpenLibraryAPI.swift:35:15: note: add '@available' attribute to enclosing struct
public struct OpenLibraryAPI: Sendable {
^
SwiftCompile normal arm64_32 Compiling\ OpenLibrarySubject.swift /Users/admin/builder/spi-builder-workspace/Sources/OpenLibrary/OpenLibrarySubject.swift (in target 'OpenLibrary' from project 'OpenLibrary')
SwiftCompile normal arm64_32 /Users/admin/builder/spi-builder-workspace/Sources/OpenLibrary/OpenLibrarySubject.swift (in target 'OpenLibrary' from project 'OpenLibrary')
cd /Users/admin/builder/spi-builder-workspace/.swiftpm/xcode
SwiftDriverJobDiscovery normal arm64 Emitting module for OpenLibrary (in target 'OpenLibrary' from project 'OpenLibrary')
SwiftDriver\ Compilation\ Requirements OpenLibrary normal arm64 com.apple.xcode.tools.swift.compiler (in target 'OpenLibrary' from project 'OpenLibrary')
cd /Users/admin/builder/spi-builder-workspace/.swiftpm/xcode
builtin-Swift-Compilation-Requirements -- /Applications/Xcode-26.5.0.app/Contents/Developer/Toolchains/XcodeDefault.xctoolchain/usr/bin/swiftc -module-name OpenLibrary -Onone @/Users/admin/builder/spi-builder-workspace/.derivedData/Build/Intermediates.noindex/OpenLibrary.build/Debug-watchos/OpenLibrary.build/Objects-normal/arm64/OpenLibrary.SwiftFileList -DSWIFT_PACKAGE -DDEBUG -DSWIFT_MODULE_RESOURCE_BUNDLE_UNAVAILABLE -DXcode -plugin-path /Applications/Xcode-26.5.0.app/Contents/Developer/Toolchains/XcodeDefault.xctoolchain/usr/lib/swift/host/plugins/testing -enable-experimental-feature DebugDescriptionMacro -sdk /Applications/Xcode-26.5.0.app/Contents/Developer/Platforms/WatchOS.platform/Developer/SDKs/WatchOS26.5.sdk -target arm64-apple-watchos8.0 -g -module-cache-path /Users/admin/builder/spi-builder-workspace/.derivedData/ModuleCache.noindex -Xfrontend -serialize-debugging-options -profile-coverage-mapping -profile-generate -enable-testing -index-store-path /Users/admin/builder/spi-builder-workspace/.derivedData/Index.noindex/DataStore -Xcc -D_LIBCPP_HARDENING_MODE\=_LIBCPP_HARDENING_MODE_DEBUG -swift-version 6 -I /Users/admin/builder/spi-builder-workspace/.derivedData/Build/Products/Debug-watchos -Isystem /Applications/Xcode-26.5.0.app/Contents/Developer/Platforms/WatchOS.platform/Developer/usr/lib -F /Users/admin/builder/spi-builder-workspace/.derivedData/Build/Products/Debug-watchos -F /Applications/Xcode-26.5.0.app/Contents/Developer/Platforms/WatchOS.platform/Developer/Library/Frameworks -F /Applications/Xcode-26.5.0.app/Contents/Developer/Platforms/WatchOS.platform/Developer/SDKs/WatchOS26.5.sdk/Developer/Library/Frameworks -c -j10 -enable-batch-mode -incremental -Xcc -ivfsstatcache -Xcc /Users/admin/builder/spi-builder-workspace/.derivedData/SDKStatCaches.noindex/watchos26.5-23T570-688ef53f1462e2c8f657fdc38a81448f7931b973dfc65d9472806dbbc3af9379.sdkstatcache -output-file-map /Users/admin/builder/spi-builder-workspace/.derivedData/Build/Intermediates.noindex/OpenLibrary.build/Debug-watchos/OpenLibrary.build/Objects-normal/arm64/OpenLibrary-OutputFileMap.json -use-frontend-parseable-output -save-temps -no-color-diagnostics -explicit-module-build -module-cache-path /Users/admin/builder/spi-builder-workspace/.derivedData/Build/Intermediates.noindex/SwiftExplicitPrecompiledModules -clang-scanner-module-cache-path /Users/admin/builder/spi-builder-workspace/.derivedData/ModuleCache.noindex -sdk-module-cache-path /Users/admin/builder/spi-builder-workspace/.derivedData/ModuleCache.noindex -serialize-diagnostics -emit-dependencies -emit-module -emit-module-path /Users/admin/builder/spi-builder-workspace/.derivedData/Build/Intermediates.noindex/OpenLibrary.build/Debug-watchos/OpenLibrary.build/Objects-normal/arm64/OpenLibrary.swiftmodule -validate-clang-modules-once -clang-build-session-file /Users/admin/builder/spi-builder-workspace/.derivedData/ModuleCache.noindex/Session.modulevalidation -package-name spi_builder_workspace -Xcc -I/Users/admin/builder/spi-builder-workspace/.derivedData/Build/Intermediates.noindex/OpenLibrary.build/Debug-watchos/OpenLibrary.build/swift-overrides.hmap -emit-const-values -Xfrontend -const-gather-protocols-file -Xfrontend /Users/admin/builder/spi-builder-workspace/.derivedData/Build/Intermediates.noindex/OpenLibrary.build/Debug-watchos/OpenLibrary.build/Objects-normal/arm64/OpenLibrary_const_extract_protocols.json -Xcc -I/Users/admin/builder/spi-builder-workspace/.derivedData/Build/Products/Debug-watchos/include -Xcc -I/Users/admin/builder/spi-builder-workspace/.derivedData/Build/Intermediates.noindex/OpenLibrary.build/Debug-watchos/OpenLibrary.build/DerivedSources-normal/arm64 -Xcc -I/Users/admin/builder/spi-builder-workspace/.derivedData/Build/Intermediates.noindex/OpenLibrary.build/Debug-watchos/OpenLibrary.build/DerivedSources/arm64 -Xcc -I/Users/admin/builder/spi-builder-workspace/.derivedData/Build/Intermediates.noindex/OpenLibrary.build/Debug-watchos/OpenLibrary.build/DerivedSources -Xcc -DSWIFT_PACKAGE -Xcc -DDEBUG\=1 -emit-objc-header -emit-objc-header-path /Users/admin/builder/spi-builder-workspace/.derivedData/Build/Intermediates.noindex/OpenLibrary.build/Debug-watchos/OpenLibrary.build/Objects-normal/arm64/OpenLibrary-Swift.h -working-directory /Users/admin/builder/spi-builder-workspace/.swiftpm/xcode -experimental-emit-module-separately -disable-cmo
2026-10-24 19:22:19.634 xcodebuild[700:4079] [MT] IDERunDestination: Supported platforms for the buildables in the current scheme is empty.
** BUILD FAILED **
The following build commands failed:
SwiftCompile normal armv7k Compiling\ OpenLibraryEdition.swift /Users/admin/builder/spi-builder-workspace/Sources/OpenLibrary/OpenLibraryEdition.swift (in target 'OpenLibrary' from project 'OpenLibrary')
SwiftCompile normal armv7k /Users/admin/builder/spi-builder-workspace/Sources/OpenLibrary/OpenLibraryEdition.swift (in target 'OpenLibrary' from project 'OpenLibrary')
SwiftCompile normal arm64 Compiling\ OpenLibraryAPI.swift /Users/admin/builder/spi-builder-workspace/Sources/OpenLibrary/OpenLibraryAPI.swift (in target 'OpenLibrary' from project 'OpenLibrary')
SwiftCompile normal arm64 /Users/admin/builder/spi-builder-workspace/Sources/OpenLibrary/OpenLibraryAPI.swift (in target 'OpenLibrary' from project 'OpenLibrary')
Building workspace spi-builder-workspace with scheme OpenLibrary-Package
(5 failures)
Command line invocation:
/Applications/Xcode-26.5.0.app/Contents/Developer/usr/bin/xcodebuild -IDEClonedSourcePackagesDirPathOverride=/Users/admin/builder/spi-builder-workspace/.dependencies -resolvePackageDependencies
Resolve Package Graph
Resolved source packages:
OpenLibrary: /Users/admin/builder/spi-builder-workspace
resolved source packages: OpenLibrary
2026-10-24 19:22:27.030 xcodebuild[818:4566] [MT] IDERunDestination: Supported platforms for the buildables in the current scheme is empty.
{
"dependencies" : [
],
"manifest_display_name" : "OpenLibrary",
"name" : "OpenLibrary",
"path" : "/Users/admin/builder/spi-builder-workspace",
"platforms" : [
{
"name" : "macos",
"version" : "14.0"
},
{
"name" : "ios",
"version" : "17.0"
},
{
"name" : "watchos",
"version" : "8.0"
},
{
"name" : "maccatalyst",
"version" : "17.0"
},
{
"name" : "tvos",
"version" : "16.0"
}
],
"products" : [
{
"name" : "OpenLibrary",
"targets" : [
"OpenLibrary"
],
"type" : {
"library" : [
"automatic"
]
}
},
{
"name" : "openlibrary",
"targets" : [
"OpenLibraryCLI"
],
"type" : {
"executable" : null
}
}
],
"swift_languages_versions" : [
"6"
],
"targets" : [
{
"c99name" : "OpenLibraryTests",
"module_type" : "SwiftTarget",
"name" : "OpenLibraryTests",
"path" : "Tests/OpenLibraryAPITests",
"sources" : [
"OpenLibraryClientFoundationTests.swift",
"OpenLibraryCoversTests.swift",
"OpenLibraryEditionTests.swift",
"OpenLibraryEditionsTests.swift",
"OpenLibrarySearchTests.swift",
"OpenLibrarySubjectTests.swift",
"OpenLibraryTestSupport.swift",
"OpenLibraryWorkExtrasTests.swift",
"OpenLibraryWorkTests.swift"
],
"target_dependencies" : [
"OpenLibrary"
],
"type" : "test"
},
{
"c99name" : "OpenLibraryCLITests",
"module_type" : "SwiftTarget",
"name" : "OpenLibraryCLITests",
"path" : "Tests/OpenLibraryCLITests",
"sources" : [
"OpenLibraryCLIParserTests.swift"
],
"target_dependencies" : [
"OpenLibraryCLI"
],
"type" : "test"
},
{
"c99name" : "OpenLibraryCLI",
"module_type" : "SwiftTarget",
"name" : "OpenLibraryCLI",
"path" : "Sources/OpenLibraryCLI",
"product_memberships" : [
"openlibrary"
],
"sources" : [
"CommandParser.swift",
"OpenLibraryCLI.swift"
],
"target_dependencies" : [
"OpenLibrary"
],
"type" : "executable"
},
{
"c99name" : "OpenLibrary",
"module_type" : "SwiftTarget",
"name" : "OpenLibrary",
"path" : "Sources/OpenLibrary",
"product_memberships" : [
"OpenLibrary",
"openlibrary"
],
"sources" : [
"OpenLibraryAPI.swift",
"OpenLibraryAPIMocks.swift",
"OpenLibraryCovers.swift",
"OpenLibraryEdition.swift",
"OpenLibraryLogger.swift",
"OpenLibrarySearch.swift",
"OpenLibrarySubject.swift",
"OpenLibraryWork.swift",
"OpenLibraryWorkBookshelves.swift",
"OpenLibraryWorkRatings.swift"
],
"type" : "library"
}
],
"tools_version" : "6.0"
}
{
"workspace" : {
"name" : "spi-builder-workspace",
"schemes" : [
"openlibrary",
"OpenLibrary",
"OpenLibrary-Package"
]
}
}
2026-10-24 19:22:28.259 xcodebuild[848:4805] [MT] IDERunDestination: Supported platforms for the buildables in the current scheme is empty.
Running build ...
env DEVELOPER_DIR=/Applications/Xcode-26.5.0.app xcrun xcodebuild -IDEClonedSourcePackagesDirPathOverride=$PWD/.dependencies -skipMacroValidation -skipPackagePluginValidation -derivedDataPath $PWD/.derivedData build -scheme OpenLibrary-Package -destination generic/platform=watchOS
Command line invocation:
/Applications/Xcode-26.5.0.app/Contents/Developer/usr/bin/xcodebuild -IDEClonedSourcePackagesDirPathOverride=/Users/admin/builder/spi-builder-workspace/.dependencies -skipMacroValidation -skipPackagePluginValidation -derivedDataPath /Users/admin/builder/spi-builder-workspace/.derivedData build -scheme OpenLibrary-Package -destination generic/platform=watchOS
Resolve Package Graph
Resolved source packages:
OpenLibrary: /Users/admin/builder/spi-builder-workspace
ComputePackagePrebuildTargetDependencyGraph
Prepare packages
CreateBuildRequest
SendProjectDescription
CreateBuildOperation
ComputeTargetDependencyGraph
note: Building targets in dependency order
note: Target dependency graph (3 targets)
Target 'openlibrary' in project 'OpenLibrary'
➜ Explicit dependency on target 'OpenLibrary' in project 'OpenLibrary'
Target 'OpenLibrary' in project 'OpenLibrary'
➜ Explicit dependency on target 'OpenLibrary' in project 'OpenLibrary'
Target 'OpenLibrary' in project 'OpenLibrary' (no dependencies)
GatherProvisioningInputs
CreateBuildDescription
ClangStatCache /Applications/Xcode-26.5.0.app/Contents/Developer/Toolchains/XcodeDefault.xctoolchain/usr/bin/clang-stat-cache /Applications/Xcode-26.5.0.app/Contents/Developer/Platforms/WatchOS.platform/Developer/SDKs/WatchOS26.5.sdk /Users/admin/builder/spi-builder-workspace/.derivedData/SDKStatCaches.noindex/watchos26.5-23T570-688ef53f1462e2c8f657fdc38a81448f7931b973dfc65d9472806dbbc3af9379.sdkstatcache
cd /Users/admin/builder/spi-builder-workspace/.swiftpm/xcode
/Applications/Xcode-26.5.0.app/Contents/Developer/Toolchains/XcodeDefault.xctoolchain/usr/bin/clang-stat-cache /Applications/Xcode-26.5.0.app/Contents/Developer/Platforms/WatchOS.platform/Developer/SDKs/WatchOS26.5.sdk -o /Users/admin/builder/spi-builder-workspace/.derivedData/SDKStatCaches.noindex/watchos26.5-23T570-688ef53f1462e2c8f657fdc38a81448f7931b973dfc65d9472806dbbc3af9379.sdkstatcache
WriteAuxiliaryFile /Users/admin/builder/spi-builder-workspace/.derivedData/Build/Intermediates.noindex/OpenLibrary.build/Debug-watchos/openlibrary.build/Objects-normal/arm64_32/openlibrary-OutputFileMap.json (in target 'openlibrary' from project 'OpenLibrary')
cd /Users/admin/builder/spi-builder-workspace
write-file /Users/admin/builder/spi-builder-workspace/.derivedData/Build/Intermediates.noindex/OpenLibrary.build/Debug-watchos/openlibrary.build/Objects-normal/arm64_32/openlibrary-OutputFileMap.json
WriteAuxiliaryFile /Users/admin/builder/spi-builder-workspace/.derivedData/Build/Intermediates.noindex/OpenLibrary.build/Debug-watchos/openlibrary.build/Objects-normal/arm64/openlibrary.SwiftFileList (in target 'openlibrary' from project 'OpenLibrary')
cd /Users/admin/builder/spi-builder-workspace
write-file /Users/admin/builder/spi-builder-workspace/.derivedData/Build/Intermediates.noindex/OpenLibrary.build/Debug-watchos/openlibrary.build/Objects-normal/arm64/openlibrary.SwiftFileList
WriteAuxiliaryFile /Users/admin/builder/spi-builder-workspace/.derivedData/Build/Intermediates.noindex/OpenLibrary.build/Debug-watchos/openlibrary.build/Objects-normal/arm64_32/openlibrary.LinkFileList (in target 'openlibrary' from project 'OpenLibrary')
cd /Users/admin/builder/spi-builder-workspace
write-file /Users/admin/builder/spi-builder-workspace/.derivedData/Build/Intermediates.noindex/OpenLibrary.build/Debug-watchos/openlibrary.build/Objects-normal/arm64_32/openlibrary.LinkFileList
WriteAuxiliaryFile /Users/admin/builder/spi-builder-workspace/.derivedData/Build/Intermediates.noindex/OpenLibrary.build/Debug-watchos/openlibrary.build/Objects-normal/arm64/openlibrary.LinkFileList (in target 'openlibrary' from project 'OpenLibrary')
cd /Users/admin/builder/spi-builder-workspace
write-file /Users/admin/builder/spi-builder-workspace/.derivedData/Build/Intermediates.noindex/OpenLibrary.build/Debug-watchos/openlibrary.build/Objects-normal/arm64/openlibrary.LinkFileList
WriteAuxiliaryFile /Users/admin/builder/spi-builder-workspace/.derivedData/Build/Intermediates.noindex/OpenLibrary.build/Debug-watchos/openlibrary.build/openlibrary.DependencyStaticMetadataFileList (in target 'openlibrary' from project 'OpenLibrary')
cd /Users/admin/builder/spi-builder-workspace
write-file /Users/admin/builder/spi-builder-workspace/.derivedData/Build/Intermediates.noindex/OpenLibrary.build/Debug-watchos/openlibrary.build/openlibrary.DependencyStaticMetadataFileList
WriteAuxiliaryFile /Users/admin/builder/spi-builder-workspace/.derivedData/Build/Intermediates.noindex/OpenLibrary.build/Debug-watchos/openlibrary.build/Objects-normal/armv7k/openlibrary.SwiftFileList (in target 'openlibrary' from project 'OpenLibrary')
cd /Users/admin/builder/spi-builder-workspace
write-file /Users/admin/builder/spi-builder-workspace/.derivedData/Build/Intermediates.noindex/OpenLibrary.build/Debug-watchos/openlibrary.build/Objects-normal/armv7k/openlibrary.SwiftFileList
WriteAuxiliaryFile /Users/admin/builder/spi-builder-workspace/.derivedData/Build/Intermediates.noindex/OpenLibrary.build/Debug-watchos/openlibrary.build/Objects-normal/armv7k/openlibrary-OutputFileMap.json (in target 'openlibrary' from project 'OpenLibrary')
cd /Users/admin/builder/spi-builder-workspace
write-file /Users/admin/builder/spi-builder-workspace/.derivedData/Build/Intermediates.noindex/OpenLibrary.build/Debug-watchos/openlibrary.build/Objects-normal/armv7k/openlibrary-OutputFileMap.json
WriteAuxiliaryFile /Users/admin/builder/spi-builder-workspace/.derivedData/Build/Intermediates.noindex/OpenLibrary.build/Debug-watchos/openlibrary.build/Objects-normal/arm64_32/openlibrary.SwiftFileList (in target 'openlibrary' from project 'OpenLibrary')
cd /Users/admin/builder/spi-builder-workspace
write-file /Users/admin/builder/spi-builder-workspace/.derivedData/Build/Intermediates.noindex/OpenLibrary.build/Debug-watchos/openlibrary.build/Objects-normal/arm64_32/openlibrary.SwiftFileList
WriteAuxiliaryFile /Users/admin/builder/spi-builder-workspace/.derivedData/Build/Intermediates.noindex/OpenLibrary.build/Debug-watchos/openlibrary.build/Objects-normal/armv7k/openlibrary.LinkFileList (in target 'openlibrary' from project 'OpenLibrary')
cd /Users/admin/builder/spi-builder-workspace
write-file /Users/admin/builder/spi-builder-workspace/.derivedData/Build/Intermediates.noindex/OpenLibrary.build/Debug-watchos/openlibrary.build/Objects-normal/armv7k/openlibrary.LinkFileList
WriteAuxiliaryFile /Users/admin/builder/spi-builder-workspace/.derivedData/Build/Intermediates.noindex/OpenLibrary.build/Debug-watchos/openlibrary.build/Objects-normal/arm64/openlibrary-OutputFileMap.json (in target 'openlibrary' from project 'OpenLibrary')
cd /Users/admin/builder/spi-builder-workspace
write-file /Users/admin/builder/spi-builder-workspace/.derivedData/Build/Intermediates.noindex/OpenLibrary.build/Debug-watchos/openlibrary.build/Objects-normal/arm64/openlibrary-OutputFileMap.json
SwiftDriver OpenLibrary normal arm64_32 com.apple.xcode.tools.swift.compiler (in target 'OpenLibrary' from project 'OpenLibrary')
cd /Users/admin/builder/spi-builder-workspace/.swiftpm/xcode
builtin-SwiftDriver -- /Applications/Xcode-26.5.0.app/Contents/Developer/Toolchains/XcodeDefault.xctoolchain/usr/bin/swiftc -module-name OpenLibrary -Onone @/Users/admin/builder/spi-builder-workspace/.derivedData/Build/Intermediates.noindex/OpenLibrary.build/Debug-watchos/OpenLibrary.build/Objects-normal/arm64_32/OpenLibrary.SwiftFileList -DSWIFT_PACKAGE -DDEBUG -DSWIFT_MODULE_RESOURCE_BUNDLE_UNAVAILABLE -DXcode -plugin-path /Applications/Xcode-26.5.0.app/Contents/Developer/Toolchains/XcodeDefault.xctoolchain/usr/lib/swift/host/plugins/testing -enable-experimental-feature DebugDescriptionMacro -sdk /Applications/Xcode-26.5.0.app/Contents/Developer/Platforms/WatchOS.platform/Developer/SDKs/WatchOS26.5.sdk -target arm64_32-apple-watchos8.0 -g -module-cache-path /Users/admin/builder/spi-builder-workspace/.derivedData/ModuleCache.noindex -Xfrontend -serialize-debugging-options -profile-coverage-mapping -profile-generate -enable-testing -index-store-path /Users/admin/builder/spi-builder-workspace/.derivedData/Index.noindex/DataStore -Xcc -D_LIBCPP_HARDENING_MODE\=_LIBCPP_HARDENING_MODE_DEBUG -swift-version 6 -I /Users/admin/builder/spi-builder-workspace/.derivedData/Build/Products/Debug-watchos -Isystem /Applications/Xcode-26.5.0.app/Contents/Developer/Platforms/WatchOS.platform/Developer/usr/lib -F /Users/admin/builder/spi-builder-workspace/.derivedData/Build/Products/Debug-watchos -F /Applications/Xcode-26.5.0.app/Contents/Developer/Platforms/WatchOS.platform/Developer/Library/Frameworks -F /Applications/Xcode-26.5.0.app/Contents/Developer/Platforms/WatchOS.platform/Developer/SDKs/WatchOS26.5.sdk/Developer/Library/Frameworks -c -j10 -enable-batch-mode -incremental -Xcc -ivfsstatcache -Xcc /Users/admin/builder/spi-builder-workspace/.derivedData/SDKStatCaches.noindex/watchos26.5-23T570-688ef53f1462e2c8f657fdc38a81448f7931b973dfc65d9472806dbbc3af9379.sdkstatcache -output-file-map /Users/admin/builder/spi-builder-workspace/.derivedData/Build/Intermediates.noindex/OpenLibrary.build/Debug-watchos/OpenLibrary.build/Objects-normal/arm64_32/OpenLibrary-OutputFileMap.json -use-frontend-parseable-output -save-temps -no-color-diagnostics -explicit-module-build -module-cache-path /Users/admin/builder/spi-builder-workspace/.derivedData/Build/Intermediates.noindex/SwiftExplicitPrecompiledModules -clang-scanner-module-cache-path /Users/admin/builder/spi-builder-workspace/.derivedData/ModuleCache.noindex -sdk-module-cache-path /Users/admin/builder/spi-builder-workspace/.derivedData/ModuleCache.noindex -serialize-diagnostics -emit-dependencies -emit-module -emit-module-path /Users/admin/builder/spi-builder-workspace/.derivedData/Build/Intermediates.noindex/OpenLibrary.build/Debug-watchos/OpenLibrary.build/Objects-normal/arm64_32/OpenLibrary.swiftmodule -validate-clang-modules-once -clang-build-session-file /Users/admin/builder/spi-builder-workspace/.derivedData/ModuleCache.noindex/Session.modulevalidation -package-name spi_builder_workspace -Xcc -I/Users/admin/builder/spi-builder-workspace/.derivedData/Build/Intermediates.noindex/OpenLibrary.build/Debug-watchos/OpenLibrary.build/swift-overrides.hmap -emit-const-values -Xfrontend -const-gather-protocols-file -Xfrontend /Users/admin/builder/spi-builder-workspace/.derivedData/Build/Intermediates.noindex/OpenLibrary.build/Debug-watchos/OpenLibrary.build/Objects-normal/arm64_32/OpenLibrary_const_extract_protocols.json -Xcc -I/Users/admin/builder/spi-builder-workspace/.derivedData/Build/Products/Debug-watchos/include -Xcc -I/Users/admin/builder/spi-builder-workspace/.derivedData/Build/Intermediates.noindex/OpenLibrary.build/Debug-watchos/OpenLibrary.build/DerivedSources-normal/arm64_32 -Xcc -I/Users/admin/builder/spi-builder-workspace/.derivedData/Build/Intermediates.noindex/OpenLibrary.build/Debug-watchos/OpenLibrary.build/DerivedSources/arm64_32 -Xcc -I/Users/admin/builder/spi-builder-workspace/.derivedData/Build/Intermediates.noindex/OpenLibrary.build/Debug-watchos/OpenLibrary.build/DerivedSources -Xcc -DSWIFT_PACKAGE -Xcc -DDEBUG\=1 -emit-objc-header -emit-objc-header-path /Users/admin/builder/spi-builder-workspace/.derivedData/Build/Intermediates.noindex/OpenLibrary.build/Debug-watchos/OpenLibrary.build/Objects-normal/arm64_32/OpenLibrary-Swift.h -working-directory /Users/admin/builder/spi-builder-workspace/.swiftpm/xcode -experimental-emit-module-separately -disable-cmo
/Users/admin/builder/spi-builder-workspace/Sources/OpenLibraryCLI/OpenLibraryCLI.swift:8:8: warning: File 'OpenLibraryCLI.swift' is part of module 'OpenLibrary'; ignoring import
import OpenLibrary
^ (in target 'OpenLibrary' from project 'OpenLibrary')
SwiftDriver OpenLibrary normal armv7k com.apple.xcode.tools.swift.compiler (in target 'OpenLibrary' from project 'OpenLibrary')
cd /Users/admin/builder/spi-builder-workspace/.swiftpm/xcode
builtin-SwiftDriver -- /Applications/Xcode-26.5.0.app/Contents/Developer/Toolchains/XcodeDefault.xctoolchain/usr/bin/swiftc -module-name OpenLibrary -Onone @/Users/admin/builder/spi-builder-workspace/.derivedData/Build/Intermediates.noindex/OpenLibrary.build/Debug-watchos/OpenLibrary.build/Objects-normal/armv7k/OpenLibrary.SwiftFileList -DSWIFT_PACKAGE -DDEBUG -DSWIFT_MODULE_RESOURCE_BUNDLE_UNAVAILABLE -DXcode -plugin-path /Applications/Xcode-26.5.0.app/Contents/Developer/Toolchains/XcodeDefault.xctoolchain/usr/lib/swift/host/plugins/testing -enable-experimental-feature DebugDescriptionMacro -sdk /Applications/Xcode-26.5.0.app/Contents/Developer/Platforms/WatchOS.platform/Developer/SDKs/WatchOS26.5.sdk -target armv7k-apple-watchos8.0 -g -module-cache-path /Users/admin/builder/spi-builder-workspace/.derivedData/ModuleCache.noindex -Xfrontend -serialize-debugging-options -profile-coverage-mapping -profile-generate -enable-testing -index-store-path /Users/admin/builder/spi-builder-workspace/.derivedData/Index.noindex/DataStore -Xcc -D_LIBCPP_HARDENING_MODE\=_LIBCPP_HARDENING_MODE_DEBUG -swift-version 6 -I /Users/admin/builder/spi-builder-workspace/.derivedData/Build/Products/Debug-watchos -Isystem /Applications/Xcode-26.5.0.app/Contents/Developer/Platforms/WatchOS.platform/Developer/usr/lib -F /Users/admin/builder/spi-builder-workspace/.derivedData/Build/Products/Debug-watchos -F /Applications/Xcode-26.5.0.app/Contents/Developer/Platforms/WatchOS.platform/Developer/Library/Frameworks -F /Applications/Xcode-26.5.0.app/Contents/Developer/Platforms/WatchOS.platform/Developer/SDKs/WatchOS26.5.sdk/Developer/Library/Frameworks -c -j10 -enable-batch-mode -incremental -Xcc -ivfsstatcache -Xcc /Users/admin/builder/spi-builder-workspace/.derivedData/SDKStatCaches.noindex/watchos26.5-23T570-688ef53f1462e2c8f657fdc38a81448f7931b973dfc65d9472806dbbc3af9379.sdkstatcache -output-file-map /Users/admin/builder/spi-builder-workspace/.derivedData/Build/Intermediates.noindex/OpenLibrary.build/Debug-watchos/OpenLibrary.build/Objects-normal/armv7k/OpenLibrary-OutputFileMap.json -use-frontend-parseable-output -save-temps -no-color-diagnostics -explicit-module-build -module-cache-path /Users/admin/builder/spi-builder-workspace/.derivedData/Build/Intermediates.noindex/SwiftExplicitPrecompiledModules -clang-scanner-module-cache-path /Users/admin/builder/spi-builder-workspace/.derivedData/ModuleCache.noindex -sdk-module-cache-path /Users/admin/builder/spi-builder-workspace/.derivedData/ModuleCache.noindex -serialize-diagnostics -emit-dependencies -emit-module -emit-module-path /Users/admin/builder/spi-builder-workspace/.derivedData/Build/Intermediates.noindex/OpenLibrary.build/Debug-watchos/OpenLibrary.build/Objects-normal/armv7k/OpenLibrary.swiftmodule -validate-clang-modules-once -clang-build-session-file /Users/admin/builder/spi-builder-workspace/.derivedData/ModuleCache.noindex/Session.modulevalidation -package-name spi_builder_workspace -Xcc -I/Users/admin/builder/spi-builder-workspace/.derivedData/Build/Intermediates.noindex/OpenLibrary.build/Debug-watchos/OpenLibrary.build/swift-overrides.hmap -emit-const-values -Xfrontend -const-gather-protocols-file -Xfrontend /Users/admin/builder/spi-builder-workspace/.derivedData/Build/Intermediates.noindex/OpenLibrary.build/Debug-watchos/OpenLibrary.build/Objects-normal/armv7k/OpenLibrary_const_extract_protocols.json -Xcc -I/Users/admin/builder/spi-builder-workspace/.derivedData/Build/Products/Debug-watchos/include -Xcc -I/Users/admin/builder/spi-builder-workspace/.derivedData/Build/Intermediates.noindex/OpenLibrary.build/Debug-watchos/OpenLibrary.build/DerivedSources-normal/armv7k -Xcc -I/Users/admin/builder/spi-builder-workspace/.derivedData/Build/Intermediates.noindex/OpenLibrary.build/Debug-watchos/OpenLibrary.build/DerivedSources/armv7k -Xcc -I/Users/admin/builder/spi-builder-workspace/.derivedData/Build/Intermediates.noindex/OpenLibrary.build/Debug-watchos/OpenLibrary.build/DerivedSources -Xcc -DSWIFT_PACKAGE -Xcc -DDEBUG\=1 -emit-objc-header -emit-objc-header-path /Users/admin/builder/spi-builder-workspace/.derivedData/Build/Intermediates.noindex/OpenLibrary.build/Debug-watchos/OpenLibrary.build/Objects-normal/armv7k/OpenLibrary-Swift.h -working-directory /Users/admin/builder/spi-builder-workspace/.swiftpm/xcode -experimental-emit-module-separately -disable-cmo
/Users/admin/builder/spi-builder-workspace/Sources/OpenLibraryCLI/OpenLibraryCLI.swift:8:8: warning: File 'OpenLibraryCLI.swift' is part of module 'OpenLibrary'; ignoring import
import OpenLibrary
^ (in target 'OpenLibrary' from project 'OpenLibrary')
SwiftDriver OpenLibrary normal arm64 com.apple.xcode.tools.swift.compiler (in target 'OpenLibrary' from project 'OpenLibrary')
cd /Users/admin/builder/spi-builder-workspace/.swiftpm/xcode
builtin-SwiftDriver -- /Applications/Xcode-26.5.0.app/Contents/Developer/Toolchains/XcodeDefault.xctoolchain/usr/bin/swiftc -module-name OpenLibrary -Onone @/Users/admin/builder/spi-builder-workspace/.derivedData/Build/Intermediates.noindex/OpenLibrary.build/Debug-watchos/OpenLibrary.build/Objects-normal/arm64/OpenLibrary.SwiftFileList -DSWIFT_PACKAGE -DDEBUG -DSWIFT_MODULE_RESOURCE_BUNDLE_UNAVAILABLE -DXcode -plugin-path /Applications/Xcode-26.5.0.app/Contents/Developer/Toolchains/XcodeDefault.xctoolchain/usr/lib/swift/host/plugins/testing -enable-experimental-feature DebugDescriptionMacro -sdk /Applications/Xcode-26.5.0.app/Contents/Developer/Platforms/WatchOS.platform/Developer/SDKs/WatchOS26.5.sdk -target arm64-apple-watchos8.0 -g -module-cache-path /Users/admin/builder/spi-builder-workspace/.derivedData/ModuleCache.noindex -Xfrontend -serialize-debugging-options -profile-coverage-mapping -profile-generate -enable-testing -index-store-path /Users/admin/builder/spi-builder-workspace/.derivedData/Index.noindex/DataStore -Xcc -D_LIBCPP_HARDENING_MODE\=_LIBCPP_HARDENING_MODE_DEBUG -swift-version 6 -I /Users/admin/builder/spi-builder-workspace/.derivedData/Build/Products/Debug-watchos -Isystem /Applications/Xcode-26.5.0.app/Contents/Developer/Platforms/WatchOS.platform/Developer/usr/lib -F /Users/admin/builder/spi-builder-workspace/.derivedData/Build/Products/Debug-watchos -F /Applications/Xcode-26.5.0.app/Contents/Developer/Platforms/WatchOS.platform/Developer/Library/Frameworks -F /Applications/Xcode-26.5.0.app/Contents/Developer/Platforms/WatchOS.platform/Developer/SDKs/WatchOS26.5.sdk/Developer/Library/Frameworks -c -j10 -enable-batch-mode -incremental -Xcc -ivfsstatcache -Xcc /Users/admin/builder/spi-builder-workspace/.derivedData/SDKStatCaches.noindex/watchos26.5-23T570-688ef53f1462e2c8f657fdc38a81448f7931b973dfc65d9472806dbbc3af9379.sdkstatcache -output-file-map /Users/admin/builder/spi-builder-workspace/.derivedData/Build/Intermediates.noindex/OpenLibrary.build/Debug-watchos/OpenLibrary.build/Objects-normal/arm64/OpenLibrary-OutputFileMap.json -use-frontend-parseable-output -save-temps -no-color-diagnostics -explicit-module-build -module-cache-path /Users/admin/builder/spi-builder-workspace/.derivedData/Build/Intermediates.noindex/SwiftExplicitPrecompiledModules -clang-scanner-module-cache-path /Users/admin/builder/spi-builder-workspace/.derivedData/ModuleCache.noindex -sdk-module-cache-path /Users/admin/builder/spi-builder-workspace/.derivedData/ModuleCache.noindex -serialize-diagnostics -emit-dependencies -emit-module -emit-module-path /Users/admin/builder/spi-builder-workspace/.derivedData/Build/Intermediates.noindex/OpenLibrary.build/Debug-watchos/OpenLibrary.build/Objects-normal/arm64/OpenLibrary.swiftmodule -validate-clang-modules-once -clang-build-session-file /Users/admin/builder/spi-builder-workspace/.derivedData/ModuleCache.noindex/Session.modulevalidation -package-name spi_builder_workspace -Xcc -I/Users/admin/builder/spi-builder-workspace/.derivedData/Build/Intermediates.noindex/OpenLibrary.build/Debug-watchos/OpenLibrary.build/swift-overrides.hmap -emit-const-values -Xfrontend -const-gather-protocols-file -Xfrontend /Users/admin/builder/spi-builder-workspace/.derivedData/Build/Intermediates.noindex/OpenLibrary.build/Debug-watchos/OpenLibrary.build/Objects-normal/arm64/OpenLibrary_const_extract_protocols.json -Xcc -I/Users/admin/builder/spi-builder-workspace/.derivedData/Build/Products/Debug-watchos/include -Xcc -I/Users/admin/builder/spi-builder-workspace/.derivedData/Build/Intermediates.noindex/OpenLibrary.build/Debug-watchos/OpenLibrary.build/DerivedSources-normal/arm64 -Xcc -I/Users/admin/builder/spi-builder-workspace/.derivedData/Build/Intermediates.noindex/OpenLibrary.build/Debug-watchos/OpenLibrary.build/DerivedSources/arm64 -Xcc -I/Users/admin/builder/spi-builder-workspace/.derivedData/Build/Intermediates.noindex/OpenLibrary.build/Debug-watchos/OpenLibrary.build/DerivedSources -Xcc -DSWIFT_PACKAGE -Xcc -DDEBUG\=1 -emit-objc-header -emit-objc-header-path /Users/admin/builder/spi-builder-workspace/.derivedData/Build/Intermediates.noindex/OpenLibrary.build/Debug-watchos/OpenLibrary.build/Objects-normal/arm64/OpenLibrary-Swift.h -working-directory /Users/admin/builder/spi-builder-workspace/.swiftpm/xcode -experimental-emit-module-separately -disable-cmo
/Users/admin/builder/spi-builder-workspace/Sources/OpenLibraryCLI/OpenLibraryCLI.swift:8:8: warning: File 'OpenLibraryCLI.swift' is part of module 'OpenLibrary'; ignoring import
import OpenLibrary
^ (in target 'OpenLibrary' from project 'OpenLibrary')
SwiftEmitModule normal arm64_32 Emitting\ module\ for\ OpenLibrary (in target 'OpenLibrary' from project 'OpenLibrary')
EmitSwiftModule normal arm64_32 (in target 'OpenLibrary' from project 'OpenLibrary')
cd /Users/admin/builder/spi-builder-workspace/.swiftpm/xcode
/Users/admin/builder/spi-builder-workspace/Sources/OpenLibraryCLI/OpenLibraryCLI.swift:8:8: warning: file 'OpenLibraryCLI.swift' is part of module 'OpenLibrary'; ignoring import
import OpenLibrary
^
/Users/admin/builder/spi-builder-workspace/Sources/OpenLibraryCLI/OpenLibraryCLI.swift:43:15: error: cannot find type 'OpenLibrarySearchResult' in scope
_ books: [OpenLibrarySearchResult],
^~~~~~~~~~~~~~~~~~~~~~~
/Users/admin/builder/spi-builder-workspace/Sources/OpenLibraryCLI/OpenLibraryCLI.swift:67:18: error: cannot find type 'OpenLibraryEdition' in scope
_ editions: [OpenLibraryEdition],
^~~~~~~~~~~~~~~~~~
Failed frontend command:
/Applications/Xcode-26.5.0.app/Contents/Developer/Toolchains/XcodeDefault.xctoolchain/usr/bin/swift-frontend -frontend -emit-module -experimental-skip-non-inlinable-function-bodies-without-types /Users/admin/builder/spi-builder-workspace/Sources/OpenLibraryCLI/CommandParser.swift /Users/admin/builder/spi-builder-workspace/Sources/OpenLibraryCLI/OpenLibraryCLI.swift -target arm64_32-apple-watchos8.0 -load-resolved-plugin /Applications/Xcode-26.5.0.app/Contents/Developer/Platforms/WatchOS.platform/Developer/usr/lib/swift/host/plugins/libFoundationMacros.dylib\#/Applications/Xcode-26.5.0.app/Contents/Developer/Platforms/WatchOS.platform/Developer/usr/bin/swift-plugin-server\#FoundationMacros -load-resolved-plugin /Applications/Xcode-26.5.0.app/Contents/Developer/Platforms/WatchOS.platform/Developer/usr/lib/swift/host/plugins/libObservationMacros.dylib\#/Applications/Xcode-26.5.0.app/Contents/Developer/Platforms/WatchOS.platform/Developer/usr/bin/swift-plugin-server\#ObservationMacros -load-resolved-plugin /Applications/Xcode-26.5.0.app/Contents/Developer/Platforms/WatchOS.platform/Developer/usr/lib/swift/host/plugins/libSwiftMacros.dylib\#/Applications/Xcode-26.5.0.app/Contents/Developer/Platforms/WatchOS.platform/Developer/usr/bin/swift-plugin-server\#SwiftMacros -disable-implicit-swift-modules -Xcc -fno-implicit-modules -Xcc -fno-implicit-module-maps -explicit-swift-module-map-file /Users/admin/builder/spi-builder-workspace/.derivedData/Build/Intermediates.noindex/OpenLibrary.build/Debug-watchos/OpenLibrary.build/Objects-normal/arm64_32/OpenLibrary-dependencies-1.json -enable-objc-interop -sdk /Applications/Xcode-26.5.0.app/Contents/Developer/Platforms/WatchOS.platform/Developer/SDKs/WatchOS26.5.sdk -I /Users/admin/builder/spi-builder-workspace/.derivedData/Build/Products/Debug-watchos -Isystem /Applications/Xcode-26.5.0.app/Contents/Developer/Platforms/WatchOS.platform/Developer/usr/lib -F /Users/admin/builder/spi-builder-workspace/.derivedData/Build/Products/Debug-watchos -F /Applications/Xcode-26.5.0.app/Contents/Developer/Platforms/WatchOS.platform/Developer/Library/Frameworks -F /Applications/Xcode-26.5.0.app/Contents/Developer/Platforms/WatchOS.platform/Developer/SDKs/WatchOS26.5.sdk/Developer/Library/Frameworks -no-color-diagnostics -Xcc -fno-color-diagnostics -enable-testing -g -debug-info-format\=dwarf -dwarf-version\=4 -module-cache-path /Users/admin/builder/spi-builder-workspace/.derivedData/Build/Intermediates.noindex/SwiftExplicitPrecompiledModules -profile-generate -profile-coverage-mapping -swift-version 6 -Onone -D SWIFT_PACKAGE -D DEBUG -D SWIFT_MODULE_RESOURCE_BUNDLE_UNAVAILABLE -D Xcode -serialize-debugging-options -const-gather-protocols-file /Users/admin/builder/spi-builder-workspace/.derivedData/Build/Intermediates.noindex/OpenLibrary.build/Debug-watchos/OpenLibrary.build/Objects-normal/arm64_32/OpenLibrary_const_extract_protocols.json -enable-experimental-feature DebugDescriptionMacro -empty-abi-descriptor -validate-clang-modules-once -clang-build-session-file /Users/admin/builder/spi-builder-workspace/.derivedData/ModuleCache.noindex/Session.modulevalidation -Xcc -working-directory -Xcc /Users/admin/builder/spi-builder-workspace/.swiftpm/xcode -enable-anonymous-context-mangled-names -file-compilation-dir /Users/admin/builder/spi-builder-workspace/.swiftpm/xcode -Xcc -D_LIBCPP_HARDENING_MODE\=_LIBCPP_HARDENING_MODE_DEBUG -Xcc -ivfsstatcache -Xcc /Users/admin/builder/spi-builder-workspace/.derivedData/SDKStatCaches.noindex/watchos26.5-23T570-688ef53f1462e2c8f657fdc38a81448f7931b973dfc65d9472806dbbc3af9379.sdkstatcache -Xcc -I/Users/admin/builder/spi-builder-workspace/.derivedData/Build/Intermediates.noindex/OpenLibrary.build/Debug-watchos/OpenLibrary.build/swift-overrides.hmap -Xcc -I/Users/admin/builder/spi-builder-workspace/.derivedData/Build/Products/Debug-watchos/include -Xcc -I/Users/admin/builder/spi-builder-workspace/.derivedData/Build/Intermediates.noindex/OpenLibrary.build/Debug-watchos/OpenLibrary.build/DerivedSources-normal/arm64_32 -Xcc -I/Users/admin/builder/spi-builder-workspace/.derivedData/Build/Intermediates.noindex/OpenLibrary.build/Debug-watchos/OpenLibrary.build/DerivedSources/arm64_32 -Xcc -I/Users/admin/builder/spi-builder-workspace/.derivedData/Build/Intermediates.noindex/OpenLibrary.build/Debug-watchos/OpenLibrary.build/DerivedSources -Xcc -DSWIFT_PACKAGE -Xcc -DDEBUG\=1 -no-auto-bridging-header-chaining -module-name OpenLibrary -package-name spi_builder_workspace -frontend-parseable-output -disable-clang-spi -clang-target arm64_32-apple-watchos26.5 -target-sdk-version 26.5 -target-sdk-name watchos26.5 -in-process-plugin-server-path /Applications/Xcode-26.5.0.app/Contents/Developer/Toolchains/XcodeDefault.xctoolchain/usr/lib/swift/host/libSwiftInProcPluginServer.dylib -emit-module-doc-path /Users/admin/builder/spi-builder-workspace/.derivedData/Build/Intermediates.noindex/OpenLibrary.build/Debug-watchos/OpenLibrary.build/Objects-normal/arm64_32/OpenLibrary.swiftdoc -emit-module-source-info-path /Users/admin/builder/spi-builder-workspace/.derivedData/Build/Intermediates.noindex/OpenLibrary.build/Debug-watchos/OpenLibrary.build/Objects-normal/arm64_32/OpenLibrary.swiftsourceinfo -emit-objc-header-path /Users/admin/builder/spi-builder-workspace/.derivedData/Build/Intermediates.noindex/OpenLibrary.build/Debug-watchos/OpenLibrary.build/Objects-normal/arm64_32/OpenLibrary-Swift.h -serialize-diagnostics-path /Users/admin/builder/spi-builder-workspace/.derivedData/Build/Intermediates.noindex/OpenLibrary.build/Debug-watchos/openlibrary.build/Objects-normal/arm64_32/openlibrary-primary-emit-module.dia -emit-dependencies-path /Users/admin/builder/spi-builder-workspace/.derivedData/Build/Intermediates.noindex/OpenLibrary.build/Debug-watchos/openlibrary.build/Objects-normal/arm64_32/openlibrary-primary-emit-module.d -o /Users/admin/builder/spi-builder-workspace/.derivedData/Build/Intermediates.noindex/OpenLibrary.build/Debug-watchos/OpenLibrary.build/Objects-normal/arm64_32/OpenLibrary.swiftmodule -emit-abi-descriptor-path /Users/admin/builder/spi-builder-workspace/.derivedData/Build/Intermediates.noindex/OpenLibrary.build/Debug-watchos/OpenLibrary.build/Objects-normal/arm64_32/OpenLibrary.abi.json
SwiftCompile normal arm64_32 Compiling\ OpenLibraryCLI.swift /Users/admin/builder/spi-builder-workspace/Sources/OpenLibraryCLI/OpenLibraryCLI.swift (in target 'OpenLibrary' from project 'OpenLibrary')
SwiftCompile normal arm64_32 /Users/admin/builder/spi-builder-workspace/Sources/OpenLibraryCLI/OpenLibraryCLI.swift (in target 'OpenLibrary' from project 'OpenLibrary')
cd /Users/admin/builder/spi-builder-workspace/.swiftpm/xcode
SwiftCompile normal arm64_32 Compiling\ CommandParser.swift /Users/admin/builder/spi-builder-workspace/Sources/OpenLibraryCLI/CommandParser.swift (in target 'OpenLibrary' from project 'OpenLibrary')
SwiftCompile normal arm64_32 /Users/admin/builder/spi-builder-workspace/Sources/OpenLibraryCLI/CommandParser.swift (in target 'OpenLibrary' from project 'OpenLibrary')
cd /Users/admin/builder/spi-builder-workspace/.swiftpm/xcode
SwiftEmitModule normal armv7k Emitting\ module\ for\ OpenLibrary (in target 'OpenLibrary' from project 'OpenLibrary')
Failed frontend command:
/Applications/Xcode-26.5.0.app/Contents/Developer/Toolchains/XcodeDefault.xctoolchain/usr/bin/swift-frontend -frontend -emit-module -experimental-skip-non-inlinable-function-bodies-without-types /Users/admin/builder/spi-builder-workspace/Sources/OpenLibraryCLI/CommandParser.swift /Users/admin/builder/spi-builder-workspace/Sources/OpenLibraryCLI/OpenLibraryCLI.swift -target armv7k-apple-watchos8.0 -load-resolved-plugin /Applications/Xcode-26.5.0.app/Contents/Developer/Platforms/WatchOS.platform/Developer/usr/lib/swift/host/plugins/libFoundationMacros.dylib\#/Applications/Xcode-26.5.0.app/Contents/Developer/Platforms/WatchOS.platform/Developer/usr/bin/swift-plugin-server\#FoundationMacros -load-resolved-plugin /Applications/Xcode-26.5.0.app/Contents/Developer/Platforms/WatchOS.platform/Developer/usr/lib/swift/host/plugins/libObservationMacros.dylib\#/Applications/Xcode-26.5.0.app/Contents/Developer/Platforms/WatchOS.platform/Developer/usr/bin/swift-plugin-server\#ObservationMacros -load-resolved-plugin /Applications/Xcode-26.5.0.app/Contents/Developer/Platforms/WatchOS.platform/Developer/usr/lib/swift/host/plugins/libSwiftMacros.dylib\#/Applications/Xcode-26.5.0.app/Contents/Developer/Platforms/WatchOS.platform/Developer/usr/bin/swift-plugin-server\#SwiftMacros -disable-implicit-swift-modules -Xcc -fno-implicit-modules -Xcc -fno-implicit-module-maps -explicit-swift-module-map-file /Users/admin/builder/spi-builder-workspace/.derivedData/Build/Intermediates.noindex/OpenLibrary.build/Debug-watchos/OpenLibrary.build/Objects-normal/armv7k/OpenLibrary-dependencies-3.json -enable-objc-interop -stack-check -sdk /Applications/Xcode-26.5.0.app/Contents/Developer/Platforms/WatchOS.platform/Developer/SDKs/WatchOS26.5.sdk -I /Users/admin/builder/spi-builder-workspace/.derivedData/Build/Products/Debug-watchos -Isystem /Applications/Xcode-26.5.0.app/Contents/Developer/Platforms/WatchOS.platform/Developer/usr/lib -F /Users/admin/builder/spi-builder-workspace/.derivedData/Build/Products/Debug-watchos -F /Applications/Xcode-26.5.0.app/Contents/Developer/Platforms/WatchOS.platform/Developer/Library/Frameworks -F /Applications/Xcode-26.5.0.app/Contents/Developer/Platforms/WatchOS.platform/Developer/SDKs/WatchOS26.5.sdk/Developer/Library/Frameworks -no-color-diagnostics -Xcc -fno-color-diagnostics -enable-testing -g -debug-info-format\=dwarf -dwarf-version\=4 -module-cache-path /Users/admin/builder/spi-builder-workspace/.derivedData/Build/Intermediates.noindex/SwiftExplicitPrecompiledModules -profile-generate -profile-coverage-mapping -swift-version 6 -Onone -D SWIFT_PACKAGE -D DEBUG -D SWIFT_MODULE_RESOURCE_BUNDLE_UNAVAILABLE -D Xcode -serialize-debugging-options -const-gather-protocols-file /Users/admin/builder/spi-builder-workspace/.derivedData/Build/Intermediates.noindex/OpenLibrary.build/Debug-watchos/OpenLibrary.build/Objects-normal/armv7k/OpenLibrary_const_extract_protocols.json -enable-experimental-feature DebugDescriptionMacro -empty-abi-descriptor -validate-clang-modules-once -clang-build-session-file /Users/admin/builder/spi-builder-workspace/.derivedData/ModuleCache.noindex/Session.modulevalidation -Xcc -working-directory -Xcc /Users/admin/builder/spi-builder-workspace/.swiftpm/xcode -enable-anonymous-context-mangled-names -file-compilation-dir /Users/admin/builder/spi-builder-workspace/.swiftpm/xcode -Xcc -D_LIBCPP_HARDENING_MODE\=_LIBCPP_HARDENING_MODE_DEBUG -Xcc -ivfsstatcache -Xcc /Users/admin/builder/spi-builder-workspace/.derivedData/SDKStatCaches.noindex/watchos26.5-23T570-688ef53f1462e2c8f657fdc38a81448f7931b973dfc65d9472806dbbc3af9379.sdkstatcache -Xcc -I/Users/admin/builder/spi-builder-workspace/.derivedData/Build/Intermediates.noindex/OpenLibrary.build/Debug-watchos/OpenLibrary.build/swift-overrides.hmap -Xcc -I/Users/admin/builder/spi-builder-workspace/.derivedData/Build/Products/Debug-watchos/include -Xcc -I/Users/admin/builder/spi-builder-workspace/.derivedData/Build/Intermediates.noindex/OpenLibrary.build/Debug-watchos/OpenLibrary.build/DerivedSources-normal/armv7k -Xcc -I/Users/admin/builder/spi-builder-workspace/.derivedData/Build/Intermediates.noindex/OpenLibrary.build/Debug-watchos/OpenLibrary.build/DerivedSources/armv7k -Xcc -I/Users/admin/builder/spi-builder-workspace/.derivedData/Build/Intermediates.noindex/OpenLibrary.build/Debug-watchos/OpenLibrary.build/DerivedSources -Xcc -DSWIFT_PACKAGE -Xcc -DDEBUG\=1 -no-auto-bridging-header-chaining -module-name OpenLibrary -package-name spi_builder_workspace -frontend-parseable-output -disable-clang-spi -clang-target armv7k-apple-watchos26.5 -target-sdk-version 26.5 -target-sdk-name watchos26.5 -in-process-plugin-server-path /Applications/Xcode-26.5.0.app/Contents/Developer/Toolchains/XcodeDefault.xctoolchain/usr/lib/swift/host/libSwiftInProcPluginServer.dylib -emit-module-doc-path /Users/admin/builder/spi-builder-workspace/.derivedData/Build/Intermediates.noindex/OpenLibrary.build/Debug-watchos/OpenLibrary.build/Objects-normal/armv7k/OpenLibrary.swiftdoc -emit-module-source-info-path /Users/admin/builder/spi-builder-workspace/.derivedData/Build/Intermediates.noindex/OpenLibrary.build/Debug-watchos/OpenLibrary.build/Objects-normal/armv7k/OpenLibrary.swiftsourceinfo -emit-objc-header-path /Users/admin/builder/spi-builder-workspace/.derivedData/Build/Intermediates.noindex/OpenLibrary.build/Debug-watchos/OpenLibrary.build/Objects-normal/armv7k/OpenLibrary-Swift.h -serialize-diagnostics-path /Users/admin/builder/spi-builder-workspace/.derivedData/Build/Intermediates.noindex/OpenLibrary.build/Debug-watchos/openlibrary.build/Objects-normal/armv7k/openlibrary-primary-emit-module.dia -emit-dependencies-path /Users/admin/builder/spi-builder-workspace/.derivedData/Build/Intermediates.noindex/OpenLibrary.build/Debug-watchos/openlibrary.build/Objects-normal/armv7k/openlibrary-primary-emit-module.d -o /Users/admin/builder/spi-builder-workspace/.derivedData/Build/Intermediates.noindex/OpenLibrary.build/Debug-watchos/OpenLibrary.build/Objects-normal/armv7k/OpenLibrary.swiftmodule -emit-abi-descriptor-path /Users/admin/builder/spi-builder-workspace/.derivedData/Build/Intermediates.noindex/OpenLibrary.build/Debug-watchos/OpenLibrary.build/Objects-normal/armv7k/OpenLibrary.abi.json
EmitSwiftModule normal armv7k (in target 'OpenLibrary' from project 'OpenLibrary')
cd /Users/admin/builder/spi-builder-workspace/.swiftpm/xcode
/Users/admin/builder/spi-builder-workspace/Sources/OpenLibraryCLI/OpenLibraryCLI.swift:8:8: warning: file 'OpenLibraryCLI.swift' is part of module 'OpenLibrary'; ignoring import
import OpenLibrary
^
/Users/admin/builder/spi-builder-workspace/Sources/OpenLibraryCLI/OpenLibraryCLI.swift:43:15: error: cannot find type 'OpenLibrarySearchResult' in scope
_ books: [OpenLibrarySearchResult],
^~~~~~~~~~~~~~~~~~~~~~~
/Users/admin/builder/spi-builder-workspace/Sources/OpenLibraryCLI/OpenLibraryCLI.swift:67:18: error: cannot find type 'OpenLibraryEdition' in scope
_ editions: [OpenLibraryEdition],
^~~~~~~~~~~~~~~~~~
SwiftCompile normal arm64 Compiling\ CommandParser.swift /Users/admin/builder/spi-builder-workspace/Sources/OpenLibraryCLI/CommandParser.swift (in target 'OpenLibrary' from project 'OpenLibrary')
SwiftCompile normal arm64 /Users/admin/builder/spi-builder-workspace/Sources/OpenLibraryCLI/CommandParser.swift (in target 'OpenLibrary' from project 'OpenLibrary')
cd /Users/admin/builder/spi-builder-workspace/.swiftpm/xcode
SwiftEmitModule normal arm64 Emitting\ module\ for\ OpenLibrary (in target 'OpenLibrary' from project 'OpenLibrary')
Failed frontend command:
/Applications/Xcode-26.5.0.app/Contents/Developer/Toolchains/XcodeDefault.xctoolchain/usr/bin/swift-frontend -frontend -emit-module -experimental-skip-non-inlinable-function-bodies-without-types /Users/admin/builder/spi-builder-workspace/Sources/OpenLibraryCLI/CommandParser.swift /Users/admin/builder/spi-builder-workspace/Sources/OpenLibraryCLI/OpenLibraryCLI.swift -target arm64-apple-watchos8.0 -load-resolved-plugin /Applications/Xcode-26.5.0.app/Contents/Developer/Platforms/WatchOS.platform/Developer/usr/lib/swift/host/plugins/libFoundationMacros.dylib\#/Applications/Xcode-26.5.0.app/Contents/Developer/Platforms/WatchOS.platform/Developer/usr/bin/swift-plugin-server\#FoundationMacros -load-resolved-plugin /Applications/Xcode-26.5.0.app/Contents/Developer/Platforms/WatchOS.platform/Developer/usr/lib/swift/host/plugins/libObservationMacros.dylib\#/Applications/Xcode-26.5.0.app/Contents/Developer/Platforms/WatchOS.platform/Developer/usr/bin/swift-plugin-server\#ObservationMacros -load-resolved-plugin /Applications/Xcode-26.5.0.app/Contents/Developer/Platforms/WatchOS.platform/Developer/usr/lib/swift/host/plugins/libSwiftMacros.dylib\#/Applications/Xcode-26.5.0.app/Contents/Developer/Platforms/WatchOS.platform/Developer/usr/bin/swift-plugin-server\#SwiftMacros -disable-implicit-swift-modules -Xcc -fno-implicit-modules -Xcc -fno-implicit-module-maps -explicit-swift-module-map-file /Users/admin/builder/spi-builder-workspace/.derivedData/Build/Intermediates.noindex/OpenLibrary.build/Debug-watchos/OpenLibrary.build/Objects-normal/arm64/OpenLibrary-dependencies-2.json -Xllvm -aarch64-use-tbi -enable-objc-interop -stack-check -sdk /Applications/Xcode-26.5.0.app/Contents/Developer/Platforms/WatchOS.platform/Developer/SDKs/WatchOS26.5.sdk -I /Users/admin/builder/spi-builder-workspace/.derivedData/Build/Products/Debug-watchos -Isystem /Applications/Xcode-26.5.0.app/Contents/Developer/Platforms/WatchOS.platform/Developer/usr/lib -F /Users/admin/builder/spi-builder-workspace/.derivedData/Build/Products/Debug-watchos -F /Applications/Xcode-26.5.0.app/Contents/Developer/Platforms/WatchOS.platform/Developer/Library/Frameworks -F /Applications/Xcode-26.5.0.app/Contents/Developer/Platforms/WatchOS.platform/Developer/SDKs/WatchOS26.5.sdk/Developer/Library/Frameworks -no-color-diagnostics -Xcc -fno-color-diagnostics -enable-testing -g -debug-info-format\=dwarf -dwarf-version\=4 -module-cache-path /Users/admin/builder/spi-builder-workspace/.derivedData/Build/Intermediates.noindex/SwiftExplicitPrecompiledModules -profile-generate -profile-coverage-mapping -swift-version 6 -Onone -D SWIFT_PACKAGE -D DEBUG -D SWIFT_MODULE_RESOURCE_BUNDLE_UNAVAILABLE -D Xcode -serialize-debugging-options -const-gather-protocols-file /Users/admin/builder/spi-builder-workspace/.derivedData/Build/Intermediates.noindex/OpenLibrary.build/Debug-watchos/OpenLibrary.build/Objects-normal/arm64/OpenLibrary_const_extract_protocols.json -enable-experimental-feature DebugDescriptionMacro -empty-abi-descriptor -validate-clang-modules-once -clang-build-session-file /Users/admin/builder/spi-builder-workspace/.derivedData/ModuleCache.noindex/Session.modulevalidation -Xcc -working-directory -Xcc /Users/admin/builder/spi-builder-workspace/.swiftpm/xcode -enable-anonymous-context-mangled-names -file-compilation-dir /Users/admin/builder/spi-builder-workspace/.swiftpm/xcode -Xcc -D_LIBCPP_HARDENING_MODE\=_LIBCPP_HARDENING_MODE_DEBUG -Xcc -ivfsstatcache -Xcc /Users/admin/builder/spi-builder-workspace/.derivedData/SDKStatCaches.noindex/watchos26.5-23T570-688ef53f1462e2c8f657fdc38a81448f7931b973dfc65d9472806dbbc3af9379.sdkstatcache -Xcc -I/Users/admin/builder/spi-builder-workspace/.derivedData/Build/Intermediates.noindex/OpenLibrary.build/Debug-watchos/OpenLibrary.build/swift-overrides.hmap -Xcc -I/Users/admin/builder/spi-builder-workspace/.derivedData/Build/Products/Debug-watchos/include -Xcc -I/Users/admin/builder/spi-builder-workspace/.derivedData/Build/Intermediates.noindex/OpenLibrary.build/Debug-watchos/OpenLibrary.build/DerivedSources-normal/arm64 -Xcc -I/Users/admin/builder/spi-builder-workspace/.derivedData/Build/Intermediates.noindex/OpenLibrary.build/Debug-watchos/OpenLibrary.build/DerivedSources/arm64 -Xcc -I/Users/admin/builder/spi-builder-workspace/.derivedData/Build/Intermediates.noindex/OpenLibrary.build/Debug-watchos/OpenLibrary.build/DerivedSources -Xcc -DSWIFT_PACKAGE -Xcc -DDEBUG\=1 -no-auto-bridging-header-chaining -module-name OpenLibrary -package-name spi_builder_workspace -frontend-parseable-output -disable-clang-spi -clang-target arm64-apple-watchos26.5 -target-sdk-version 26.5 -target-sdk-name watchos26.5 -in-process-plugin-server-path /Applications/Xcode-26.5.0.app/Contents/Developer/Toolchains/XcodeDefault.xctoolchain/usr/lib/swift/host/libSwiftInProcPluginServer.dylib -emit-module-doc-path /Users/admin/builder/spi-builder-workspace/.derivedData/Build/Intermediates.noindex/OpenLibrary.build/Debug-watchos/OpenLibrary.build/Objects-normal/arm64/OpenLibrary.swiftdoc -emit-module-source-info-path /Users/admin/builder/spi-builder-workspace/.derivedData/Build/Intermediates.noindex/OpenLibrary.build/Debug-watchos/OpenLibrary.build/Objects-normal/arm64/OpenLibrary.swiftsourceinfo -emit-objc-header-path /Users/admin/builder/spi-builder-workspace/.derivedData/Build/Intermediates.noindex/OpenLibrary.build/Debug-watchos/OpenLibrary.build/Objects-normal/arm64/OpenLibrary-Swift.h -serialize-diagnostics-path /Users/admin/builder/spi-builder-workspace/.derivedData/Build/Intermediates.noindex/OpenLibrary.build/Debug-watchos/openlibrary.build/Objects-normal/arm64/openlibrary-primary-emit-module.dia -emit-dependencies-path /Users/admin/builder/spi-builder-workspace/.derivedData/Build/Intermediates.noindex/OpenLibrary.build/Debug-watchos/openlibrary.build/Objects-normal/arm64/openlibrary-primary-emit-module.d -o /Users/admin/builder/spi-builder-workspace/.derivedData/Build/Intermediates.noindex/OpenLibrary.build/Debug-watchos/OpenLibrary.build/Objects-normal/arm64/OpenLibrary.swiftmodule -emit-abi-descriptor-path /Users/admin/builder/spi-builder-workspace/.derivedData/Build/Intermediates.noindex/OpenLibrary.build/Debug-watchos/OpenLibrary.build/Objects-normal/arm64/OpenLibrary.abi.json
EmitSwiftModule normal arm64 (in target 'OpenLibrary' from project 'OpenLibrary')
cd /Users/admin/builder/spi-builder-workspace/.swiftpm/xcode
/Users/admin/builder/spi-builder-workspace/Sources/OpenLibraryCLI/OpenLibraryCLI.swift:8:8: warning: file 'OpenLibraryCLI.swift' is part of module 'OpenLibrary'; ignoring import
import OpenLibrary
^
/Users/admin/builder/spi-builder-workspace/Sources/OpenLibraryCLI/OpenLibraryCLI.swift:43:15: error: cannot find type 'OpenLibrarySearchResult' in scope
_ books: [OpenLibrarySearchResult],
^~~~~~~~~~~~~~~~~~~~~~~
/Users/admin/builder/spi-builder-workspace/Sources/OpenLibraryCLI/OpenLibraryCLI.swift:67:18: error: cannot find type 'OpenLibraryEdition' in scope
_ editions: [OpenLibraryEdition],
^~~~~~~~~~~~~~~~~~
SwiftCompile normal armv7k Compiling\ OpenLibraryCLI.swift /Users/admin/builder/spi-builder-workspace/Sources/OpenLibraryCLI/OpenLibraryCLI.swift (in target 'OpenLibrary' from project 'OpenLibrary')
SwiftCompile normal armv7k /Users/admin/builder/spi-builder-workspace/Sources/OpenLibraryCLI/OpenLibraryCLI.swift (in target 'OpenLibrary' from project 'OpenLibrary')
cd /Users/admin/builder/spi-builder-workspace/.swiftpm/xcode
SwiftCompile normal armv7k Compiling\ CommandParser.swift /Users/admin/builder/spi-builder-workspace/Sources/OpenLibraryCLI/CommandParser.swift (in target 'OpenLibrary' from project 'OpenLibrary')
SwiftCompile normal armv7k /Users/admin/builder/spi-builder-workspace/Sources/OpenLibraryCLI/CommandParser.swift (in target 'OpenLibrary' from project 'OpenLibrary')
cd /Users/admin/builder/spi-builder-workspace/.swiftpm/xcode
SwiftCompile normal arm64 Compiling\ OpenLibraryCLI.swift /Users/admin/builder/spi-builder-workspace/Sources/OpenLibraryCLI/OpenLibraryCLI.swift (in target 'OpenLibrary' from project 'OpenLibrary')
SwiftCompile normal arm64 /Users/admin/builder/spi-builder-workspace/Sources/OpenLibraryCLI/OpenLibraryCLI.swift (in target 'OpenLibrary' from project 'OpenLibrary')
cd /Users/admin/builder/spi-builder-workspace/.swiftpm/xcode
2026-10-24 19:22:29.258 xcodebuild[851:4839] [MT] IDERunDestination: Supported platforms for the buildables in the current scheme is empty.
/Users/admin/builder/spi-builder-workspace/Sources/OpenLibraryCLI/OpenLibraryCLI.swift:8:8: warning: file 'OpenLibraryCLI.swift' is part of module 'OpenLibrary'; ignoring import
import OpenLibrary
^
/Users/admin/builder/spi-builder-workspace/Sources/OpenLibraryCLI/OpenLibraryCLI.swift:8:8: warning: file 'OpenLibraryCLI.swift' is part of module 'OpenLibrary'; ignoring import
import OpenLibrary
^
/Users/admin/builder/spi-builder-workspace/Sources/OpenLibraryCLI/OpenLibraryCLI.swift:8:8: warning: file 'OpenLibraryCLI.swift' is part of module 'OpenLibrary'; ignoring import
import OpenLibrary
^
** BUILD FAILED **
The following build commands failed:
EmitSwiftModule normal arm64_32 (in target 'OpenLibrary' from project 'OpenLibrary')
SwiftEmitModule normal arm64_32 Emitting\ module\ for\ OpenLibrary (in target 'OpenLibrary' from project 'OpenLibrary')
SwiftEmitModule normal armv7k Emitting\ module\ for\ OpenLibrary (in target 'OpenLibrary' from project 'OpenLibrary')
EmitSwiftModule normal armv7k (in target 'OpenLibrary' from project 'OpenLibrary')
SwiftEmitModule normal arm64 Emitting\ module\ for\ OpenLibrary (in target 'OpenLibrary' from project 'OpenLibrary')
EmitSwiftModule normal arm64 (in target 'OpenLibrary' from project 'OpenLibrary')
Building workspace spi-builder-workspace with scheme OpenLibrary-Package
(7 failures)
BUILD FAILURE 6.3 watchOS