The Swift Package Index logo.Swift Package Index

Build Information

Failed to build AboutThisApp, reference 2.0.1 (3a9380), with Swift 6.4 for macOS (Xcode) using Xcode 27.0 on 20 Sep 2026 06:44:28 UTC.

Build Command

env DEVELOPER_DIR=/Applications/Xcode-27.0.0-Release.Candidate.app xcrun xcodebuild -IDEClonedSourcePackagesDirPathOverride=$PWD/.dependencies -skipMacroValidation -skipPackagePluginValidation -derivedDataPath $PWD/.derivedData build -scheme AboutThisApp -destination platform=macOS,arch=arm64

Build Log

========================================
RunAll
========================================
Builder version: 5.1.0
Interrupt handler set up.
========================================
Checkout
========================================
Clone URL: https://github.com/hexedbits/AboutThisApp.git
Reference: 2.0.1
Initialized empty Git repository in /Users/admin/builder/spi-builder-workspace/.git/
From https://github.com/hexedbits/AboutThisApp
 * tag               2.0.1      -> FETCH_HEAD
HEAD is now at 3a9380e [2.0.1] release. gen docs. bump version.
Cloned https://github.com/hexedbits/AboutThisApp.git
Revision (git rev-parse @):
3a9380ee7b2c9fc7e90cc3609c50b69034036c30
SPI manifest file found: $PWD/.spi.yml
SUCCESS checkout https://github.com/hexedbits/AboutThisApp.git at 2.0.1
========================================
Build
========================================
Selected platform:         macosXcodebuild
Swift version:             6.4
Building package at path:  $PWD
https://github.com/hexedbits/AboutThisApp.git
Command line invocation:
    /Applications/Xcode-27.0.0-Release.Candidate.app/Contents/Developer/usr/bin/xcodebuild -IDEClonedSourcePackagesDirPathOverride=/Users/admin/builder/spi-builder-workspace/.dependencies -resolvePackageDependencies
resolved source packages:
{
  "dependencies" : [
  ],
  "manifest_display_name" : "AboutThisApp",
  "name" : "AboutThisApp",
  "path" : "/Users/admin/builder/spi-builder-workspace",
  "platforms" : [
    {
      "name" : "macos",
      "version" : "11.0"
    }
  ],
  "products" : [
    {
      "name" : "AboutThisApp",
      "targets" : [
        "AboutThisApp"
      ],
      "type" : {
        "library" : [
          "automatic"
        ]
      }
    }
  ],
  "swift_languages_versions" : [
    "5"
  ],
  "targets" : [
    {
      "c99name" : "AboutThisAppTests",
      "module_type" : "SwiftTarget",
      "name" : "AboutThisAppTests",
      "path" : "Tests",
      "sources" : [
        "AboutThisAppTests.swift"
      ],
      "target_dependencies" : [
        "AboutThisApp"
      ],
      "type" : "test"
    },
    {
      "c99name" : "AboutThisApp",
      "module_type" : "SwiftTarget",
      "name" : "AboutThisApp",
      "path" : "Sources",
      "product_memberships" : [
        "AboutThisApp"
      ],
      "sources" : [
        "AboutThisAppPanel.swift",
        "AboutThisAppView.swift",
        "AboutThisAppViewController.swift",
        "AppMetadata.swift",
        "Bundle+Extensions.swift",
        "NSImage+Extensions.swift",
        "NSTextField+Extensions.swift",
        "URL+Extensions.swift"
      ],
      "type" : "library"
    }
  ],
  "tools_version" : "5.9"
}
{
  "project" : {
    "configurations" : [
      "Debug",
      "Release"
    ],
    "name" : "AboutThisApp",
    "schemes" : [
      "AboutThisApp"
    ],
    "targets" : [
      "AboutThisApp",
      "AboutThisAppTests"
    ]
  }
}
Running build ...
env DEVELOPER_DIR=/Applications/Xcode-27.0.0-Release.Candidate.app xcrun xcodebuild -IDEClonedSourcePackagesDirPathOverride=$PWD/.dependencies -skipMacroValidation -skipPackagePluginValidation -derivedDataPath $PWD/.derivedData build -scheme AboutThisApp -destination platform=macOS,arch=arm64
Command line invocation:
    /Applications/Xcode-27.0.0-Release.Candidate.app/Contents/Developer/usr/bin/xcodebuild -IDEClonedSourcePackagesDirPathOverride=/Users/admin/builder/spi-builder-workspace/.dependencies -skipMacroValidation -skipPackagePluginValidation -derivedDataPath /Users/admin/builder/spi-builder-workspace/.derivedData build -scheme AboutThisApp -destination platform=macOS,arch=arm64
ComputePackagePrebuildTargetDependencyGraph
Prepare packages
CreateBuildRequest
SendProjectDescription
CreateBuildOperation
ComputeTargetDependencyGraph
note: Building targets in dependency order
note: Target dependency graph (1 target)
    Target 'AboutThisApp' in project 'AboutThisApp' (no dependencies)
GatherProvisioningInputs
CreateBuildDescription
ExecuteExternalTool /Applications/Xcode-27.0.0-Release.Candidate.app/Contents/Developer/Toolchains/XcodeDefault.xctoolchain/usr/bin/clang -v -E -dM -isysroot /Applications/Xcode-27.0.0-Release.Candidate.app/Contents/Developer/Platforms/MacOSX.platform/Developer/SDKs/MacOSX27.0.sdk -x c -c /dev/null
ExecuteExternalTool /Applications/Xcode-27.0.0-Release.Candidate.app/Contents/Developer/Toolchains/XcodeDefault.xctoolchain/usr/bin/clang -v -E -dM -arch arm64 -isysroot /Applications/Xcode-27.0.0-Release.Candidate.app/Contents/Developer/Platforms/MacOSX.platform/Developer/SDKs/MacOSX27.0.sdk -x c -c /dev/null
ExecuteExternalTool /Applications/Xcode-27.0.0-Release.Candidate.app/Contents/Developer/Toolchains/XcodeDefault.xctoolchain/usr/bin/swiftc --version
ExecuteExternalTool /Applications/Xcode-27.0.0-Release.Candidate.app/Contents/Developer/Toolchains/XcodeDefault.xctoolchain/usr/bin/ld -version_details
Build description signature: 22a07bef08e3a44ad4c291e270df8023
Build description path: /Users/admin/builder/spi-builder-workspace/.derivedData/Build/Intermediates.noindex/XCBuildData/22a07bef08e3a44ad4c291e270df8023.xcbuilddata
/Users/admin/builder/spi-builder-workspace/AboutThisApp.xcodeproj: error: The macOS deployment target 'MACOSX_DEPLOYMENT_TARGET' is set to 11.0, but the range of supported deployment target versions is 12.0 to 27.0.x. (in target 'AboutThisApp' from project 'AboutThisApp')
note: Run script build phase 'SwiftLint' will be run during every build because the option to run the script phase "Based on dependency analysis" is unchecked. (in target 'AboutThisApp' from project 'AboutThisApp')
** BUILD FAILED **
The following build commands failed:
	Building project AboutThisApp with scheme AboutThisApp
(1 failure)
Command line invocation:
    /Applications/Xcode-27.0.0-Release.Candidate.app/Contents/Developer/usr/bin/xcodebuild -IDEClonedSourcePackagesDirPathOverride=/Users/admin/builder/spi-builder-workspace/.dependencies -resolvePackageDependencies
resolved source packages:
{
  "dependencies" : [
  ],
  "manifest_display_name" : "AboutThisApp",
  "name" : "AboutThisApp",
  "path" : "/Users/admin/builder/spi-builder-workspace",
  "platforms" : [
    {
      "name" : "macos",
      "version" : "11.0"
    }
  ],
  "products" : [
    {
      "name" : "AboutThisApp",
      "targets" : [
        "AboutThisApp"
      ],
      "type" : {
        "library" : [
          "automatic"
        ]
      }
    }
  ],
  "swift_languages_versions" : [
    "5"
  ],
  "targets" : [
    {
      "c99name" : "AboutThisAppTests",
      "module_type" : "SwiftTarget",
      "name" : "AboutThisAppTests",
      "path" : "Tests",
      "sources" : [
        "AboutThisAppTests.swift"
      ],
      "target_dependencies" : [
        "AboutThisApp"
      ],
      "type" : "test"
    },
    {
      "c99name" : "AboutThisApp",
      "module_type" : "SwiftTarget",
      "name" : "AboutThisApp",
      "path" : "Sources",
      "product_memberships" : [
        "AboutThisApp"
      ],
      "sources" : [
        "AboutThisAppPanel.swift",
        "AboutThisAppView.swift",
        "AboutThisAppViewController.swift",
        "AppMetadata.swift",
        "Bundle+Extensions.swift",
        "NSImage+Extensions.swift",
        "NSTextField+Extensions.swift",
        "URL+Extensions.swift"
      ],
      "type" : "library"
    }
  ],
  "tools_version" : "5.9"
}
{
  "project" : {
    "configurations" : [
      "Debug",
      "Release"
    ],
    "name" : "AboutThisApp",
    "schemes" : [
      "AboutThisApp"
    ],
    "targets" : [
      "AboutThisApp",
      "AboutThisAppTests"
    ]
  }
}
Running build ...
env DEVELOPER_DIR=/Applications/Xcode-27.0.0-Release.Candidate.app xcrun xcodebuild -IDEClonedSourcePackagesDirPathOverride=$PWD/.dependencies -skipMacroValidation -skipPackagePluginValidation -derivedDataPath $PWD/.derivedData build -scheme AboutThisApp -destination platform=macOS,arch=arm64
Command line invocation:
    /Applications/Xcode-27.0.0-Release.Candidate.app/Contents/Developer/usr/bin/xcodebuild -IDEClonedSourcePackagesDirPathOverride=/Users/admin/builder/spi-builder-workspace/.dependencies -skipMacroValidation -skipPackagePluginValidation -derivedDataPath /Users/admin/builder/spi-builder-workspace/.derivedData build -scheme AboutThisApp -destination platform=macOS,arch=arm64
ComputePackagePrebuildTargetDependencyGraph
Prepare packages
CreateBuildRequest
SendProjectDescription
CreateBuildOperation
ComputeTargetDependencyGraph
note: Building targets in dependency order
note: Target dependency graph (1 target)
    Target 'AboutThisApp' in project 'AboutThisApp' (no dependencies)
GatherProvisioningInputs
CreateBuildDescription
/Users/admin/builder/spi-builder-workspace/AboutThisApp.xcodeproj: error: The macOS deployment target 'MACOSX_DEPLOYMENT_TARGET' is set to 11.0, but the range of supported deployment target versions is 12.0 to 27.0.x. (in target 'AboutThisApp' from project 'AboutThisApp')
note: Run script build phase 'SwiftLint' will be run during every build because the option to run the script phase "Based on dependency analysis" is unchecked. (in target 'AboutThisApp' from project 'AboutThisApp')
** BUILD FAILED **
The following build commands failed:
	Building project AboutThisApp with scheme AboutThisApp
(1 failure)
BUILD FAILURE 6.4 macosXcodebuild