The Swift Package Index logo.Swift Package Index

Build Information

Failed to build ContainerController, reference 1.1.6 (8bff1e), with Swift 6.4 for tvOS using Xcode 27.0 on 20 Sep 2026 22:18:06 UTC.

Build Command

No build command. This typically means the build failed at an early stage where we determine the build command.

Build Log

========================================
RunAll
========================================
Builder version: 5.1.0
Interrupt handler set up.
========================================
Checkout
========================================
Clone URL: https://github.com/mrustaa/ContainerController.git
Reference: 1.1.6
Initialized empty Git repository in /Users/admin/builder/spi-builder-workspace/.git/
From https://github.com/mrustaa/ContainerController
 * tag               1.1.6      -> FETCH_HEAD
HEAD is now at 8bff1e5 UI edits/corrections - for the new xcode version
Cloned https://github.com/mrustaa/ContainerController.git
Revision (git rev-parse @):
8bff1e5c245410308ab5955ef602c26fafb1e054
SUCCESS checkout https://github.com/mrustaa/ContainerController.git at 1.1.6
========================================
Build
========================================
Selected platform:         tvOS
Swift version:             6.4
Building package at path:  $PWD
https://github.com/mrustaa/ContainerController.git
Command line invocation:
    /Applications/Xcode-27.0.0-Release.Candidate.app/Contents/Developer/usr/bin/xcodebuild -IDEClonedSourcePackagesDirPathOverride=/Users/admin/builder/spi-builder-workspace/.dependencies -resolvePackageDependencies
2026-09-20 18:18:05.212 xcodebuild[529:3025] Writing error result bundle to /var/folders/xq/y_g06wb113726d38xsyx71_h0000gn/T/ResultBundle_2026-20-09_18-18-0005.xcresult
xcodebuild: error: 'ContainerControllerSwift.xcworkspace' is not a workspace file.
Command line invocation:
    /Applications/Xcode-27.0.0-Release.Candidate.app/Contents/Developer/usr/bin/xcodebuild -IDEClonedSourcePackagesDirPathOverride=/Users/admin/builder/spi-builder-workspace/.dependencies -resolvePackageDependencies
2026-09-20 18:18:06.121 xcodebuild[539:3100] Writing error result bundle to /var/folders/xq/y_g06wb113726d38xsyx71_h0000gn/T/ResultBundle_2026-20-09_18-18-0006.xcresult
xcodebuild: error: 'ContainerControllerSwift.xcworkspace' is not a workspace file.
BUILD FAILURE 6.4 tvOS