The Swift Package Index logo.Swift Package Index

Build Information

Failed to build StORM, reference 3.3.0 (6b29b6), with Swift 6.4 for watchOS using Xcode 27.0 on 16 Sep 2026 04:45:09 UTC.

Build Command

env DEVELOPER_DIR=/Applications/Xcode-27.0.0-Release.Candidate.app xcrun xcodebuild -IDEClonedSourcePackagesDirPathOverride=$PWD/.dependencies -skipMacroValidation -skipPackagePluginValidation -derivedDataPath $PWD/.derivedData build -scheme StORM -destination generic/platform=watchOS

Build Log

========================================
RunAll
========================================
Builder version: 5.1.0
Interrupt handler set up.
========================================
Checkout
========================================
Clone URL: https://github.com/SwiftORM/Storm.git
Reference: 3.3.0
Initialized empty Git repository in /Users/admin/builder/spi-builder-workspace/.git/
From https://github.com/SwiftORM/Storm
 * tag               3.3.0      -> FETCH_HEAD
HEAD is now at 6b29b65 Switched back moment repo
Cloned https://github.com/SwiftORM/Storm.git
Revision (git rev-parse @):
6b29b65bae2b15c7c32c151141f9b3345ec7c881
SUCCESS checkout https://github.com/SwiftORM/Storm.git at 3.3.0
========================================
Build
========================================
Selected platform:         watchOS
Swift version:             6.4
Building package at path:  $PWD
https://github.com/SwiftORM/Storm.git
Command line invocation:
    /Applications/Xcode-27.0.0-Release.Candidate.app/Contents/Developer/usr/bin/xcodebuild -IDEClonedSourcePackagesDirPathOverride=/Users/admin/builder/spi-builder-workspace/.dependencies -resolvePackageDependencies
Resolve Package Graph
Fetching from https://github.com/iamjono/SwiftMoment.git
Fetching from https://github.com/PerfectlySoft/PerfectLib.git
Creating working copy of package ‘PerfectLib’
Checking out 3.1.4 of package ‘PerfectLib’
Creating working copy of package ‘SwiftMoment’
Checking out 1.3.0 of package ‘SwiftMoment’
Resolve Package Graph
Resolved source packages:
  StORM: /Users/admin/builder/spi-builder-workspace
  SwiftMoment: https://github.com/iamjono/SwiftMoment.git @ 1.3.0
  PerfectLib: https://github.com/PerfectlySoft/PerfectLib.git @ 3.1.4
resolved source packages: StORM, SwiftMoment, PerfectLib
2026-09-16 00:44:16.834 xcodebuild[525:3007] [MT] IDERunDestination: Supported platforms for the buildables in the current scheme is empty.
{
  "dependencies" : [
    {
      "identity" : "perfectlib",
      "requirement" : {
        "range" : [
          {
            "lower_bound" : "3.0.0",
            "upper_bound" : "4.0.0"
          }
        ]
      },
      "type" : "sourceControl",
      "url" : "https://github.com/PerfectlySoft/PerfectLib.git"
    },
    {
      "identity" : "swiftmoment",
      "requirement" : {
        "range" : [
          {
            "lower_bound" : "1.0.0",
            "upper_bound" : "2.0.0"
          }
        ]
      },
      "type" : "sourceControl",
      "url" : "https://github.com/iamjono/SwiftMoment.git"
    }
  ],
  "manifest_display_name" : "StORM",
  "name" : "StORM",
  "path" : "/Users/admin/builder/spi-builder-workspace",
  "platforms" : [
  ],
  "products" : [
    {
      "name" : "StORM",
      "targets" : [
        "StORM"
      ],
      "type" : {
        "library" : [
          "automatic"
        ]
      }
    }
  ],
  "targets" : [
    {
      "c99name" : "StORM",
      "module_type" : "SwiftTarget",
      "name" : "StORM",
      "path" : "Sources/StORM",
      "product_dependencies" : [
        "SwiftMoment",
        "PerfectLib"
      ],
      "product_memberships" : [
        "StORM"
      ],
      "sources" : [
        "Extract.swift",
        "StORM.swift",
        "StORMConnect.swift",
        "StORMCursor.swift",
        "StORMDataSource.swift",
        "StORMDataSourceCredentials.swift",
        "StORMDataSourceOptions.swift",
        "StORMError.swift",
        "StORMJoins.swift",
        "StORMProtocol.swift",
        "StORMRow.swift",
        "StORMtResultSet.swift"
      ],
      "type" : "library"
    }
  ],
  "tools_version" : "4.2"
}
{
  "workspace" : {
    "name" : "StORM",
    "schemes" : [
      "StORM"
    ]
  }
}
2026-09-16 00:44:58.025 xcodebuild[717:4500] [MT] IDERunDestination: Supported platforms for the buildables in the current scheme is empty.
Running build ...
env DEVELOPER_DIR=/Applications/Xcode-27.0.0-Release.Candidate.app xcrun xcodebuild -IDEClonedSourcePackagesDirPathOverride=$PWD/.dependencies -skipMacroValidation -skipPackagePluginValidation -derivedDataPath $PWD/.derivedData build -scheme StORM -destination generic/platform=watchOS
Command line invocation:
    /Applications/Xcode-27.0.0-Release.Candidate.app/Contents/Developer/usr/bin/xcodebuild -IDEClonedSourcePackagesDirPathOverride=/Users/admin/builder/spi-builder-workspace/.dependencies -skipMacroValidation -skipPackagePluginValidation -derivedDataPath /Users/admin/builder/spi-builder-workspace/.derivedData build -scheme StORM -destination generic/platform=watchOS
Resolve Package Graph
Resolve Package Graph
Resolved source packages:
  PerfectLib: https://github.com/PerfectlySoft/PerfectLib.git @ 3.1.4
  StORM: /Users/admin/builder/spi-builder-workspace
  SwiftMoment: https://github.com/iamjono/SwiftMoment.git @ 1.3.0
ComputePackagePrebuildTargetDependencyGraph
Prepare packages
CreateBuildRequest
SendProjectDescription
CreateBuildOperation
ComputeTargetDependencyGraph
note: Building targets in dependency order
note: Target dependency graph (6 targets)
    Target 'StORM-product' in project 'StORM'
        ➜ Explicit dependency on target 'StORM' in project 'StORM'
        ➜ Explicit dependency on target 'SwiftMoment-product' in project 'SwiftMoment'
        ➜ Explicit dependency on target 'PerfectLib-product' in project 'PerfectLib'
    Target 'StORM' in project 'StORM'
        ➜ Explicit dependency on target 'SwiftMoment-product' in project 'SwiftMoment'
        ➜ Explicit dependency on target 'PerfectLib-product' in project 'PerfectLib'
    Target 'PerfectLib-product' in project 'PerfectLib'
        ➜ Explicit dependency on target 'PerfectLib' in project 'PerfectLib'
    Target 'PerfectLib' in project 'PerfectLib' (no dependencies)
    Target 'SwiftMoment-product' in project 'SwiftMoment'
        ➜ Explicit dependency on target 'SwiftMoment' in project 'SwiftMoment'
    Target 'SwiftMoment' in project 'SwiftMoment' (no dependencies)
GatherProvisioningInputs
CreateBuildDescription
ExecuteExternalTool /Applications/Xcode-27.0.0-Release.Candidate.app/Contents/Developer/Toolchains/XcodeDefault.xctoolchain/usr/bin/swiftc --version
ExecuteExternalTool /Applications/Xcode-27.0.0-Release.Candidate.app/Contents/Developer/Toolchains/XcodeDefault.xctoolchain/usr/bin/clang -v -E -dM -isysroot /Applications/Xcode-27.0.0-Release.Candidate.app/Contents/Developer/Platforms/WatchOS.platform/Developer/SDKs/WatchOS27.0.sdk -x c -c /dev/null
ExecuteExternalTool /Applications/Xcode-27.0.0-Release.Candidate.app/Contents/Developer/Toolchains/XcodeDefault.xctoolchain/usr/bin/ld -version_details
Build description signature: cb352d6aa746ab8c288f8099b28be681
Build description path: /Users/admin/builder/spi-builder-workspace/.derivedData/Build/Intermediates.noindex/XCBuildData/cb352d6aa746ab8c288f8099b28be681.xcbuilddata
CreateBuildDirectory /Users/admin/builder/spi-builder-workspace/.derivedData/SDKExplicitPrecompiledModules
    cd /Users/admin/builder/spi-builder-workspace/.swiftpm/xcode
    builtin-create-build-directory /Users/admin/builder/spi-builder-workspace/.derivedData/SDKExplicitPrecompiledModules
CreateBuildDirectory /Users/admin/builder/spi-builder-workspace/.derivedData/CompilationCache.noindex
    cd /Users/admin/builder/spi-builder-workspace/.swiftpm/xcode
    builtin-create-build-directory /Users/admin/builder/spi-builder-workspace/.derivedData/CompilationCache.noindex
CreateBuildDirectory /Users/admin/builder/spi-builder-workspace/.derivedData/ModuleCache.noindex
    cd /Users/admin/builder/spi-builder-workspace/.swiftpm/xcode
    builtin-create-build-directory /Users/admin/builder/spi-builder-workspace/.derivedData/ModuleCache.noindex
ClangStatCache /Applications/Xcode-27.0.0-Release.Candidate.app/Contents/Developer/Toolchains/XcodeDefault.xctoolchain/usr/bin/clang-stat-cache /Applications/Xcode-27.0.0-Release.Candidate.app/Contents/Developer/Platforms/WatchOS.platform/Developer/SDKs/WatchOS27.0.sdk /Users/admin/builder/spi-builder-workspace/.derivedData/SDKStatCaches.noindex/watchos27.0-24R360-e829b21a6f8c9b70876ba0858053c04477534ef55a1706bf4c1112bbb242f0a2.sdkstatcache
    cd /Users/admin/builder/spi-builder-workspace/.swiftpm/xcode
    /Applications/Xcode-27.0.0-Release.Candidate.app/Contents/Developer/Toolchains/XcodeDefault.xctoolchain/usr/bin/clang-stat-cache /Applications/Xcode-27.0.0-Release.Candidate.app/Contents/Developer/Platforms/WatchOS.platform/Developer/SDKs/WatchOS27.0.sdk -o /Users/admin/builder/spi-builder-workspace/.derivedData/SDKStatCaches.noindex/watchos27.0-24R360-e829b21a6f8c9b70876ba0858053c04477534ef55a1706bf4c1112bbb242f0a2.sdkstatcache
CreateBuildDirectory /Users/admin/builder/spi-builder-workspace/.derivedData/Build/Products
    cd /Users/admin/builder/spi-builder-workspace/.swiftpm/xcode
    builtin-create-build-directory /Users/admin/builder/spi-builder-workspace/.derivedData/Build/Products
CreateBuildDirectory /Users/admin/builder/spi-builder-workspace/.derivedData/Build/Intermediates.noindex
    cd /Users/admin/builder/spi-builder-workspace/.swiftpm/xcode
    builtin-create-build-directory /Users/admin/builder/spi-builder-workspace/.derivedData/Build/Intermediates.noindex
CreateBuildDirectory /Users/admin/builder/spi-builder-workspace/.derivedData/Build/Intermediates.noindex/SwiftExplicitPrecompiledModules
    cd /Users/admin/builder/spi-builder-workspace/.swiftpm/xcode
    builtin-create-build-directory /Users/admin/builder/spi-builder-workspace/.derivedData/Build/Intermediates.noindex/SwiftExplicitPrecompiledModules
CreateBuildDirectory /Users/admin/builder/spi-builder-workspace/.derivedData/Build/Intermediates.noindex/PrecompiledHeaders
    cd /Users/admin/builder/spi-builder-workspace/.swiftpm/xcode
    builtin-create-build-directory /Users/admin/builder/spi-builder-workspace/.derivedData/Build/Intermediates.noindex/PrecompiledHeaders
CreateBuildDirectory /Users/admin/builder/spi-builder-workspace/.derivedData/Build/Intermediates.noindex/ExplicitPrecompiledModules
    cd /Users/admin/builder/spi-builder-workspace/.swiftpm/xcode
    builtin-create-build-directory /Users/admin/builder/spi-builder-workspace/.derivedData/Build/Intermediates.noindex/ExplicitPrecompiledModules
CreateBuildDirectory /Users/admin/builder/spi-builder-workspace/.derivedData/Build/Intermediates.noindex/EagerLinkingTBDs/Debug-watchos
    cd /Users/admin/builder/spi-builder-workspace/.swiftpm/xcode
    builtin-create-build-directory /Users/admin/builder/spi-builder-workspace/.derivedData/Build/Intermediates.noindex/EagerLinkingTBDs/Debug-watchos
CreateBuildDirectory /Users/admin/builder/spi-builder-workspace/.derivedData/Build/Products/Debug-watchos
    cd /Users/admin/builder/spi-builder-workspace/.swiftpm/xcode
    builtin-create-build-directory /Users/admin/builder/spi-builder-workspace/.derivedData/Build/Products/Debug-watchos
CreateBuildDirectory /Users/admin/builder/spi-builder-workspace/.derivedData/Build/Products/Debug-watchos/PackageFrameworks
    cd /Users/admin/builder/spi-builder-workspace/.swiftpm/xcode
    builtin-create-build-directory /Users/admin/builder/spi-builder-workspace/.derivedData/Build/Products/Debug-watchos/PackageFrameworks
WriteAuxiliaryFile /Users/admin/builder/spi-builder-workspace/.derivedData/Build/Intermediates.noindex/SwiftMoment.build/Debug-watchos/SwiftMoment-t.build/SwiftMoment.modulemap (in target 'SwiftMoment' from project 'SwiftMoment')
    cd /Users/admin/builder/spi-builder-workspace/.dependencies/checkouts/SwiftMoment
    write-file /Users/admin/builder/spi-builder-workspace/.derivedData/Build/Intermediates.noindex/SwiftMoment.build/Debug-watchos/SwiftMoment-t.build/SwiftMoment.modulemap
WriteAuxiliaryFile /Users/admin/builder/spi-builder-workspace/.derivedData/Build/Intermediates.noindex/SwiftMoment.build/Debug-watchos/SwiftMoment-t.build/SwiftMoment.DependencyMetadataFileList (in target 'SwiftMoment' from project 'SwiftMoment')
    cd /Users/admin/builder/spi-builder-workspace/.dependencies/checkouts/SwiftMoment
    write-file /Users/admin/builder/spi-builder-workspace/.derivedData/Build/Intermediates.noindex/SwiftMoment.build/Debug-watchos/SwiftMoment-t.build/SwiftMoment.DependencyMetadataFileList
WriteAuxiliaryFile /Users/admin/builder/spi-builder-workspace/.derivedData/Build/Intermediates.noindex/SwiftMoment.build/Debug-watchos/SwiftMoment-t.build/SwiftMoment.DependencyStaticMetadataFileList (in target 'SwiftMoment' from project 'SwiftMoment')
    cd /Users/admin/builder/spi-builder-workspace/.dependencies/checkouts/SwiftMoment
    write-file /Users/admin/builder/spi-builder-workspace/.derivedData/Build/Intermediates.noindex/SwiftMoment.build/Debug-watchos/SwiftMoment-t.build/SwiftMoment.DependencyStaticMetadataFileList
WriteAuxiliaryFile /Users/admin/builder/spi-builder-workspace/.derivedData/Build/Intermediates.noindex/SwiftMoment.build/Debug-watchos/SwiftMoment-t.build/Objects-normal/arm64_32/SwiftMoment-OutputFileMap.json (in target 'SwiftMoment' from project 'SwiftMoment')
    cd /Users/admin/builder/spi-builder-workspace/.dependencies/checkouts/SwiftMoment
    write-file /Users/admin/builder/spi-builder-workspace/.derivedData/Build/Intermediates.noindex/SwiftMoment.build/Debug-watchos/SwiftMoment-t.build/Objects-normal/arm64_32/SwiftMoment-OutputFileMap.json
WriteAuxiliaryFile /Users/admin/builder/spi-builder-workspace/.derivedData/Build/Intermediates.noindex/SwiftMoment.build/Debug-watchos/SwiftMoment-t.build/Objects-normal/arm64_32/SwiftMoment_const_extract_protocols.json (in target 'SwiftMoment' from project 'SwiftMoment')
    cd /Users/admin/builder/spi-builder-workspace/.dependencies/checkouts/SwiftMoment
    write-file /Users/admin/builder/spi-builder-workspace/.derivedData/Build/Intermediates.noindex/SwiftMoment.build/Debug-watchos/SwiftMoment-t.build/Objects-normal/arm64_32/SwiftMoment_const_extract_protocols.json
WriteAuxiliaryFile /Users/admin/builder/spi-builder-workspace/.derivedData/Build/Intermediates.noindex/SwiftMoment.build/Debug-watchos/SwiftMoment-t.build/Objects-normal/arm64_32/SwiftMoment.SwiftConstValuesFileList (in target 'SwiftMoment' from project 'SwiftMoment')
    cd /Users/admin/builder/spi-builder-workspace/.dependencies/checkouts/SwiftMoment
    write-file /Users/admin/builder/spi-builder-workspace/.derivedData/Build/Intermediates.noindex/SwiftMoment.build/Debug-watchos/SwiftMoment-t.build/Objects-normal/arm64_32/SwiftMoment.SwiftConstValuesFileList
WriteAuxiliaryFile /Users/admin/builder/spi-builder-workspace/.derivedData/Build/Intermediates.noindex/SwiftMoment.build/Debug-watchos/SwiftMoment-t.build/Objects-normal/arm64_32/SwiftMoment.SwiftFileList (in target 'SwiftMoment' from project 'SwiftMoment')
    cd /Users/admin/builder/spi-builder-workspace/.dependencies/checkouts/SwiftMoment
    write-file /Users/admin/builder/spi-builder-workspace/.derivedData/Build/Intermediates.noindex/SwiftMoment.build/Debug-watchos/SwiftMoment-t.build/Objects-normal/arm64_32/SwiftMoment.SwiftFileList
WriteAuxiliaryFile /Users/admin/builder/spi-builder-workspace/.derivedData/Build/Intermediates.noindex/SwiftMoment.build/Debug-watchos/SwiftMoment-t.build/Objects-normal/arm64/SwiftMoment_const_extract_protocols.json (in target 'SwiftMoment' from project 'SwiftMoment')
    cd /Users/admin/builder/spi-builder-workspace/.dependencies/checkouts/SwiftMoment
    write-file /Users/admin/builder/spi-builder-workspace/.derivedData/Build/Intermediates.noindex/SwiftMoment.build/Debug-watchos/SwiftMoment-t.build/Objects-normal/arm64/SwiftMoment_const_extract_protocols.json
WriteAuxiliaryFile /Users/admin/builder/spi-builder-workspace/.derivedData/Build/Intermediates.noindex/SwiftMoment.build/Debug-watchos/SwiftMoment-t.build/Objects-normal/arm64_32/SwiftMoment.LinkFileList (in target 'SwiftMoment' from project 'SwiftMoment')
    cd /Users/admin/builder/spi-builder-workspace/.dependencies/checkouts/SwiftMoment
    write-file /Users/admin/builder/spi-builder-workspace/.derivedData/Build/Intermediates.noindex/SwiftMoment.build/Debug-watchos/SwiftMoment-t.build/Objects-normal/arm64_32/SwiftMoment.LinkFileList
WriteAuxiliaryFile /Users/admin/builder/spi-builder-workspace/.derivedData/Build/Intermediates.noindex/SwiftMoment.build/Debug-watchos/SwiftMoment-t.build/Objects-normal/arm64/SwiftMoment.SwiftFileList (in target 'SwiftMoment' from project 'SwiftMoment')
    cd /Users/admin/builder/spi-builder-workspace/.dependencies/checkouts/SwiftMoment
    write-file /Users/admin/builder/spi-builder-workspace/.derivedData/Build/Intermediates.noindex/SwiftMoment.build/Debug-watchos/SwiftMoment-t.build/Objects-normal/arm64/SwiftMoment.SwiftFileList
WriteAuxiliaryFile /Users/admin/builder/spi-builder-workspace/.derivedData/Build/Intermediates.noindex/SwiftMoment.build/Debug-watchos/SwiftMoment-t.build/Objects-normal/arm64/SwiftMoment.SwiftConstValuesFileList (in target 'SwiftMoment' from project 'SwiftMoment')
    cd /Users/admin/builder/spi-builder-workspace/.dependencies/checkouts/SwiftMoment
    write-file /Users/admin/builder/spi-builder-workspace/.derivedData/Build/Intermediates.noindex/SwiftMoment.build/Debug-watchos/SwiftMoment-t.build/Objects-normal/arm64/SwiftMoment.SwiftConstValuesFileList
WriteAuxiliaryFile /Users/admin/builder/spi-builder-workspace/.derivedData/Build/Intermediates.noindex/SwiftMoment.build/Debug-watchos/SwiftMoment-t.build/Objects-normal/arm64/SwiftMoment.LinkFileList (in target 'SwiftMoment' from project 'SwiftMoment')
    cd /Users/admin/builder/spi-builder-workspace/.dependencies/checkouts/SwiftMoment
    write-file /Users/admin/builder/spi-builder-workspace/.derivedData/Build/Intermediates.noindex/SwiftMoment.build/Debug-watchos/SwiftMoment-t.build/Objects-normal/arm64/SwiftMoment.LinkFileList
WriteAuxiliaryFile /Users/admin/builder/spi-builder-workspace/.derivedData/Build/Intermediates.noindex/SwiftMoment.build/Debug-watchos/SwiftMoment-t.build/Objects-normal/arm64/SwiftMoment-OutputFileMap.json (in target 'SwiftMoment' from project 'SwiftMoment')
    cd /Users/admin/builder/spi-builder-workspace/.dependencies/checkouts/SwiftMoment
    write-file /Users/admin/builder/spi-builder-workspace/.derivedData/Build/Intermediates.noindex/SwiftMoment.build/Debug-watchos/SwiftMoment-t.build/Objects-normal/arm64/SwiftMoment-OutputFileMap.json
Copy /Users/admin/builder/spi-builder-workspace/.derivedData/Build/Intermediates.noindex/GeneratedModuleMaps-watchos/SwiftMoment.modulemap /Users/admin/builder/spi-builder-workspace/.derivedData/Build/Intermediates.noindex/SwiftMoment.build/Debug-watchos/SwiftMoment-t.build/SwiftMoment.modulemap (in target 'SwiftMoment' from project 'SwiftMoment')
    cd /Users/admin/builder/spi-builder-workspace/.dependencies/checkouts/SwiftMoment
    builtin-copy -exclude .DS_Store -exclude CVS -exclude .svn -exclude .git -exclude .hg -resolve-src-symlinks /Users/admin/builder/spi-builder-workspace/.derivedData/Build/Intermediates.noindex/SwiftMoment.build/Debug-watchos/SwiftMoment-t.build/SwiftMoment.modulemap /Users/admin/builder/spi-builder-workspace/.derivedData/Build/Intermediates.noindex/GeneratedModuleMaps-watchos
WriteAuxiliaryFile /Users/admin/builder/spi-builder-workspace/.derivedData/Build/Intermediates.noindex/StORM.build/Debug-watchos/StORM-t.build/StORM.modulemap (in target 'StORM' from project 'StORM')
    cd /Users/admin/builder/spi-builder-workspace
    write-file /Users/admin/builder/spi-builder-workspace/.derivedData/Build/Intermediates.noindex/StORM.build/Debug-watchos/StORM-t.build/StORM.modulemap
WriteAuxiliaryFile /Users/admin/builder/spi-builder-workspace/.derivedData/Build/Intermediates.noindex/StORM.build/Debug-watchos/StORM-t.build/StORM.DependencyMetadataFileList (in target 'StORM' from project 'StORM')
    cd /Users/admin/builder/spi-builder-workspace
    write-file /Users/admin/builder/spi-builder-workspace/.derivedData/Build/Intermediates.noindex/StORM.build/Debug-watchos/StORM-t.build/StORM.DependencyMetadataFileList
WriteAuxiliaryFile /Users/admin/builder/spi-builder-workspace/.derivedData/Build/Intermediates.noindex/StORM.build/Debug-watchos/StORM-t.build/StORM.DependencyStaticMetadataFileList (in target 'StORM' from project 'StORM')
    cd /Users/admin/builder/spi-builder-workspace
    write-file /Users/admin/builder/spi-builder-workspace/.derivedData/Build/Intermediates.noindex/StORM.build/Debug-watchos/StORM-t.build/StORM.DependencyStaticMetadataFileList
WriteAuxiliaryFile /Users/admin/builder/spi-builder-workspace/.derivedData/Build/Intermediates.noindex/StORM.build/Debug-watchos/StORM-t.build/Objects-normal/arm64_32/StORM_const_extract_protocols.json (in target 'StORM' from project 'StORM')
    cd /Users/admin/builder/spi-builder-workspace
    write-file /Users/admin/builder/spi-builder-workspace/.derivedData/Build/Intermediates.noindex/StORM.build/Debug-watchos/StORM-t.build/Objects-normal/arm64_32/StORM_const_extract_protocols.json
WriteAuxiliaryFile /Users/admin/builder/spi-builder-workspace/.derivedData/Build/Intermediates.noindex/StORM.build/Debug-watchos/StORM-t.build/Objects-normal/arm64_32/StORM.SwiftFileList (in target 'StORM' from project 'StORM')
    cd /Users/admin/builder/spi-builder-workspace
    write-file /Users/admin/builder/spi-builder-workspace/.derivedData/Build/Intermediates.noindex/StORM.build/Debug-watchos/StORM-t.build/Objects-normal/arm64_32/StORM.SwiftFileList
WriteAuxiliaryFile /Users/admin/builder/spi-builder-workspace/.derivedData/Build/Intermediates.noindex/StORM.build/Debug-watchos/StORM-t.build/Objects-normal/arm64_32/StORM.SwiftConstValuesFileList (in target 'StORM' from project 'StORM')
    cd /Users/admin/builder/spi-builder-workspace
    write-file /Users/admin/builder/spi-builder-workspace/.derivedData/Build/Intermediates.noindex/StORM.build/Debug-watchos/StORM-t.build/Objects-normal/arm64_32/StORM.SwiftConstValuesFileList
WriteAuxiliaryFile /Users/admin/builder/spi-builder-workspace/.derivedData/Build/Intermediates.noindex/StORM.build/Debug-watchos/StORM-t.build/Objects-normal/arm64_32/StORM.LinkFileList (in target 'StORM' from project 'StORM')
    cd /Users/admin/builder/spi-builder-workspace
    write-file /Users/admin/builder/spi-builder-workspace/.derivedData/Build/Intermediates.noindex/StORM.build/Debug-watchos/StORM-t.build/Objects-normal/arm64_32/StORM.LinkFileList
WriteAuxiliaryFile /Users/admin/builder/spi-builder-workspace/.derivedData/Build/Intermediates.noindex/StORM.build/Debug-watchos/StORM-t.build/Objects-normal/arm64_32/StORM-OutputFileMap.json (in target 'StORM' from project 'StORM')
    cd /Users/admin/builder/spi-builder-workspace
    write-file /Users/admin/builder/spi-builder-workspace/.derivedData/Build/Intermediates.noindex/StORM.build/Debug-watchos/StORM-t.build/Objects-normal/arm64_32/StORM-OutputFileMap.json
WriteAuxiliaryFile /Users/admin/builder/spi-builder-workspace/.derivedData/Build/Intermediates.noindex/StORM.build/Debug-watchos/StORM-t.build/Objects-normal/arm64/StORM.SwiftFileList (in target 'StORM' from project 'StORM')
    cd /Users/admin/builder/spi-builder-workspace
    write-file /Users/admin/builder/spi-builder-workspace/.derivedData/Build/Intermediates.noindex/StORM.build/Debug-watchos/StORM-t.build/Objects-normal/arm64/StORM.SwiftFileList
WriteAuxiliaryFile /Users/admin/builder/spi-builder-workspace/.derivedData/Build/Intermediates.noindex/StORM.build/Debug-watchos/StORM-t.build/Objects-normal/arm64/StORM_const_extract_protocols.json (in target 'StORM' from project 'StORM')
    cd /Users/admin/builder/spi-builder-workspace
    write-file /Users/admin/builder/spi-builder-workspace/.derivedData/Build/Intermediates.noindex/StORM.build/Debug-watchos/StORM-t.build/Objects-normal/arm64/StORM_const_extract_protocols.json
WriteAuxiliaryFile /Users/admin/builder/spi-builder-workspace/.derivedData/Build/Intermediates.noindex/StORM.build/Debug-watchos/StORM-t.build/Objects-normal/arm64/StORM.SwiftConstValuesFileList (in target 'StORM' from project 'StORM')
    cd /Users/admin/builder/spi-builder-workspace
    write-file /Users/admin/builder/spi-builder-workspace/.derivedData/Build/Intermediates.noindex/StORM.build/Debug-watchos/StORM-t.build/Objects-normal/arm64/StORM.SwiftConstValuesFileList
WriteAuxiliaryFile /Users/admin/builder/spi-builder-workspace/.derivedData/Build/Intermediates.noindex/StORM.build/Debug-watchos/StORM-t.build/Objects-normal/arm64/StORM.LinkFileList (in target 'StORM' from project 'StORM')
    cd /Users/admin/builder/spi-builder-workspace
    write-file /Users/admin/builder/spi-builder-workspace/.derivedData/Build/Intermediates.noindex/StORM.build/Debug-watchos/StORM-t.build/Objects-normal/arm64/StORM.LinkFileList
WriteAuxiliaryFile /Users/admin/builder/spi-builder-workspace/.derivedData/Build/Intermediates.noindex/StORM.build/Debug-watchos/StORM-t.build/Objects-normal/arm64/StORM-OutputFileMap.json (in target 'StORM' from project 'StORM')
    cd /Users/admin/builder/spi-builder-workspace
    write-file /Users/admin/builder/spi-builder-workspace/.derivedData/Build/Intermediates.noindex/StORM.build/Debug-watchos/StORM-t.build/Objects-normal/arm64/StORM-OutputFileMap.json
Copy /Users/admin/builder/spi-builder-workspace/.derivedData/Build/Intermediates.noindex/GeneratedModuleMaps-watchos/StORM.modulemap /Users/admin/builder/spi-builder-workspace/.derivedData/Build/Intermediates.noindex/StORM.build/Debug-watchos/StORM-t.build/StORM.modulemap (in target 'StORM' from project 'StORM')
    cd /Users/admin/builder/spi-builder-workspace
    builtin-copy -exclude .DS_Store -exclude CVS -exclude .svn -exclude .git -exclude .hg -resolve-src-symlinks /Users/admin/builder/spi-builder-workspace/.derivedData/Build/Intermediates.noindex/StORM.build/Debug-watchos/StORM-t.build/StORM.modulemap /Users/admin/builder/spi-builder-workspace/.derivedData/Build/Intermediates.noindex/GeneratedModuleMaps-watchos
WriteAuxiliaryFile /Users/admin/builder/spi-builder-workspace/.derivedData/Build/Intermediates.noindex/PerfectLib.build/Debug-watchos/PerfectLib-t.build/PerfectLib.modulemap (in target 'PerfectLib' from project 'PerfectLib')
    cd /Users/admin/builder/spi-builder-workspace/.dependencies/checkouts/PerfectLib
    write-file /Users/admin/builder/spi-builder-workspace/.derivedData/Build/Intermediates.noindex/PerfectLib.build/Debug-watchos/PerfectLib-t.build/PerfectLib.modulemap
WriteAuxiliaryFile /Users/admin/builder/spi-builder-workspace/.derivedData/Build/Intermediates.noindex/PerfectLib.build/Debug-watchos/PerfectLib-t.build/PerfectLib.DependencyStaticMetadataFileList (in target 'PerfectLib' from project 'PerfectLib')
    cd /Users/admin/builder/spi-builder-workspace/.dependencies/checkouts/PerfectLib
    write-file /Users/admin/builder/spi-builder-workspace/.derivedData/Build/Intermediates.noindex/PerfectLib.build/Debug-watchos/PerfectLib-t.build/PerfectLib.DependencyStaticMetadataFileList
WriteAuxiliaryFile /Users/admin/builder/spi-builder-workspace/.derivedData/Build/Intermediates.noindex/PerfectLib.build/Debug-watchos/PerfectLib-t.build/PerfectLib.DependencyMetadataFileList (in target 'PerfectLib' from project 'PerfectLib')
    cd /Users/admin/builder/spi-builder-workspace/.dependencies/checkouts/PerfectLib
    write-file /Users/admin/builder/spi-builder-workspace/.derivedData/Build/Intermediates.noindex/PerfectLib.build/Debug-watchos/PerfectLib-t.build/PerfectLib.DependencyMetadataFileList
WriteAuxiliaryFile /Users/admin/builder/spi-builder-workspace/.derivedData/Build/Intermediates.noindex/PerfectLib.build/Debug-watchos/PerfectLib-t.build/Objects-normal/arm64_32/PerfectLib_const_extract_protocols.json (in target 'PerfectLib' from project 'PerfectLib')
    cd /Users/admin/builder/spi-builder-workspace/.dependencies/checkouts/PerfectLib
    write-file /Users/admin/builder/spi-builder-workspace/.derivedData/Build/Intermediates.noindex/PerfectLib.build/Debug-watchos/PerfectLib-t.build/Objects-normal/arm64_32/PerfectLib_const_extract_protocols.json
WriteAuxiliaryFile /Users/admin/builder/spi-builder-workspace/.derivedData/Build/Intermediates.noindex/PerfectLib.build/Debug-watchos/PerfectLib-t.build/Objects-normal/arm64_32/PerfectLib.SwiftFileList (in target 'PerfectLib' from project 'PerfectLib')
    cd /Users/admin/builder/spi-builder-workspace/.dependencies/checkouts/PerfectLib
    write-file /Users/admin/builder/spi-builder-workspace/.derivedData/Build/Intermediates.noindex/PerfectLib.build/Debug-watchos/PerfectLib-t.build/Objects-normal/arm64_32/PerfectLib.SwiftFileList
WriteAuxiliaryFile /Users/admin/builder/spi-builder-workspace/.derivedData/Build/Intermediates.noindex/PerfectLib.build/Debug-watchos/PerfectLib-t.build/Objects-normal/arm64_32/PerfectLib.SwiftConstValuesFileList (in target 'PerfectLib' from project 'PerfectLib')
    cd /Users/admin/builder/spi-builder-workspace/.dependencies/checkouts/PerfectLib
    write-file /Users/admin/builder/spi-builder-workspace/.derivedData/Build/Intermediates.noindex/PerfectLib.build/Debug-watchos/PerfectLib-t.build/Objects-normal/arm64_32/PerfectLib.SwiftConstValuesFileList
WriteAuxiliaryFile /Users/admin/builder/spi-builder-workspace/.derivedData/Build/Intermediates.noindex/PerfectLib.build/Debug-watchos/PerfectLib-t.build/Objects-normal/arm64_32/PerfectLib.LinkFileList (in target 'PerfectLib' from project 'PerfectLib')
    cd /Users/admin/builder/spi-builder-workspace/.dependencies/checkouts/PerfectLib
    write-file /Users/admin/builder/spi-builder-workspace/.derivedData/Build/Intermediates.noindex/PerfectLib.build/Debug-watchos/PerfectLib-t.build/Objects-normal/arm64_32/PerfectLib.LinkFileList
WriteAuxiliaryFile /Users/admin/builder/spi-builder-workspace/.derivedData/Build/Intermediates.noindex/PerfectLib.build/Debug-watchos/PerfectLib-t.build/Objects-normal/arm64_32/PerfectLib-OutputFileMap.json (in target 'PerfectLib' from project 'PerfectLib')
    cd /Users/admin/builder/spi-builder-workspace/.dependencies/checkouts/PerfectLib
    write-file /Users/admin/builder/spi-builder-workspace/.derivedData/Build/Intermediates.noindex/PerfectLib.build/Debug-watchos/PerfectLib-t.build/Objects-normal/arm64_32/PerfectLib-OutputFileMap.json
WriteAuxiliaryFile /Users/admin/builder/spi-builder-workspace/.derivedData/Build/Intermediates.noindex/PerfectLib.build/Debug-watchos/PerfectLib-t.build/Objects-normal/arm64/PerfectLib_const_extract_protocols.json (in target 'PerfectLib' from project 'PerfectLib')
    cd /Users/admin/builder/spi-builder-workspace/.dependencies/checkouts/PerfectLib
    write-file /Users/admin/builder/spi-builder-workspace/.derivedData/Build/Intermediates.noindex/PerfectLib.build/Debug-watchos/PerfectLib-t.build/Objects-normal/arm64/PerfectLib_const_extract_protocols.json
WriteAuxiliaryFile /Users/admin/builder/spi-builder-workspace/.derivedData/Build/Intermediates.noindex/PerfectLib.build/Debug-watchos/PerfectLib-t.build/Objects-normal/arm64/PerfectLib.SwiftFileList (in target 'PerfectLib' from project 'PerfectLib')
    cd /Users/admin/builder/spi-builder-workspace/.dependencies/checkouts/PerfectLib
    write-file /Users/admin/builder/spi-builder-workspace/.derivedData/Build/Intermediates.noindex/PerfectLib.build/Debug-watchos/PerfectLib-t.build/Objects-normal/arm64/PerfectLib.SwiftFileList
WriteAuxiliaryFile /Users/admin/builder/spi-builder-workspace/.derivedData/Build/Intermediates.noindex/PerfectLib.build/Debug-watchos/PerfectLib-t.build/Objects-normal/arm64/PerfectLib.SwiftConstValuesFileList (in target 'PerfectLib' from project 'PerfectLib')
    cd /Users/admin/builder/spi-builder-workspace/.dependencies/checkouts/PerfectLib
    write-file /Users/admin/builder/spi-builder-workspace/.derivedData/Build/Intermediates.noindex/PerfectLib.build/Debug-watchos/PerfectLib-t.build/Objects-normal/arm64/PerfectLib.SwiftConstValuesFileList
WriteAuxiliaryFile /Users/admin/builder/spi-builder-workspace/.derivedData/Build/Intermediates.noindex/PerfectLib.build/Debug-watchos/PerfectLib-t.build/Objects-normal/arm64/PerfectLib.LinkFileList (in target 'PerfectLib' from project 'PerfectLib')
    cd /Users/admin/builder/spi-builder-workspace/.dependencies/checkouts/PerfectLib
    write-file /Users/admin/builder/spi-builder-workspace/.derivedData/Build/Intermediates.noindex/PerfectLib.build/Debug-watchos/PerfectLib-t.build/Objects-normal/arm64/PerfectLib.LinkFileList
WriteAuxiliaryFile /Users/admin/builder/spi-builder-workspace/.derivedData/Build/Intermediates.noindex/PerfectLib.build/Debug-watchos/PerfectLib-t.build/Objects-normal/arm64/PerfectLib-OutputFileMap.json (in target 'PerfectLib' from project 'PerfectLib')
    cd /Users/admin/builder/spi-builder-workspace/.dependencies/checkouts/PerfectLib
    write-file /Users/admin/builder/spi-builder-workspace/.derivedData/Build/Intermediates.noindex/PerfectLib.build/Debug-watchos/PerfectLib-t.build/Objects-normal/arm64/PerfectLib-OutputFileMap.json
Copy /Users/admin/builder/spi-builder-workspace/.derivedData/Build/Intermediates.noindex/GeneratedModuleMaps-watchos/PerfectLib.modulemap /Users/admin/builder/spi-builder-workspace/.derivedData/Build/Intermediates.noindex/PerfectLib.build/Debug-watchos/PerfectLib-t.build/PerfectLib.modulemap (in target 'PerfectLib' from project 'PerfectLib')
    cd /Users/admin/builder/spi-builder-workspace/.dependencies/checkouts/PerfectLib
    builtin-copy -exclude .DS_Store -exclude CVS -exclude .svn -exclude .git -exclude .hg -resolve-src-symlinks /Users/admin/builder/spi-builder-workspace/.derivedData/Build/Intermediates.noindex/PerfectLib.build/Debug-watchos/PerfectLib-t.build/PerfectLib.modulemap /Users/admin/builder/spi-builder-workspace/.derivedData/Build/Intermediates.noindex/GeneratedModuleMaps-watchos
SwiftDriver PerfectLib normal arm64 com.apple.xcode.tools.swift.compiler (in target 'PerfectLib' from project 'PerfectLib')
    cd /Users/admin/builder/spi-builder-workspace/.swiftpm/xcode
    builtin-SwiftDriver -- /Applications/Xcode-27.0.0-Release.Candidate.app/Contents/Developer/Toolchains/XcodeDefault.xctoolchain/usr/bin/swiftc -parse-as-library -module-name PerfectLib -Onone @/Users/admin/builder/spi-builder-workspace/.derivedData/Build/Intermediates.noindex/PerfectLib.build/Debug-watchos/PerfectLib-t.build/Objects-normal/arm64/PerfectLib.SwiftFileList -DSWIFT_PACKAGE -DDEBUG -DSWIFT_MODULE_RESOURCE_BUNDLE_UNAVAILABLE -DXcode -plugin-path /Applications/Xcode-27.0.0-Release.Candidate.app/Contents/Developer/Toolchains/XcodeDefault.xctoolchain/usr/lib/swift/host/plugins/testing -enable-experimental-feature DebugDescriptionMacro -sdk /Applications/Xcode-27.0.0-Release.Candidate.app/Contents/Developer/Platforms/WatchOS.platform/Developer/SDKs/WatchOS27.0.sdk -target arm64-apple-watchos9.0 -g -module-cache-path /Users/admin/builder/spi-builder-workspace/.derivedData/ModuleCache.noindex -Xfrontend -serialize-debugging-options -enable-testing -suppress-warnings -index-store-path /Users/admin/builder/spi-builder-workspace/.derivedData/Index.noindex/DataStore -Xcc -D_LIBCPP_HARDENING_MODE\=_LIBCPP_HARDENING_MODE_DEBUG -swift-version 4 -I /Users/admin/builder/spi-builder-workspace/.derivedData/Build/Products/Debug-watchos -Isystem /Applications/Xcode-27.0.0-Release.Candidate.app/Contents/Developer/Platforms/WatchOS.platform/Developer/usr/lib -F /Users/admin/builder/spi-builder-workspace/.derivedData/Build/Products/Debug-watchos -F /Applications/Xcode-27.0.0-Release.Candidate.app/Contents/Developer/Platforms/WatchOS.platform/Developer/Library/Frameworks -F /Applications/Xcode-27.0.0-Release.Candidate.app/Contents/Developer/Platforms/WatchOS.platform/Developer/SDKs/WatchOS27.0.sdk/Developer/Library/Frameworks -c -j10 -enable-batch-mode -incremental -Xcc -ivfsstatcache -Xcc /Users/admin/builder/spi-builder-workspace/.derivedData/SDKStatCaches.noindex/watchos27.0-24R360-e829b21a6f8c9b70876ba0858053c04477534ef55a1706bf4c1112bbb242f0a2.sdkstatcache -output-file-map /Users/admin/builder/spi-builder-workspace/.derivedData/Build/Intermediates.noindex/PerfectLib.build/Debug-watchos/PerfectLib-t.build/Objects-normal/arm64/PerfectLib-OutputFileMap.json -save-temps -no-color-diagnostics -emit-dependencies -emit-module -emit-module-path /Users/admin/builder/spi-builder-workspace/.derivedData/Build/Intermediates.noindex/PerfectLib.build/Debug-watchos/PerfectLib-t.build/Objects-normal/arm64/PerfectLib.swiftmodule -serialize-diagnostics -validate-clang-modules-once -clang-build-session-file /Users/admin/builder/spi-builder-workspace/.derivedData/ModuleCache.noindex/Session.modulevalidation -Xcc -fmodules-prune-interval\=86400 -Xcc -fmodules-prune-after\=345600 -emit-const-values -const-gather-protocols-list /Users/admin/builder/spi-builder-workspace/.derivedData/Build/Intermediates.noindex/PerfectLib.build/Debug-watchos/PerfectLib-t.build/Objects-normal/arm64/PerfectLib_const_extract_protocols.json -Xcc -I/Users/admin/builder/spi-builder-workspace/.derivedData/Build/Products/Debug-watchos/include -Xcc -I/Users/admin/builder/spi-builder-workspace/.derivedData/Build/Intermediates.noindex/PerfectLib.build/Debug-watchos/PerfectLib-t.build/DerivedSources-normal/arm64 -Xcc -I/Users/admin/builder/spi-builder-workspace/.derivedData/Build/Intermediates.noindex/PerfectLib.build/Debug-watchos/PerfectLib-t.build/DerivedSources/arm64 -Xcc -I/Users/admin/builder/spi-builder-workspace/.derivedData/Build/Intermediates.noindex/PerfectLib.build/Debug-watchos/PerfectLib-t.build/DerivedSources -Xcc -DSWIFT_PACKAGE -Xcc -DDEBUG\=1 -emit-objc-header -emit-objc-header-path /Users/admin/builder/spi-builder-workspace/.derivedData/Build/Intermediates.noindex/PerfectLib.build/Debug-watchos/PerfectLib-t.build/Objects-normal/arm64/PerfectLib-Swift.h -working-directory /Users/admin/builder/spi-builder-workspace/.swiftpm/xcode -experimental-emit-module-separately -disable-cmo
SwiftDriver SwiftMoment normal arm64_32 com.apple.xcode.tools.swift.compiler (in target 'SwiftMoment' from project 'SwiftMoment')
    cd /Users/admin/builder/spi-builder-workspace/.swiftpm/xcode
    builtin-SwiftDriver -- /Applications/Xcode-27.0.0-Release.Candidate.app/Contents/Developer/Toolchains/XcodeDefault.xctoolchain/usr/bin/swiftc -parse-as-library -module-name SwiftMoment -Onone @/Users/admin/builder/spi-builder-workspace/.derivedData/Build/Intermediates.noindex/SwiftMoment.build/Debug-watchos/SwiftMoment-t.build/Objects-normal/arm64_32/SwiftMoment.SwiftFileList -DSWIFT_PACKAGE -DDEBUG -DSWIFT_MODULE_RESOURCE_BUNDLE_UNAVAILABLE -DXcode -plugin-path /Applications/Xcode-27.0.0-Release.Candidate.app/Contents/Developer/Toolchains/XcodeDefault.xctoolchain/usr/lib/swift/host/plugins/testing -enable-experimental-feature DebugDescriptionMacro -sdk /Applications/Xcode-27.0.0-Release.Candidate.app/Contents/Developer/Platforms/WatchOS.platform/Developer/SDKs/WatchOS27.0.sdk -target arm64_32-apple-watchos9.0 -g -module-cache-path /Users/admin/builder/spi-builder-workspace/.derivedData/ModuleCache.noindex -Xfrontend -serialize-debugging-options -enable-testing -suppress-warnings -index-store-path /Users/admin/builder/spi-builder-workspace/.derivedData/Index.noindex/DataStore -Xcc -D_LIBCPP_HARDENING_MODE\=_LIBCPP_HARDENING_MODE_DEBUG -swift-version 4.2 -I /Users/admin/builder/spi-builder-workspace/.derivedData/Build/Products/Debug-watchos -Isystem /Applications/Xcode-27.0.0-Release.Candidate.app/Contents/Developer/Platforms/WatchOS.platform/Developer/usr/lib -F /Users/admin/builder/spi-builder-workspace/.derivedData/Build/Products/Debug-watchos -F /Applications/Xcode-27.0.0-Release.Candidate.app/Contents/Developer/Platforms/WatchOS.platform/Developer/Library/Frameworks -F /Applications/Xcode-27.0.0-Release.Candidate.app/Contents/Developer/Platforms/WatchOS.platform/Developer/SDKs/WatchOS27.0.sdk/Developer/Library/Frameworks -c -j10 -enable-batch-mode -incremental -Xcc -ivfsstatcache -Xcc /Users/admin/builder/spi-builder-workspace/.derivedData/SDKStatCaches.noindex/watchos27.0-24R360-e829b21a6f8c9b70876ba0858053c04477534ef55a1706bf4c1112bbb242f0a2.sdkstatcache -output-file-map /Users/admin/builder/spi-builder-workspace/.derivedData/Build/Intermediates.noindex/SwiftMoment.build/Debug-watchos/SwiftMoment-t.build/Objects-normal/arm64_32/SwiftMoment-OutputFileMap.json -save-temps -no-color-diagnostics -emit-dependencies -emit-module -emit-module-path /Users/admin/builder/spi-builder-workspace/.derivedData/Build/Intermediates.noindex/SwiftMoment.build/Debug-watchos/SwiftMoment-t.build/Objects-normal/arm64_32/SwiftMoment.swiftmodule -serialize-diagnostics -validate-clang-modules-once -clang-build-session-file /Users/admin/builder/spi-builder-workspace/.derivedData/ModuleCache.noindex/Session.modulevalidation -Xcc -fmodules-prune-interval\=86400 -Xcc -fmodules-prune-after\=345600 -emit-const-values -const-gather-protocols-list /Users/admin/builder/spi-builder-workspace/.derivedData/Build/Intermediates.noindex/SwiftMoment.build/Debug-watchos/SwiftMoment-t.build/Objects-normal/arm64_32/SwiftMoment_const_extract_protocols.json -Xcc -I/Users/admin/builder/spi-builder-workspace/.derivedData/Build/Products/Debug-watchos/include -Xcc -I/Users/admin/builder/spi-builder-workspace/.derivedData/Build/Intermediates.noindex/SwiftMoment.build/Debug-watchos/SwiftMoment-t.build/DerivedSources-normal/arm64_32 -Xcc -I/Users/admin/builder/spi-builder-workspace/.derivedData/Build/Intermediates.noindex/SwiftMoment.build/Debug-watchos/SwiftMoment-t.build/DerivedSources/arm64_32 -Xcc -I/Users/admin/builder/spi-builder-workspace/.derivedData/Build/Intermediates.noindex/SwiftMoment.build/Debug-watchos/SwiftMoment-t.build/DerivedSources -Xcc -DSWIFT_PACKAGE -Xcc -DDEBUG\=1 -emit-objc-header -emit-objc-header-path /Users/admin/builder/spi-builder-workspace/.derivedData/Build/Intermediates.noindex/SwiftMoment.build/Debug-watchos/SwiftMoment-t.build/Objects-normal/arm64_32/SwiftMoment-Swift.h -working-directory /Users/admin/builder/spi-builder-workspace/.swiftpm/xcode -experimental-emit-module-separately -disable-cmo
SwiftDriver SwiftMoment normal arm64 com.apple.xcode.tools.swift.compiler (in target 'SwiftMoment' from project 'SwiftMoment')
    cd /Users/admin/builder/spi-builder-workspace/.swiftpm/xcode
    builtin-SwiftDriver -- /Applications/Xcode-27.0.0-Release.Candidate.app/Contents/Developer/Toolchains/XcodeDefault.xctoolchain/usr/bin/swiftc -parse-as-library -module-name SwiftMoment -Onone @/Users/admin/builder/spi-builder-workspace/.derivedData/Build/Intermediates.noindex/SwiftMoment.build/Debug-watchos/SwiftMoment-t.build/Objects-normal/arm64/SwiftMoment.SwiftFileList -DSWIFT_PACKAGE -DDEBUG -DSWIFT_MODULE_RESOURCE_BUNDLE_UNAVAILABLE -DXcode -plugin-path /Applications/Xcode-27.0.0-Release.Candidate.app/Contents/Developer/Toolchains/XcodeDefault.xctoolchain/usr/lib/swift/host/plugins/testing -enable-experimental-feature DebugDescriptionMacro -sdk /Applications/Xcode-27.0.0-Release.Candidate.app/Contents/Developer/Platforms/WatchOS.platform/Developer/SDKs/WatchOS27.0.sdk -target arm64-apple-watchos9.0 -g -module-cache-path /Users/admin/builder/spi-builder-workspace/.derivedData/ModuleCache.noindex -Xfrontend -serialize-debugging-options -enable-testing -suppress-warnings -index-store-path /Users/admin/builder/spi-builder-workspace/.derivedData/Index.noindex/DataStore -Xcc -D_LIBCPP_HARDENING_MODE\=_LIBCPP_HARDENING_MODE_DEBUG -swift-version 4.2 -I /Users/admin/builder/spi-builder-workspace/.derivedData/Build/Products/Debug-watchos -Isystem /Applications/Xcode-27.0.0-Release.Candidate.app/Contents/Developer/Platforms/WatchOS.platform/Developer/usr/lib -F /Users/admin/builder/spi-builder-workspace/.derivedData/Build/Products/Debug-watchos -F /Applications/Xcode-27.0.0-Release.Candidate.app/Contents/Developer/Platforms/WatchOS.platform/Developer/Library/Frameworks -F /Applications/Xcode-27.0.0-Release.Candidate.app/Contents/Developer/Platforms/WatchOS.platform/Developer/SDKs/WatchOS27.0.sdk/Developer/Library/Frameworks -c -j10 -enable-batch-mode -incremental -Xcc -ivfsstatcache -Xcc /Users/admin/builder/spi-builder-workspace/.derivedData/SDKStatCaches.noindex/watchos27.0-24R360-e829b21a6f8c9b70876ba0858053c04477534ef55a1706bf4c1112bbb242f0a2.sdkstatcache -output-file-map /Users/admin/builder/spi-builder-workspace/.derivedData/Build/Intermediates.noindex/SwiftMoment.build/Debug-watchos/SwiftMoment-t.build/Objects-normal/arm64/SwiftMoment-OutputFileMap.json -save-temps -no-color-diagnostics -emit-dependencies -emit-module -emit-module-path /Users/admin/builder/spi-builder-workspace/.derivedData/Build/Intermediates.noindex/SwiftMoment.build/Debug-watchos/SwiftMoment-t.build/Objects-normal/arm64/SwiftMoment.swiftmodule -serialize-diagnostics -validate-clang-modules-once -clang-build-session-file /Users/admin/builder/spi-builder-workspace/.derivedData/ModuleCache.noindex/Session.modulevalidation -Xcc -fmodules-prune-interval\=86400 -Xcc -fmodules-prune-after\=345600 -emit-const-values -const-gather-protocols-list /Users/admin/builder/spi-builder-workspace/.derivedData/Build/Intermediates.noindex/SwiftMoment.build/Debug-watchos/SwiftMoment-t.build/Objects-normal/arm64/SwiftMoment_const_extract_protocols.json -Xcc -I/Users/admin/builder/spi-builder-workspace/.derivedData/Build/Products/Debug-watchos/include -Xcc -I/Users/admin/builder/spi-builder-workspace/.derivedData/Build/Intermediates.noindex/SwiftMoment.build/Debug-watchos/SwiftMoment-t.build/DerivedSources-normal/arm64 -Xcc -I/Users/admin/builder/spi-builder-workspace/.derivedData/Build/Intermediates.noindex/SwiftMoment.build/Debug-watchos/SwiftMoment-t.build/DerivedSources/arm64 -Xcc -I/Users/admin/builder/spi-builder-workspace/.derivedData/Build/Intermediates.noindex/SwiftMoment.build/Debug-watchos/SwiftMoment-t.build/DerivedSources -Xcc -DSWIFT_PACKAGE -Xcc -DDEBUG\=1 -emit-objc-header -emit-objc-header-path /Users/admin/builder/spi-builder-workspace/.derivedData/Build/Intermediates.noindex/SwiftMoment.build/Debug-watchos/SwiftMoment-t.build/Objects-normal/arm64/SwiftMoment-Swift.h -working-directory /Users/admin/builder/spi-builder-workspace/.swiftpm/xcode -experimental-emit-module-separately -disable-cmo
SwiftDriver PerfectLib normal arm64_32 com.apple.xcode.tools.swift.compiler (in target 'PerfectLib' from project 'PerfectLib')
    cd /Users/admin/builder/spi-builder-workspace/.swiftpm/xcode
    builtin-SwiftDriver -- /Applications/Xcode-27.0.0-Release.Candidate.app/Contents/Developer/Toolchains/XcodeDefault.xctoolchain/usr/bin/swiftc -parse-as-library -module-name PerfectLib -Onone @/Users/admin/builder/spi-builder-workspace/.derivedData/Build/Intermediates.noindex/PerfectLib.build/Debug-watchos/PerfectLib-t.build/Objects-normal/arm64_32/PerfectLib.SwiftFileList -DSWIFT_PACKAGE -DDEBUG -DSWIFT_MODULE_RESOURCE_BUNDLE_UNAVAILABLE -DXcode -plugin-path /Applications/Xcode-27.0.0-Release.Candidate.app/Contents/Developer/Toolchains/XcodeDefault.xctoolchain/usr/lib/swift/host/plugins/testing -enable-experimental-feature DebugDescriptionMacro -sdk /Applications/Xcode-27.0.0-Release.Candidate.app/Contents/Developer/Platforms/WatchOS.platform/Developer/SDKs/WatchOS27.0.sdk -target arm64_32-apple-watchos9.0 -g -module-cache-path /Users/admin/builder/spi-builder-workspace/.derivedData/ModuleCache.noindex -Xfrontend -serialize-debugging-options -enable-testing -suppress-warnings -index-store-path /Users/admin/builder/spi-builder-workspace/.derivedData/Index.noindex/DataStore -Xcc -D_LIBCPP_HARDENING_MODE\=_LIBCPP_HARDENING_MODE_DEBUG -swift-version 4 -I /Users/admin/builder/spi-builder-workspace/.derivedData/Build/Products/Debug-watchos -Isystem /Applications/Xcode-27.0.0-Release.Candidate.app/Contents/Developer/Platforms/WatchOS.platform/Developer/usr/lib -F /Users/admin/builder/spi-builder-workspace/.derivedData/Build/Products/Debug-watchos -F /Applications/Xcode-27.0.0-Release.Candidate.app/Contents/Developer/Platforms/WatchOS.platform/Developer/Library/Frameworks -F /Applications/Xcode-27.0.0-Release.Candidate.app/Contents/Developer/Platforms/WatchOS.platform/Developer/SDKs/WatchOS27.0.sdk/Developer/Library/Frameworks -c -j10 -enable-batch-mode -incremental -Xcc -ivfsstatcache -Xcc /Users/admin/builder/spi-builder-workspace/.derivedData/SDKStatCaches.noindex/watchos27.0-24R360-e829b21a6f8c9b70876ba0858053c04477534ef55a1706bf4c1112bbb242f0a2.sdkstatcache -output-file-map /Users/admin/builder/spi-builder-workspace/.derivedData/Build/Intermediates.noindex/PerfectLib.build/Debug-watchos/PerfectLib-t.build/Objects-normal/arm64_32/PerfectLib-OutputFileMap.json -save-temps -no-color-diagnostics -emit-dependencies -emit-module -emit-module-path /Users/admin/builder/spi-builder-workspace/.derivedData/Build/Intermediates.noindex/PerfectLib.build/Debug-watchos/PerfectLib-t.build/Objects-normal/arm64_32/PerfectLib.swiftmodule -serialize-diagnostics -validate-clang-modules-once -clang-build-session-file /Users/admin/builder/spi-builder-workspace/.derivedData/ModuleCache.noindex/Session.modulevalidation -Xcc -fmodules-prune-interval\=86400 -Xcc -fmodules-prune-after\=345600 -emit-const-values -const-gather-protocols-list /Users/admin/builder/spi-builder-workspace/.derivedData/Build/Intermediates.noindex/PerfectLib.build/Debug-watchos/PerfectLib-t.build/Objects-normal/arm64_32/PerfectLib_const_extract_protocols.json -Xcc -I/Users/admin/builder/spi-builder-workspace/.derivedData/Build/Products/Debug-watchos/include -Xcc -I/Users/admin/builder/spi-builder-workspace/.derivedData/Build/Intermediates.noindex/PerfectLib.build/Debug-watchos/PerfectLib-t.build/DerivedSources-normal/arm64_32 -Xcc -I/Users/admin/builder/spi-builder-workspace/.derivedData/Build/Intermediates.noindex/PerfectLib.build/Debug-watchos/PerfectLib-t.build/DerivedSources/arm64_32 -Xcc -I/Users/admin/builder/spi-builder-workspace/.derivedData/Build/Intermediates.noindex/PerfectLib.build/Debug-watchos/PerfectLib-t.build/DerivedSources -Xcc -DSWIFT_PACKAGE -Xcc -DDEBUG\=1 -emit-objc-header -emit-objc-header-path /Users/admin/builder/spi-builder-workspace/.derivedData/Build/Intermediates.noindex/PerfectLib.build/Debug-watchos/PerfectLib-t.build/Objects-normal/arm64_32/PerfectLib-Swift.h -working-directory /Users/admin/builder/spi-builder-workspace/.swiftpm/xcode -experimental-emit-module-separately -disable-cmo
SwiftCompile normal arm64 Compiling\ Duration.swift /Users/admin/builder/spi-builder-workspace/.dependencies/checkouts/SwiftMoment/Sources/SwiftMoment/Duration.swift (in target 'SwiftMoment' from project 'SwiftMoment')
SwiftCompile normal arm64 /Users/admin/builder/spi-builder-workspace/.dependencies/checkouts/SwiftMoment/Sources/SwiftMoment/Duration.swift (in target 'SwiftMoment' from project 'SwiftMoment')
    cd /Users/admin/builder/spi-builder-workspace/.swiftpm/xcode
    builtin-SwiftPerFileCompile Duration.swift
SwiftEmitModule normal arm64 Emitting\ module\ for\ SwiftMoment (in target 'SwiftMoment' from project 'SwiftMoment')
SwiftCompile normal arm64 (in target 'SwiftMoment' from project 'SwiftMoment')
    cd /Users/admin/builder/spi-builder-workspace/.swiftpm/xcode

SwiftCompile normal arm64 Compiling\ TimeUnit.swift /Users/admin/builder/spi-builder-workspace/.dependencies/checkouts/SwiftMoment/Sources/SwiftMoment/TimeUnit.swift (in target 'SwiftMoment' from project 'SwiftMoment')
SwiftCompile normal arm64 /Users/admin/builder/spi-builder-workspace/.dependencies/checkouts/SwiftMoment/Sources/SwiftMoment/TimeUnit.swift (in target 'SwiftMoment' from project 'SwiftMoment')
    cd /Users/admin/builder/spi-builder-workspace/.swiftpm/xcode
    builtin-SwiftPerFileCompile TimeUnit.swift
SwiftCompile normal arm64 Compiling\ MomentFromNow.swift /Users/admin/builder/spi-builder-workspace/.dependencies/checkouts/SwiftMoment/Sources/SwiftMoment/MomentFromNow.swift (in target 'SwiftMoment' from project 'SwiftMoment')
SwiftCompile normal arm64 /Users/admin/builder/spi-builder-workspace/.dependencies/checkouts/SwiftMoment/Sources/SwiftMoment/MomentFromNow.swift (in target 'SwiftMoment' from project 'SwiftMoment')
    cd /Users/admin/builder/spi-builder-workspace/.swiftpm/xcode
    builtin-SwiftPerFileCompile MomentFromNow.swift
SwiftCompile normal arm64 Compiling\ Extensions.swift /Users/admin/builder/spi-builder-workspace/.dependencies/checkouts/SwiftMoment/Sources/SwiftMoment/Extensions.swift (in target 'SwiftMoment' from project 'SwiftMoment')
SwiftCompile normal arm64 /Users/admin/builder/spi-builder-workspace/.dependencies/checkouts/SwiftMoment/Sources/SwiftMoment/Extensions.swift (in target 'SwiftMoment' from project 'SwiftMoment')
    cd /Users/admin/builder/spi-builder-workspace/.swiftpm/xcode
    builtin-SwiftPerFileCompile Extensions.swift
SwiftCompile normal arm64 Compiling\ Operators.swift /Users/admin/builder/spi-builder-workspace/.dependencies/checkouts/SwiftMoment/Sources/SwiftMoment/Operators.swift (in target 'SwiftMoment' from project 'SwiftMoment')
SwiftCompile normal arm64 /Users/admin/builder/spi-builder-workspace/.dependencies/checkouts/SwiftMoment/Sources/SwiftMoment/Operators.swift (in target 'SwiftMoment' from project 'SwiftMoment')
    cd /Users/admin/builder/spi-builder-workspace/.swiftpm/xcode
    builtin-SwiftPerFileCompile Operators.swift
SwiftCompile normal arm64 Compiling\ Moment.swift /Users/admin/builder/spi-builder-workspace/.dependencies/checkouts/SwiftMoment/Sources/SwiftMoment/Moment.swift (in target 'SwiftMoment' from project 'SwiftMoment')
SwiftCompile normal arm64 /Users/admin/builder/spi-builder-workspace/.dependencies/checkouts/SwiftMoment/Sources/SwiftMoment/Moment.swift (in target 'SwiftMoment' from project 'SwiftMoment')
    cd /Users/admin/builder/spi-builder-workspace/.swiftpm/xcode
    builtin-SwiftPerFileCompile Moment.swift
SwiftEmitModule normal arm64_32 Emitting\ module\ for\ SwiftMoment (in target 'SwiftMoment' from project 'SwiftMoment')
SwiftCompile normal arm64_32 (in target 'SwiftMoment' from project 'SwiftMoment')
    cd /Users/admin/builder/spi-builder-workspace/.swiftpm/xcode

SwiftCompile normal arm64_32 Compiling\ Duration.swift /Users/admin/builder/spi-builder-workspace/.dependencies/checkouts/SwiftMoment/Sources/SwiftMoment/Duration.swift (in target 'SwiftMoment' from project 'SwiftMoment')
SwiftCompile normal arm64_32 /Users/admin/builder/spi-builder-workspace/.dependencies/checkouts/SwiftMoment/Sources/SwiftMoment/Duration.swift (in target 'SwiftMoment' from project 'SwiftMoment')
    cd /Users/admin/builder/spi-builder-workspace/.swiftpm/xcode
    builtin-SwiftPerFileCompile Duration.swift
SwiftCompile normal arm64_32 Compiling\ TimeUnit.swift /Users/admin/builder/spi-builder-workspace/.dependencies/checkouts/SwiftMoment/Sources/SwiftMoment/TimeUnit.swift (in target 'SwiftMoment' from project 'SwiftMoment')
SwiftCompile normal arm64_32 /Users/admin/builder/spi-builder-workspace/.dependencies/checkouts/SwiftMoment/Sources/SwiftMoment/TimeUnit.swift (in target 'SwiftMoment' from project 'SwiftMoment')
    cd /Users/admin/builder/spi-builder-workspace/.swiftpm/xcode
    builtin-SwiftPerFileCompile TimeUnit.swift
SwiftEmitModule normal arm64 Emitting\ module\ for\ PerfectLib (in target 'PerfectLib' from project 'PerfectLib')
/Users/admin/builder/spi-builder-workspace/.dependencies/checkouts/PerfectLib/Sources/PerfectLib/SysProcess.swift:102:3: error: 'posix_spawn_file_actions_init' is unavailable in watchOS
100 |         var spawnRes = 0
101 |     #else
102 | 		posix_spawn_file_actions_init(&action);
    |   `- error: 'posix_spawn_file_actions_init' is unavailable in watchOS
103 | 		posix_spawn_file_actions_adddup2(&action, fSTDOUT[1], STDOUT_FILENO);
104 | 		posix_spawn_file_actions_adddup2(&action, fSTDIN[0], STDIN_FILENO);
/Applications/Xcode-27.0.0-Release.Candidate.app/Contents/Developer/Platforms/WatchOS.platform/Developer/SDKs/WatchOS27.0.sdk/usr/include/spawn.h:89:9: note: 'posix_spawn_file_actions_init' has been explicitly marked unavailable here
 87 | int     posix_spawn_file_actions_destroy(posix_spawn_file_actions_t *) __API_AVAILABLE(macos(10.5), ios(2.0)) __API_UNAVAILABLE(watchos, tvos);
 88 |
 89 | int     posix_spawn_file_actions_init(posix_spawn_file_actions_t *) __API_AVAILABLE(macos(10.5), ios(2.0)) __API_UNAVAILABLE(watchos, tvos);
    |         `- note: 'posix_spawn_file_actions_init' has been explicitly marked unavailable here
 90 |
 91 | int     posix_spawnattr_destroy(posix_spawnattr_t *) __API_AVAILABLE(macos(10.5), ios(2.0)) __API_UNAVAILABLE(watchos, tvos);
/Users/admin/builder/spi-builder-workspace/.dependencies/checkouts/PerfectLib/Sources/PerfectLib/SysProcess.swift:103:3: error: 'posix_spawn_file_actions_adddup2' is unavailable in watchOS
101 |     #else
102 | 		posix_spawn_file_actions_init(&action);
103 | 		posix_spawn_file_actions_adddup2(&action, fSTDOUT[1], STDOUT_FILENO);
    |   `- error: 'posix_spawn_file_actions_adddup2' is unavailable in watchOS
104 | 		posix_spawn_file_actions_adddup2(&action, fSTDIN[0], STDIN_FILENO);
105 | 		posix_spawn_file_actions_adddup2(&action, fSTDERR[1], STDERR_FILENO);
/Applications/Xcode-27.0.0-Release.Candidate.app/Contents/Developer/Platforms/WatchOS.platform/Developer/SDKs/WatchOS27.0.sdk/usr/include/spawn.h:80:9: note: 'posix_spawn_file_actions_adddup2' has been explicitly marked unavailable here
 78 | int     posix_spawn_file_actions_addclose(posix_spawn_file_actions_t *, int) __API_AVAILABLE(macos(10.5), ios(2.0)) __API_UNAVAILABLE(watchos, tvos);
 79 |
 80 | int     posix_spawn_file_actions_adddup2(posix_spawn_file_actions_t *, int,
    |         `- note: 'posix_spawn_file_actions_adddup2' has been explicitly marked unavailable here
 81 |     int) __API_AVAILABLE(macos(10.5), ios(2.0)) __API_UNAVAILABLE(watchos, tvos);
 82 |
/Users/admin/builder/spi-builder-workspace/.dependencies/checkouts/PerfectLib/Sources/PerfectLib/SysProcess.swift:104:3: error: 'posix_spawn_file_actions_adddup2' is unavailable in watchOS
102 | 		posix_spawn_file_actions_init(&action);
103 | 		posix_spawn_file_actions_adddup2(&action, fSTDOUT[1], STDOUT_FILENO);
104 | 		posix_spawn_file_actions_adddup2(&action, fSTDIN[0], STDIN_FILENO);
    |   `- error: 'posix_spawn_file_actions_adddup2' is unavailable in watchOS
105 | 		posix_spawn_file_actions_adddup2(&action, fSTDERR[1], STDERR_FILENO);
106 |
/Applications/Xcode-27.0.0-Release.Candidate.app/Contents/Developer/Platforms/WatchOS.platform/Developer/SDKs/WatchOS27.0.sdk/usr/include/spawn.h:80:9: note: 'posix_spawn_file_actions_adddup2' has been explicitly marked unavailable here
 78 | int     posix_spawn_file_actions_addclose(posix_spawn_file_actions_t *, int) __API_AVAILABLE(macos(10.5), ios(2.0)) __API_UNAVAILABLE(watchos, tvos);
 79 |
 80 | int     posix_spawn_file_actions_adddup2(posix_spawn_file_actions_t *, int,
    |         `- note: 'posix_spawn_file_actions_adddup2' has been explicitly marked unavailable here
 81 |     int) __API_AVAILABLE(macos(10.5), ios(2.0)) __API_UNAVAILABLE(watchos, tvos);
 82 |
/Users/admin/builder/spi-builder-workspace/.dependencies/checkouts/PerfectLib/Sources/PerfectLib/SysProcess.swift:105:3: error: 'posix_spawn_file_actions_adddup2' is unavailable in watchOS
103 | 		posix_spawn_file_actions_adddup2(&action, fSTDOUT[1], STDOUT_FILENO);
104 | 		posix_spawn_file_actions_adddup2(&action, fSTDIN[0], STDIN_FILENO);
105 | 		posix_spawn_file_actions_adddup2(&action, fSTDERR[1], STDERR_FILENO);
    |   `- error: 'posix_spawn_file_actions_adddup2' is unavailable in watchOS
106 |
107 | 		posix_spawn_file_actions_addclose(&action, fSTDOUT[0]);
/Applications/Xcode-27.0.0-Release.Candidate.app/Contents/Developer/Platforms/WatchOS.platform/Developer/SDKs/WatchOS27.0.sdk/usr/include/spawn.h:80:9: note: 'posix_spawn_file_actions_adddup2' has been explicitly marked unavailable here
 78 | int     posix_spawn_file_actions_addclose(posix_spawn_file_actions_t *, int) __API_AVAILABLE(macos(10.5), ios(2.0)) __API_UNAVAILABLE(watchos, tvos);
 79 |
 80 | int     posix_spawn_file_actions_adddup2(posix_spawn_file_actions_t *, int,
    |         `- note: 'posix_spawn_file_actions_adddup2' has been explicitly marked unavailable here
 81 |     int) __API_AVAILABLE(macos(10.5), ios(2.0)) __API_UNAVAILABLE(watchos, tvos);
 82 |
/Users/admin/builder/spi-builder-workspace/.dependencies/checkouts/PerfectLib/Sources/PerfectLib/SysProcess.swift:107:3: error: 'posix_spawn_file_actions_addclose' is unavailable in watchOS
105 | 		posix_spawn_file_actions_adddup2(&action, fSTDERR[1], STDERR_FILENO);
106 |
107 | 		posix_spawn_file_actions_addclose(&action, fSTDOUT[0]);
    |   `- error: 'posix_spawn_file_actions_addclose' is unavailable in watchOS
108 | 		posix_spawn_file_actions_addclose(&action, fSTDIN[0]);
109 | 		posix_spawn_file_actions_addclose(&action, fSTDERR[0]);
/Applications/Xcode-27.0.0-Release.Candidate.app/Contents/Developer/Platforms/WatchOS.platform/Developer/SDKs/WatchOS27.0.sdk/usr/include/spawn.h:78:9: note: 'posix_spawn_file_actions_addclose' has been explicitly marked unavailable here
 76 |     int) __API_AVAILABLE(macos(26.0)) __API_UNAVAILABLE(ios, tvos, watchos, visionos);
 77 |
 78 | int     posix_spawn_file_actions_addclose(posix_spawn_file_actions_t *, int) __API_AVAILABLE(macos(10.5), ios(2.0)) __API_UNAVAILABLE(watchos, tvos);
    |         `- note: 'posix_spawn_file_actions_addclose' has been explicitly marked unavailable here
 79 |
 80 | int     posix_spawn_file_actions_adddup2(posix_spawn_file_actions_t *, int,
/Users/admin/builder/spi-builder-workspace/.dependencies/checkouts/PerfectLib/Sources/PerfectLib/SysProcess.swift:108:3: error: 'posix_spawn_file_actions_addclose' is unavailable in watchOS
106 |
107 | 		posix_spawn_file_actions_addclose(&action, fSTDOUT[0]);
108 | 		posix_spawn_file_actions_addclose(&action, fSTDIN[0]);
    |   `- error: 'posix_spawn_file_actions_addclose' is unavailable in watchOS
109 | 		posix_spawn_file_actions_addclose(&action, fSTDERR[0]);
110 | 		posix_spawn_file_actions_addclose(&action, fSTDOUT[1]);
/Applications/Xcode-27.0.0-Release.Candidate.app/Contents/Developer/Platforms/WatchOS.platform/Developer/SDKs/WatchOS27.0.sdk/usr/include/spawn.h:78:9: note: 'posix_spawn_file_actions_addclose' has been explicitly marked unavailable here
 76 |     int) __API_AVAILABLE(macos(26.0)) __API_UNAVAILABLE(ios, tvos, watchos, visionos);
 77 |
 78 | int     posix_spawn_file_actions_addclose(posix_spawn_file_actions_t *, int) __API_AVAILABLE(macos(10.5), ios(2.0)) __API_UNAVAILABLE(watchos, tvos);
    |         `- note: 'posix_spawn_file_actions_addclose' has been explicitly marked unavailable here
 79 |
 80 | int     posix_spawn_file_actions_adddup2(posix_spawn_file_actions_t *, int,
/Users/admin/builder/spi-builder-workspace/.dependencies/checkouts/PerfectLib/Sources/PerfectLib/SysProcess.swift:109:3: error: 'posix_spawn_file_actions_addclose' is unavailable in watchOS
107 | 		posix_spawn_file_actions_addclose(&action, fSTDOUT[0]);
108 | 		posix_spawn_file_actions_addclose(&action, fSTDIN[0]);
109 | 		posix_spawn_file_actions_addclose(&action, fSTDERR[0]);
    |   `- error: 'posix_spawn_file_actions_addclose' is unavailable in watchOS
110 | 		posix_spawn_file_actions_addclose(&action, fSTDOUT[1]);
111 | 		posix_spawn_file_actions_addclose(&action, fSTDIN[1]);
/Applications/Xcode-27.0.0-Release.Candidate.app/Contents/Developer/Platforms/WatchOS.platform/Developer/SDKs/WatchOS27.0.sdk/usr/include/spawn.h:78:9: note: 'posix_spawn_file_actions_addclose' has been explicitly marked unavailable here
 76 |     int) __API_AVAILABLE(macos(26.0)) __API_UNAVAILABLE(ios, tvos, watchos, visionos);
 77 |
 78 | int     posix_spawn_file_actions_addclose(posix_spawn_file_actions_t *, int) __API_AVAILABLE(macos(10.5), ios(2.0)) __API_UNAVAILABLE(watchos, tvos);
    |         `- note: 'posix_spawn_file_actions_addclose' has been explicitly marked unavailable here
 79 |
 80 | int     posix_spawn_file_actions_adddup2(posix_spawn_file_actions_t *, int,
/Users/admin/builder/spi-builder-workspace/.dependencies/checkouts/PerfectLib/Sources/PerfectLib/SysProcess.swift:110:3: error: 'posix_spawn_file_actions_addclose' is unavailable in watchOS
108 | 		posix_spawn_file_actions_addclose(&action, fSTDIN[0]);
109 | 		posix_spawn_file_actions_addclose(&action, fSTDERR[0]);
110 | 		posix_spawn_file_actions_addclose(&action, fSTDOUT[1]);
    |   `- error: 'posix_spawn_file_actions_addclose' is unavailable in watchOS
111 | 		posix_spawn_file_actions_addclose(&action, fSTDIN[1]);
112 | 		posix_spawn_file_actions_addclose(&action, fSTDERR[1]);
/Applications/Xcode-27.0.0-Release.Candidate.app/Contents/Developer/Platforms/WatchOS.platform/Developer/SDKs/WatchOS27.0.sdk/usr/include/spawn.h:78:9: note: 'posix_spawn_file_actions_addclose' has been explicitly marked unavailable here
 76 |     int) __API_AVAILABLE(macos(26.0)) __API_UNAVAILABLE(ios, tvos, watchos, visionos);
 77 |
 78 | int     posix_spawn_file_actions_addclose(posix_spawn_file_actions_t *, int) __API_AVAILABLE(macos(10.5), ios(2.0)) __API_UNAVAILABLE(watchos, tvos);
    |         `- note: 'posix_spawn_file_actions_addclose' has been explicitly marked unavailable here
 79 |
 80 | int     posix_spawn_file_actions_adddup2(posix_spawn_file_actions_t *, int,
/Users/admin/builder/spi-builder-workspace/.dependencies/checkouts/PerfectLib/Sources/PerfectLib/SysProcess.swift:111:3: error: 'posix_spawn_file_actions_addclose' is unavailable in watchOS
109 | 		posix_spawn_file_actions_addclose(&action, fSTDERR[0]);
110 | 		posix_spawn_file_actions_addclose(&action, fSTDOUT[1]);
111 | 		posix_spawn_file_actions_addclose(&action, fSTDIN[1]);
    |   `- error: 'posix_spawn_file_actions_addclose' is unavailable in watchOS
112 | 		posix_spawn_file_actions_addclose(&action, fSTDERR[1]);
113 |
/Applications/Xcode-27.0.0-Release.Candidate.app/Contents/Developer/Platforms/WatchOS.platform/Developer/SDKs/WatchOS27.0.sdk/usr/include/spawn.h:78:9: note: 'posix_spawn_file_actions_addclose' has been explicitly marked unavailable here
 76 |     int) __API_AVAILABLE(macos(26.0)) __API_UNAVAILABLE(ios, tvos, watchos, visionos);
 77 |
 78 | int     posix_spawn_file_actions_addclose(posix_spawn_file_actions_t *, int) __API_AVAILABLE(macos(10.5), ios(2.0)) __API_UNAVAILABLE(watchos, tvos);
    |         `- note: 'posix_spawn_file_actions_addclose' has been explicitly marked unavailable here
 79 |
 80 | int     posix_spawn_file_actions_adddup2(posix_spawn_file_actions_t *, int,
/Users/admin/builder/spi-builder-workspace/.dependencies/checkouts/PerfectLib/Sources/PerfectLib/SysProcess.swift:112:3: error: 'posix_spawn_file_actions_addclose' is unavailable in watchOS
110 | 		posix_spawn_file_actions_addclose(&action, fSTDOUT[1]);
111 | 		posix_spawn_file_actions_addclose(&action, fSTDIN[1]);
112 | 		posix_spawn_file_actions_addclose(&action, fSTDERR[1]);
    |   `- error: 'posix_spawn_file_actions_addclose' is unavailable in watchOS
113 |
114 | 		posix_spawnattr_init(&attr)
/Applications/Xcode-27.0.0-Release.Candidate.app/Contents/Developer/Platforms/WatchOS.platform/Developer/SDKs/WatchOS27.0.sdk/usr/include/spawn.h:78:9: note: 'posix_spawn_file_actions_addclose' has been explicitly marked unavailable here
 76 |     int) __API_AVAILABLE(macos(26.0)) __API_UNAVAILABLE(ios, tvos, watchos, visionos);
 77 |
 78 | int     posix_spawn_file_actions_addclose(posix_spawn_file_actions_t *, int) __API_AVAILABLE(macos(10.5), ios(2.0)) __API_UNAVAILABLE(watchos, tvos);
    |         `- note: 'posix_spawn_file_actions_addclose' has been explicitly marked unavailable here
 79 |
 80 | int     posix_spawn_file_actions_adddup2(posix_spawn_file_actions_t *, int,
/Users/admin/builder/spi-builder-workspace/.dependencies/checkouts/PerfectLib/Sources/PerfectLib/SysProcess.swift:114:3: error: 'posix_spawnattr_init' is unavailable in watchOS
112 | 		posix_spawn_file_actions_addclose(&action, fSTDERR[1]);
113 |
114 | 		posix_spawnattr_init(&attr)
    |   `- error: 'posix_spawnattr_init' is unavailable in watchOS
115 |
116 | 		if newGroup {
/Applications/Xcode-27.0.0-Release.Candidate.app/Contents/Developer/Platforms/WatchOS.platform/Developer/SDKs/WatchOS27.0.sdk/usr/include/spawn.h:105:9: note: 'posix_spawnattr_init' has been explicitly marked unavailable here
103 |     sigset_t * __restrict) __API_AVAILABLE(macos(10.5), ios(2.0)) __API_UNAVAILABLE(watchos, tvos);
104 |
105 | int     posix_spawnattr_init(posix_spawnattr_t *) __API_AVAILABLE(macos(10.5), ios(2.0)) __API_UNAVAILABLE(watchos, tvos);
    |         `- note: 'posix_spawnattr_init' has been explicitly marked unavailable here
106 |
107 | int     posix_spawnattr_setsigdefault(posix_spawnattr_t * __restrict,
/Users/admin/builder/spi-builder-workspace/.dependencies/checkouts/PerfectLib/Sources/PerfectLib/SysProcess.swift:119:4: error: 'posix_spawnattr_setflags' is unavailable in watchOS
117 | 			// By default, all flags are unset after the init call
118 | 			// so no need to OR in the existing flags.
119 | 			posix_spawnattr_setflags(&attr, Int16(POSIX_SPAWN_SETPGROUP))
    |    `- error: 'posix_spawnattr_setflags' is unavailable in watchOS
120 | 		}
121 |
/Applications/Xcode-27.0.0-Release.Candidate.app/Contents/Developer/Platforms/WatchOS.platform/Developer/SDKs/WatchOS27.0.sdk/usr/include/spawn.h:110:9: note: 'posix_spawnattr_setflags' has been explicitly marked unavailable here
108 |     const sigset_t * __restrict) __API_AVAILABLE(macos(10.5), ios(2.0)) __API_UNAVAILABLE(watchos, tvos);
109 |
110 | int     posix_spawnattr_setflags(posix_spawnattr_t *, short) __API_AVAILABLE(macos(10.5), ios(2.0)) __API_UNAVAILABLE(watchos, tvos);
    |         `- note: 'posix_spawnattr_setflags' has been explicitly marked unavailable here
111 |
112 | int     posix_spawnattr_setpgroup(posix_spawnattr_t *, pid_t) __API_AVAILABLE(macos(10.5), ios(2.0)) __API_UNAVAILABLE(watchos, tvos);
/Users/admin/builder/spi-builder-workspace/.dependencies/checkouts/PerfectLib/Sources/PerfectLib/SysProcess.swift:124:3: error: 'posix_spawn_file_actions_destroy' is unavailable in watchOS
122 | 		var procPid = pid_t()
123 | 		let spawnRes = posix_spawnp(&procPid, cmd, &action, &attr, cArgs, cEnv)
124 | 		posix_spawn_file_actions_destroy(&action)
    |   `- error: 'posix_spawn_file_actions_destroy' is unavailable in watchOS
125 | 		posix_spawnattr_destroy(&attr)
126 |
/Applications/Xcode-27.0.0-Release.Candidate.app/Contents/Developer/Platforms/WatchOS.platform/Developer/SDKs/WatchOS27.0.sdk/usr/include/spawn.h:87:9: note: 'posix_spawn_file_actions_destroy' has been explicitly marked unavailable here
 85 | 	const char * __restrict, int, mode_t) __API_AVAILABLE(macos(10.5), ios(2.0)) __API_UNAVAILABLE(watchos, tvos);
 86 |
 87 | int     posix_spawn_file_actions_destroy(posix_spawn_file_actions_t *) __API_AVAILABLE(macos(10.5), ios(2.0)) __API_UNAVAILABLE(watchos, tvos);
    |         `- note: 'posix_spawn_file_actions_destroy' has been explicitly marked unavailable here
 88 |
 89 | int     posix_spawn_file_actions_init(posix_spawn_file_actions_t *) __API_AVAILABLE(macos(10.5), ios(2.0)) __API_UNAVAILABLE(watchos, tvos);
/Users/admin/builder/spi-builder-workspace/.dependencies/checkouts/PerfectLib/Sources/PerfectLib/SysProcess.swift:125:3: error: 'posix_spawnattr_destroy' is unavailable in watchOS
123 | 		let spawnRes = posix_spawnp(&procPid, cmd, &action, &attr, cArgs, cEnv)
124 | 		posix_spawn_file_actions_destroy(&action)
125 | 		posix_spawnattr_destroy(&attr)
    |   `- error: 'posix_spawnattr_destroy' is unavailable in watchOS
126 |
127 | 		for idx in 0..<cArgsCount {
/Applications/Xcode-27.0.0-Release.Candidate.app/Contents/Developer/Platforms/WatchOS.platform/Developer/SDKs/WatchOS27.0.sdk/usr/include/spawn.h:91:9: note: 'posix_spawnattr_destroy' has been explicitly marked unavailable here
 89 | int     posix_spawn_file_actions_init(posix_spawn_file_actions_t *) __API_AVAILABLE(macos(10.5), ios(2.0)) __API_UNAVAILABLE(watchos, tvos);
 90 |
 91 | int     posix_spawnattr_destroy(posix_spawnattr_t *) __API_AVAILABLE(macos(10.5), ios(2.0)) __API_UNAVAILABLE(watchos, tvos);
    |         `- note: 'posix_spawnattr_destroy' has been explicitly marked unavailable here
 92 |
 93 | int     posix_spawnattr_getsigdefault(const posix_spawnattr_t * __restrict,
SwiftCompile normal arm64 (in target 'PerfectLib' from project 'PerfectLib')
    cd /Users/admin/builder/spi-builder-workspace/.swiftpm/xcode

SwiftDriverJobDiscovery normal arm64_32 Emitting module for SwiftMoment (in target 'SwiftMoment' from project 'SwiftMoment')
SwiftEmitModule normal arm64_32 Emitting\ module\ for\ PerfectLib (in target 'PerfectLib' from project 'PerfectLib')
/Users/admin/builder/spi-builder-workspace/.dependencies/checkouts/PerfectLib/Sources/PerfectLib/SysProcess.swift:102:3: error: 'posix_spawn_file_actions_init' is unavailable in watchOS
100 |         var spawnRes = 0
101 |     #else
102 | 		posix_spawn_file_actions_init(&action);
    |   `- error: 'posix_spawn_file_actions_init' is unavailable in watchOS
103 | 		posix_spawn_file_actions_adddup2(&action, fSTDOUT[1], STDOUT_FILENO);
104 | 		posix_spawn_file_actions_adddup2(&action, fSTDIN[0], STDIN_FILENO);
/Applications/Xcode-27.0.0-Release.Candidate.app/Contents/Developer/Platforms/WatchOS.platform/Developer/SDKs/WatchOS27.0.sdk/usr/include/spawn.h:89:9: note: 'posix_spawn_file_actions_init' has been explicitly marked unavailable here
 87 | int     posix_spawn_file_actions_destroy(posix_spawn_file_actions_t *) __API_AVAILABLE(macos(10.5), ios(2.0)) __API_UNAVAILABLE(watchos, tvos);
 88 |
 89 | int     posix_spawn_file_actions_init(posix_spawn_file_actions_t *) __API_AVAILABLE(macos(10.5), ios(2.0)) __API_UNAVAILABLE(watchos, tvos);
    |         `- note: 'posix_spawn_file_actions_init' has been explicitly marked unavailable here
 90 |
 91 | int     posix_spawnattr_destroy(posix_spawnattr_t *) __API_AVAILABLE(macos(10.5), ios(2.0)) __API_UNAVAILABLE(watchos, tvos);
/Users/admin/builder/spi-builder-workspace/.dependencies/checkouts/PerfectLib/Sources/PerfectLib/SysProcess.swift:103:3: error: 'posix_spawn_file_actions_adddup2' is unavailable in watchOS
101 |     #else
102 | 		posix_spawn_file_actions_init(&action);
103 | 		posix_spawn_file_actions_adddup2(&action, fSTDOUT[1], STDOUT_FILENO);
    |   `- error: 'posix_spawn_file_actions_adddup2' is unavailable in watchOS
104 | 		posix_spawn_file_actions_adddup2(&action, fSTDIN[0], STDIN_FILENO);
105 | 		posix_spawn_file_actions_adddup2(&action, fSTDERR[1], STDERR_FILENO);
/Applications/Xcode-27.0.0-Release.Candidate.app/Contents/Developer/Platforms/WatchOS.platform/Developer/SDKs/WatchOS27.0.sdk/usr/include/spawn.h:80:9: note: 'posix_spawn_file_actions_adddup2' has been explicitly marked unavailable here
 78 | int     posix_spawn_file_actions_addclose(posix_spawn_file_actions_t *, int) __API_AVAILABLE(macos(10.5), ios(2.0)) __API_UNAVAILABLE(watchos, tvos);
 79 |
 80 | int     posix_spawn_file_actions_adddup2(posix_spawn_file_actions_t *, int,
    |         `- note: 'posix_spawn_file_actions_adddup2' has been explicitly marked unavailable here
 81 |     int) __API_AVAILABLE(macos(10.5), ios(2.0)) __API_UNAVAILABLE(watchos, tvos);
 82 |
/Users/admin/builder/spi-builder-workspace/.dependencies/checkouts/PerfectLib/Sources/PerfectLib/SysProcess.swift:104:3: error: 'posix_spawn_file_actions_adddup2' is unavailable in watchOS
102 | 		posix_spawn_file_actions_init(&action);
103 | 		posix_spawn_file_actions_adddup2(&action, fSTDOUT[1], STDOUT_FILENO);
104 | 		posix_spawn_file_actions_adddup2(&action, fSTDIN[0], STDIN_FILENO);
    |   `- error: 'posix_spawn_file_actions_adddup2' is unavailable in watchOS
105 | 		posix_spawn_file_actions_adddup2(&action, fSTDERR[1], STDERR_FILENO);
106 |
/Applications/Xcode-27.0.0-Release.Candidate.app/Contents/Developer/Platforms/WatchOS.platform/Developer/SDKs/WatchOS27.0.sdk/usr/include/spawn.h:80:9: note: 'posix_spawn_file_actions_adddup2' has been explicitly marked unavailable here
 78 | int     posix_spawn_file_actions_addclose(posix_spawn_file_actions_t *, int) __API_AVAILABLE(macos(10.5), ios(2.0)) __API_UNAVAILABLE(watchos, tvos);
 79 |
 80 | int     posix_spawn_file_actions_adddup2(posix_spawn_file_actions_t *, int,
    |         `- note: 'posix_spawn_file_actions_adddup2' has been explicitly marked unavailable here
 81 |     int) __API_AVAILABLE(macos(10.5), ios(2.0)) __API_UNAVAILABLE(watchos, tvos);
 82 |
/Users/admin/builder/spi-builder-workspace/.dependencies/checkouts/PerfectLib/Sources/PerfectLib/SysProcess.swift:105:3: error: 'posix_spawn_file_actions_adddup2' is unavailable in watchOS
103 | 		posix_spawn_file_actions_adddup2(&action, fSTDOUT[1], STDOUT_FILENO);
104 | 		posix_spawn_file_actions_adddup2(&action, fSTDIN[0], STDIN_FILENO);
105 | 		posix_spawn_file_actions_adddup2(&action, fSTDERR[1], STDERR_FILENO);
    |   `- error: 'posix_spawn_file_actions_adddup2' is unavailable in watchOS
106 |
107 | 		posix_spawn_file_actions_addclose(&action, fSTDOUT[0]);
/Applications/Xcode-27.0.0-Release.Candidate.app/Contents/Developer/Platforms/WatchOS.platform/Developer/SDKs/WatchOS27.0.sdk/usr/include/spawn.h:80:9: note: 'posix_spawn_file_actions_adddup2' has been explicitly marked unavailable here
 78 | int     posix_spawn_file_actions_addclose(posix_spawn_file_actions_t *, int) __API_AVAILABLE(macos(10.5), ios(2.0)) __API_UNAVAILABLE(watchos, tvos);
 79 |
 80 | int     posix_spawn_file_actions_adddup2(posix_spawn_file_actions_t *, int,
    |         `- note: 'posix_spawn_file_actions_adddup2' has been explicitly marked unavailable here
 81 |     int) __API_AVAILABLE(macos(10.5), ios(2.0)) __API_UNAVAILABLE(watchos, tvos);
 82 |
/Users/admin/builder/spi-builder-workspace/.dependencies/checkouts/PerfectLib/Sources/PerfectLib/SysProcess.swift:107:3: error: 'posix_spawn_file_actions_addclose' is unavailable in watchOS
105 | 		posix_spawn_file_actions_adddup2(&action, fSTDERR[1], STDERR_FILENO);
106 |
107 | 		posix_spawn_file_actions_addclose(&action, fSTDOUT[0]);
    |   `- error: 'posix_spawn_file_actions_addclose' is unavailable in watchOS
108 | 		posix_spawn_file_actions_addclose(&action, fSTDIN[0]);
109 | 		posix_spawn_file_actions_addclose(&action, fSTDERR[0]);
/Applications/Xcode-27.0.0-Release.Candidate.app/Contents/Developer/Platforms/WatchOS.platform/Developer/SDKs/WatchOS27.0.sdk/usr/include/spawn.h:78:9: note: 'posix_spawn_file_actions_addclose' has been explicitly marked unavailable here
 76 |     int) __API_AVAILABLE(macos(26.0)) __API_UNAVAILABLE(ios, tvos, watchos, visionos);
 77 |
 78 | int     posix_spawn_file_actions_addclose(posix_spawn_file_actions_t *, int) __API_AVAILABLE(macos(10.5), ios(2.0)) __API_UNAVAILABLE(watchos, tvos);
    |         `- note: 'posix_spawn_file_actions_addclose' has been explicitly marked unavailable here
 79 |
 80 | int     posix_spawn_file_actions_adddup2(posix_spawn_file_actions_t *, int,
/Users/admin/builder/spi-builder-workspace/.dependencies/checkouts/PerfectLib/Sources/PerfectLib/SysProcess.swift:108:3: error: 'posix_spawn_file_actions_addclose' is unavailable in watchOS
106 |
107 | 		posix_spawn_file_actions_addclose(&action, fSTDOUT[0]);
108 | 		posix_spawn_file_actions_addclose(&action, fSTDIN[0]);
    |   `- error: 'posix_spawn_file_actions_addclose' is unavailable in watchOS
109 | 		posix_spawn_file_actions_addclose(&action, fSTDERR[0]);
110 | 		posix_spawn_file_actions_addclose(&action, fSTDOUT[1]);
/Applications/Xcode-27.0.0-Release.Candidate.app/Contents/Developer/Platforms/WatchOS.platform/Developer/SDKs/WatchOS27.0.sdk/usr/include/spawn.h:78:9: note: 'posix_spawn_file_actions_addclose' has been explicitly marked unavailable here
 76 |     int) __API_AVAILABLE(macos(26.0)) __API_UNAVAILABLE(ios, tvos, watchos, visionos);
 77 |
 78 | int     posix_spawn_file_actions_addclose(posix_spawn_file_actions_t *, int) __API_AVAILABLE(macos(10.5), ios(2.0)) __API_UNAVAILABLE(watchos, tvos);
    |         `- note: 'posix_spawn_file_actions_addclose' has been explicitly marked unavailable here
 79 |
 80 | int     posix_spawn_file_actions_adddup2(posix_spawn_file_actions_t *, int,
/Users/admin/builder/spi-builder-workspace/.dependencies/checkouts/PerfectLib/Sources/PerfectLib/SysProcess.swift:109:3: error: 'posix_spawn_file_actions_addclose' is unavailable in watchOS
107 | 		posix_spawn_file_actions_addclose(&action, fSTDOUT[0]);
108 | 		posix_spawn_file_actions_addclose(&action, fSTDIN[0]);
109 | 		posix_spawn_file_actions_addclose(&action, fSTDERR[0]);
    |   `- error: 'posix_spawn_file_actions_addclose' is unavailable in watchOS
110 | 		posix_spawn_file_actions_addclose(&action, fSTDOUT[1]);
111 | 		posix_spawn_file_actions_addclose(&action, fSTDIN[1]);
/Applications/Xcode-27.0.0-Release.Candidate.app/Contents/Developer/Platforms/WatchOS.platform/Developer/SDKs/WatchOS27.0.sdk/usr/include/spawn.h:78:9: note: 'posix_spawn_file_actions_addclose' has been explicitly marked unavailable here
 76 |     int) __API_AVAILABLE(macos(26.0)) __API_UNAVAILABLE(ios, tvos, watchos, visionos);
 77 |
 78 | int     posix_spawn_file_actions_addclose(posix_spawn_file_actions_t *, int) __API_AVAILABLE(macos(10.5), ios(2.0)) __API_UNAVAILABLE(watchos, tvos);
    |         `- note: 'posix_spawn_file_actions_addclose' has been explicitly marked unavailable here
 79 |
 80 | int     posix_spawn_file_actions_adddup2(posix_spawn_file_actions_t *, int,
/Users/admin/builder/spi-builder-workspace/.dependencies/checkouts/PerfectLib/Sources/PerfectLib/SysProcess.swift:110:3: error: 'posix_spawn_file_actions_addclose' is unavailable in watchOS
108 | 		posix_spawn_file_actions_addclose(&action, fSTDIN[0]);
109 | 		posix_spawn_file_actions_addclose(&action, fSTDERR[0]);
110 | 		posix_spawn_file_actions_addclose(&action, fSTDOUT[1]);
    |   `- error: 'posix_spawn_file_actions_addclose' is unavailable in watchOS
111 | 		posix_spawn_file_actions_addclose(&action, fSTDIN[1]);
112 | 		posix_spawn_file_actions_addclose(&action, fSTDERR[1]);
/Applications/Xcode-27.0.0-Release.Candidate.app/Contents/Developer/Platforms/WatchOS.platform/Developer/SDKs/WatchOS27.0.sdk/usr/include/spawn.h:78:9: note: 'posix_spawn_file_actions_addclose' has been explicitly marked unavailable here
 76 |     int) __API_AVAILABLE(macos(26.0)) __API_UNAVAILABLE(ios, tvos, watchos, visionos);
 77 |
 78 | int     posix_spawn_file_actions_addclose(posix_spawn_file_actions_t *, int) __API_AVAILABLE(macos(10.5), ios(2.0)) __API_UNAVAILABLE(watchos, tvos);
    |         `- note: 'posix_spawn_file_actions_addclose' has been explicitly marked unavailable here
 79 |
 80 | int     posix_spawn_file_actions_adddup2(posix_spawn_file_actions_t *, int,
/Users/admin/builder/spi-builder-workspace/.dependencies/checkouts/PerfectLib/Sources/PerfectLib/SysProcess.swift:111:3: error: 'posix_spawn_file_actions_addclose' is unavailable in watchOS
109 | 		posix_spawn_file_actions_addclose(&action, fSTDERR[0]);
110 | 		posix_spawn_file_actions_addclose(&action, fSTDOUT[1]);
111 | 		posix_spawn_file_actions_addclose(&action, fSTDIN[1]);
    |   `- error: 'posix_spawn_file_actions_addclose' is unavailable in watchOS
112 | 		posix_spawn_file_actions_addclose(&action, fSTDERR[1]);
113 |
/Applications/Xcode-27.0.0-Release.Candidate.app/Contents/Developer/Platforms/WatchOS.platform/Developer/SDKs/WatchOS27.0.sdk/usr/include/spawn.h:78:9: note: 'posix_spawn_file_actions_addclose' has been explicitly marked unavailable here
 76 |     int) __API_AVAILABLE(macos(26.0)) __API_UNAVAILABLE(ios, tvos, watchos, visionos);
 77 |
 78 | int     posix_spawn_file_actions_addclose(posix_spawn_file_actions_t *, int) __API_AVAILABLE(macos(10.5), ios(2.0)) __API_UNAVAILABLE(watchos, tvos);
    |         `- note: 'posix_spawn_file_actions_addclose' has been explicitly marked unavailable here
 79 |
 80 | int     posix_spawn_file_actions_adddup2(posix_spawn_file_actions_t *, int,
/Users/admin/builder/spi-builder-workspace/.dependencies/checkouts/PerfectLib/Sources/PerfectLib/SysProcess.swift:112:3: error: 'posix_spawn_file_actions_addclose' is unavailable in watchOS
110 | 		posix_spawn_file_actions_addclose(&action, fSTDOUT[1]);
111 | 		posix_spawn_file_actions_addclose(&action, fSTDIN[1]);
112 | 		posix_spawn_file_actions_addclose(&action, fSTDERR[1]);
    |   `- error: 'posix_spawn_file_actions_addclose' is unavailable in watchOS
113 |
114 | 		posix_spawnattr_init(&attr)
/Applications/Xcode-27.0.0-Release.Candidate.app/Contents/Developer/Platforms/WatchOS.platform/Developer/SDKs/WatchOS27.0.sdk/usr/include/spawn.h:78:9: note: 'posix_spawn_file_actions_addclose' has been explicitly marked unavailable here
 76 |     int) __API_AVAILABLE(macos(26.0)) __API_UNAVAILABLE(ios, tvos, watchos, visionos);
 77 |
 78 | int     posix_spawn_file_actions_addclose(posix_spawn_file_actions_t *, int) __API_AVAILABLE(macos(10.5), ios(2.0)) __API_UNAVAILABLE(watchos, tvos);
    |         `- note: 'posix_spawn_file_actions_addclose' has been explicitly marked unavailable here
 79 |
 80 | int     posix_spawn_file_actions_adddup2(posix_spawn_file_actions_t *, int,
/Users/admin/builder/spi-builder-workspace/.dependencies/checkouts/PerfectLib/Sources/PerfectLib/SysProcess.swift:114:3: error: 'posix_spawnattr_init' is unavailable in watchOS
112 | 		posix_spawn_file_actions_addclose(&action, fSTDERR[1]);
113 |
114 | 		posix_spawnattr_init(&attr)
    |   `- error: 'posix_spawnattr_init' is unavailable in watchOS
115 |
116 | 		if newGroup {
/Applications/Xcode-27.0.0-Release.Candidate.app/Contents/Developer/Platforms/WatchOS.platform/Developer/SDKs/WatchOS27.0.sdk/usr/include/spawn.h:105:9: note: 'posix_spawnattr_init' has been explicitly marked unavailable here
103 |     sigset_t * __restrict) __API_AVAILABLE(macos(10.5), ios(2.0)) __API_UNAVAILABLE(watchos, tvos);
104 |
105 | int     posix_spawnattr_init(posix_spawnattr_t *) __API_AVAILABLE(macos(10.5), ios(2.0)) __API_UNAVAILABLE(watchos, tvos);
    |         `- note: 'posix_spawnattr_init' has been explicitly marked unavailable here
106 |
107 | int     posix_spawnattr_setsigdefault(posix_spawnattr_t * __restrict,
/Users/admin/builder/spi-builder-workspace/.dependencies/checkouts/PerfectLib/Sources/PerfectLib/SysProcess.swift:119:4: error: 'posix_spawnattr_setflags' is unavailable in watchOS
117 | 			// By default, all flags are unset after the init call
118 | 			// so no need to OR in the existing flags.
119 | 			posix_spawnattr_setflags(&attr, Int16(POSIX_SPAWN_SETPGROUP))
    |    `- error: 'posix_spawnattr_setflags' is unavailable in watchOS
120 | 		}
121 |
/Applications/Xcode-27.0.0-Release.Candidate.app/Contents/Developer/Platforms/WatchOS.platform/Developer/SDKs/WatchOS27.0.sdk/usr/include/spawn.h:110:9: note: 'posix_spawnattr_setflags' has been explicitly marked unavailable here
108 |     const sigset_t * __restrict) __API_AVAILABLE(macos(10.5), ios(2.0)) __API_UNAVAILABLE(watchos, tvos);
109 |
110 | int     posix_spawnattr_setflags(posix_spawnattr_t *, short) __API_AVAILABLE(macos(10.5), ios(2.0)) __API_UNAVAILABLE(watchos, tvos);
    |         `- note: 'posix_spawnattr_setflags' has been explicitly marked unavailable here
111 |
112 | int     posix_spawnattr_setpgroup(posix_spawnattr_t *, pid_t) __API_AVAILABLE(macos(10.5), ios(2.0)) __API_UNAVAILABLE(watchos, tvos);
/Users/admin/builder/spi-builder-workspace/.dependencies/checkouts/PerfectLib/Sources/PerfectLib/SysProcess.swift:124:3: error: 'posix_spawn_file_actions_destroy' is unavailable in watchOS
122 | 		var procPid = pid_t()
123 | 		let spawnRes = posix_spawnp(&procPid, cmd, &action, &attr, cArgs, cEnv)
124 | 		posix_spawn_file_actions_destroy(&action)
    |   `- error: 'posix_spawn_file_actions_destroy' is unavailable in watchOS
125 | 		posix_spawnattr_destroy(&attr)
126 |
/Applications/Xcode-27.0.0-Release.Candidate.app/Contents/Developer/Platforms/WatchOS.platform/Developer/SDKs/WatchOS27.0.sdk/usr/include/spawn.h:87:9: note: 'posix_spawn_file_actions_destroy' has been explicitly marked unavailable here
 85 | 	const char * __restrict, int, mode_t) __API_AVAILABLE(macos(10.5), ios(2.0)) __API_UNAVAILABLE(watchos, tvos);
 86 |
 87 | int     posix_spawn_file_actions_destroy(posix_spawn_file_actions_t *) __API_AVAILABLE(macos(10.5), ios(2.0)) __API_UNAVAILABLE(watchos, tvos);
    |         `- note: 'posix_spawn_file_actions_destroy' has been explicitly marked unavailable here
 88 |
 89 | int     posix_spawn_file_actions_init(posix_spawn_file_actions_t *) __API_AVAILABLE(macos(10.5), ios(2.0)) __API_UNAVAILABLE(watchos, tvos);
/Users/admin/builder/spi-builder-workspace/.dependencies/checkouts/PerfectLib/Sources/PerfectLib/SysProcess.swift:125:3: error: 'posix_spawnattr_destroy' is unavailable in watchOS
123 | 		let spawnRes = posix_spawnp(&procPid, cmd, &action, &attr, cArgs, cEnv)
124 | 		posix_spawn_file_actions_destroy(&action)
125 | 		posix_spawnattr_destroy(&attr)
    |   `- error: 'posix_spawnattr_destroy' is unavailable in watchOS
126 |
127 | 		for idx in 0..<cArgsCount {
/Applications/Xcode-27.0.0-Release.Candidate.app/Contents/Developer/Platforms/WatchOS.platform/Developer/SDKs/WatchOS27.0.sdk/usr/include/spawn.h:91:9: note: 'posix_spawnattr_destroy' has been explicitly marked unavailable here
 89 | int     posix_spawn_file_actions_init(posix_spawn_file_actions_t *) __API_AVAILABLE(macos(10.5), ios(2.0)) __API_UNAVAILABLE(watchos, tvos);
 90 |
 91 | int     posix_spawnattr_destroy(posix_spawnattr_t *) __API_AVAILABLE(macos(10.5), ios(2.0)) __API_UNAVAILABLE(watchos, tvos);
    |         `- note: 'posix_spawnattr_destroy' has been explicitly marked unavailable here
 92 |
 93 | int     posix_spawnattr_getsigdefault(const posix_spawnattr_t * __restrict,
Failed frontend command:
/Applications/Xcode-27.0.0-Release.Candidate.app/Contents/Developer/Toolchains/XcodeDefault.xctoolchain/usr/bin/swift-frontend -frontend -emit-module -experimental-skip-non-inlinable-function-bodies-without-types /Users/admin/builder/spi-builder-workspace/.dependencies/checkouts/PerfectLib/Sources/PerfectLib/Bytes.swift /Users/admin/builder/spi-builder-workspace/.dependencies/checkouts/PerfectLib/Sources/PerfectLib/Dir.swift /Users/admin/builder/spi-builder-workspace/.dependencies/checkouts/PerfectLib/Sources/PerfectLib/File.swift /Users/admin/builder/spi-builder-workspace/.dependencies/checkouts/PerfectLib/Sources/PerfectLib/JSONConvertible.swift /Users/admin/builder/spi-builder-workspace/.dependencies/checkouts/PerfectLib/Sources/PerfectLib/Log.swift /Users/admin/builder/spi-builder-workspace/.dependencies/checkouts/PerfectLib/Sources/PerfectLib/PerfectError.swift /Users/admin/builder/spi-builder-workspace/.dependencies/checkouts/PerfectLib/Sources/PerfectLib/PerfectServer.swift /Users/admin/builder/spi-builder-workspace/.dependencies/checkouts/PerfectLib/Sources/PerfectLib/SysProcess.swift /Users/admin/builder/spi-builder-workspace/.dependencies/checkouts/PerfectLib/Sources/PerfectLib/Utilities.swift -target arm64_32-apple-watchos9.0 -enable-objc-interop -sdk /Applications/Xcode-27.0.0-Release.Candidate.app/Contents/Developer/Platforms/WatchOS.platform/Developer/SDKs/WatchOS27.0.sdk -I /Users/admin/builder/spi-builder-workspace/.derivedData/Build/Products/Debug-watchos -Isystem /Applications/Xcode-27.0.0-Release.Candidate.app/Contents/Developer/Platforms/WatchOS.platform/Developer/usr/lib -F /Users/admin/builder/spi-builder-workspace/.derivedData/Build/Products/Debug-watchos -F /Applications/Xcode-27.0.0-Release.Candidate.app/Contents/Developer/Platforms/WatchOS.platform/Developer/Library/Frameworks -F /Applications/Xcode-27.0.0-Release.Candidate.app/Contents/Developer/Platforms/WatchOS.platform/Developer/SDKs/WatchOS27.0.sdk/Developer/Library/Frameworks -module-cache-path /Users/admin/builder/spi-builder-workspace/.derivedData/ModuleCache.noindex -no-color-diagnostics -Xcc -fno-color-diagnostics -enable-testing -g -debug-info-format\=dwarf -dwarf-version\=4 -suppress-warnings -swift-version 4 -Onone -D SWIFT_PACKAGE -D DEBUG -D SWIFT_MODULE_RESOURCE_BUNDLE_UNAVAILABLE -D Xcode -serialize-debugging-options -enable-experimental-feature DebugDescriptionMacro -empty-abi-descriptor -plugin-path /Applications/Xcode-27.0.0-Release.Candidate.app/Contents/Developer/Toolchains/XcodeDefault.xctoolchain/usr/lib/swift/host/plugins/testing -validate-clang-modules-once -clang-build-session-file /Users/admin/builder/spi-builder-workspace/.derivedData/ModuleCache.noindex/Session.modulevalidation -Xcc -working-directory -Xcc /Users/admin/builder/spi-builder-workspace/.swiftpm/xcode -enable-anonymous-context-mangled-names -file-compilation-dir /Users/admin/builder/spi-builder-workspace/.swiftpm/xcode -Xcc -D_LIBCPP_HARDENING_MODE\=_LIBCPP_HARDENING_MODE_DEBUG -Xcc -ivfsstatcache -Xcc /Users/admin/builder/spi-builder-workspace/.derivedData/SDKStatCaches.noindex/watchos27.0-24R360-e829b21a6f8c9b70876ba0858053c04477534ef55a1706bf4c1112bbb242f0a2.sdkstatcache -Xcc -fmodules-prune-interval\=86400 -Xcc -fmodules-prune-after\=345600 -Xcc -I/Users/admin/builder/spi-builder-workspace/.derivedData/Build/Products/Debug-watchos/include -Xcc -I/Users/admin/builder/spi-builder-workspace/.derivedData/Build/Intermediates.noindex/PerfectLib.build/Debug-watchos/PerfectLib-t.build/DerivedSources-normal/arm64_32 -Xcc -I/Users/admin/builder/spi-builder-workspace/.derivedData/Build/Intermediates.noindex/PerfectLib.build/Debug-watchos/PerfectLib-t.build/DerivedSources/arm64_32 -Xcc -I/Users/admin/builder/spi-builder-workspace/.derivedData/Build/Intermediates.noindex/PerfectLib.build/Debug-watchos/PerfectLib-t.build/DerivedSources -Xcc -DSWIFT_PACKAGE -Xcc -DDEBUG\=1 -no-auto-bridging-header-chaining -module-name PerfectLib -const-gather-protocols-file /Users/admin/builder/spi-builder-workspace/.derivedData/Build/Intermediates.noindex/PerfectLib.build/Debug-watchos/PerfectLib-t.build/Objects-normal/arm64_32/PerfectLib_const_extract_protocols.json -disable-clang-spi -target-sdk-version 27.0 -target-sdk-name watchos27.0 -external-plugin-path /Applications/Xcode-27.0.0-Release.Candidate.app/Contents/Developer/Platforms/WatchOS.platform/Developer/usr/lib/swift/host/plugins\#/Applications/Xcode-27.0.0-Release.Candidate.app/Contents/Developer/Platforms/WatchOS.platform/Developer/usr/bin/swift-plugin-server -external-plugin-path /Applications/Xcode-27.0.0-Release.Candidate.app/Contents/Developer/Platforms/WatchOS.platform/Developer/usr/local/lib/swift/host/plugins\#/Applications/Xcode-27.0.0-Release.Candidate.app/Contents/Developer/Platforms/WatchOS.platform/Developer/usr/bin/swift-plugin-server -in-process-plugin-server-path /Applications/Xcode-27.0.0-Release.Candidate.app/Contents/Developer/Toolchains/XcodeDefault.xctoolchain/usr/lib/swift/host/libSwiftInProcPluginServer.dylib -plugin-path /Applications/Xcode-27.0.0-Release.Candidate.app/Contents/Developer/Toolchains/XcodeDefault.xctoolchain/usr/lib/swift/host/plugins -plugin-path /Applications/Xcode-27.0.0-Release.Candidate.app/Contents/Developer/Toolchains/XcodeDefault.xctoolchain/usr/local/lib/swift/host/plugins -emit-module-doc-path /Users/admin/builder/spi-builder-workspace/.derivedData/Build/Intermediates.noindex/PerfectLib.build/Debug-watchos/PerfectLib-t.build/Objects-normal/arm64_32/PerfectLib.swiftdoc -emit-module-source-info-path /Users/admin/builder/spi-builder-workspace/.derivedData/Build/Intermediates.noindex/PerfectLib.build/Debug-watchos/PerfectLib-t.build/Objects-normal/arm64_32/PerfectLib.swiftsourceinfo -emit-objc-header-path /Users/admin/builder/spi-builder-workspace/.derivedData/Build/Intermediates.noindex/PerfectLib.build/Debug-watchos/PerfectLib-t.build/Objects-normal/arm64_32/PerfectLib-Swift.h -serialize-diagnostics-path /Users/admin/builder/spi-builder-workspace/.derivedData/Build/Intermediates.noindex/PerfectLib.build/Debug-watchos/PerfectLib-t.build/Objects-normal/arm64_32/PerfectLib-primary-emit-module.dia -emit-dependencies-path /Users/admin/builder/spi-builder-workspace/.derivedData/Build/Intermediates.noindex/PerfectLib.build/Debug-watchos/PerfectLib-t.build/Objects-normal/arm64_32/PerfectLib-primary-emit-module.d -parse-as-library -o /Users/admin/builder/spi-builder-workspace/.derivedData/Build/Intermediates.noindex/PerfectLib.build/Debug-watchos/PerfectLib-t.build/Objects-normal/arm64_32/PerfectLib.swiftmodule -emit-abi-descriptor-path /Users/admin/builder/spi-builder-workspace/.derivedData/Build/Intermediates.noindex/PerfectLib.build/Debug-watchos/PerfectLib-t.build/Objects-normal/arm64_32/PerfectLib.abi.json
SwiftCompile normal arm64_32 (in target 'PerfectLib' from project 'PerfectLib')
    cd /Users/admin/builder/spi-builder-workspace/.swiftpm/xcode

SwiftDriverJobDiscovery normal arm64 Emitting module for SwiftMoment (in target 'SwiftMoment' from project 'SwiftMoment')
SwiftDriver\ Compilation\ Requirements SwiftMoment normal arm64_32 com.apple.xcode.tools.swift.compiler (in target 'SwiftMoment' from project 'SwiftMoment')
    cd /Users/admin/builder/spi-builder-workspace/.swiftpm/xcode
    builtin-Swift-Compilation-Requirements -- /Applications/Xcode-27.0.0-Release.Candidate.app/Contents/Developer/Toolchains/XcodeDefault.xctoolchain/usr/bin/swiftc -parse-as-library -module-name SwiftMoment -Onone @/Users/admin/builder/spi-builder-workspace/.derivedData/Build/Intermediates.noindex/SwiftMoment.build/Debug-watchos/SwiftMoment-t.build/Objects-normal/arm64_32/SwiftMoment.SwiftFileList -DSWIFT_PACKAGE -DDEBUG -DSWIFT_MODULE_RESOURCE_BUNDLE_UNAVAILABLE -DXcode -plugin-path /Applications/Xcode-27.0.0-Release.Candidate.app/Contents/Developer/Toolchains/XcodeDefault.xctoolchain/usr/lib/swift/host/plugins/testing -enable-experimental-feature DebugDescriptionMacro -sdk /Applications/Xcode-27.0.0-Release.Candidate.app/Contents/Developer/Platforms/WatchOS.platform/Developer/SDKs/WatchOS27.0.sdk -target arm64_32-apple-watchos9.0 -g -module-cache-path /Users/admin/builder/spi-builder-workspace/.derivedData/ModuleCache.noindex -Xfrontend -serialize-debugging-options -enable-testing -suppress-warnings -index-store-path /Users/admin/builder/spi-builder-workspace/.derivedData/Index.noindex/DataStore -Xcc -D_LIBCPP_HARDENING_MODE\=_LIBCPP_HARDENING_MODE_DEBUG -swift-version 4.2 -I /Users/admin/builder/spi-builder-workspace/.derivedData/Build/Products/Debug-watchos -Isystem /Applications/Xcode-27.0.0-Release.Candidate.app/Contents/Developer/Platforms/WatchOS.platform/Developer/usr/lib -F /Users/admin/builder/spi-builder-workspace/.derivedData/Build/Products/Debug-watchos -F /Applications/Xcode-27.0.0-Release.Candidate.app/Contents/Developer/Platforms/WatchOS.platform/Developer/Library/Frameworks -F /Applications/Xcode-27.0.0-Release.Candidate.app/Contents/Developer/Platforms/WatchOS.platform/Developer/SDKs/WatchOS27.0.sdk/Developer/Library/Frameworks -c -j10 -enable-batch-mode -incremental -Xcc -ivfsstatcache -Xcc /Users/admin/builder/spi-builder-workspace/.derivedData/SDKStatCaches.noindex/watchos27.0-24R360-e829b21a6f8c9b70876ba0858053c04477534ef55a1706bf4c1112bbb242f0a2.sdkstatcache -output-file-map /Users/admin/builder/spi-builder-workspace/.derivedData/Build/Intermediates.noindex/SwiftMoment.build/Debug-watchos/SwiftMoment-t.build/Objects-normal/arm64_32/SwiftMoment-OutputFileMap.json -save-temps -no-color-diagnostics -emit-dependencies -emit-module -emit-module-path /Users/admin/builder/spi-builder-workspace/.derivedData/Build/Intermediates.noindex/SwiftMoment.build/Debug-watchos/SwiftMoment-t.build/Objects-normal/arm64_32/SwiftMoment.swiftmodule -serialize-diagnostics -validate-clang-modules-once -clang-build-session-file /Users/admin/builder/spi-builder-workspace/.derivedData/ModuleCache.noindex/Session.modulevalidation -Xcc -fmodules-prune-interval\=86400 -Xcc -fmodules-prune-after\=345600 -emit-const-values -const-gather-protocols-list /Users/admin/builder/spi-builder-workspace/.derivedData/Build/Intermediates.noindex/SwiftMoment.build/Debug-watchos/SwiftMoment-t.build/Objects-normal/arm64_32/SwiftMoment_const_extract_protocols.json -Xcc -I/Users/admin/builder/spi-builder-workspace/.derivedData/Build/Products/Debug-watchos/include -Xcc -I/Users/admin/builder/spi-builder-workspace/.derivedData/Build/Intermediates.noindex/SwiftMoment.build/Debug-watchos/SwiftMoment-t.build/DerivedSources-normal/arm64_32 -Xcc -I/Users/admin/builder/spi-builder-workspace/.derivedData/Build/Intermediates.noindex/SwiftMoment.build/Debug-watchos/SwiftMoment-t.build/DerivedSources/arm64_32 -Xcc -I/Users/admin/builder/spi-builder-workspace/.derivedData/Build/Intermediates.noindex/SwiftMoment.build/Debug-watchos/SwiftMoment-t.build/DerivedSources -Xcc -DSWIFT_PACKAGE -Xcc -DDEBUG\=1 -emit-objc-header -emit-objc-header-path /Users/admin/builder/spi-builder-workspace/.derivedData/Build/Intermediates.noindex/SwiftMoment.build/Debug-watchos/SwiftMoment-t.build/Objects-normal/arm64_32/SwiftMoment-Swift.h -working-directory /Users/admin/builder/spi-builder-workspace/.swiftpm/xcode -experimental-emit-module-separately -disable-cmo
SwiftDriverJobDiscovery normal arm64 Compiling Operators.swift (in target 'SwiftMoment' from project 'SwiftMoment')
SwiftDriver\ Compilation\ Requirements SwiftMoment normal arm64 com.apple.xcode.tools.swift.compiler (in target 'SwiftMoment' from project 'SwiftMoment')
    cd /Users/admin/builder/spi-builder-workspace/.swiftpm/xcode
    builtin-Swift-Compilation-Requirements -- /Applications/Xcode-27.0.0-Release.Candidate.app/Contents/Developer/Toolchains/XcodeDefault.xctoolchain/usr/bin/swiftc -parse-as-library -module-name SwiftMoment -Onone @/Users/admin/builder/spi-builder-workspace/.derivedData/Build/Intermediates.noindex/SwiftMoment.build/Debug-watchos/SwiftMoment-t.build/Objects-normal/arm64/SwiftMoment.SwiftFileList -DSWIFT_PACKAGE -DDEBUG -DSWIFT_MODULE_RESOURCE_BUNDLE_UNAVAILABLE -DXcode -plugin-path /Applications/Xcode-27.0.0-Release.Candidate.app/Contents/Developer/Toolchains/XcodeDefault.xctoolchain/usr/lib/swift/host/plugins/testing -enable-experimental-feature DebugDescriptionMacro -sdk /Applications/Xcode-27.0.0-Release.Candidate.app/Contents/Developer/Platforms/WatchOS.platform/Developer/SDKs/WatchOS27.0.sdk -target arm64-apple-watchos9.0 -g -module-cache-path /Users/admin/builder/spi-builder-workspace/.derivedData/ModuleCache.noindex -Xfrontend -serialize-debugging-options -enable-testing -suppress-warnings -index-store-path /Users/admin/builder/spi-builder-workspace/.derivedData/Index.noindex/DataStore -Xcc -D_LIBCPP_HARDENING_MODE\=_LIBCPP_HARDENING_MODE_DEBUG -swift-version 4.2 -I /Users/admin/builder/spi-builder-workspace/.derivedData/Build/Products/Debug-watchos -Isystem /Applications/Xcode-27.0.0-Release.Candidate.app/Contents/Developer/Platforms/WatchOS.platform/Developer/usr/lib -F /Users/admin/builder/spi-builder-workspace/.derivedData/Build/Products/Debug-watchos -F /Applications/Xcode-27.0.0-Release.Candidate.app/Contents/Developer/Platforms/WatchOS.platform/Developer/Library/Frameworks -F /Applications/Xcode-27.0.0-Release.Candidate.app/Contents/Developer/Platforms/WatchOS.platform/Developer/SDKs/WatchOS27.0.sdk/Developer/Library/Frameworks -c -j10 -enable-batch-mode -incremental -Xcc -ivfsstatcache -Xcc /Users/admin/builder/spi-builder-workspace/.derivedData/SDKStatCaches.noindex/watchos27.0-24R360-e829b21a6f8c9b70876ba0858053c04477534ef55a1706bf4c1112bbb242f0a2.sdkstatcache -output-file-map /Users/admin/builder/spi-builder-workspace/.derivedData/Build/Intermediates.noindex/SwiftMoment.build/Debug-watchos/SwiftMoment-t.build/Objects-normal/arm64/SwiftMoment-OutputFileMap.json -save-temps -no-color-diagnostics -emit-dependencies -emit-module -emit-module-path /Users/admin/builder/spi-builder-workspace/.derivedData/Build/Intermediates.noindex/SwiftMoment.build/Debug-watchos/SwiftMoment-t.build/Objects-normal/arm64/SwiftMoment.swiftmodule -serialize-diagnostics -validate-clang-modules-once -clang-build-session-file /Users/admin/builder/spi-builder-workspace/.derivedData/ModuleCache.noindex/Session.modulevalidation -Xcc -fmodules-prune-interval\=86400 -Xcc -fmodules-prune-after\=345600 -emit-const-values -const-gather-protocols-list /Users/admin/builder/spi-builder-workspace/.derivedData/Build/Intermediates.noindex/SwiftMoment.build/Debug-watchos/SwiftMoment-t.build/Objects-normal/arm64/SwiftMoment_const_extract_protocols.json -Xcc -I/Users/admin/builder/spi-builder-workspace/.derivedData/Build/Products/Debug-watchos/include -Xcc -I/Users/admin/builder/spi-builder-workspace/.derivedData/Build/Intermediates.noindex/SwiftMoment.build/Debug-watchos/SwiftMoment-t.build/DerivedSources-normal/arm64 -Xcc -I/Users/admin/builder/spi-builder-workspace/.derivedData/Build/Intermediates.noindex/SwiftMoment.build/Debug-watchos/SwiftMoment-t.build/DerivedSources/arm64 -Xcc -I/Users/admin/builder/spi-builder-workspace/.derivedData/Build/Intermediates.noindex/SwiftMoment.build/Debug-watchos/SwiftMoment-t.build/DerivedSources -Xcc -DSWIFT_PACKAGE -Xcc -DDEBUG\=1 -emit-objc-header -emit-objc-header-path /Users/admin/builder/spi-builder-workspace/.derivedData/Build/Intermediates.noindex/SwiftMoment.build/Debug-watchos/SwiftMoment-t.build/Objects-normal/arm64/SwiftMoment-Swift.h -working-directory /Users/admin/builder/spi-builder-workspace/.swiftpm/xcode -experimental-emit-module-separately -disable-cmo
SwiftCompile normal arm64_32 Compiling\ Extensions.swift /Users/admin/builder/spi-builder-workspace/.dependencies/checkouts/SwiftMoment/Sources/SwiftMoment/Extensions.swift (in target 'SwiftMoment' from project 'SwiftMoment')
SwiftCompile normal arm64_32 /Users/admin/builder/spi-builder-workspace/.dependencies/checkouts/SwiftMoment/Sources/SwiftMoment/Extensions.swift (in target 'SwiftMoment' from project 'SwiftMoment')
    cd /Users/admin/builder/spi-builder-workspace/.swiftpm/xcode
    builtin-SwiftPerFileCompile Extensions.swift
SwiftDriverJobDiscovery normal arm64 Compiling TimeUnit.swift (in target 'SwiftMoment' from project 'SwiftMoment')
SwiftCompile normal arm64_32 Compiling\ Operators.swift /Users/admin/builder/spi-builder-workspace/.dependencies/checkouts/SwiftMoment/Sources/SwiftMoment/Operators.swift (in target 'SwiftMoment' from project 'SwiftMoment')
SwiftCompile normal arm64_32 /Users/admin/builder/spi-builder-workspace/.dependencies/checkouts/SwiftMoment/Sources/SwiftMoment/Operators.swift (in target 'SwiftMoment' from project 'SwiftMoment')
    cd /Users/admin/builder/spi-builder-workspace/.swiftpm/xcode
    builtin-SwiftPerFileCompile Operators.swift
SwiftMergeGeneratedHeaders /Users/admin/builder/spi-builder-workspace/.derivedData/Build/Intermediates.noindex/GeneratedModuleMaps-watchos/SwiftMoment-Swift.h /Users/admin/builder/spi-builder-workspace/.derivedData/Build/Intermediates.noindex/SwiftMoment.build/Debug-watchos/SwiftMoment-t.build/Objects-normal/arm64/SwiftMoment-Swift.h /Users/admin/builder/spi-builder-workspace/.derivedData/Build/Intermediates.noindex/SwiftMoment.build/Debug-watchos/SwiftMoment-t.build/Objects-normal/arm64_32/SwiftMoment-Swift.h (in target 'SwiftMoment' from project 'SwiftMoment')
    cd /Users/admin/builder/spi-builder-workspace/.dependencies/checkouts/SwiftMoment
    builtin-swiftHeaderTool -arch arm64 /Users/admin/builder/spi-builder-workspace/.derivedData/Build/Intermediates.noindex/SwiftMoment.build/Debug-watchos/SwiftMoment-t.build/Objects-normal/arm64/SwiftMoment-Swift.h -arch arm64_32 /Users/admin/builder/spi-builder-workspace/.derivedData/Build/Intermediates.noindex/SwiftMoment.build/Debug-watchos/SwiftMoment-t.build/Objects-normal/arm64_32/SwiftMoment-Swift.h -o /Users/admin/builder/spi-builder-workspace/.derivedData/Build/Intermediates.noindex/GeneratedModuleMaps-watchos/SwiftMoment-Swift.h
SwiftDriverJobDiscovery normal arm64 Compiling Extensions.swift (in target 'SwiftMoment' from project 'SwiftMoment')
Copy /Users/admin/builder/spi-builder-workspace/.derivedData/Build/Products/Debug-watchos/SwiftMoment.swiftmodule/arm64_32-apple-watchos.swiftmodule /Users/admin/builder/spi-builder-workspace/.derivedData/Build/Intermediates.noindex/SwiftMoment.build/Debug-watchos/SwiftMoment-t.build/Objects-normal/arm64_32/SwiftMoment.swiftmodule (in target 'SwiftMoment' from project 'SwiftMoment')
    cd /Users/admin/builder/spi-builder-workspace/.dependencies/checkouts/SwiftMoment
    builtin-copy -exclude .DS_Store -exclude CVS -exclude .svn -exclude .git -exclude .hg -resolve-src-symlinks -rename /Users/admin/builder/spi-builder-workspace/.derivedData/Build/Intermediates.noindex/SwiftMoment.build/Debug-watchos/SwiftMoment-t.build/Objects-normal/arm64_32/SwiftMoment.swiftmodule /Users/admin/builder/spi-builder-workspace/.derivedData/Build/Products/Debug-watchos/SwiftMoment.swiftmodule/arm64_32-apple-watchos.swiftmodule
Copy /Users/admin/builder/spi-builder-workspace/.derivedData/Build/Products/Debug-watchos/SwiftMoment.swiftmodule/arm64_32-apple-watchos.swiftdoc /Users/admin/builder/spi-builder-workspace/.derivedData/Build/Intermediates.noindex/SwiftMoment.build/Debug-watchos/SwiftMoment-t.build/Objects-normal/arm64_32/SwiftMoment.swiftdoc (in target 'SwiftMoment' from project 'SwiftMoment')
    cd /Users/admin/builder/spi-builder-workspace/.dependencies/checkouts/SwiftMoment
    builtin-copy -exclude .DS_Store -exclude CVS -exclude .svn -exclude .git -exclude .hg -resolve-src-symlinks -rename /Users/admin/builder/spi-builder-workspace/.derivedData/Build/Intermediates.noindex/SwiftMoment.build/Debug-watchos/SwiftMoment-t.build/Objects-normal/arm64_32/SwiftMoment.swiftdoc /Users/admin/builder/spi-builder-workspace/.derivedData/Build/Products/Debug-watchos/SwiftMoment.swiftmodule/arm64_32-apple-watchos.swiftdoc
Copy /Users/admin/builder/spi-builder-workspace/.derivedData/Build/Products/Debug-watchos/SwiftMoment.swiftmodule/arm64_32-apple-watchos.abi.json /Users/admin/builder/spi-builder-workspace/.derivedData/Build/Intermediates.noindex/SwiftMoment.build/Debug-watchos/SwiftMoment-t.build/Objects-normal/arm64_32/SwiftMoment.abi.json (in target 'SwiftMoment' from project 'SwiftMoment')
    cd /Users/admin/builder/spi-builder-workspace/.dependencies/checkouts/SwiftMoment
    builtin-copy -exclude .DS_Store -exclude CVS -exclude .svn -exclude .git -exclude .hg -resolve-src-symlinks -rename /Users/admin/builder/spi-builder-workspace/.derivedData/Build/Intermediates.noindex/SwiftMoment.build/Debug-watchos/SwiftMoment-t.build/Objects-normal/arm64_32/SwiftMoment.abi.json /Users/admin/builder/spi-builder-workspace/.derivedData/Build/Products/Debug-watchos/SwiftMoment.swiftmodule/arm64_32-apple-watchos.abi.json
Copy /Users/admin/builder/spi-builder-workspace/.derivedData/Build/Products/Debug-watchos/SwiftMoment.swiftmodule/arm64-apple-watchos.swiftmodule /Users/admin/builder/spi-builder-workspace/.derivedData/Build/Intermediates.noindex/SwiftMoment.build/Debug-watchos/SwiftMoment-t.build/Objects-normal/arm64/SwiftMoment.swiftmodule (in target 'SwiftMoment' from project 'SwiftMoment')
    cd /Users/admin/builder/spi-builder-workspace/.dependencies/checkouts/SwiftMoment
    builtin-copy -exclude .DS_Store -exclude CVS -exclude .svn -exclude .git -exclude .hg -resolve-src-symlinks -rename /Users/admin/builder/spi-builder-workspace/.derivedData/Build/Intermediates.noindex/SwiftMoment.build/Debug-watchos/SwiftMoment-t.build/Objects-normal/arm64/SwiftMoment.swiftmodule /Users/admin/builder/spi-builder-workspace/.derivedData/Build/Products/Debug-watchos/SwiftMoment.swiftmodule/arm64-apple-watchos.swiftmodule
Copy /Users/admin/builder/spi-builder-workspace/.derivedData/Build/Products/Debug-watchos/SwiftMoment.swiftmodule/arm64-apple-watchos.swiftdoc /Users/admin/builder/spi-builder-workspace/.derivedData/Build/Intermediates.noindex/SwiftMoment.build/Debug-watchos/SwiftMoment-t.build/Objects-normal/arm64/SwiftMoment.swiftdoc (in target 'SwiftMoment' from project 'SwiftMoment')
    cd /Users/admin/builder/spi-builder-workspace/.dependencies/checkouts/SwiftMoment
    builtin-copy -exclude .DS_Store -exclude CVS -exclude .svn -exclude .git -exclude .hg -resolve-src-symlinks -rename /Users/admin/builder/spi-builder-workspace/.derivedData/Build/Intermediates.noindex/SwiftMoment.build/Debug-watchos/SwiftMoment-t.build/Objects-normal/arm64/SwiftMoment.swiftdoc /Users/admin/builder/spi-builder-workspace/.derivedData/Build/Products/Debug-watchos/SwiftMoment.swiftmodule/arm64-apple-watchos.swiftdoc
Copy /Users/admin/builder/spi-builder-workspace/.derivedData/Build/Products/Debug-watchos/SwiftMoment.swiftmodule/arm64-apple-watchos.abi.json /Users/admin/builder/spi-builder-workspace/.derivedData/Build/Intermediates.noindex/SwiftMoment.build/Debug-watchos/SwiftMoment-t.build/Objects-normal/arm64/SwiftMoment.abi.json (in target 'SwiftMoment' from project 'SwiftMoment')
    cd /Users/admin/builder/spi-builder-workspace/.dependencies/checkouts/SwiftMoment
    builtin-copy -exclude .DS_Store -exclude CVS -exclude .svn -exclude .git -exclude .hg -resolve-src-symlinks -rename /Users/admin/builder/spi-builder-workspace/.derivedData/Build/Intermediates.noindex/SwiftMoment.build/Debug-watchos/SwiftMoment-t.build/Objects-normal/arm64/SwiftMoment.abi.json /Users/admin/builder/spi-builder-workspace/.derivedData/Build/Products/Debug-watchos/SwiftMoment.swiftmodule/arm64-apple-watchos.abi.json
Copy /Users/admin/builder/spi-builder-workspace/.derivedData/Build/Products/Debug-watchos/SwiftMoment.swiftmodule/Project/arm64_32-apple-watchos.swiftsourceinfo /Users/admin/builder/spi-builder-workspace/.derivedData/Build/Intermediates.noindex/SwiftMoment.build/Debug-watchos/SwiftMoment-t.build/Objects-normal/arm64_32/SwiftMoment.swiftsourceinfo (in target 'SwiftMoment' from project 'SwiftMoment')
    cd /Users/admin/builder/spi-builder-workspace/.dependencies/checkouts/SwiftMoment
    builtin-copy -exclude .DS_Store -exclude CVS -exclude .svn -exclude .git -exclude .hg -resolve-src-symlinks -rename /Users/admin/builder/spi-builder-workspace/.derivedData/Build/Intermediates.noindex/SwiftMoment.build/Debug-watchos/SwiftMoment-t.build/Objects-normal/arm64_32/SwiftMoment.swiftsourceinfo /Users/admin/builder/spi-builder-workspace/.derivedData/Build/Products/Debug-watchos/SwiftMoment.swiftmodule/Project/arm64_32-apple-watchos.swiftsourceinfo
Copy /Users/admin/builder/spi-builder-workspace/.derivedData/Build/Products/Debug-watchos/SwiftMoment.swiftmodule/Project/arm64-apple-watchos.swiftsourceinfo /Users/admin/builder/spi-builder-workspace/.derivedData/Build/Intermediates.noindex/SwiftMoment.build/Debug-watchos/SwiftMoment-t.build/Objects-normal/arm64/SwiftMoment.swiftsourceinfo (in target 'SwiftMoment' from project 'SwiftMoment')
    cd /Users/admin/builder/spi-builder-workspace/.dependencies/checkouts/SwiftMoment
    builtin-copy -exclude .DS_Store -exclude CVS -exclude .svn -exclude .git -exclude .hg -resolve-src-symlinks -rename /Users/admin/builder/spi-builder-workspace/.derivedData/Build/Intermediates.noindex/SwiftMoment.build/Debug-watchos/SwiftMoment-t.build/Objects-normal/arm64/SwiftMoment.swiftsourceinfo /Users/admin/builder/spi-builder-workspace/.derivedData/Build/Products/Debug-watchos/SwiftMoment.swiftmodule/Project/arm64-apple-watchos.swiftsourceinfo
SwiftCompile normal arm64_32 Compiling\ Moment.swift /Users/admin/builder/spi-builder-workspace/.dependencies/checkouts/SwiftMoment/Sources/SwiftMoment/Moment.swift (in target 'SwiftMoment' from project 'SwiftMoment')
SwiftCompile normal arm64_32 /Users/admin/builder/spi-builder-workspace/.dependencies/checkouts/SwiftMoment/Sources/SwiftMoment/Moment.swift (in target 'SwiftMoment' from project 'SwiftMoment')
    cd /Users/admin/builder/spi-builder-workspace/.swiftpm/xcode
    builtin-SwiftPerFileCompile Moment.swift
SwiftDriverJobDiscovery normal arm64_32 Compiling Extensions.swift (in target 'SwiftMoment' from project 'SwiftMoment')
SwiftCompile normal arm64_32 Compiling\ MomentFromNow.swift /Users/admin/builder/spi-builder-workspace/.dependencies/checkouts/SwiftMoment/Sources/SwiftMoment/MomentFromNow.swift (in target 'SwiftMoment' from project 'SwiftMoment')
SwiftCompile normal arm64_32 /Users/admin/builder/spi-builder-workspace/.dependencies/checkouts/SwiftMoment/Sources/SwiftMoment/MomentFromNow.swift (in target 'SwiftMoment' from project 'SwiftMoment')
    cd /Users/admin/builder/spi-builder-workspace/.swiftpm/xcode
    builtin-SwiftPerFileCompile MomentFromNow.swift
SwiftDriverJobDiscovery normal arm64_32 Compiling TimeUnit.swift (in target 'SwiftMoment' from project 'SwiftMoment')
SwiftCompile normal arm64_32 Compiling\ Utilities.swift /Users/admin/builder/spi-builder-workspace/.dependencies/checkouts/PerfectLib/Sources/PerfectLib/Utilities.swift (in target 'PerfectLib' from project 'PerfectLib')
SwiftCompile normal arm64_32 /Users/admin/builder/spi-builder-workspace/.dependencies/checkouts/PerfectLib/Sources/PerfectLib/Utilities.swift (in target 'PerfectLib' from project 'PerfectLib')
    cd /Users/admin/builder/spi-builder-workspace/.swiftpm/xcode
    builtin-SwiftPerFileCompile Utilities.swift
SwiftDriverJobDiscovery normal arm64_32 Compiling Operators.swift (in target 'SwiftMoment' from project 'SwiftMoment')
SwiftCompile normal arm64 Compiling\ File.swift /Users/admin/builder/spi-builder-workspace/.dependencies/checkouts/PerfectLib/Sources/PerfectLib/File.swift (in target 'PerfectLib' from project 'PerfectLib')
SwiftCompile normal arm64 /Users/admin/builder/spi-builder-workspace/.dependencies/checkouts/PerfectLib/Sources/PerfectLib/File.swift (in target 'PerfectLib' from project 'PerfectLib')
    cd /Users/admin/builder/spi-builder-workspace/.swiftpm/xcode
    builtin-SwiftPerFileCompile File.swift
SwiftCompile normal arm64 Compiling\ JSONConvertible.swift /Users/admin/builder/spi-builder-workspace/.dependencies/checkouts/PerfectLib/Sources/PerfectLib/JSONConvertible.swift (in target 'PerfectLib' from project 'PerfectLib')
SwiftCompile normal arm64 /Users/admin/builder/spi-builder-workspace/.dependencies/checkouts/PerfectLib/Sources/PerfectLib/JSONConvertible.swift (in target 'PerfectLib' from project 'PerfectLib')
    cd /Users/admin/builder/spi-builder-workspace/.swiftpm/xcode
    builtin-SwiftPerFileCompile JSONConvertible.swift
PruneExplicitPrecompiledModules /Users/admin/builder/spi-builder-workspace/.derivedData/Build/Intermediates.noindex/ExplicitPrecompiledModules
PruneExplicitPrecompiledModules /Users/admin/builder/spi-builder-workspace/.derivedData/SDKExplicitPrecompiledModules
PruneExplicitPrecompiledModules /Users/admin/builder/spi-builder-workspace/.derivedData/Build/Intermediates.noindex/SwiftExplicitPrecompiledModules
2026-09-16 00:45:00.529 xcodebuild[718:4544] [MT] IDERunDestination: Supported platforms for the buildables in the current scheme is empty.
** BUILD FAILED **
The following build commands failed:
	SwiftEmitModule normal arm64_32 Emitting\ module\ for\ PerfectLib (in target 'PerfectLib' from project 'PerfectLib')
	SwiftCompile normal arm64_32 (in target 'PerfectLib' from project 'PerfectLib')
	Building workspace StORM with scheme StORM
(3 failures)
Command line invocation:
    /Applications/Xcode-27.0.0-Release.Candidate.app/Contents/Developer/usr/bin/xcodebuild -IDEClonedSourcePackagesDirPathOverride=/Users/admin/builder/spi-builder-workspace/.dependencies -resolvePackageDependencies
Resolve Package Graph
Resolved source packages:
  SwiftMoment: https://github.com/iamjono/SwiftMoment.git @ 1.3.0
  StORM: /Users/admin/builder/spi-builder-workspace
  PerfectLib: https://github.com/PerfectlySoft/PerfectLib.git @ 3.1.4
resolved source packages: SwiftMoment, StORM, PerfectLib
2026-09-16 00:45:06.036 xcodebuild[767:4911] [MT] IDERunDestination: Supported platforms for the buildables in the current scheme is empty.
{
  "dependencies" : [
    {
      "identity" : "perfectlib",
      "requirement" : {
        "range" : [
          {
            "lower_bound" : "3.0.0",
            "upper_bound" : "4.0.0"
          }
        ]
      },
      "type" : "sourceControl",
      "url" : "https://github.com/PerfectlySoft/PerfectLib.git"
    },
    {
      "identity" : "swiftmoment",
      "requirement" : {
        "range" : [
          {
            "lower_bound" : "1.0.0",
            "upper_bound" : "2.0.0"
          }
        ]
      },
      "type" : "sourceControl",
      "url" : "https://github.com/iamjono/SwiftMoment.git"
    }
  ],
  "manifest_display_name" : "StORM",
  "name" : "StORM",
  "path" : "/Users/admin/builder/spi-builder-workspace",
  "platforms" : [
  ],
  "products" : [
    {
      "name" : "StORM",
      "targets" : [
        "StORM"
      ],
      "type" : {
        "library" : [
          "automatic"
        ]
      }
    }
  ],
  "targets" : [
    {
      "c99name" : "StORM",
      "module_type" : "SwiftTarget",
      "name" : "StORM",
      "path" : "Sources/StORM",
      "product_dependencies" : [
        "SwiftMoment",
        "PerfectLib"
      ],
      "product_memberships" : [
        "StORM"
      ],
      "sources" : [
        "Extract.swift",
        "StORM.swift",
        "StORMConnect.swift",
        "StORMCursor.swift",
        "StORMDataSource.swift",
        "StORMDataSourceCredentials.swift",
        "StORMDataSourceOptions.swift",
        "StORMError.swift",
        "StORMJoins.swift",
        "StORMProtocol.swift",
        "StORMRow.swift",
        "StORMtResultSet.swift"
      ],
      "type" : "library"
    }
  ],
  "tools_version" : "4.2"
}
{
  "workspace" : {
    "name" : "StORM",
    "schemes" : [
      "StORM"
    ]
  }
}
2026-09-16 00:45:07.278 xcodebuild[775:4976] [MT] IDERunDestination: Supported platforms for the buildables in the current scheme is empty.
Running build ...
env DEVELOPER_DIR=/Applications/Xcode-27.0.0-Release.Candidate.app xcrun xcodebuild -IDEClonedSourcePackagesDirPathOverride=$PWD/.dependencies -skipMacroValidation -skipPackagePluginValidation -derivedDataPath $PWD/.derivedData build -scheme StORM -destination generic/platform=watchOS
Command line invocation:
    /Applications/Xcode-27.0.0-Release.Candidate.app/Contents/Developer/usr/bin/xcodebuild -IDEClonedSourcePackagesDirPathOverride=/Users/admin/builder/spi-builder-workspace/.dependencies -skipMacroValidation -skipPackagePluginValidation -derivedDataPath /Users/admin/builder/spi-builder-workspace/.derivedData build -scheme StORM -destination generic/platform=watchOS
Resolve Package Graph
Resolved source packages:
  PerfectLib: https://github.com/PerfectlySoft/PerfectLib.git @ 3.1.4
  SwiftMoment: https://github.com/iamjono/SwiftMoment.git @ 1.3.0
  StORM: /Users/admin/builder/spi-builder-workspace
ComputePackagePrebuildTargetDependencyGraph
Prepare packages
CreateBuildRequest
SendProjectDescription
CreateBuildOperation
ComputeTargetDependencyGraph
note: Building targets in dependency order
note: Target dependency graph (6 targets)
    Target 'StORM-product' in project 'StORM'
        ➜ Explicit dependency on target 'StORM' in project 'StORM'
        ➜ Explicit dependency on target 'SwiftMoment-product' in project 'SwiftMoment'
        ➜ Explicit dependency on target 'PerfectLib-product' in project 'PerfectLib'
    Target 'StORM' in project 'StORM'
        ➜ Explicit dependency on target 'SwiftMoment-product' in project 'SwiftMoment'
        ➜ Explicit dependency on target 'PerfectLib-product' in project 'PerfectLib'
    Target 'PerfectLib-product' in project 'PerfectLib'
        ➜ Explicit dependency on target 'PerfectLib' in project 'PerfectLib'
    Target 'PerfectLib' in project 'PerfectLib' (no dependencies)
    Target 'SwiftMoment-product' in project 'SwiftMoment'
        ➜ Explicit dependency on target 'SwiftMoment' in project 'SwiftMoment'
    Target 'SwiftMoment' in project 'SwiftMoment' (no dependencies)
GatherProvisioningInputs
CreateBuildDescription
ClangStatCache /Applications/Xcode-27.0.0-Release.Candidate.app/Contents/Developer/Toolchains/XcodeDefault.xctoolchain/usr/bin/clang-stat-cache /Applications/Xcode-27.0.0-Release.Candidate.app/Contents/Developer/Platforms/WatchOS.platform/Developer/SDKs/WatchOS27.0.sdk /Users/admin/builder/spi-builder-workspace/.derivedData/SDKStatCaches.noindex/watchos27.0-24R360-e829b21a6f8c9b70876ba0858053c04477534ef55a1706bf4c1112bbb242f0a2.sdkstatcache
    cd /Users/admin/builder/spi-builder-workspace/.swiftpm/xcode
    /Applications/Xcode-27.0.0-Release.Candidate.app/Contents/Developer/Toolchains/XcodeDefault.xctoolchain/usr/bin/clang-stat-cache /Applications/Xcode-27.0.0-Release.Candidate.app/Contents/Developer/Platforms/WatchOS.platform/Developer/SDKs/WatchOS27.0.sdk -o /Users/admin/builder/spi-builder-workspace/.derivedData/SDKStatCaches.noindex/watchos27.0-24R360-e829b21a6f8c9b70876ba0858053c04477534ef55a1706bf4c1112bbb242f0a2.sdkstatcache
SwiftDriver SwiftMoment normal arm64 com.apple.xcode.tools.swift.compiler (in target 'SwiftMoment' from project 'SwiftMoment')
    cd /Users/admin/builder/spi-builder-workspace/.swiftpm/xcode
    builtin-SwiftDriver -- /Applications/Xcode-27.0.0-Release.Candidate.app/Contents/Developer/Toolchains/XcodeDefault.xctoolchain/usr/bin/swiftc -parse-as-library -module-name SwiftMoment -Onone @/Users/admin/builder/spi-builder-workspace/.derivedData/Build/Intermediates.noindex/SwiftMoment.build/Debug-watchos/SwiftMoment-t.build/Objects-normal/arm64/SwiftMoment.SwiftFileList -DSWIFT_PACKAGE -DDEBUG -DSWIFT_MODULE_RESOURCE_BUNDLE_UNAVAILABLE -DXcode -plugin-path /Applications/Xcode-27.0.0-Release.Candidate.app/Contents/Developer/Toolchains/XcodeDefault.xctoolchain/usr/lib/swift/host/plugins/testing -enable-experimental-feature DebugDescriptionMacro -sdk /Applications/Xcode-27.0.0-Release.Candidate.app/Contents/Developer/Platforms/WatchOS.platform/Developer/SDKs/WatchOS27.0.sdk -target arm64-apple-watchos9.0 -g -module-cache-path /Users/admin/builder/spi-builder-workspace/.derivedData/ModuleCache.noindex -Xfrontend -serialize-debugging-options -enable-testing -suppress-warnings -index-store-path /Users/admin/builder/spi-builder-workspace/.derivedData/Index.noindex/DataStore -Xcc -D_LIBCPP_HARDENING_MODE\=_LIBCPP_HARDENING_MODE_DEBUG -swift-version 4.2 -I /Users/admin/builder/spi-builder-workspace/.derivedData/Build/Products/Debug-watchos -Isystem /Applications/Xcode-27.0.0-Release.Candidate.app/Contents/Developer/Platforms/WatchOS.platform/Developer/usr/lib -F /Users/admin/builder/spi-builder-workspace/.derivedData/Build/Products/Debug-watchos -F /Applications/Xcode-27.0.0-Release.Candidate.app/Contents/Developer/Platforms/WatchOS.platform/Developer/Library/Frameworks -F /Applications/Xcode-27.0.0-Release.Candidate.app/Contents/Developer/Platforms/WatchOS.platform/Developer/SDKs/WatchOS27.0.sdk/Developer/Library/Frameworks -c -j10 -enable-batch-mode -incremental -Xcc -ivfsstatcache -Xcc /Users/admin/builder/spi-builder-workspace/.derivedData/SDKStatCaches.noindex/watchos27.0-24R360-e829b21a6f8c9b70876ba0858053c04477534ef55a1706bf4c1112bbb242f0a2.sdkstatcache -output-file-map /Users/admin/builder/spi-builder-workspace/.derivedData/Build/Intermediates.noindex/SwiftMoment.build/Debug-watchos/SwiftMoment-t.build/Objects-normal/arm64/SwiftMoment-OutputFileMap.json -save-temps -no-color-diagnostics -emit-dependencies -emit-module -emit-module-path /Users/admin/builder/spi-builder-workspace/.derivedData/Build/Intermediates.noindex/SwiftMoment.build/Debug-watchos/SwiftMoment-t.build/Objects-normal/arm64/SwiftMoment.swiftmodule -serialize-diagnostics -validate-clang-modules-once -clang-build-session-file /Users/admin/builder/spi-builder-workspace/.derivedData/ModuleCache.noindex/Session.modulevalidation -Xcc -fmodules-prune-interval\=86400 -Xcc -fmodules-prune-after\=345600 -emit-const-values -const-gather-protocols-list /Users/admin/builder/spi-builder-workspace/.derivedData/Build/Intermediates.noindex/SwiftMoment.build/Debug-watchos/SwiftMoment-t.build/Objects-normal/arm64/SwiftMoment_const_extract_protocols.json -Xcc -I/Users/admin/builder/spi-builder-workspace/.derivedData/Build/Products/Debug-watchos/include -Xcc -I/Users/admin/builder/spi-builder-workspace/.derivedData/Build/Intermediates.noindex/SwiftMoment.build/Debug-watchos/SwiftMoment-t.build/DerivedSources-normal/arm64 -Xcc -I/Users/admin/builder/spi-builder-workspace/.derivedData/Build/Intermediates.noindex/SwiftMoment.build/Debug-watchos/SwiftMoment-t.build/DerivedSources/arm64 -Xcc -I/Users/admin/builder/spi-builder-workspace/.derivedData/Build/Intermediates.noindex/SwiftMoment.build/Debug-watchos/SwiftMoment-t.build/DerivedSources -Xcc -DSWIFT_PACKAGE -Xcc -DDEBUG\=1 -emit-objc-header -emit-objc-header-path /Users/admin/builder/spi-builder-workspace/.derivedData/Build/Intermediates.noindex/SwiftMoment.build/Debug-watchos/SwiftMoment-t.build/Objects-normal/arm64/SwiftMoment-Swift.h -working-directory /Users/admin/builder/spi-builder-workspace/.swiftpm/xcode -experimental-emit-module-separately -disable-cmo
SwiftDriver SwiftMoment normal arm64_32 com.apple.xcode.tools.swift.compiler (in target 'SwiftMoment' from project 'SwiftMoment')
    cd /Users/admin/builder/spi-builder-workspace/.swiftpm/xcode
    builtin-SwiftDriver -- /Applications/Xcode-27.0.0-Release.Candidate.app/Contents/Developer/Toolchains/XcodeDefault.xctoolchain/usr/bin/swiftc -parse-as-library -module-name SwiftMoment -Onone @/Users/admin/builder/spi-builder-workspace/.derivedData/Build/Intermediates.noindex/SwiftMoment.build/Debug-watchos/SwiftMoment-t.build/Objects-normal/arm64_32/SwiftMoment.SwiftFileList -DSWIFT_PACKAGE -DDEBUG -DSWIFT_MODULE_RESOURCE_BUNDLE_UNAVAILABLE -DXcode -plugin-path /Applications/Xcode-27.0.0-Release.Candidate.app/Contents/Developer/Toolchains/XcodeDefault.xctoolchain/usr/lib/swift/host/plugins/testing -enable-experimental-feature DebugDescriptionMacro -sdk /Applications/Xcode-27.0.0-Release.Candidate.app/Contents/Developer/Platforms/WatchOS.platform/Developer/SDKs/WatchOS27.0.sdk -target arm64_32-apple-watchos9.0 -g -module-cache-path /Users/admin/builder/spi-builder-workspace/.derivedData/ModuleCache.noindex -Xfrontend -serialize-debugging-options -enable-testing -suppress-warnings -index-store-path /Users/admin/builder/spi-builder-workspace/.derivedData/Index.noindex/DataStore -Xcc -D_LIBCPP_HARDENING_MODE\=_LIBCPP_HARDENING_MODE_DEBUG -swift-version 4.2 -I /Users/admin/builder/spi-builder-workspace/.derivedData/Build/Products/Debug-watchos -Isystem /Applications/Xcode-27.0.0-Release.Candidate.app/Contents/Developer/Platforms/WatchOS.platform/Developer/usr/lib -F /Users/admin/builder/spi-builder-workspace/.derivedData/Build/Products/Debug-watchos -F /Applications/Xcode-27.0.0-Release.Candidate.app/Contents/Developer/Platforms/WatchOS.platform/Developer/Library/Frameworks -F /Applications/Xcode-27.0.0-Release.Candidate.app/Contents/Developer/Platforms/WatchOS.platform/Developer/SDKs/WatchOS27.0.sdk/Developer/Library/Frameworks -c -j10 -enable-batch-mode -incremental -Xcc -ivfsstatcache -Xcc /Users/admin/builder/spi-builder-workspace/.derivedData/SDKStatCaches.noindex/watchos27.0-24R360-e829b21a6f8c9b70876ba0858053c04477534ef55a1706bf4c1112bbb242f0a2.sdkstatcache -output-file-map /Users/admin/builder/spi-builder-workspace/.derivedData/Build/Intermediates.noindex/SwiftMoment.build/Debug-watchos/SwiftMoment-t.build/Objects-normal/arm64_32/SwiftMoment-OutputFileMap.json -save-temps -no-color-diagnostics -emit-dependencies -emit-module -emit-module-path /Users/admin/builder/spi-builder-workspace/.derivedData/Build/Intermediates.noindex/SwiftMoment.build/Debug-watchos/SwiftMoment-t.build/Objects-normal/arm64_32/SwiftMoment.swiftmodule -serialize-diagnostics -validate-clang-modules-once -clang-build-session-file /Users/admin/builder/spi-builder-workspace/.derivedData/ModuleCache.noindex/Session.modulevalidation -Xcc -fmodules-prune-interval\=86400 -Xcc -fmodules-prune-after\=345600 -emit-const-values -const-gather-protocols-list /Users/admin/builder/spi-builder-workspace/.derivedData/Build/Intermediates.noindex/SwiftMoment.build/Debug-watchos/SwiftMoment-t.build/Objects-normal/arm64_32/SwiftMoment_const_extract_protocols.json -Xcc -I/Users/admin/builder/spi-builder-workspace/.derivedData/Build/Products/Debug-watchos/include -Xcc -I/Users/admin/builder/spi-builder-workspace/.derivedData/Build/Intermediates.noindex/SwiftMoment.build/Debug-watchos/SwiftMoment-t.build/DerivedSources-normal/arm64_32 -Xcc -I/Users/admin/builder/spi-builder-workspace/.derivedData/Build/Intermediates.noindex/SwiftMoment.build/Debug-watchos/SwiftMoment-t.build/DerivedSources/arm64_32 -Xcc -I/Users/admin/builder/spi-builder-workspace/.derivedData/Build/Intermediates.noindex/SwiftMoment.build/Debug-watchos/SwiftMoment-t.build/DerivedSources -Xcc -DSWIFT_PACKAGE -Xcc -DDEBUG\=1 -emit-objc-header -emit-objc-header-path /Users/admin/builder/spi-builder-workspace/.derivedData/Build/Intermediates.noindex/SwiftMoment.build/Debug-watchos/SwiftMoment-t.build/Objects-normal/arm64_32/SwiftMoment-Swift.h -working-directory /Users/admin/builder/spi-builder-workspace/.swiftpm/xcode -experimental-emit-module-separately -disable-cmo
SwiftDriver PerfectLib normal arm64_32 com.apple.xcode.tools.swift.compiler (in target 'PerfectLib' from project 'PerfectLib')
    cd /Users/admin/builder/spi-builder-workspace/.swiftpm/xcode
    builtin-SwiftDriver -- /Applications/Xcode-27.0.0-Release.Candidate.app/Contents/Developer/Toolchains/XcodeDefault.xctoolchain/usr/bin/swiftc -parse-as-library -module-name PerfectLib -Onone @/Users/admin/builder/spi-builder-workspace/.derivedData/Build/Intermediates.noindex/PerfectLib.build/Debug-watchos/PerfectLib-t.build/Objects-normal/arm64_32/PerfectLib.SwiftFileList -DSWIFT_PACKAGE -DDEBUG -DSWIFT_MODULE_RESOURCE_BUNDLE_UNAVAILABLE -DXcode -plugin-path /Applications/Xcode-27.0.0-Release.Candidate.app/Contents/Developer/Toolchains/XcodeDefault.xctoolchain/usr/lib/swift/host/plugins/testing -enable-experimental-feature DebugDescriptionMacro -sdk /Applications/Xcode-27.0.0-Release.Candidate.app/Contents/Developer/Platforms/WatchOS.platform/Developer/SDKs/WatchOS27.0.sdk -target arm64_32-apple-watchos9.0 -g -module-cache-path /Users/admin/builder/spi-builder-workspace/.derivedData/ModuleCache.noindex -Xfrontend -serialize-debugging-options -enable-testing -suppress-warnings -index-store-path /Users/admin/builder/spi-builder-workspace/.derivedData/Index.noindex/DataStore -Xcc -D_LIBCPP_HARDENING_MODE\=_LIBCPP_HARDENING_MODE_DEBUG -swift-version 4 -I /Users/admin/builder/spi-builder-workspace/.derivedData/Build/Products/Debug-watchos -Isystem /Applications/Xcode-27.0.0-Release.Candidate.app/Contents/Developer/Platforms/WatchOS.platform/Developer/usr/lib -F /Users/admin/builder/spi-builder-workspace/.derivedData/Build/Products/Debug-watchos -F /Applications/Xcode-27.0.0-Release.Candidate.app/Contents/Developer/Platforms/WatchOS.platform/Developer/Library/Frameworks -F /Applications/Xcode-27.0.0-Release.Candidate.app/Contents/Developer/Platforms/WatchOS.platform/Developer/SDKs/WatchOS27.0.sdk/Developer/Library/Frameworks -c -j10 -enable-batch-mode -incremental -Xcc -ivfsstatcache -Xcc /Users/admin/builder/spi-builder-workspace/.derivedData/SDKStatCaches.noindex/watchos27.0-24R360-e829b21a6f8c9b70876ba0858053c04477534ef55a1706bf4c1112bbb242f0a2.sdkstatcache -output-file-map /Users/admin/builder/spi-builder-workspace/.derivedData/Build/Intermediates.noindex/PerfectLib.build/Debug-watchos/PerfectLib-t.build/Objects-normal/arm64_32/PerfectLib-OutputFileMap.json -save-temps -no-color-diagnostics -emit-dependencies -emit-module -emit-module-path /Users/admin/builder/spi-builder-workspace/.derivedData/Build/Intermediates.noindex/PerfectLib.build/Debug-watchos/PerfectLib-t.build/Objects-normal/arm64_32/PerfectLib.swiftmodule -serialize-diagnostics -validate-clang-modules-once -clang-build-session-file /Users/admin/builder/spi-builder-workspace/.derivedData/ModuleCache.noindex/Session.modulevalidation -Xcc -fmodules-prune-interval\=86400 -Xcc -fmodules-prune-after\=345600 -emit-const-values -const-gather-protocols-list /Users/admin/builder/spi-builder-workspace/.derivedData/Build/Intermediates.noindex/PerfectLib.build/Debug-watchos/PerfectLib-t.build/Objects-normal/arm64_32/PerfectLib_const_extract_protocols.json -Xcc -I/Users/admin/builder/spi-builder-workspace/.derivedData/Build/Products/Debug-watchos/include -Xcc -I/Users/admin/builder/spi-builder-workspace/.derivedData/Build/Intermediates.noindex/PerfectLib.build/Debug-watchos/PerfectLib-t.build/DerivedSources-normal/arm64_32 -Xcc -I/Users/admin/builder/spi-builder-workspace/.derivedData/Build/Intermediates.noindex/PerfectLib.build/Debug-watchos/PerfectLib-t.build/DerivedSources/arm64_32 -Xcc -I/Users/admin/builder/spi-builder-workspace/.derivedData/Build/Intermediates.noindex/PerfectLib.build/Debug-watchos/PerfectLib-t.build/DerivedSources -Xcc -DSWIFT_PACKAGE -Xcc -DDEBUG\=1 -emit-objc-header -emit-objc-header-path /Users/admin/builder/spi-builder-workspace/.derivedData/Build/Intermediates.noindex/PerfectLib.build/Debug-watchos/PerfectLib-t.build/Objects-normal/arm64_32/PerfectLib-Swift.h -working-directory /Users/admin/builder/spi-builder-workspace/.swiftpm/xcode -experimental-emit-module-separately -disable-cmo
SwiftDriver PerfectLib normal arm64 com.apple.xcode.tools.swift.compiler (in target 'PerfectLib' from project 'PerfectLib')
    cd /Users/admin/builder/spi-builder-workspace/.swiftpm/xcode
    builtin-SwiftDriver -- /Applications/Xcode-27.0.0-Release.Candidate.app/Contents/Developer/Toolchains/XcodeDefault.xctoolchain/usr/bin/swiftc -parse-as-library -module-name PerfectLib -Onone @/Users/admin/builder/spi-builder-workspace/.derivedData/Build/Intermediates.noindex/PerfectLib.build/Debug-watchos/PerfectLib-t.build/Objects-normal/arm64/PerfectLib.SwiftFileList -DSWIFT_PACKAGE -DDEBUG -DSWIFT_MODULE_RESOURCE_BUNDLE_UNAVAILABLE -DXcode -plugin-path /Applications/Xcode-27.0.0-Release.Candidate.app/Contents/Developer/Toolchains/XcodeDefault.xctoolchain/usr/lib/swift/host/plugins/testing -enable-experimental-feature DebugDescriptionMacro -sdk /Applications/Xcode-27.0.0-Release.Candidate.app/Contents/Developer/Platforms/WatchOS.platform/Developer/SDKs/WatchOS27.0.sdk -target arm64-apple-watchos9.0 -g -module-cache-path /Users/admin/builder/spi-builder-workspace/.derivedData/ModuleCache.noindex -Xfrontend -serialize-debugging-options -enable-testing -suppress-warnings -index-store-path /Users/admin/builder/spi-builder-workspace/.derivedData/Index.noindex/DataStore -Xcc -D_LIBCPP_HARDENING_MODE\=_LIBCPP_HARDENING_MODE_DEBUG -swift-version 4 -I /Users/admin/builder/spi-builder-workspace/.derivedData/Build/Products/Debug-watchos -Isystem /Applications/Xcode-27.0.0-Release.Candidate.app/Contents/Developer/Platforms/WatchOS.platform/Developer/usr/lib -F /Users/admin/builder/spi-builder-workspace/.derivedData/Build/Products/Debug-watchos -F /Applications/Xcode-27.0.0-Release.Candidate.app/Contents/Developer/Platforms/WatchOS.platform/Developer/Library/Frameworks -F /Applications/Xcode-27.0.0-Release.Candidate.app/Contents/Developer/Platforms/WatchOS.platform/Developer/SDKs/WatchOS27.0.sdk/Developer/Library/Frameworks -c -j10 -enable-batch-mode -incremental -Xcc -ivfsstatcache -Xcc /Users/admin/builder/spi-builder-workspace/.derivedData/SDKStatCaches.noindex/watchos27.0-24R360-e829b21a6f8c9b70876ba0858053c04477534ef55a1706bf4c1112bbb242f0a2.sdkstatcache -output-file-map /Users/admin/builder/spi-builder-workspace/.derivedData/Build/Intermediates.noindex/PerfectLib.build/Debug-watchos/PerfectLib-t.build/Objects-normal/arm64/PerfectLib-OutputFileMap.json -save-temps -no-color-diagnostics -emit-dependencies -emit-module -emit-module-path /Users/admin/builder/spi-builder-workspace/.derivedData/Build/Intermediates.noindex/PerfectLib.build/Debug-watchos/PerfectLib-t.build/Objects-normal/arm64/PerfectLib.swiftmodule -serialize-diagnostics -validate-clang-modules-once -clang-build-session-file /Users/admin/builder/spi-builder-workspace/.derivedData/ModuleCache.noindex/Session.modulevalidation -Xcc -fmodules-prune-interval\=86400 -Xcc -fmodules-prune-after\=345600 -emit-const-values -const-gather-protocols-list /Users/admin/builder/spi-builder-workspace/.derivedData/Build/Intermediates.noindex/PerfectLib.build/Debug-watchos/PerfectLib-t.build/Objects-normal/arm64/PerfectLib_const_extract_protocols.json -Xcc -I/Users/admin/builder/spi-builder-workspace/.derivedData/Build/Products/Debug-watchos/include -Xcc -I/Users/admin/builder/spi-builder-workspace/.derivedData/Build/Intermediates.noindex/PerfectLib.build/Debug-watchos/PerfectLib-t.build/DerivedSources-normal/arm64 -Xcc -I/Users/admin/builder/spi-builder-workspace/.derivedData/Build/Intermediates.noindex/PerfectLib.build/Debug-watchos/PerfectLib-t.build/DerivedSources/arm64 -Xcc -I/Users/admin/builder/spi-builder-workspace/.derivedData/Build/Intermediates.noindex/PerfectLib.build/Debug-watchos/PerfectLib-t.build/DerivedSources -Xcc -DSWIFT_PACKAGE -Xcc -DDEBUG\=1 -emit-objc-header -emit-objc-header-path /Users/admin/builder/spi-builder-workspace/.derivedData/Build/Intermediates.noindex/PerfectLib.build/Debug-watchos/PerfectLib-t.build/Objects-normal/arm64/PerfectLib-Swift.h -working-directory /Users/admin/builder/spi-builder-workspace/.swiftpm/xcode -experimental-emit-module-separately -disable-cmo
SwiftCompile normal arm64 Compiling\ Moment.swift /Users/admin/builder/spi-builder-workspace/.dependencies/checkouts/SwiftMoment/Sources/SwiftMoment/Moment.swift (in target 'SwiftMoment' from project 'SwiftMoment')
SwiftCompile normal arm64 /Users/admin/builder/spi-builder-workspace/.dependencies/checkouts/SwiftMoment/Sources/SwiftMoment/Moment.swift (in target 'SwiftMoment' from project 'SwiftMoment')
    cd /Users/admin/builder/spi-builder-workspace/.swiftpm/xcode
    builtin-SwiftPerFileCompile Moment.swift
SwiftCompile normal arm64 Compiling\ MomentFromNow.swift /Users/admin/builder/spi-builder-workspace/.dependencies/checkouts/SwiftMoment/Sources/SwiftMoment/MomentFromNow.swift (in target 'SwiftMoment' from project 'SwiftMoment')
SwiftCompile normal arm64 /Users/admin/builder/spi-builder-workspace/.dependencies/checkouts/SwiftMoment/Sources/SwiftMoment/MomentFromNow.swift (in target 'SwiftMoment' from project 'SwiftMoment')
    cd /Users/admin/builder/spi-builder-workspace/.swiftpm/xcode
    builtin-SwiftPerFileCompile MomentFromNow.swift
SwiftCompile normal arm64 Compiling\ Duration.swift /Users/admin/builder/spi-builder-workspace/.dependencies/checkouts/SwiftMoment/Sources/SwiftMoment/Duration.swift (in target 'SwiftMoment' from project 'SwiftMoment')
SwiftCompile normal arm64 /Users/admin/builder/spi-builder-workspace/.dependencies/checkouts/SwiftMoment/Sources/SwiftMoment/Duration.swift (in target 'SwiftMoment' from project 'SwiftMoment')
    cd /Users/admin/builder/spi-builder-workspace/.swiftpm/xcode
    builtin-SwiftPerFileCompile Duration.swift
SwiftEmitModule normal arm64 Emitting\ module\ for\ SwiftMoment (in target 'SwiftMoment' from project 'SwiftMoment')
SwiftCompile normal arm64 (in target 'SwiftMoment' from project 'SwiftMoment')
    cd /Users/admin/builder/spi-builder-workspace/.swiftpm/xcode

SwiftEmitModule normal arm64_32 Emitting\ module\ for\ SwiftMoment (in target 'SwiftMoment' from project 'SwiftMoment')
SwiftCompile normal arm64_32 (in target 'SwiftMoment' from project 'SwiftMoment')
    cd /Users/admin/builder/spi-builder-workspace/.swiftpm/xcode

SwiftCompile normal arm64_32 Compiling\ Duration.swift /Users/admin/builder/spi-builder-workspace/.dependencies/checkouts/SwiftMoment/Sources/SwiftMoment/Duration.swift (in target 'SwiftMoment' from project 'SwiftMoment')
SwiftCompile normal arm64_32 /Users/admin/builder/spi-builder-workspace/.dependencies/checkouts/SwiftMoment/Sources/SwiftMoment/Duration.swift (in target 'SwiftMoment' from project 'SwiftMoment')
    cd /Users/admin/builder/spi-builder-workspace/.swiftpm/xcode
    builtin-SwiftPerFileCompile Duration.swift
SwiftCompile normal arm64_32 Compiling\ Moment.swift /Users/admin/builder/spi-builder-workspace/.dependencies/checkouts/SwiftMoment/Sources/SwiftMoment/Moment.swift (in target 'SwiftMoment' from project 'SwiftMoment')
SwiftCompile normal arm64_32 /Users/admin/builder/spi-builder-workspace/.dependencies/checkouts/SwiftMoment/Sources/SwiftMoment/Moment.swift (in target 'SwiftMoment' from project 'SwiftMoment')
    cd /Users/admin/builder/spi-builder-workspace/.swiftpm/xcode
    builtin-SwiftPerFileCompile Moment.swift
SwiftCompile normal arm64_32 Compiling\ MomentFromNow.swift /Users/admin/builder/spi-builder-workspace/.dependencies/checkouts/SwiftMoment/Sources/SwiftMoment/MomentFromNow.swift (in target 'SwiftMoment' from project 'SwiftMoment')
SwiftCompile normal arm64_32 /Users/admin/builder/spi-builder-workspace/.dependencies/checkouts/SwiftMoment/Sources/SwiftMoment/MomentFromNow.swift (in target 'SwiftMoment' from project 'SwiftMoment')
    cd /Users/admin/builder/spi-builder-workspace/.swiftpm/xcode
    builtin-SwiftPerFileCompile MomentFromNow.swift
SwiftCompile normal arm64 Compiling\ File.swift /Users/admin/builder/spi-builder-workspace/.dependencies/checkouts/PerfectLib/Sources/PerfectLib/File.swift (in target 'PerfectLib' from project 'PerfectLib')
/Users/admin/builder/spi-builder-workspace/.dependencies/checkouts/PerfectLib/Sources/PerfectLib/File.swift:117:15: error: 'wordexp' is unavailable in watchOS
115 | 		if !inPath.isEmpty && inPath[inPath.startIndex] == "~" {
116 | 			var wexp = wordexp_t()
117 | 			guard 0 == wordexp(inPath, &wexp, 0),
    |               `- error: 'wordexp' is unavailable in watchOS
118 | 					let we_wordv = wexp.we_wordv else {
119 | 				return inPath
/Applications/Xcode-27.0.0-Release.Candidate.app/Contents/Developer/Platforms/WatchOS.platform/Developer/SDKs/WatchOS27.0.sdk/usr/include/wordexp.h:84:5: note: 'wordexp' has been explicitly marked unavailable here
82 |
83 | __BEGIN_DECLS
84 | int wordexp(const char * __restrict, wordexp_t * __restrict, int) __OSX_AVAILABLE_STARTING(__MAC_10_0, __IPHONE_NA);
   |     `- note: 'wordexp' has been explicitly marked unavailable here
85 | void wordfree(wordexp_t *) __OSX_AVAILABLE_STARTING(__MAC_10_0, __IPHONE_NA);
86 | __END_DECLS
/Users/admin/builder/spi-builder-workspace/.dependencies/checkouts/PerfectLib/Sources/PerfectLib/File.swift:122:5: error: 'wordfree' is unavailable in watchOS
120 | 			}
121 | 			defer {
122 | 				wordfree(&wexp)
    |     `- error: 'wordfree' is unavailable in watchOS
123 | 			}
124 | 			if let resolved = we_wordv[0], let pth = String(validatingUTF8: resolved) {
/Applications/Xcode-27.0.0-Release.Candidate.app/Contents/Developer/Platforms/WatchOS.platform/Developer/SDKs/WatchOS27.0.sdk/usr/include/wordexp.h:85:6: note: 'wordfree' has been explicitly marked unavailable here
83 | __BEGIN_DECLS
84 | int wordexp(const char * __restrict, wordexp_t * __restrict, int) __OSX_AVAILABLE_STARTING(__MAC_10_0, __IPHONE_NA);
85 | void wordfree(wordexp_t *) __OSX_AVAILABLE_STARTING(__MAC_10_0, __IPHONE_NA);
   |      `- note: 'wordfree' has been explicitly marked unavailable here
86 | __END_DECLS
87 |
Failed frontend command:
/Applications/Xcode-27.0.0-Release.Candidate.app/Contents/Developer/Toolchains/XcodeDefault.xctoolchain/usr/bin/swift-frontend -frontend -c /Users/admin/builder/spi-builder-workspace/.dependencies/checkouts/PerfectLib/Sources/PerfectLib/Bytes.swift /Users/admin/builder/spi-builder-workspace/.dependencies/checkouts/PerfectLib/Sources/PerfectLib/Dir.swift -primary-file /Users/admin/builder/spi-builder-workspace/.dependencies/checkouts/PerfectLib/Sources/PerfectLib/File.swift /Users/admin/builder/spi-builder-workspace/.dependencies/checkouts/PerfectLib/Sources/PerfectLib/JSONConvertible.swift /Users/admin/builder/spi-builder-workspace/.dependencies/checkouts/PerfectLib/Sources/PerfectLib/Log.swift /Users/admin/builder/spi-builder-workspace/.dependencies/checkouts/PerfectLib/Sources/PerfectLib/PerfectError.swift /Users/admin/builder/spi-builder-workspace/.dependencies/checkouts/PerfectLib/Sources/PerfectLib/PerfectServer.swift /Users/admin/builder/spi-builder-workspace/.dependencies/checkouts/PerfectLib/Sources/PerfectLib/SysProcess.swift /Users/admin/builder/spi-builder-workspace/.dependencies/checkouts/PerfectLib/Sources/PerfectLib/Utilities.swift -emit-dependencies-path /Users/admin/builder/spi-builder-workspace/.derivedData/Build/Intermediates.noindex/PerfectLib.build/Debug-watchos/PerfectLib-t.build/Objects-normal/arm64/File.d -emit-const-values-path /Users/admin/builder/spi-builder-workspace/.derivedData/Build/Intermediates.noindex/PerfectLib.build/Debug-watchos/PerfectLib-t.build/Objects-normal/arm64/File.swiftconstvalues -emit-reference-dependencies-path /Users/admin/builder/spi-builder-workspace/.derivedData/Build/Intermediates.noindex/PerfectLib.build/Debug-watchos/PerfectLib-t.build/Objects-normal/arm64/File.swiftdeps -serialize-diagnostics-path /Users/admin/builder/spi-builder-workspace/.derivedData/Build/Intermediates.noindex/PerfectLib.build/Debug-watchos/PerfectLib-t.build/Objects-normal/arm64/File.dia -target arm64-apple-watchos9.0 -Xllvm -aarch64-use-tbi -enable-objc-interop -stack-check -sdk /Applications/Xcode-27.0.0-Release.Candidate.app/Contents/Developer/Platforms/WatchOS.platform/Developer/SDKs/WatchOS27.0.sdk -I /Users/admin/builder/spi-builder-workspace/.derivedData/Build/Products/Debug-watchos -Isystem /Applications/Xcode-27.0.0-Release.Candidate.app/Contents/Developer/Platforms/WatchOS.platform/Developer/usr/lib -F /Users/admin/builder/spi-builder-workspace/.derivedData/Build/Products/Debug-watchos -F /Applications/Xcode-27.0.0-Release.Candidate.app/Contents/Developer/Platforms/WatchOS.platform/Developer/Library/Frameworks -F /Applications/Xcode-27.0.0-Release.Candidate.app/Contents/Developer/Platforms/WatchOS.platform/Developer/SDKs/WatchOS27.0.sdk/Developer/Library/Frameworks -module-cache-path /Users/admin/builder/spi-builder-workspace/.derivedData/ModuleCache.noindex -no-color-diagnostics -Xcc -fno-color-diagnostics -enable-testing -g -debug-info-format\=dwarf -dwarf-version\=4 -suppress-warnings -swift-version 4 -Onone -D SWIFT_PACKAGE -D DEBUG -D SWIFT_MODULE_RESOURCE_BUNDLE_UNAVAILABLE -D Xcode -serialize-debugging-options -enable-experimental-feature DebugDescriptionMacro -empty-abi-descriptor -plugin-path /Applications/Xcode-27.0.0-Release.Candidate.app/Contents/Developer/Toolchains/XcodeDefault.xctoolchain/usr/lib/swift/host/plugins/testing -validate-clang-modules-once -clang-build-session-file /Users/admin/builder/spi-builder-workspace/.derivedData/ModuleCache.noindex/Session.modulevalidation -Xcc -working-directory -Xcc /Users/admin/builder/spi-builder-workspace/.swiftpm/xcode -enable-anonymous-context-mangled-names -file-compilation-dir /Users/admin/builder/spi-builder-workspace/.swiftpm/xcode -Xcc -D_LIBCPP_HARDENING_MODE\=_LIBCPP_HARDENING_MODE_DEBUG -Xcc -ivfsstatcache -Xcc /Users/admin/builder/spi-builder-workspace/.derivedData/SDKStatCaches.noindex/watchos27.0-24R360-e829b21a6f8c9b70876ba0858053c04477534ef55a1706bf4c1112bbb242f0a2.sdkstatcache -Xcc -fmodules-prune-interval\=86400 -Xcc -fmodules-prune-after\=345600 -Xcc -I/Users/admin/builder/spi-builder-workspace/.derivedData/Build/Products/Debug-watchos/include -Xcc -I/Users/admin/builder/spi-builder-workspace/.derivedData/Build/Intermediates.noindex/PerfectLib.build/Debug-watchos/PerfectLib-t.build/DerivedSources-normal/arm64 -Xcc -I/Users/admin/builder/spi-builder-workspace/.derivedData/Build/Intermediates.noindex/PerfectLib.build/Debug-watchos/PerfectLib-t.build/DerivedSources/arm64 -Xcc -I/Users/admin/builder/spi-builder-workspace/.derivedData/Build/Intermediates.noindex/PerfectLib.build/Debug-watchos/PerfectLib-t.build/DerivedSources -Xcc -DSWIFT_PACKAGE -Xcc -DDEBUG\=1 -no-auto-bridging-header-chaining -module-name PerfectLib -const-gather-protocols-file /Users/admin/builder/spi-builder-workspace/.derivedData/Build/Intermediates.noindex/PerfectLib.build/Debug-watchos/PerfectLib-t.build/Objects-normal/arm64/PerfectLib_const_extract_protocols.json -disable-clang-spi -target-sdk-version 27.0 -target-sdk-name watchos27.0 -external-plugin-path /Applications/Xcode-27.0.0-Release.Candidate.app/Contents/Developer/Platforms/WatchOS.platform/Developer/usr/lib/swift/host/plugins\#/Applications/Xcode-27.0.0-Release.Candidate.app/Contents/Developer/Platforms/WatchOS.platform/Developer/usr/bin/swift-plugin-server -external-plugin-path /Applications/Xcode-27.0.0-Release.Candidate.app/Contents/Developer/Platforms/WatchOS.platform/Developer/usr/local/lib/swift/host/plugins\#/Applications/Xcode-27.0.0-Release.Candidate.app/Contents/Developer/Platforms/WatchOS.platform/Developer/usr/bin/swift-plugin-server -in-process-plugin-server-path /Applications/Xcode-27.0.0-Release.Candidate.app/Contents/Developer/Toolchains/XcodeDefault.xctoolchain/usr/lib/swift/host/libSwiftInProcPluginServer.dylib -plugin-path /Applications/Xcode-27.0.0-Release.Candidate.app/Contents/Developer/Toolchains/XcodeDefault.xctoolchain/usr/lib/swift/host/plugins -plugin-path /Applications/Xcode-27.0.0-Release.Candidate.app/Contents/Developer/Toolchains/XcodeDefault.xctoolchain/usr/local/lib/swift/host/plugins -parse-as-library -o /Users/admin/builder/spi-builder-workspace/.derivedData/Build/Intermediates.noindex/PerfectLib.build/Debug-watchos/PerfectLib-t.build/Objects-normal/arm64/File.o -index-unit-output-path /PerfectLib.build/Debug-watchos/PerfectLib-t.build/Objects-normal/arm64/File.o -index-store-path /Users/admin/builder/spi-builder-workspace/.derivedData/Index.noindex/DataStore -index-system-modules
SwiftCompile normal arm64 /Users/admin/builder/spi-builder-workspace/.dependencies/checkouts/PerfectLib/Sources/PerfectLib/File.swift (in target 'PerfectLib' from project 'PerfectLib')
    cd /Users/admin/builder/spi-builder-workspace/.swiftpm/xcode
    builtin-SwiftPerFileCompile File.swift
SwiftCompile normal arm64 Compiling\ Bytes.swift /Users/admin/builder/spi-builder-workspace/.dependencies/checkouts/PerfectLib/Sources/PerfectLib/Bytes.swift (in target 'PerfectLib' from project 'PerfectLib')
SwiftCompile normal arm64 /Users/admin/builder/spi-builder-workspace/.dependencies/checkouts/PerfectLib/Sources/PerfectLib/Bytes.swift (in target 'PerfectLib' from project 'PerfectLib')
    cd /Users/admin/builder/spi-builder-workspace/.swiftpm/xcode
    builtin-SwiftPerFileCompile Bytes.swift
SwiftEmitModule normal arm64 Emitting\ module\ for\ PerfectLib (in target 'PerfectLib' from project 'PerfectLib')
SwiftCompile normal arm64 (in target 'PerfectLib' from project 'PerfectLib')
    cd /Users/admin/builder/spi-builder-workspace/.swiftpm/xcode

SwiftDriverJobDiscovery normal arm64 Compiling Duration.swift (in target 'SwiftMoment' from project 'SwiftMoment')
SwiftEmitModule normal arm64_32 Emitting\ module\ for\ PerfectLib (in target 'PerfectLib' from project 'PerfectLib')
SwiftCompile normal arm64_32 (in target 'PerfectLib' from project 'PerfectLib')
    cd /Users/admin/builder/spi-builder-workspace/.swiftpm/xcode

SwiftCompile normal arm64 Compiling\ PerfectError.swift /Users/admin/builder/spi-builder-workspace/.dependencies/checkouts/PerfectLib/Sources/PerfectLib/PerfectError.swift (in target 'PerfectLib' from project 'PerfectLib')
SwiftCompile normal arm64 /Users/admin/builder/spi-builder-workspace/.dependencies/checkouts/PerfectLib/Sources/PerfectLib/PerfectError.swift (in target 'PerfectLib' from project 'PerfectLib')
    cd /Users/admin/builder/spi-builder-workspace/.swiftpm/xcode
    builtin-SwiftPerFileCompile PerfectError.swift
SwiftCompile normal arm64_32 Compiling\ SysProcess.swift /Users/admin/builder/spi-builder-workspace/.dependencies/checkouts/PerfectLib/Sources/PerfectLib/SysProcess.swift (in target 'PerfectLib' from project 'PerfectLib')
SwiftCompile normal arm64_32 /Users/admin/builder/spi-builder-workspace/.dependencies/checkouts/PerfectLib/Sources/PerfectLib/SysProcess.swift (in target 'PerfectLib' from project 'PerfectLib')
    cd /Users/admin/builder/spi-builder-workspace/.swiftpm/xcode
    builtin-SwiftPerFileCompile SysProcess.swift
SwiftDriverJobDiscovery normal arm64_32 Compiling Duration.swift (in target 'SwiftMoment' from project 'SwiftMoment')
SwiftCompile normal arm64_32 Compiling\ Operators.swift /Users/admin/builder/spi-builder-workspace/.dependencies/checkouts/SwiftMoment/Sources/SwiftMoment/Operators.swift (in target 'SwiftMoment' from project 'SwiftMoment')
SwiftCompile normal arm64_32 /Users/admin/builder/spi-builder-workspace/.dependencies/checkouts/SwiftMoment/Sources/SwiftMoment/Operators.swift (in target 'SwiftMoment' from project 'SwiftMoment')
    cd /Users/admin/builder/spi-builder-workspace/.swiftpm/xcode
    builtin-SwiftPerFileCompile Operators.swift
SwiftDriverJobDiscovery normal arm64 Compiling MomentFromNow.swift (in target 'SwiftMoment' from project 'SwiftMoment')
SwiftCompile normal arm64 Compiling\ TimeUnit.swift /Users/admin/builder/spi-builder-workspace/.dependencies/checkouts/SwiftMoment/Sources/SwiftMoment/TimeUnit.swift (in target 'SwiftMoment' from project 'SwiftMoment')
SwiftCompile normal arm64 /Users/admin/builder/spi-builder-workspace/.dependencies/checkouts/SwiftMoment/Sources/SwiftMoment/TimeUnit.swift (in target 'SwiftMoment' from project 'SwiftMoment')
    cd /Users/admin/builder/spi-builder-workspace/.swiftpm/xcode
    builtin-SwiftPerFileCompile TimeUnit.swift
SwiftDriverJobDiscovery normal arm64_32 Compiling MomentFromNow.swift (in target 'SwiftMoment' from project 'SwiftMoment')
SwiftCompile normal arm64_32 Compiling\ Extensions.swift /Users/admin/builder/spi-builder-workspace/.dependencies/checkouts/SwiftMoment/Sources/SwiftMoment/Extensions.swift (in target 'SwiftMoment' from project 'SwiftMoment')
SwiftCompile normal arm64_32 /Users/admin/builder/spi-builder-workspace/.dependencies/checkouts/SwiftMoment/Sources/SwiftMoment/Extensions.swift (in target 'SwiftMoment' from project 'SwiftMoment')
    cd /Users/admin/builder/spi-builder-workspace/.swiftpm/xcode
    builtin-SwiftPerFileCompile Extensions.swift
PruneExplicitPrecompiledModules /Users/admin/builder/spi-builder-workspace/.derivedData/SDKExplicitPrecompiledModules
PruneExplicitPrecompiledModules /Users/admin/builder/spi-builder-workspace/.derivedData/Build/Intermediates.noindex/ExplicitPrecompiledModules
PruneExplicitPrecompiledModules /Users/admin/builder/spi-builder-workspace/.derivedData/Build/Intermediates.noindex/SwiftExplicitPrecompiledModules
2026-09-16 00:45:08.272 xcodebuild[776:5005] [MT] IDERunDestination: Supported platforms for the buildables in the current scheme is empty.
** BUILD FAILED **
The following build commands failed:
	SwiftCompile normal arm64 Compiling\ File.swift /Users/admin/builder/spi-builder-workspace/.dependencies/checkouts/PerfectLib/Sources/PerfectLib/File.swift (in target 'PerfectLib' from project 'PerfectLib')
	SwiftCompile normal arm64 /Users/admin/builder/spi-builder-workspace/.dependencies/checkouts/PerfectLib/Sources/PerfectLib/File.swift (in target 'PerfectLib' from project 'PerfectLib')
	Building workspace StORM with scheme StORM
(3 failures)
BUILD FAILURE 6.4 watchOS