The Swift Package Index logo.Swift Package Index

Build Information

Failed to build INI, reference 1.2.0 (60b788), with Swift 6.4 for Wasm on 16 Sep 2026 02:09:59 UTC.

Build Command

bash -c docker run --pull=always --rm -v "checkouts-54344847-0":/host -w "$PWD" -e JAVA_HOME="/root/.sdkman/candidates/java/current" -e SPI_BUILD="1" -e SPI_PROCESSING="1" registry.gitlab.com/saguaro1/spi-images:wasm-6.4-latest swift build --swift-sdk swift-6.4.x-DEVELOPMENT-SNAPSHOT-2026-09-04-a_wasm 2>&1

Build Log

========================================
RunAll
========================================
Builder version: 5.1.0
Interrupt handler set up.
========================================
Checkout
========================================
Clone URL: https://github.com/bouke/ini.git
Reference: 1.2.0
Initialized empty Git repository in /host/spi-builder-workspace/.git/
hint: Using 'master' as the name for the initial branch. This default branch name
hint: is subject to change. To configure the initial branch name to use in all
hint: of your new repositories, which will suppress this warning, call:
hint:
hint: 	git config --global init.defaultBranch <name>
hint:
hint: Names commonly chosen instead of 'master' are 'main', 'trunk' and
hint: 'development'. The just-created branch can be renamed via this command:
hint:
hint: 	git branch -m <name>
From https://github.com/bouke/ini
 * tag               1.2.0      -> FETCH_HEAD
HEAD is now at 60b7887 Release 1.2.0
Cloned https://github.com/bouke/ini.git
Revision (git rev-parse @):
60b7887c6f4051e5cb76b5faa0a7d6db510ddcb0
SUCCESS checkout https://github.com/bouke/ini.git at 1.2.0
========================================
Build
========================================
Selected platform:         wasm
Swift version:             6.4
Building package at path:  $PWD
https://github.com/bouke/ini.git
Running build ...
bash -c docker run --pull=always --rm -v "checkouts-54344847-0":/host -w "$PWD" -e JAVA_HOME="/root/.sdkman/candidates/java/current" -e SPI_BUILD="1" -e SPI_PROCESSING="1" registry.gitlab.com/saguaro1/spi-images:wasm-6.4-latest swift build --swift-sdk swift-6.4.x-DEVELOPMENT-SNAPSHOT-2026-09-04-a_wasm 2>&1
wasm-6.4-latest: Pulling from saguaro1/spi-images
Digest: sha256:4328fdb43c680d205c1d6761b1e3267aa38277eefdda9ddfb17b6a0f1a77857a
Status: Image is up to date for registry.gitlab.com/saguaro1/spi-images:wasm-6.4-latest
Building for debugging...
[Planning deferred tasks]
[22 / 30] INI
[27 / 30] INI
/host/spi-builder-workspace/Sources/INI/Error.swift:14:32: warning: enum case 'invalidSyntax' has one associated value that is a tuple of 3 elements
 5 | }
 6 | enum ParseError: Error {
 7 |     case invalidSyntax(Scanner.Position)
   |          `- note: 'invalidSyntax' declared here
 8 |     case unsupportedToken(Scanner.Position)
 9 | }
   :
12 |     var description: String {
13 |         switch self {
14 |         case let .invalidSyntax(_, row, pos): return "Invalid syntax at row \(row), position \(pos)"
   |                                `- warning: enum case 'invalidSyntax' has one associated value that is a tuple of 3 elements
15 |         case let .unsupportedToken(_, row, pos): return "Unsupported token at row \(row), position \(pos)"
16 |         }
/host/spi-builder-workspace/Sources/INI/Error.swift:15:35: warning: enum case 'unsupportedToken' has one associated value that is a tuple of 3 elements
 6 | enum ParseError: Error {
 7 |     case invalidSyntax(Scanner.Position)
 8 |     case unsupportedToken(Scanner.Position)
   |          `- note: 'unsupportedToken' declared here
 9 | }
10 |
   :
13 |         switch self {
14 |         case let .invalidSyntax(_, row, pos): return "Invalid syntax at row \(row), position \(pos)"
15 |         case let .unsupportedToken(_, row, pos): return "Unsupported token at row \(row), position \(pos)"
   |                                   `- warning: enum case 'unsupportedToken' has one associated value that is a tuple of 3 elements
16 |         }
17 |     }
error: SwiftCompile normal wasm32 /host/spi-builder-workspace/Sources/INI/Scanner+Swift.swift failed with a nonzero exit code. Command line:     cd /host
    builtin-SwiftPerFileCompile Scanner+Swift.swift
/host/spi-builder-workspace/Sources/INI/Scanner+Swift.swift:21:44: error: cannot convert value of type 'NSString?' to expected argument type 'String?'
 19 |     func scanCharacters(from set: CharacterSet) -> String? {
 20 |         var value: NSString? = ""
 21 |         if scanCharacters(from: set, into: &value),
    |                                            |- error: cannot convert value of type 'NSString?' to expected argument type 'String?'
    |                                            `- note: arguments to generic parameter 'Wrapped' ('NSString' and 'String') are expected to be equal
 22 |             let value = value as String? {
 23 |             return value
/host/spi-builder-workspace/Sources/INI/Scanner+Swift.swift:39:48: error: cannot convert value of type 'NSString?' to expected argument type 'String?'
 37 |     func scanUpToCharacters(from set: CharacterSet) -> String? {
 38 |         var value: NSString? = ""
 39 |         if scanUpToCharacters(from: set, into: &value),
    |                                                |- error: cannot convert value of type 'NSString?' to expected argument type 'String?'
    |                                                `- note: arguments to generic parameter 'Wrapped' ('NSString' and 'String') are expected to be equal
 40 |             let value = value as String? {
 41 |             return value
/host/spi-builder-workspace/Sources/INI/Scanner+Swift.swift:51:34: error: cannot convert value of type 'NSString?' to expected argument type 'String?'
 49 |     func scanString(_ str: String) -> String? {
 50 |         var value: NSString? = ""
 51 |         if scanString(str, into: &value),
    |                                  |- error: cannot convert value of type 'NSString?' to expected argument type 'String?'
    |                                  `- note: arguments to generic parameter 'Wrapped' ('NSString' and 'String') are expected to be equal
 52 |             let value = value as String? {
 53 |             return value
/host/spi-builder-workspace/Sources/INI/Scanner+Swift.swift:69:32: error: cannot convert value of type 'NSString?' to expected argument type 'String?'
 67 |     func scanUpTo(_ str: String) -> String? {
 68 |         var value: NSString? = ""
 69 |         if scanUpTo(str, into: &value),
    |                                |- error: cannot convert value of type 'NSString?' to expected argument type 'String?'
    |                                `- note: arguments to generic parameter 'Wrapped' ('NSString' and 'String') are expected to be equal
 70 |             let value = value as String? {
 71 |             return value
Failed frontend command:
/usr/bin/swift-frontend -frontend -c /host/spi-builder-workspace/Sources/INI/Error.swift -primary-file /host/spi-builder-workspace/Sources/INI/Scanner+Swift.swift /host/spi-builder-workspace/Sources/INI/parseINI\(\).swift -emit-dependencies-path /host/spi-builder-workspace/.build/out/Intermediates.noindex/INI.build/Debug-webassembly-wasm32/INI-t.build/Objects-normal/wasm32/Scanner+Swift.d -emit-const-values-path /host/spi-builder-workspace/.build/out/Intermediates.noindex/INI.build/Debug-webassembly-wasm32/INI-t.build/Objects-normal/wasm32/Scanner+Swift.swiftconstvalues -emit-reference-dependencies-path /host/spi-builder-workspace/.build/out/Intermediates.noindex/INI.build/Debug-webassembly-wasm32/INI-t.build/Objects-normal/wasm32/Scanner+Swift.swiftdeps -serialize-diagnostics-path /host/spi-builder-workspace/.build/out/Intermediates.noindex/INI.build/Debug-webassembly-wasm32/INI-t.build/Objects-normal/wasm32/Scanner+Swift.dia -target wasm32-unknown-wasip1 -disable-objc-interop -sdk /root/.swiftpm/swift-sdks/swift-6.4.x-DEVELOPMENT-SNAPSHOT-2026-09-04-a_wasm.artifactbundle/swift-6.4.x-DEVELOPMENT-SNAPSHOT-2026-09-04-a_wasm/wasm32-unknown-wasip1/WASI.sdk -sysroot /root/.swiftpm/swift-sdks/swift-6.4.x-DEVELOPMENT-SNAPSHOT-2026-09-04-a_wasm.artifactbundle/swift-6.4.x-DEVELOPMENT-SNAPSHOT-2026-09-04-a_wasm/wasm32-unknown-wasip1/WASI.sdk -I /host/spi-builder-workspace/.build/out/Products/Debug-webassembly-wasm32 -module-cache-path /host/spi-builder-workspace/.build/out/ModuleCache.noindex -color-diagnostics -Xcc -fcolor-diagnostics -enable-testing -g -debug-info-format\=dwarf -dwarf-version\=4 -swift-version 4 -Onone -D SWIFT_PACKAGE -D DEBUG -D SWIFT_MODULE_RESOURCE_BUNDLE_UNAVAILABLE -D Xcode -serialize-debugging-options -enable-experimental-feature DebugDescriptionMacro -empty-abi-descriptor -external-plugin-path /usr/lib/swift/host/plugins/testing\#/usr/bin/swift-plugin-server -validate-clang-modules-once -clang-build-session-file /host/spi-builder-workspace/.build/out/ModuleCache.noindex/Session.modulevalidation -Xcc -working-directory -Xcc /host -resource-dir /root/.swiftpm/swift-sdks/swift-6.4.x-DEVELOPMENT-SNAPSHOT-2026-09-04-a_wasm.artifactbundle/swift-6.4.x-DEVELOPMENT-SNAPSHOT-2026-09-04-a_wasm/wasm32-unknown-wasip1/swift.xctoolchain/usr/lib/swift_static -use-static-resource-dir -enable-anonymous-context-mangled-names -file-compilation-dir /host -Xcc -resource-dir -Xcc /root/.swiftpm/swift-sdks/swift-6.4.x-DEVELOPMENT-SNAPSHOT-2026-09-04-a_wasm.artifactbundle/swift-6.4.x-DEVELOPMENT-SNAPSHOT-2026-09-04-a_wasm/wasm32-unknown-wasip1/swift.xctoolchain/usr/lib/swift_static/clang -Xcc -D_LIBCPP_HARDENING_MODE\=_LIBCPP_HARDENING_MODE_DEBUG -Xcc -fmodules-prune-interval\=86400 -Xcc -fmodules-prune-after\=345600 -Xcc -I/host/spi-builder-workspace/.build/out/Products/Debug-webassembly-wasm32/include -Xcc -I/host/spi-builder-workspace/.build/out/Intermediates.noindex/INI.build/Debug-webassembly-wasm32/INI-t.build/DerivedSources-normal/wasm32 -Xcc -I/host/spi-builder-workspace/.build/out/Intermediates.noindex/INI.build/Debug-webassembly-wasm32/INI-t.build/DerivedSources/wasm32 -Xcc -I/host/spi-builder-workspace/.build/out/Intermediates.noindex/INI.build/Debug-webassembly-wasm32/INI-t.build/DerivedSources -Xcc -DSWIFT_PACKAGE -Xcc -DDEBUG\=1 -no-auto-bridging-header-chaining -module-name INI -const-gather-protocols-file /host/spi-builder-workspace/.build/out/Intermediates.noindex/INI.build/Debug-webassembly-wasm32/INI-t.build/Objects-normal/wasm32/INI_const_extract_protocols.json -in-process-plugin-server-path /usr/lib/swift/host/libSwiftInProcPluginServer.so -plugin-path /usr/lib/swift/host/plugins -plugin-path /usr/local/lib/swift/host/plugins -parse-as-library -o /host/spi-builder-workspace/.build/out/Intermediates.noindex/INI.build/Debug-webassembly-wasm32/INI-t.build/Objects-normal/wasm32/Scanner+Swift.o -index-unit-output-path /INI.build/Debug-webassembly-wasm32/INI-t.build/Objects-normal/wasm32/Scanner+Swift.o -index-store-path /host/spi-builder-workspace/.build/out -index-system-modules
error: Build failed
BUILD FAILURE 6.4 wasm