Build Information
Failed to build GoogleCloudOrchestrationAirflowServiceV1, reference 0.5.0 (1bde13), with Swift 6.2 for Android on 12 Oct 2026 02:42:00 UTC.
Build Command
bash -c docker run --pull=always --rm -v "checkouts-53886768-1":/host -w "$PWD" -e JAVA_HOME="/root/.sdkman/candidates/java/current" -e SPI_BUILD="1" -e SPI_PROCESSING="1" registry.gitlab.com/saguaro1/spi-images:android-6.2-latest swift build --swift-sdk aarch64-unknown-linux-android28 2>&1Build Log
========================================
RunAll
========================================
Builder version: 5.1.1
Interrupt handler set up.
========================================
Checkout
========================================
Clone URL: https://github.com/googleapis/swift-google-cloud-orchestration-airflow-service-v1.git
Reference: 0.5.0
Initialized empty Git repository in /host/spi-builder-workspace/.git/
hint: Using 'master' as the name for the initial branch. This default branch name
hint: is subject to change. To configure the initial branch name to use in all
hint: of your new repositories, which will suppress this warning, call:
hint:
hint: git config --global init.defaultBranch <name>
hint:
hint: Names commonly chosen instead of 'master' are 'main', 'trunk' and
hint: 'development'. The just-created branch can be renamed via this command:
hint:
hint: git branch -m <name>
From https://github.com/googleapis/swift-google-cloud-orchestration-airflow-service-v1
* tag 0.5.0 -> FETCH_HEAD
HEAD is now at 1bde13b chore: release circa 2026-10-07 (#1382)
Cloned https://github.com/googleapis/swift-google-cloud-orchestration-airflow-service-v1.git
Revision (git rev-parse @):
1bde13b675c9a3ed2e74145f411e5f23db9ca265
SPI manifest file found: $PWD/.spi.yml
SUCCESS checkout https://github.com/googleapis/swift-google-cloud-orchestration-airflow-service-v1.git at 0.5.0
========================================
Build
========================================
Selected platform: android
Swift version: 6.2
Building package at path: $PWD
https://github.com/googleapis/swift-google-cloud-orchestration-airflow-service-v1.git
Running build ...
bash -c docker run --pull=always --rm -v "checkouts-53886768-1":/host -w "$PWD" -e JAVA_HOME="/root/.sdkman/candidates/java/current" -e SPI_BUILD="1" -e SPI_PROCESSING="1" registry.gitlab.com/saguaro1/spi-images:android-6.2-latest swift build --swift-sdk aarch64-unknown-linux-android28 2>&1
android-6.2-latest: Pulling from saguaro1/spi-images
Digest: sha256:a839c9ce201f1dacc8eb056626ec7ab0a1c6d53d7b77c83feda395f4507c51be
Status: Image is up to date for registry.gitlab.com/saguaro1/spi-images:android-6.2-latest
Fetching https://github.com/googleapis/swift-google-gax
Fetching https://github.com/googleapis/swift-google-auth
Fetching https://github.com/apple/swift-log
Fetching https://github.com/googleapis/swift-google-rpc
Fetching https://github.com/googleapis/swift-google-longrunning
Fetching https://github.com/googleapis/swift-google-wkt
[1/422] Fetching swift-google-rpc
[229/1445] Fetching swift-google-rpc, swift-google-wkt
[1446/2064] Fetching swift-google-rpc, swift-google-wkt, swift-google-longrunning
[1532/3812] Fetching swift-google-rpc, swift-google-wkt, swift-google-longrunning, swift-google-gax
Fetched https://github.com/googleapis/swift-google-wkt from cache (0.44s)
[1107/2789] Fetching swift-google-rpc, swift-google-longrunning, swift-google-gax
Fetching https://github.com/googleapis/swift-google-type
[1235/3812] Fetching swift-google-rpc, swift-google-longrunning, swift-google-gax, swift-google-auth
Fetched https://github.com/googleapis/swift-google-longrunning from cache (0.48s)
[2217/3193] Fetching swift-google-rpc, swift-google-gax, swift-google-auth
[3194/11450] Fetching swift-google-rpc, swift-google-gax, swift-google-auth, swift-log
[11451/11887] Fetching swift-google-rpc, swift-google-gax, swift-google-auth, swift-log, swift-google-type
Fetched https://github.com/googleapis/swift-google-auth from cache (0.83s)
[10799/10864] Fetching swift-google-rpc, swift-google-gax, swift-log, swift-google-type
Fetched https://github.com/apple/swift-log from cache (0.84s)
Fetched https://github.com/googleapis/swift-google-rpc from cache (0.84s)
Fetched https://github.com/googleapis/swift-google-gax from cache (0.84s)
Fetched https://github.com/googleapis/swift-google-type from cache (0.41s)
Computing version for https://github.com/googleapis/swift-google-wkt
Computed https://github.com/googleapis/swift-google-wkt at 0.5.0 (1.07s)
Fetching https://github.com/swift-extras/swift-extras-base64
[1/954] Fetching swift-extras-base64
Fetched https://github.com/swift-extras/swift-extras-base64 from cache (0.40s)
Computing version for https://github.com/googleapis/swift-google-type
Computed https://github.com/googleapis/swift-google-type at 0.5.0 (0.56s)
Computing version for https://github.com/googleapis/swift-google-rpc
Computed https://github.com/googleapis/swift-google-rpc at 0.5.0 (0.17s)
Computing version for https://github.com/googleapis/swift-google-longrunning
Computed https://github.com/googleapis/swift-google-longrunning at 0.5.0 (0.20s)
Computing version for https://github.com/googleapis/swift-google-gax
Computed https://github.com/googleapis/swift-google-gax at 0.5.0 (0.20s)
Fetching https://github.com/apple/swift-nio
Fetching https://github.com/swift-server/async-http-client.git
[1/16464] Fetching async-http-client
[16465/102838] Fetching async-http-client, swift-nio
Fetched https://github.com/swift-server/async-http-client.git from cache (1.27s)
[19867/86374] Fetching swift-nio
Fetched https://github.com/apple/swift-nio from cache (4.88s)
Computing version for https://github.com/googleapis/swift-google-auth
Computed https://github.com/googleapis/swift-google-auth at 0.5.0 (5.10s)
Fetching https://github.com/vapor/jwt-kit.git
Fetching https://github.com/apple/swift-system.git
[1/7241] Fetching swift-system
[2825/17495] Fetching swift-system, jwt-kit
Fetched https://github.com/apple/swift-system.git from cache (1.10s)
Fetched https://github.com/vapor/jwt-kit.git from cache (1.11s)
Computing version for https://github.com/swift-extras/swift-extras-base64
Computed https://github.com/swift-extras/swift-extras-base64 at 1.2.0 (1.38s)
Computing version for https://github.com/swift-server/async-http-client.git
Computed https://github.com/swift-server/async-http-client.git at 1.36.2 (0.36s)
Fetching https://github.com/apple/swift-configuration.git
Fetching https://github.com/apple/swift-nio-http2.git
Fetching https://github.com/apple/swift-nio-ssl.git
Fetching https://github.com/apple/swift-algorithms.git
Fetching https://github.com/apple/swift-atomics.git
Fetching https://github.com/apple/swift-nio-transport-services.git
[1/2867] Fetching swift-nio-transport-services
[2/6795] Fetching swift-nio-transport-services, swift-configuration
[1123/8684] Fetching swift-nio-transport-services, swift-configuration, swift-atomics
[4149/25564] Fetching swift-nio-transport-services, swift-configuration, swift-atomics, swift-nio-ssl
[9041/31728] Fetching swift-nio-transport-services, swift-configuration, swift-atomics, swift-nio-ssl, swift-algorithms
[9156/44022] Fetching swift-nio-transport-services, swift-configuration, swift-atomics, swift-nio-ssl, swift-algorithms, swift-nio-http2
Fetched https://github.com/apple/swift-configuration.git from cache (0.63s)
[10451/40094] Fetching swift-nio-transport-services, swift-atomics, swift-nio-ssl, swift-algorithms, swift-nio-http2
Fetching https://github.com/apple/swift-service-context.git
Fetched https://github.com/apple/swift-atomics.git from cache (0.67s)
[11255/38205] Fetching swift-nio-transport-services, swift-nio-ssl, swift-algorithms, swift-nio-http2
Fetching https://github.com/apple/swift-nio-extras.git
Fetched https://github.com/apple/swift-nio-transport-services.git from cache (0.83s)
[13106/35338] Fetching swift-nio-ssl, swift-algorithms, swift-nio-http2
Fetching https://github.com/apple/swift-distributed-tracing.git
Fetched https://github.com/apple/swift-algorithms.git from cache (0.83s)
[7188/29174] Fetching swift-nio-ssl, swift-nio-http2
[18035/30675] Fetching swift-nio-ssl, swift-nio-http2, swift-service-context
Fetched https://github.com/apple/swift-service-context.git from cache (0.46s)
[22085/29174] Fetching swift-nio-ssl, swift-nio-http2
[25293/35877] Fetching swift-nio-ssl, swift-nio-http2, swift-nio-extras
[34471/42428] Fetching swift-nio-ssl, swift-nio-http2, swift-nio-extras, swift-distributed-tracing
Fetched https://github.com/apple/swift-nio-extras.git from cache (0.82s)
Fetched https://github.com/apple/swift-distributed-tracing.git from cache (0.74s)
Fetched https://github.com/apple/swift-nio-http2.git from cache (1.97s)
Fetched https://github.com/apple/swift-nio-ssl.git from cache (1.97s)
Computing version for https://github.com/apple/swift-service-context.git
Computed https://github.com/apple/swift-service-context.git at 1.3.0 (2.22s)
Computing version for https://github.com/apple/swift-algorithms.git
Computed https://github.com/apple/swift-algorithms.git at 1.2.1 (1.40s)
Fetching https://github.com/apple/swift-numerics.git
[1/6742] Fetching swift-numerics
Fetched https://github.com/apple/swift-numerics.git from cache (0.59s)
Computing version for https://github.com/apple/swift-log
Computed https://github.com/apple/swift-log at 1.16.1 (0.83s)
Computing version for https://github.com/apple/swift-distributed-tracing.git
Computed https://github.com/apple/swift-distributed-tracing.git at 1.5.0 (0.22s)
Computing version for https://github.com/apple/swift-atomics.git
Computed https://github.com/apple/swift-atomics.git at 1.3.1 (0.21s)
Computing version for https://github.com/apple/swift-numerics.git
Computed https://github.com/apple/swift-numerics.git at 1.1.1 (0.20s)
Computing version for https://github.com/apple/swift-nio
Computed https://github.com/apple/swift-nio at 2.104.0 (0.46s)
Fetching https://github.com/apple/swift-collections.git
[1/28703] Fetching swift-collections
Fetched https://github.com/apple/swift-collections.git from cache (1.41s)
Computing version for https://github.com/apple/swift-configuration.git
Computed https://github.com/apple/swift-configuration.git at 1.2.2 (2.72s)
Fetching https://github.com/swift-server/swift-service-lifecycle
[1/2867] Fetching swift-service-lifecycle
Fetched https://github.com/swift-server/swift-service-lifecycle from cache (0.66s)
Computing version for https://github.com/apple/swift-nio-transport-services.git
Computed https://github.com/apple/swift-nio-transport-services.git at 1.28.0 (0.83s)
Computing version for https://github.com/swift-server/swift-service-lifecycle
Computed https://github.com/swift-server/swift-service-lifecycle at 2.12.1 (0.15s)
Fetching https://github.com/apple/swift-async-algorithms.git
[1/6820] Fetching swift-async-algorithms
Fetched https://github.com/apple/swift-async-algorithms.git from cache (0.69s)
Computing version for https://github.com/apple/swift-async-algorithms.git
Computed https://github.com/apple/swift-async-algorithms.git at 1.1.7 (0.91s)
Computing version for https://github.com/apple/swift-collections.git
Computed https://github.com/apple/swift-collections.git at 1.7.2 (0.27s)
Computing version for https://github.com/apple/swift-nio-http2.git
Computed https://github.com/apple/swift-nio-http2.git at 1.46.0 (0.25s)
Computing version for https://github.com/vapor/jwt-kit.git
Computed https://github.com/vapor/jwt-kit.git at 5.7.1 (0.27s)
Fetching https://github.com/apple/swift-crypto.git
Fetching https://github.com/apple/swift-certificates.git
[1/7613] Fetching swift-certificates
[78/26242] Fetching swift-certificates, swift-crypto
Fetched https://github.com/apple/swift-certificates.git from cache (0.63s)
[2050/18629] Fetching swift-crypto
Fetched https://github.com/apple/swift-crypto.git from cache (2.03s)
Computing version for https://github.com/apple/swift-crypto.git
Computed https://github.com/apple/swift-crypto.git at 4.5.2 (3.16s)
Fetching https://github.com/apple/swift-asn1.git
[1/2009] Fetching swift-asn1
Fetched https://github.com/apple/swift-asn1.git from cache (0.66s)
Computing version for https://github.com/apple/swift-asn1.git
Computed https://github.com/apple/swift-asn1.git at 1.7.3 (1.07s)
Computing version for https://github.com/apple/swift-certificates.git
Computed https://github.com/apple/swift-certificates.git at 1.21.0 (0.31s)
Computing version for https://github.com/apple/swift-nio-ssl.git
Computed https://github.com/apple/swift-nio-ssl.git at 2.37.5 (0.22s)
Computing version for https://github.com/apple/swift-system.git
Computed https://github.com/apple/swift-system.git at 1.8.1 (0.21s)
Computing version for https://github.com/apple/swift-nio-extras.git
Computed https://github.com/apple/swift-nio-extras.git at 1.35.1 (0.28s)
Fetching https://github.com/apple/swift-http-types.git
Fetching https://github.com/apple/swift-http-structured-headers.git
[1/1253] Fetching swift-http-structured-headers
[1254/3192] Fetching swift-http-structured-headers, swift-http-types
Fetched https://github.com/apple/swift-http-structured-headers.git from cache (0.39s)
[78/1939] Fetching swift-http-types
Fetched https://github.com/apple/swift-http-types.git from cache (0.46s)
Computing version for https://github.com/apple/swift-http-structured-headers.git
Computed https://github.com/apple/swift-http-structured-headers.git at 1.7.0 (0.62s)
Computing version for https://github.com/apple/swift-http-types.git
Computed https://github.com/apple/swift-http-types.git at 1.8.0 (0.19s)
Creating working copy for https://github.com/swift-server/async-http-client.git
Working copy of https://github.com/swift-server/async-http-client.git resolved at 1.36.2
Creating working copy for https://github.com/googleapis/swift-google-auth
Working copy of https://github.com/googleapis/swift-google-auth resolved at 0.5.0
Creating working copy for https://github.com/apple/swift-http-structured-headers.git
Working copy of https://github.com/apple/swift-http-structured-headers.git resolved at 1.7.0
Creating working copy for https://github.com/googleapis/swift-google-type
Working copy of https://github.com/googleapis/swift-google-type resolved at 0.5.0
Creating working copy for https://github.com/apple/swift-atomics.git
Working copy of https://github.com/apple/swift-atomics.git resolved at 1.3.1
Creating working copy for https://github.com/apple/swift-nio
Working copy of https://github.com/apple/swift-nio resolved at 2.104.0
Creating working copy for https://github.com/apple/swift-nio-extras.git
Working copy of https://github.com/apple/swift-nio-extras.git resolved at 1.35.1
Creating working copy for https://github.com/swift-server/swift-service-lifecycle
Working copy of https://github.com/swift-server/swift-service-lifecycle resolved at 2.12.1
Creating working copy for https://github.com/googleapis/swift-google-longrunning
Working copy of https://github.com/googleapis/swift-google-longrunning resolved at 0.5.0
Creating working copy for https://github.com/swift-extras/swift-extras-base64
Working copy of https://github.com/swift-extras/swift-extras-base64 resolved at 1.2.0
Creating working copy for https://github.com/apple/swift-log
Working copy of https://github.com/apple/swift-log resolved at 1.16.1
Creating working copy for https://github.com/vapor/jwt-kit.git
Working copy of https://github.com/vapor/jwt-kit.git resolved at 5.7.1
Creating working copy for https://github.com/apple/swift-algorithms.git
Working copy of https://github.com/apple/swift-algorithms.git resolved at 1.2.1
Creating working copy for https://github.com/apple/swift-service-context.git
Working copy of https://github.com/apple/swift-service-context.git resolved at 1.3.0
Creating working copy for https://github.com/apple/swift-async-algorithms.git
Working copy of https://github.com/apple/swift-async-algorithms.git resolved at 1.1.7
Creating working copy for https://github.com/apple/swift-nio-ssl.git
Working copy of https://github.com/apple/swift-nio-ssl.git resolved at 2.37.5
Creating working copy for https://github.com/googleapis/swift-google-gax
Working copy of https://github.com/googleapis/swift-google-gax resolved at 0.5.0
Creating working copy for https://github.com/apple/swift-nio-transport-services.git
Working copy of https://github.com/apple/swift-nio-transport-services.git resolved at 1.28.0
Creating working copy for https://github.com/googleapis/swift-google-wkt
Working copy of https://github.com/googleapis/swift-google-wkt resolved at 0.5.0
Creating working copy for https://github.com/apple/swift-asn1.git
Working copy of https://github.com/apple/swift-asn1.git resolved at 1.7.3
Creating working copy for https://github.com/apple/swift-certificates.git
Working copy of https://github.com/apple/swift-certificates.git resolved at 1.21.0
Creating working copy for https://github.com/apple/swift-collections.git
Working copy of https://github.com/apple/swift-collections.git resolved at 1.7.2
Creating working copy for https://github.com/googleapis/swift-google-rpc
Working copy of https://github.com/googleapis/swift-google-rpc resolved at 0.5.0
Creating working copy for https://github.com/apple/swift-configuration.git
Working copy of https://github.com/apple/swift-configuration.git resolved at 1.2.2
Creating working copy for https://github.com/apple/swift-crypto.git
Working copy of https://github.com/apple/swift-crypto.git resolved at 4.5.2
Creating working copy for https://github.com/apple/swift-nio-http2.git
Working copy of https://github.com/apple/swift-nio-http2.git resolved at 1.46.0
Creating working copy for https://github.com/apple/swift-numerics.git
Working copy of https://github.com/apple/swift-numerics.git resolved at 1.1.1
Creating working copy for https://github.com/apple/swift-system.git
Working copy of https://github.com/apple/swift-system.git resolved at 1.8.1
Creating working copy for https://github.com/apple/swift-http-types.git
Working copy of https://github.com/apple/swift-http-types.git resolved at 1.8.0
Creating working copy for https://github.com/apple/swift-distributed-tracing.git
Working copy of https://github.com/apple/swift-distributed-tracing.git resolved at 1.5.0
Building for debugging...
[0/1014] Compiling KeccakHash.c
[1/1014] Write swift-version--11D90AFD9DD3AB2.txt
[2/1014] Compiling _NumericsShims _NumericsShims.c
[2/1014] Write sources
[7/1014] Compiling _AtomicsShims.c
[8/1018] Compiling KeccakP-1600-opt64.c
[9/1020] Compiling params.cc
[10/1020] Compiling asn_pack.cc
[10/1020] Write sources
[54/1039] Compiling des.cc
[55/1039] Compiling spake25519.cc
[56/1042] Compiling dh_asn1.cc
[58/1042] Emitting module _NIOBase64
[58/1042] Compiling digest_extra.cc
[60/1042] Emitting module ServiceContextModule
[61/1064] Emitting module _CertificateInternals
[62/1092] Compiling ServiceContextModule ServiceContextKey.swift
[63/1092] Compiling _CertificateInternals _TinyArray.swift
[65/1093] Compiling ServiceContextModule ServiceContext.swift
[66/1098] Wrapping AST for _CertificateInternals for debugging
[68/1099] Compiling _NIOBase64 Base64.swift
[70/1106] Compiling InternalCollectionsUtilities UnsafeMutablePointer+Extras.swift
[71/1106] Compiling InternalCollectionsUtilities UnsafeMutableRawBufferPointer+Extras.swift
[72/1106] Compiling InternalCollectionsUtilities UnsafePointer+Extras.swift
[73/1109] Compiling InternalCollectionsUtilities Iterable+CopyContents.swift
[74/1109] Compiling InternalCollectionsUtilities Iterable+Equality.swift
[74/1110] Wrapping AST for ServiceContextModule for debugging
[76/1110] Compiling Instrumentation NoOpInstrument.swift
[76/1110] Wrapping AST for _NIOBase64 for debugging
[77/1110] Write sources
[106/1110] Compiling InternalCollectionsUtilities LifetimeOverride.swift
[107/1110] Compiling InternalCollectionsUtilities MutableRef.swift
[108/1110] Compiling InternalCollectionsUtilities MutableSpan+Extras.swift
[109/1110] Compiling InternalCollectionsUtilities OutputSpan+Extras.swift
[110/1110] Compiling InternalCollectionsUtilities RandomAccessCollection+Offsets.swift
[111/1110] Compiling InternalCollectionsUtilities Span+Extras.swift
[112/1110] Compiling InternalCollectionsUtilities FixedWidthInteger+roundUpToPowerOfTwo.swift
[113/1110] Compiling InternalCollectionsUtilities Integer rank.swift
[114/1110] Compiling InternalCollectionsUtilities UInt+first and last set bit.swift
[115/1110] Compiling InternalCollectionsUtilities UInt+reversed.swift
[116/1110] Compiling RealModule RealFunctions.swift
[119/1112] Compiling Logging Logger+With.swift
[120/1113] Compiling Logging LoggingSystem.swift
[121/1113] Compiling Logging Logger.swift
[122/1113] Compiling RealModule Float80+Real.swift
[123/1113] Compiling InternalCollectionsUtilities Descriptions.swift
[125/1113] Emitting module RealModule
[125/1113] Compiling CXKCPShims shims.c
[127/1113] Compiling InternalCollectionsUtilities UnsafeRawBufferPointer+Extras.swift
[128/1113] Compiling InternalCollectionsUtilities _SortedCollection.swift
[129/1113] Compiling InternalCollectionsUtilities _UniqueCollection.swift
[130/1113] Compiling RealModule Real.swift
[133/1113] Compiling RealModule RelaxedArithmetic.swift
[134/1113] Compiling RealModule Float16+Real.swift
[134/1113] Compiling SimpleFIPS202.c
[136/1113] Emitting module InternalCollectionsUtilities
[137/1113] Compiling InternalCollectionsUtilities BorrowingIteratorProtocol+Equality.swift
[138/1113] Compiling InternalCollectionsUtilities BorrowingIteratorProtocol+Extras.swift
[139/1113] Compiling InternalCollectionsUtilities Debugging.swift
[145/1114] Emitting module SwiftASN1
[151/1114] Compiling KeccakSponge.c
[153/1114] Compiling SwiftASN1 DER.swift
[154/1114] Compiling SwiftASN1 Errors.swift
[155/1114] Compiling InternalCollectionsUtilities UnsafeBufferPointer+Extras.swift
[156/1114] Compiling InternalCollectionsUtilities UnsafeMutableBufferPointer+Extras.swift
[157/1114] Compiling InternalCollectionsUtilities Strideable+LimitHelpers.swift
[158/1114] Compiling InternalCollectionsUtilities String+Padding.swift
[159/1114] Compiling InternalCollectionsUtilities TemporaryAllocation.swift
[160/1114] Compiling InternalCollectionsUtilities _UnsafeBitSet+Index.swift
[161/1115] Compiling CSystem shims.c
[163/1115] Compiling Logging Logger+Attributes.swift
[166/1115] Compiling _NIODataStructures PriorityQueue.swift
[167/1115] Compiling _NIODataStructures _TinyArray.swift
[169/1115] Compiling _NIODataStructures Heap.swift
[170/1115] Emitting module _NIODataStructures
[171/1153] Compiling CNIOWindows shim.c
[172/1156] Wrapping AST for _NIODataStructures for debugging
[174/1156] Compiling SystemPackage FileMode.swift
[175/1157] Compiling SystemPackage FileType.swift
[176/1157] Compiling SystemPackage IOCompletion.swift
[177/1157] Compiling SystemPackage IORequest.swift
[178/1157] Compiling SystemPackage IORing+Util.swift
[179/1157] Compiling SystemPackage IORing.swift
[180/1157] Compiling SystemPackage RawIORequest.swift
[180/1157] Wrapping AST for RealModule for debugging
[181/1162] Wrapping AST for InternalCollectionsUtilities for debugging
[182/1162] Compiling CNIOWindows WSAStartup.c
[184/1162] Compiling SpanPreview InputSpan.swift
[185/1162] Compiling SpanPreview OutputSpan+InputSpanHelpers.swift
[185/1162] Compiling CNIOWASI CNIOWASI.c
[187/1162] Compiling SpanPreview MutableSpan+InputSpanHelpers.swift
[187/1162] Compiling CNIOPosix event_loop_id.c
[188/1162] Compiling CNIOOpenBSD shim.c
[190/1162] Emitting module SpanPreview
[190/1163] Compiling CNIOLinux liburing_shims.c
[192/1163] Compiling CNIOLinux shim.c
[193/1163] Compiling CNIOLLHTTP c_nio_http.c
[194/1163] Compiling CNIOLLHTTP c_nio_llhttp.c
[195/1163] Wrapping AST for SpanPreview for debugging
[196/1163] Compiling CNIOFreeBSD shim.c
[196/1163] Compiling CNIOLLHTTP c_nio_api.c
[198/1196] Compiling CNIOExtrasZlib zutil.c
[199/1205] Compiling CNIOExtrasZlib trees.c
[200/1205] Compiling CNIOExtrasZlib inftrees.c
[201/1205] Compiling CNIOExtrasZlib inffast.c
[202/1205] Compiling CNIOExtrasZlib inflate.c
[204/1205] Compiling DequeModule UniqueDeque+Consumption.swift
[205/1205] Compiling DequeModule UniqueDeque+ContainerOperations.swift
[206/1205] Compiling DequeModule UniqueDeque+Deprecations.swift
[207/1205] Compiling DequeModule UniqueDeque+Descriptions.swift
[208/1205] Compiling DequeModule UniqueDeque+Equatable.swift
[209/1205] Compiling DequeModule UniqueDeque+Hashable.swift
[209/1210] Compiling CNIOExtrasZlib crc32.c
[210/1210] Compiling CNIOExtrasZlib deflate.c
[211/1210] Compiling CNIODarwin shim.c
[212/1210] Compiling CNIOExtrasZlib adler32.c
[213/1210] Compiling fiat_p256_adx_sqr.S
[215/1210] Compiling DequeModule RigidDeque+Descriptions.swift
[216/1210] Compiling DequeModule RigidDeque+Equatable.swift
[217/1210] Compiling DequeModule RigidDeque+Hashable.swift
[218/1210] Compiling DequeModule RigidDeque+Initializers.swift
[219/1210] Compiling DequeModule RigidDeque+Insertions.swift
[220/1210] Compiling DequeModule RigidDeque+Iterable.swift
[221/1210] Compiling DequeModule UniqueDeque+Initializers.swift
[222/1210] Compiling DequeModule UniqueDeque+Insertions.swift
[223/1210] Compiling DequeModule UniqueDeque+Iterable.swift
[224/1210] Compiling DequeModule UniqueDeque+Prepend.swift
[225/1210] Compiling DequeModule UniqueDeque+Removals.swift
[225/1210] Compiling fiat_p256_adx_mul.S
[227/1210] Compiling DequeModule _DequeBuffer.swift
[228/1210] Compiling DequeModule _DequeBufferHeader.swift
[229/1210] Compiling DequeModule RigidDeque+Append.swift
[230/1210] Compiling DequeModule RigidDeque+Consumption.swift
[231/1210] Compiling DequeModule RigidDeque+ContainerOperations.swift
[232/1210] Compiling DequeModule RigidDeque+Deprecations.swift
[232/1210] Compiling fiat_curve25519_adx_square.S
[233/1210] Compiling CNIOBoringSSLShims shims.c
[234/1210] Compiling fiat_curve25519_adx_mul.S
[236/1210] Compiling DequeModule Deque+Codable.swift
[237/1210] Compiling DequeModule Deque+Collection.swift
[238/1210] Compiling DequeModule Deque+CustomReflectable.swift
[239/1210] Compiling DequeModule Deque+Descriptions.swift
[240/1210] Compiling DequeModule Deque+Equatable.swift
[241/1210] Compiling DequeModule Deque+ExpressibleByArrayLiteral.swift
[241/1210] Compiling tls_record.cc
[243/1210] Compiling DequeModule RigidDeque+Prepend.swift
[244/1210] Compiling DequeModule RigidDeque+Removals.swift
[245/1210] Compiling DequeModule RigidDeque+Replacements.swift
[246/1210] Compiling DequeModule RigidDeque+Testing.swift
[247/1210] Compiling DequeModule RigidDeque.swift
[248/1210] Compiling DequeModule UniqueDeque+Append.swift
[248/1210] Compiling tls_method.cc
[260/1211] Emitting module DequeModule
[261/1211] Compiling DequeModule Deque+Extras.swift
[262/1211] Compiling DequeModule Deque+Hashable.swift
[263/1211] Compiling DequeModule Deque+Testing.swift
[264/1211] Compiling DequeModule Deque._Storage.swift
[265/1211] Compiling DequeModule Deque._UnsafeHandle.swift
[266/1211] Compiling DequeModule Deque.swift
[279/1211] Emitting module Logging
[282/1211] Compiling DequeModule UniqueDeque+Replacements.swift
[283/1211] Compiling DequeModule UniqueDeque.swift
[284/1211] Compiling DequeModule _DequeSlot.swift
[285/1211] Compiling DequeModule _UnsafeDequeHandle.swift
[286/1211] Compiling DequeModule _UnsafeDequeSegments.swift
[287/1212] Compiling Logging MetadataProvider.swift
[298/1213] Emitting module SystemPackage
[312/1213] Compiling Instrumentation MultiplexInstrument.swift
[313/1213] Compiling Instrumentation Locks.swift
[314/1213] Compiling Instrumentation InstrumentationSystem.swift
[315/1213] Emitting module Instrumentation
[316/1213] Compiling Instrumentation Instrument.swift
[316/1214] Compiling tls13_server.cc
[319/1215] Wrapping AST for SwiftASN1 for debugging
[321/1215] Compiling ExtrasBase64 Base32.swift
[322/1215] Compiling ExtrasBase64 Base64.swift
[323/1215] Compiling ExtrasBase64 Base64+Span.swift
[324/1215] Compiling ExtrasBase64 Base32+Span.swift
[325/1215] Emitting module ExtrasBase64
[325/1216] Wrapping AST for Logging for debugging
[326/1216] Compiling tls13_enc.cc
[326/1223] Wrapping AST for SystemPackage for debugging
[329/1224] Wrapping AST for Instrumentation for debugging
[330/1224] Compiling tls13_client.cc
[332/1267] Emitting module Tracing
[333/1267] Compiling Tracing NoOpTracer.swift
[333/1268] Wrapping AST for ExtrasBase64 for debugging
[335/1299] Compiling Tracing TracingTime.swift
[335/1299] Wrapping AST for DequeModule for debugging
[337/1299] Compiling Tracing TracerProtocol.swift
[337/1299] Compiling tls13_both.cc
[339/1299] Compiling Tracing WithTracer.swift
[340/1299] Compiling Tracing TracerProtocol+Legacy.swift
[341/1299] Compiling Tracing Tracer.swift
[342/1299] Compiling Tracing SpanProtocol.swift
[343/1299] Compiling Tracing InstrumentationSystem+Tracing.swift
[344/1300] Compiling Configuration JSONSnapshot.swift
[345/1300] Compiling Configuration PropertyListSnapshot.swift
[346/1300] Compiling Configuration ReloadingFileProvider.swift
[347/1300] Compiling Configuration ReloadingFileProviderMetrics.swift
[348/1300] Compiling Configuration YAMLSnapshot.swift
[349/1300] Compiling Configuration InMemoryProvider.swift
[351/1305] Compiling GoogleWKT WKTInt64Value.swift
[352/1305] Compiling GoogleWKT WKTRecursive.swift
[353/1305] Compiling GoogleWKT WKTDoubleValue.swift
[354/1305] Compiling GoogleWKT WKTDuration.swift
[355/1305] Compiling GoogleWKT WKTEmpty.swift
[356/1305] Compiling GoogleWKT WKTFieldMask.swift
[356/1305] Wrapping AST for Tracing for debugging
[357/1305] Compiling t1_enc.cc
[359/1305] Compiling GoogleWKT WKTValue.swift
[360/1305] Compiling GoogleWKT WKTApi.swift
[361/1305] Compiling GoogleWKT WKTEnum.swift
[362/1305] Compiling GoogleWKT WKTEnumValue.swift
[363/1305] Compiling GoogleWKT WKTField.swift
[364/1305] Compiling GoogleWKT WKTMethod.swift
[364/1305] Compiling ssl_versions.cc
[365/1305] Compiling ssl_x509.cc
[367/1305] Compiling GoogleWKT UnknownFields.swift
[368/1305] Compiling GoogleWKT WKTAny.swift
[369/1305] Compiling GoogleWKT WKTAnyError.swift
[370/1305] Compiling GoogleWKT WKTBoolValue.swift
[371/1305] Compiling GoogleWKT WKTBytesValue.swift
[372/1309] Compiling GoogleWKT WKTStringValue.swift
[373/1309] Compiling GoogleWKT WKTTimestamp.swift
[374/1309] Compiling GoogleWKT WKTUInt32Value.swift
[375/1309] Compiling GoogleWKT WKTUInt64Value.swift
[376/1309] Compiling GoogleWKT WKTFloatValue.swift
[377/1309] Compiling GoogleWKT WKTInt32Value.swift
[379/1309] Compiling ssl_transcript.cc
[380/1309] Compiling ssl_stat.cc
[388/1309] Compiling GoogleWKT WKTMixin.swift
[389/1309] Compiling GoogleWKT WKTOption.swift
[394/1309] Compiling GoogleWKT WKTSourceContext.swift
[395/1309] Compiling GoogleWKT WKTSyntax.swift
[396/1309] Compiling GoogleWKT WKTType.swift
[397/1309] Compiling GoogleWKT PackageVersion.swift
[397/1309] Compiling ssl_privkey.cc
[398/1309] Compiling ssl_session.cc
[400/1309] Emitting module GoogleWKT
[401/1309] Compiling GoogleWKT AnyPackable.swift
[402/1309] Compiling GoogleWKT DecodeToDefault.swift
[403/1309] Compiling GoogleWKT DiscoveryBase64.swift
[404/1309] Compiling GoogleWKT ProtoJSONDecoder.swift
[405/1309] Compiling GoogleWKT ProtoJSONEncoder.swift
[406/1310] Compiling ssl_key_share.cc
[407/1310] Compiling ssl_file.cc
[408/1310] Compiling ssl_lib.cc
[409/1310] Compiling ssl_credential.cc
[417/1310] Compiling Configuration MutableInMemoryProvider.swift
[418/1310] Compiling Configuration ConfigProvider+Operators.swift
[419/1310] Compiling Configuration KeyMappingProvider.swift
[420/1310] Compiling Configuration SecretsSpecifier.swift
[421/1310] Compiling Configuration AsyncCombineLatestManySequence.swift
[422/1310] Compiling Configuration CombineLatestManyStateMachine.swift
[422/1310] Compiling ssl_cipher.cc
[423/1328] Compiling ssl_cert.cc
[425/1343] Compiling Configuration CombineLatestManyStorage.swift
[426/1343] Compiling Configuration AsyncSequences.swift
[427/1343] Compiling Configuration FoundationExtensions.swift
[428/1343] Compiling Configuration Span.swift
[429/1343] Compiling Configuration ConfigBytesFromStringDecoder.swift
[429/1343] Compiling ssl_buffer.cc
[430/1343] Wrapping AST for GoogleWKT for debugging
[432/1343] Emitting module GoogleRpc
[433/1345] Emitting module GoogleType
[433/1347] Compiling ssl_aead_ctx.cc
[435/1347] Compiling GoogleRpc DebugInfo.swift
[436/1347] Compiling GoogleRpc ErrorInfo.swift
[436/1347] Compiling ssl_asn1.cc
[438/1347] Compiling GoogleRpc Status.swift
[439/1347] Compiling GoogleType Quaternion.swift
[440/1347] Compiling GoogleRpc PackageVersion.swift
[441/1347] Compiling GoogleRpc RequestInfo.swift
[442/1347] Compiling GoogleRpc ResourceInfo.swift
[443/1347] Compiling GoogleRpc PreconditionFailure.swift
[444/1347] Compiling GoogleRpc HttpRequest.swift
[445/1347] Compiling GoogleRpc HttpResponse.swift
[446/1347] Compiling GoogleRpc Help.swift
[447/1347] Compiling GoogleRpc HttpHeader.swift
[448/1347] Compiling GoogleRpc LocalizedMessage.swift
[451/1347] Compiling GoogleRpc QuotaFailure.swift
[456/1347] Compiling GoogleRpc BadRequest.swift
[457/1347] Compiling GoogleRpc Code.swift
[458/1347] Emitting module Configuration
[468/1348] Compiling GoogleRpc RetryInfo.swift
[472/1348] Compiling s3_lib.cc
[473/1348] Compiling s3_pkt.cc
[480/1348] Compiling GoogleType TimeOfDay.swift
[481/1348] Compiling GoogleType TimeZone.swift
[488/1350] Wrapping AST for GoogleRpc for debugging
[489/1350] Wrapping AST for Configuration for debugging
[490/1350] Compiling s3_both.cc
[491/1350] Wrapping AST for GoogleType for debugging
[492/1350] Compiling handshake_server.cc
[493/1350] Compiling handoff.cc
[494/1350] Compiling handshake.cc
[495/1350] Compiling handshake_client.cc
[496/1350] Compiling dtls_method.cc
[497/1350] Compiling encrypted_client_hello.cc
[498/1350] Compiling dtls_record.cc
[499/1350] Compiling d1_srtp.cc
[500/1350] Compiling extensions.cc
[501/1350] Compiling md5-x86_64-linux.S
[502/1350] Compiling md5-x86_64-apple.S
[503/1350] Compiling md5-586-linux.S
[504/1350] Compiling md5-586-apple.S
[505/1350] Compiling d1_pkt.cc
[506/1350] Compiling chacha20_poly1305_x86_64-linux.S
[507/1350] Compiling chacha20_poly1305_armv8-win.S
[508/1350] Compiling chacha20_poly1305_x86_64-apple.S
[509/1350] Compiling d1_lib.cc
[510/1350] Compiling err_data.cc
[511/1350] Compiling chacha20_poly1305_armv8-linux.S
[512/1350] Compiling d1_both.cc
[513/1350] Compiling chacha20_poly1305_armv8-apple.S
[514/1350] Compiling bio_ssl.cc
[515/1350] Compiling chacha-x86_64-linux.S
[516/1350] Compiling chacha-x86-linux.S
[517/1350] Compiling chacha-x86_64-apple.S
[517/1350] Compiling chacha-x86-apple.S
[519/1350] Compiling chacha-armv8-linux.S
[520/1350] Compiling chacha-armv8-win.S
[521/1350] Compiling chacha-armv4-linux.S
[522/1350] Compiling aes128gcmsiv-x86_64-linux.S
[523/1350] Compiling chacha-armv8-apple.S
[524/1350] Compiling x86_64-mont5-apple.S
[524/1350] Compiling aes128gcmsiv-x86_64-apple.S
[526/1350] Compiling x86_64-mont5-linux.S
[527/1350] Compiling x86_64-mont-apple.S
[528/1350] Compiling x86_64-mont-linux.S
[529/1350] Compiling x86-mont-linux.S
[530/1350] Compiling x86-mont-apple.S
[531/1350] Compiling vpaes-x86_64-linux.S
[532/1350] Compiling vpaes-x86-linux.S
[533/1350] Compiling vpaes-x86_64-apple.S
[534/1350] Compiling vpaes-x86-apple.S
[535/1350] Compiling vpaes-armv8-win.S
[536/1350] Compiling vpaes-armv8-linux.S
[537/1350] Compiling vpaes-armv7-linux.S
[538/1350] Compiling sha512-x86_64-linux.S
[539/1350] Compiling vpaes-armv8-apple.S
[540/1350] Compiling sha512-armv8-win.S
[541/1350] Compiling sha512-x86_64-apple.S
[542/1350] Compiling sha512-armv8-apple.S
[543/1350] Compiling sha512-armv8-linux.S
[544/1350] Compiling sha512-armv4-linux.S
[545/1350] Compiling sha512-586-linux.S
[545/1350] Compiling sha512-586-apple.S
[547/1350] Compiling sha256-x86_64-linux.S
[548/1350] Compiling sha256-armv8-win.S
[549/1350] Compiling sha256-x86_64-apple.S
[550/1350] Compiling sha256-armv8-linux.S
[551/1350] Compiling sha256-armv8-apple.S
[552/1350] Compiling sha256-armv4-linux.S
[553/1350] Compiling sha256-586-apple.S
[553/1350] Compiling sha256-586-linux.S
[555/1350] Compiling sha1-armv8-win.S
[556/1350] Compiling sha1-x86_64-apple.S
[556/1350] Compiling sha1-x86_64-linux.S
[558/1350] Compiling sha1-armv8-apple.S
[559/1350] Compiling sha1-armv4-large-linux.S
[559/1350] Compiling rsaz-avx2-linux.S
[559/1350] Compiling rdrand-x86_64-linux.S
[559/1350] Compiling sha1-armv8-linux.S
[559/1350] Compiling sha1-586-linux.S
[559/1350] Compiling rsaz-avx2-apple.S
[559/1350] Compiling sha1-586-apple.S
[566/1350] Compiling p256-x86_64-asm-apple.S
[566/1350] Compiling p256_beeu-x86_64-asm-apple.S
[568/1350] Compiling p256_beeu-armv8-asm-apple.S
[569/1350] Compiling p256-x86_64-asm-linux.S
[570/1350] Compiling rdrand-x86_64-apple.S
[570/1350] Compiling p256_beeu-armv8-asm-linux.S
[572/1350] Compiling p256_beeu-armv8-asm-win.S
[573/1350] Compiling p256_beeu-x86_64-asm-linux.S
[574/1350] Compiling ghashv8-armv8-win.S
[575/1350] Compiling p256-armv8-asm-win.S
[576/1350] Compiling p256-armv8-asm-apple.S
[577/1350] Compiling ghashv8-armv8-apple.S
[578/1350] Compiling ghashv8-armv7-linux.S
[579/1350] Compiling ghashv8-armv8-linux.S
[580/1350] Compiling p256-armv8-asm-linux.S
[581/1350] Compiling ghash-x86-linux.S
[582/1350] Compiling ghash-x86_64-apple.S
[583/1350] Compiling ghash-ssse3-x86_64-linux.S
[584/1350] Compiling ghash-ssse3-x86_64-apple.S
[585/1350] Compiling ghash-x86-apple.S
[586/1350] Compiling ghash-x86_64-linux.S
[587/1350] Compiling ghash-ssse3-x86-linux.S
[588/1350] Compiling ghash-ssse3-x86-apple.S
[589/1350] Compiling ghash-neon-armv8-win.S
[590/1350] Compiling ghash-neon-armv8-linux.S
[591/1350] Compiling ghash-armv4-linux.S
[592/1350] Compiling bsaes-armv7-linux.S
[593/1350] Compiling co-586-apple.S
[593/1350] Compiling co-586-linux.S
[595/1350] Compiling ghash-neon-armv8-apple.S
[596/1350] Compiling bn-armv8-win.S
[597/1350] Compiling bn-armv8-linux.S
[598/1350] Compiling bn-armv8-apple.S
[599/1350] Compiling bn-586-linux.S
[600/1350] Compiling armv8-mont-win.S
[601/1350] Compiling bn-586-apple.S
[602/1350] Compiling aesv8-gcm-armv8-win.S
[603/1350] Compiling armv4-mont-linux.S
[604/1350] Compiling armv8-mont-apple.S
[605/1350] Compiling armv8-mont-linux.S
[606/1350] Compiling aesv8-gcm-armv8-apple.S
[607/1350] Compiling aesv8-armv8-win.S
[608/1350] Compiling aesv8-gcm-armv8-linux.S
[609/1350] Compiling aesv8-armv8-apple.S
[610/1350] Compiling aesv8-armv7-linux.S
[611/1350] Compiling aesv8-armv8-linux.S
[612/1350] Compiling aesni-x86_64-linux.S
[613/1350] Compiling aesni-x86_64-apple.S
[614/1350] Compiling aesni-x86-linux.S
[615/1350] Compiling aesni-x86-apple.S
[616/1350] Compiling aesni-gcm-x86_64-linux.S
[617/1350] Compiling aes-gcm-avx2-x86_64-linux.S
[618/1350] Compiling aesni-gcm-x86_64-apple.S
[619/1350] Compiling aes-gcm-avx2-x86_64-apple.S
[620/1350] Compiling aes-gcm-avx10-x86_64-linux.S
[621/1350] Compiling aes-gcm-avx10-x86_64-apple.S
[622/1350] Compiling x_val.cc
[623/1350] Compiling x_sig.cc
[624/1350] Compiling x_x509.cc
[625/1350] Compiling x_spki.cc
[626/1350] Compiling x_req.cc
[627/1350] Compiling x_name.cc
[628/1350] Compiling x_x509a.cc
[629/1350] Compiling x_pubkey.cc
[630/1350] Compiling x_exten.cc
[631/1350] Compiling x509rset.cc
[632/1350] Compiling x_all.cc
[632/1350] Compiling x_attrib.cc
[634/1350] Compiling x_algor.cc
[635/1350] Compiling x509spki.cc
[636/1350] Compiling x_crl.cc
[637/1350] Compiling x509name.cc
[638/1350] Compiling x509cset.cc
[639/1350] Compiling x509_txt.cc
[640/1350] Compiling x509_vpm.cc
[641/1350] Compiling x509_v3.cc
[642/1350] Compiling x509_trs.cc
[643/1350] Compiling x509_set.cc
[644/1350] Compiling x509_vfy.cc
[645/1350] Compiling x509_req.cc
[646/1350] Compiling x509_obj.cc
[647/1350] Compiling x509_ext.cc
[648/1350] Compiling x509_def.cc
[649/1350] Compiling x509_d2.cc
[650/1350] Compiling x509_lu.cc
[651/1350] Compiling x509_cmp.cc
[652/1350] Compiling x509.cc
[653/1350] Compiling x509_att.cc
[654/1350] Compiling v3_skey.cc
[655/1350] Compiling v3_prn.cc
[656/1350] Compiling v3_utl.cc
[657/1350] Compiling v3_purp.cc
[658/1350] Compiling v3_pmaps.cc
[659/1350] Compiling v3_pcons.cc
[660/1350] Compiling v3_ocsp.cc
[661/1350] Compiling v3_ncons.cc
[662/1350] Compiling v3_int.cc
[663/1350] Compiling v3_info.cc
[664/1350] Compiling v3_lib.cc
[665/1350] Compiling v3_ia5.cc
[666/1350] Compiling v3_genn.cc
[667/1350] Compiling v3_extku.cc
[668/1350] Compiling v3_enum.cc
[669/1350] Compiling v3_crld.cc
[670/1350] Compiling v3_cpols.cc
[671/1350] Compiling v3_conf.cc
[672/1350] Compiling v3_bitst.cc
[673/1350] Compiling v3_bcons.cc
[674/1350] Compiling v3_alt.cc
[675/1350] Compiling v3_akeya.cc
[676/1350] Compiling v3_akey.cc
[677/1350] Compiling t_x509a.cc
[678/1350] Compiling i2d_pr.cc
[679/1350] Compiling t_crl.cc
[680/1350] Compiling t_req.cc
[680/1350] Compiling t_x509.cc
[682/1350] Compiling rsa_pss.cc
[683/1350] Compiling name_print.cc
[684/1350] Compiling policy.cc
[685/1350] Compiling by_file.cc
[686/1350] Compiling by_dir.cc
[687/1350] Compiling algorithm.cc
[688/1350] Compiling a_verify.cc
[689/1350] Compiling asn1_gen.cc
[690/1350] Compiling a_sign.cc
[691/1350] Compiling voprf.cc
[692/1350] Compiling a_digest.cc
[693/1350] Compiling trust_token.cc
[694/1350] Compiling thread_win.cc
[695/1350] Compiling thread_pthread.cc
[696/1350] Compiling thread_none.cc
[697/1350] Compiling thread.cc
[698/1350] Compiling stack.cc
[699/1350] Compiling pmbtoken.cc
[700/1350] Compiling spake2plus.cc
[701/1350] Compiling siphash.cc
[701/1350] Compiling sha512.cc
[703/1350] Compiling slhdsa.cc
[704/1350] Compiling sha256.cc
[705/1350] Compiling sha1.cc
[706/1350] Compiling rsa_print.cc
[707/1350] Compiling rsa_extra.cc
[708/1350] Compiling rc4.cc
[709/1350] Compiling refcount.cc
[710/1350] Compiling rsa_crypt.cc
[711/1350] Compiling windows.cc
[712/1350] Compiling urandom.cc
[713/1350] Compiling trusty.cc
[714/1350] Compiling rsa_asn1.cc
[715/1350] Compiling rand.cc
[716/1350] Compiling ios.cc
[717/1350] Compiling passive.cc
[718/1350] Compiling getentropy.cc
[719/1350] Compiling poly1305_arm_asm.S
[720/1350] Compiling forkunsafe.cc
[721/1350] Compiling fork_detect.cc
[722/1350] Compiling deterministic.cc
[723/1350] Compiling poly1305_vec.cc
[724/1350] Compiling pool.cc
[725/1350] Compiling poly1305_arm.cc
[726/1350] Compiling poly1305.cc
[727/1350] Compiling pkcs7.cc
[728/1350] Compiling pkcs8.cc
[729/1350] Compiling pkcs8_x509.cc
[730/1350] Compiling p5_pbev2.cc
[731/1350] Compiling pkcs7_x509.cc
[732/1350] Compiling pem_xaux.cc
[733/1350] Compiling pem_x509.cc
[734/1350] Compiling pem_pkey.cc
[735/1350] Compiling pem_oth.cc
[736/1350] Compiling pem_pk8.cc
[737/1350] Compiling mlkem.cc
[738/1350] Compiling pem_info.cc
[739/1350] Compiling pem_lib.cc
[740/1350] Compiling pem_all.cc
[741/1350] Compiling obj_xref.cc
[742/1350] Compiling obj.cc
[743/1350] Compiling poly_rq_mul.S
[744/1350] Compiling mldsa.cc
[745/1350] Compiling fips_shared_support.cc
[746/1350] Compiling md5.cc
[747/1350] Compiling mem.cc
[748/1350] Compiling lhash.cc
[749/1350] Compiling md4.cc
[750/1350] Compiling kyber.cc
[751/1350] Compiling ex_data.cc
[752/1350] Compiling sign.cc
[753/1350] Compiling hrss.cc
[754/1350] Compiling scrypt.cc
[755/1350] Compiling print.cc
[756/1350] Compiling hpke.cc
[757/1350] Compiling pbkdf.cc
[758/1350] Compiling p_x25519.cc
[759/1350] Compiling p_x25519_asn1.cc
[760/1350] Compiling p_rsa_asn1.cc
[761/1350] Compiling p_rsa.cc
[762/1350] Compiling p_hkdf.cc
[763/1350] Compiling p_ed25519_asn1.cc
[764/1350] Compiling p_ed25519.cc
[765/1350] Compiling p_ec_asn1.cc
[766/1350] Compiling p_ec.cc
[767/1350] Compiling p_dh.cc
[768/1350] Compiling p_dh_asn1.cc
[769/1350] Compiling evp_ctx.cc
[770/1350] Compiling p_dsa_asn1.cc
[771/1350] Compiling evp_asn1.cc
[772/1350] Compiling evp.cc
[773/1350] Compiling err.cc
[774/1350] Compiling engine.cc
[775/1350] Compiling ecdh.cc
[776/1350] Compiling ecdsa_asn1.cc
[777/1350] Compiling hash_to_curve.cc
[778/1350] Compiling x25519-asm-arm.S
[779/1350] Compiling ec_derive.cc
[780/1350] Compiling dsa.cc
[781/1350] Compiling curve25519_64_adx.cc
[782/1350] Compiling ec_asn1.cc
[783/1350] Compiling dsa_asn1.cc
[784/1350] Compiling crypto.cc
[785/1350] Compiling bcm.cc
[786/1350] Compiling cpu_intel.cc
[787/1350] Compiling curve25519.cc
[788/1350] Compiling cpu_arm_freebsd.cc
[788/1350] Compiling cpu_arm_linux.cc
[790/1350] Compiling cpu_aarch64_win.cc
[791/1350] Compiling cpu_aarch64_sysreg.cc
[792/1350] Compiling cpu_aarch64_openbsd.cc
[793/1350] Compiling cpu_aarch64_fuchsia.cc
[794/1350] Compiling cpu_aarch64_linux.cc
[795/1350] Compiling cpu_aarch64_apple.cc
[796/1350] Compiling tls_cbc.cc
[797/1350] Compiling conf.cc
[798/1350] Compiling get_cipher.cc
[799/1350] Compiling e_tls.cc
[800/1350] Compiling e_rc4.cc
[801/1350] Compiling e_null.cc
[802/1350] Compiling e_rc2.cc
[803/1350] Compiling e_des.cc
[804/1350] Compiling e_aesgcmsiv.cc
[804/1350] Compiling e_chacha20poly1305.cc
[806/1350] Compiling e_aesctrhmac.cc
[807/1350] Compiling derive_key.cc
[808/1350] Compiling chacha.cc
[809/1350] Compiling unicode.cc
[810/1350] Compiling cbs.cc
[811/1350] Compiling buf.cc
[812/1350] Compiling cbb.cc
[813/1350] Compiling ber.cc
[814/1350] Compiling asn1_compat.cc
[815/1350] Compiling convert.cc
[816/1350] Compiling bn_asn1.cc
[817/1350] Compiling blake2.cc
[818/1350] Compiling printf.cc
[819/1350] Compiling socket.cc
[820/1350] Compiling socket_helper.cc
[821/1350] Compiling pair.cc
[822/1350] Compiling hexdump.cc
[823/1350] Compiling fd.cc
[824/1350] Compiling file.cc
[825/1350] Compiling errno.cc
[826/1350] Compiling bio_mem.cc
[827/1350] Compiling connect.cc
[828/1350] Compiling bio.cc
[829/1350] Compiling base64.cc
[830/1350] Compiling tasn_typ.cc
[831/1350] Compiling tasn_fre.cc
[832/1350] Compiling tasn_utl.cc
[833/1350] Compiling tasn_new.cc
[834/1350] Compiling tasn_enc.cc
[835/1350] Compiling posix_time.cc
[836/1350] Compiling f_string.cc
[837/1350] Compiling tasn_dec.cc
[838/1350] Compiling f_int.cc
[839/1350] Compiling asn_pack.cc
[840/1350] Compiling asn1_par.cc
[841/1350] Compiling a_utctm.cc
[841/1350] Compiling asn1_lib.cc
[843/1350] Compiling a_type.cc
[844/1350] Compiling a_time.cc
[845/1350] Compiling a_octet.cc
[846/1350] Compiling a_strnid.cc
[847/1350] Compiling a_strex.cc
[848/1350] Compiling a_object.cc
[849/1350] Compiling a_i2d_fp.cc
[850/1350] Compiling a_dup.cc
[851/1350] Compiling a_mbstr.cc
[851/1350] Compiling a_int.cc
[853/1350] Compiling CGoogleGaxCRC32C CGoogleGaxCRC32C.c
[854/1350] Compiling a_d2i_fp.cc
[855/1350] Compiling a_gentm.cc
[856/1350] Compiling fiat_p256_adx_sqr.S
[857/1350] Compiling fiat_p256_adx_mul.S
[858/1350] Compiling fiat_curve25519_adx_square.S
[859/1350] Compiling fiat_curve25519_adx_mul.S
[860/1350] Compiling md5-x86_64-linux.S
[861/1350] Compiling md5-x86_64-apple.S
[862/1350] Compiling a_bitstr.cc
[863/1350] Compiling md5-586-linux.S
[864/1350] Compiling md5-586-apple.S
[865/1350] Compiling chacha20_poly1305_x86_64-apple.S
[866/1350] Compiling chacha20_poly1305_x86_64-linux.S
[867/1350] Compiling chacha20_poly1305_armv8-win.S
[868/1350] Compiling a_bool.cc
[869/1350] Compiling chacha20_poly1305_armv8-apple.S
[870/1350] Compiling chacha-x86_64-linux.S
[871/1350] Compiling chacha20_poly1305_armv8-linux.S
[872/1350] Compiling CCryptoBoringSSLShims shims.c
[873/1350] Compiling chacha-x86_64-apple.S
[873/1350] Compiling chacha-x86-linux.S
[875/1350] Compiling chacha-x86-apple.S
[876/1350] Compiling chacha-armv8-win.S
[877/1350] Compiling chacha-armv4-linux.S
[878/1350] Compiling chacha-armv8-apple.S
[879/1350] Compiling aes128gcmsiv-x86_64-linux.S
[880/1350] Compiling chacha-armv8-linux.S
[881/1350] Compiling aes128gcmsiv-x86_64-apple.S
[882/1350] Compiling x86_64-mont5-linux.S
[883/1350] Compiling x86_64-mont5-apple.S
[884/1350] Compiling x86_64-mont-linux.S
[885/1350] Compiling x86_64-mont-apple.S
[886/1350] Compiling x86-mont-linux.S
[887/1350] Compiling vpaes-x86_64-linux.S
[887/1350] Compiling x86-mont-apple.S
[889/1350] Compiling vpaes-x86_64-apple.S
[890/1350] Compiling vpaes-x86-linux.S
[891/1350] Compiling vpaes-x86-apple.S
[892/1350] Compiling vpaes-armv8-win.S
[893/1350] Compiling vpaes-armv8-linux.S
[894/1350] Compiling vpaes-armv8-apple.S
[895/1350] Compiling vpaes-armv7-linux.S
[896/1350] Compiling sha512-x86_64-apple.S
[896/1350] Compiling sha512-armv8-win.S
[898/1350] Compiling sha512-x86_64-linux.S
[899/1350] Compiling sha512-armv8-apple.S
[900/1350] Compiling sha512-armv8-linux.S
[901/1350] Compiling sha512-armv4-linux.S
[902/1350] Compiling sha512-586-linux.S
[902/1350] Compiling sha512-586-apple.S
[904/1350] Compiling err_data.cc
[905/1350] Compiling sha256-x86_64-linux.S
[906/1350] Compiling sha256-armv8-win.S
[907/1350] Compiling sha256-x86_64-apple.S
[907/1350] Compiling sha256-armv8-apple.S
[909/1350] Compiling sha256-armv4-linux.S
[910/1350] Compiling sha256-armv8-linux.S
[911/1350] Compiling sha256-586-linux.S
[912/1350] Compiling sha256-586-apple.S
[913/1350] Compiling sha1-x86_64-apple.S
[914/1350] Compiling sha1-x86_64-linux.S
[915/1350] Compiling sha1-armv8-win.S
[916/1350] Compiling sha1-armv8-apple.S
[917/1350] Compiling sha1-armv8-linux.S
[918/1350] Compiling sha1-armv4-large-linux.S
[919/1350] Compiling sha1-586-linux.S
[920/1350] Compiling sha1-586-apple.S
[921/1350] Compiling rsaz-avx2-linux.S
[922/1350] Compiling rsaz-avx2-apple.S
[923/1350] Compiling rdrand-x86_64-linux.S
[924/1350] Compiling rdrand-x86_64-apple.S
[925/1350] Compiling p256_beeu-x86_64-asm-linux.S
[926/1350] Compiling p256_beeu-x86_64-asm-apple.S
[927/1350] Compiling p256_beeu-armv8-asm-win.S
[928/1350] Compiling p256_beeu-armv8-asm-apple.S
[929/1350] Compiling p256-x86_64-asm-linux.S
[930/1350] Compiling p256_beeu-armv8-asm-linux.S
[931/1350] Compiling p256-armv8-asm-win.S
[932/1350] Compiling p256-x86_64-asm-apple.S
[933/1350] Compiling p256-armv8-asm-linux.S
[934/1350] Compiling ghashv8-armv8-win.S
[935/1350] Compiling p256-armv8-asm-apple.S
[936/1350] Compiling ghashv8-armv8-linux.S
[937/1350] Compiling ghashv8-armv8-apple.S
[938/1350] Compiling ghashv8-armv7-linux.S
[939/1350] Compiling ghash-x86_64-linux.S
[940/1350] Compiling ghash-x86-linux.S
[941/1350] Compiling ghash-x86_64-apple.S
[942/1350] Compiling ghash-x86-apple.S
[943/1350] Compiling ghash-ssse3-x86_64-linux.S
[944/1350] Compiling ghash-neon-armv8-win.S
[945/1350] Compiling ghash-ssse3-x86_64-apple.S
[946/1350] Compiling ghash-ssse3-x86-linux.S
[947/1350] Compiling ghash-ssse3-x86-apple.S
[948/1350] Compiling ghash-neon-armv8-apple.S
[949/1350] Compiling ghash-neon-armv8-linux.S
[950/1350] Compiling ghash-armv4-linux.S
[951/1350] Compiling co-586-linux.S
[952/1350] Compiling co-586-apple.S
[953/1350] Compiling bn-armv8-win.S
[954/1350] Compiling bn-armv8-linux.S
[954/1350] Compiling bsaes-armv7-linux.S
[956/1350] Compiling bn-armv8-apple.S
[957/1350] Compiling bn-586-apple.S
[958/1350] Compiling armv8-mont-win.S
[959/1350] Compiling bn-586-linux.S
[960/1350] Compiling armv8-mont-apple.S
[961/1350] Compiling armv8-mont-linux.S
[962/1350] Compiling armv4-mont-linux.S
[963/1350] Compiling aesv8-gcm-armv8-win.S
[964/1350] Compiling aesv8-gcm-armv8-apple.S
[965/1350] Compiling aesv8-armv8-win.S
[966/1350] Compiling aesv8-gcm-armv8-linux.S
[967/1350] Compiling aesv8-armv8-linux.S
[967/1350] Compiling aesv8-armv8-apple.S
[969/1350] Compiling aesv8-armv7-linux.S
[970/1350] Compiling aesni-x86_64-linux.S
[971/1350] Compiling aesni-x86_64-apple.S
[972/1350] Compiling aesni-x86-linux.S
[973/1350] Compiling aesni-x86-apple.S
[974/1350] Compiling aesni-gcm-x86_64-linux.S
[975/1350] Compiling aesni-gcm-x86_64-apple.S
[976/1350] Compiling aes-gcm-avx512-x86_64-apple.S
[977/1350] Compiling aes-gcm-avx512-x86_64-linux.S
[978/1350] Compiling aes-gcm-avx2-x86_64-linux.S
[979/1350] Compiling aes-gcm-avx2-x86_64-apple.S
[980/1350] Compiling xwing.cc
[981/1350] Compiling x_sig.cc
[982/1350] Compiling x_req.cc
[983/1350] Compiling x_x509a.cc
[984/1350] Compiling x_x509.cc
[985/1350] Compiling x_spki.cc
[986/1350] Compiling c-nioatomics.c
[987/1350] Compiling x_pubkey.cc
[987/1350] Compiling x_name.cc
[989/1350] Compiling x_exten.cc
[990/1350] Compiling x_crl.cc
[991/1350] Compiling x_attrib.cc
[992/1350] Compiling c-atomics.c
[993/1350] Compiling x_all.cc
[995/1357] Compiling NIOConcurrencyHelpers NIOLockedValueBox.swift
[996/1357] Compiling NIOConcurrencyHelpers NIOLock.swift
[996/1357] Compiling x_algor.cc
[998/1357] Compiling NIOConcurrencyHelpers lock.swift
[998/1357] Compiling x509rset.cc
[1000/1357] Emitting module NIOConcurrencyHelpers
[1001/1357] Compiling NIOConcurrencyHelpers NIOAtomic.swift
[1001/1357] Compiling x509spki.cc
[1002/1357] Compiling x509_vpm.cc
[1004/1357] Compiling NIOConcurrencyHelpers NIOThreadPoolWorkAvailable.swift
[1005/1357] Compiling NIOConcurrencyHelpers atomics.swift
[1005/1358] Compiling x509cset.cc
[1007/1358] Wrapping AST for NIOConcurrencyHelpers for debugging
[1008/1358] Compiling x509name.cc
[1009/1358] Compiling x509_vfy.cc
[1010/1358] Compiling x509_v3.cc
[1011/1358] Compiling x509_txt.cc
[1012/1358] Compiling x509_trs.cc
[1013/1358] Compiling x509_set.cc
[1014/1358] Compiling x509_req.cc
[1015/1358] Compiling x509_obj.cc
[1016/1358] Compiling x509_lu.cc
[1017/1358] Compiling x509_ext.cc
[1018/1358] Compiling x509_def.cc
[1019/1358] Compiling x509_d2.cc
[1020/1358] Compiling x509_cmp.cc
[1021/1358] Compiling x509.cc
[1022/1358] Compiling x509_att.cc
[1023/1358] Compiling v3_utl.cc
[1024/1358] Compiling v3_skey.cc
[1025/1358] Compiling v3_prn.cc
[1026/1358] Compiling v3_purp.cc
[1027/1358] Compiling v3_pmaps.cc
[1028/1358] Compiling v3_pcons.cc
[1029/1358] Compiling v3_ocsp.cc
[1030/1358] Compiling v3_ncons.cc
[1031/1358] Compiling v3_lib.cc
[1032/1358] Compiling v3_int.cc
[1033/1358] Compiling v3_ia5.cc
[1034/1358] Compiling v3_genn.cc
[1034/1358] Compiling v3_info.cc
[1036/1358] Compiling v3_extku.cc
[1037/1358] Compiling v3_enum.cc
[1038/1358] Compiling v3_crld.cc
[1039/1358] Compiling v3_cpols.cc
[1040/1358] Compiling v3_conf.cc
[1041/1358] Compiling v3_bitst.cc
[1042/1358] Compiling v3_bcons.cc
[1043/1358] Compiling v3_alt.cc
[1044/1358] Compiling v3_akeya.cc
[1045/1358] Compiling v3_akey.cc
[1046/1358] Compiling t_x509a.cc
[1047/1358] Compiling t_x509.cc
[1048/1358] Compiling t_req.cc
[1049/1358] Compiling i2d_pr.cc
[1050/1358] Compiling t_crl.cc
[1051/1358] Compiling rsa_pss.cc
[1052/1358] Compiling policy.cc
[1053/1358] Compiling name_print.cc
[1054/1358] Compiling by_file.cc
[1055/1358] Compiling by_dir.cc
[1056/1358] Compiling asn1_gen.cc
[1057/1358] Compiling algorithm.cc
[1058/1358] Compiling a_verify.cc
[1059/1358] Compiling a_digest.cc
[1060/1358] Compiling a_sign.cc
[1061/1358] Compiling voprf.cc
[1062/1358] Compiling thread_win.cc
[1063/1358] Compiling trust_token.cc
[1064/1358] Compiling thread_pthread.cc
[1065/1358] Compiling thread_none.cc
[1066/1358] Compiling thread.cc
[1067/1358] Compiling pmbtoken.cc
[1068/1358] Compiling stack.cc
[1069/1358] Compiling siphash.cc
[1070/1358] Compiling sha512.cc
[1071/1358] Compiling sha256.cc
[1072/1358] Compiling slhdsa.cc
[1073/1358] Compiling spake2plus.cc
[1074/1358] Compiling sha1.cc
[1075/1358] Compiling rsa_print.cc
[1076/1358] Compiling rsa_extra.cc
[1077/1358] Compiling rsa_crypt.cc
[1078/1358] Compiling rc4.cc
[1079/1358] Compiling windows.cc
[1080/1358] Compiling refcount.cc
[1081/1358] Compiling trusty.cc
[1082/1358] Compiling urandom.cc
[1083/1358] Compiling rand.cc
[1084/1358] Compiling rsa_asn1.cc
[1085/1358] Compiling passive.cc
[1086/1358] Compiling ios.cc
[1086/1358] Compiling getentropy.cc
[1088/1358] Compiling poly1305_arm_asm.S
[1089/1358] Compiling forkunsafe.cc
[1090/1358] Compiling deterministic.cc
[1091/1358] Compiling fork_detect.cc
[1092/1358] Compiling poly1305_vec.cc
[1093/1358] Compiling pool.cc
[1094/1358] Compiling poly1305_arm.cc
[1095/1358] Compiling poly1305.cc
[1096/1358] Compiling p5_pbev2.cc
[1097/1358] Compiling pkcs8.cc
[1098/1358] Compiling pkcs8_x509.cc
[1099/1358] Compiling pkcs7_x509.cc
[1100/1358] Compiling pkcs7.cc
[1101/1358] Compiling pem_xaux.cc
[1102/1358] Compiling pem_x509.cc
[1103/1358] Compiling pem_pkey.cc
[1104/1358] Compiling pem_pk8.cc
[1105/1358] Compiling pem_oth.cc
[1106/1358] Compiling mlkem.cc
[1107/1358] Compiling pem_info.cc
[1108/1358] Compiling pem_lib.cc
[1109/1358] Compiling obj_xref.cc
[1110/1358] Compiling pem_all.cc
[1111/1358] Compiling obj.cc
[1112/1358] Compiling poly_rq_mul.S
[1113/1358] Compiling mldsa.cc
[1114/1358] Compiling mem.cc
[1115/1358] Compiling fips_shared_support.cc
[1115/1358] Compiling lhash.cc
[1117/1358] Compiling md4.cc
[1118/1358] Compiling md5.cc
[1119/1358] Compiling kyber.cc
[1120/1358] Compiling fuzzer_mode.cc
[1121/1358] Compiling hrss.cc
[1121/1358] Compiling ex_data.cc
[1123/1358] Compiling hpke.cc
[1124/1358] Compiling scrypt.cc
[1125/1358] Compiling print.cc
[1126/1358] Compiling pbkdf.cc
[1127/1358] Compiling sign.cc
[1128/1358] Compiling p_x25519.cc
[1129/1358] Compiling p_x25519_asn1.cc
[1130/1358] Compiling p_rsa_asn1.cc
[1131/1358] Compiling p_rsa.cc
[1132/1358] Compiling p_hkdf.cc
[1133/1358] Compiling p_ed25519_asn1.cc
[1134/1358] Compiling p_ed25519.cc
[1135/1358] Compiling p_ec.cc
[1136/1358] Compiling p_ec_asn1.cc
[1137/1358] Compiling p_dsa_asn1.cc
[1138/1358] Compiling p_dh_asn1.cc
[1139/1358] Compiling p_dh.cc
[1140/1358] Compiling evp_ctx.cc
[1141/1358] Compiling err.cc
[1142/1358] Compiling evp_asn1.cc
[1143/1358] Compiling ecdsa_p1363.cc
[1144/1358] Compiling engine.cc
[1145/1358] Compiling evp.cc
[1146/1358] Compiling ecdh.cc
[1147/1358] Compiling ec_derive.cc
[1148/1358] Compiling ecdsa_asn1.cc
[1149/1358] Compiling hash_to_curve.cc
[1150/1358] Compiling dsa.cc
[1151/1358] Compiling ec_asn1.cc
[1152/1358] Compiling dsa_asn1.cc
[1153/1358] Compiling digest_extra.cc
[1154/1358] Compiling x25519-asm-arm.S
[1155/1358] Compiling curve25519_64_adx.cc
[1156/1358] Compiling params.cc
[1157/1358] Compiling des.cc
[1158/1358] Compiling dh_asn1.cc
[1159/1358] Compiling spake25519.cc
[1160/1358] Compiling curve25519.cc
[1161/1358] Compiling cpu_intel.cc
[1162/1358] Compiling crypto.cc
[1162/1358] Compiling cpu_arm_linux.cc
[1164/1358] Compiling cpu_arm_freebsd.cc
[1165/1358] Compiling cpu_aarch64_win.cc
[1166/1358] Compiling cpu_aarch64_sysreg.cc
[1167/1358] Compiling cpu_aarch64_linux.cc
[1168/1358] Compiling cpu_aarch64_openbsd.cc
[1169/1358] Compiling cpu_aarch64_apple.cc
[1170/1358] Compiling cpu_aarch64_fuchsia.cc
[1171/1358] Compiling conf.cc
[1172/1358] Compiling get_cipher.cc
[1173/1358] Compiling tls_cbc.cc
[1174/1358] Compiling e_tls.cc
[1175/1358] Compiling e_rc4.cc
[1176/1358] Compiling cms.cc
[1177/1358] Compiling e_rc2.cc
[1178/1358] Compiling e_null.cc
[1179/1358] Compiling e_des.cc
[1180/1358] Compiling e_chacha20poly1305.cc
[1181/1358] Compiling e_aesgcmsiv.cc
[1182/1358] Compiling derive_key.cc
[1183/1358] Compiling e_aeseax.cc
[1183/1358] Compiling e_aesctrhmac.cc
[1185/1358] Compiling chacha.cc
[1186/1358] Compiling unicode.cc
[1187/1358] Compiling buf.cc
[1188/1358] Compiling sqrt.cc
[1189/1358] Compiling cbs.cc
[1190/1358] Compiling cbb.cc
[1191/1358] Compiling ber.cc
[1192/1358] Compiling asn1_compat.cc
[1193/1358] Compiling exponentiation.cc
[1194/1358] Compiling div.cc
[1195/1358] Compiling blake2.cc
[1196/1358] Compiling printf.cc
[1197/1358] Compiling hexdump.cc
[1198/1358] Compiling pair.cc
[1199/1358] Compiling bn_asn1.cc
[1200/1358] Compiling convert.cc
[1201/1358] Compiling file.cc
[1202/1358] Compiling fd.cc
[1203/1358] Compiling errno.cc
[1204/1358] Compiling bio_mem.cc
[1205/1358] Compiling base64.cc
[1206/1358] Compiling bio.cc
[1207/1358] Compiling tasn_typ.cc
[1208/1358] Compiling tasn_utl.cc
[1209/1358] Compiling tasn_fre.cc
[1210/1358] Compiling tasn_enc.cc
[1211/1358] Compiling posix_time.cc
[1212/1358] Compiling tasn_new.cc
[1213/1358] Compiling f_string.cc
[1214/1358] Compiling tasn_dec.cc
[1215/1358] Compiling f_int.cc
[1216/1358] Compiling asn1_par.cc
[1217/1358] Compiling asn1_lib.cc
[1218/1358] Compiling a_utctm.cc
[1219/1358] Compiling a_type.cc
[1220/1358] Compiling a_octet.cc
[1221/1358] Compiling bcm.cc
[1222/1358] Compiling a_time.cc
[1223/1358] Compiling a_strnid.cc
[1224/1358] Compiling a_strex.cc
[1225/1358] Compiling a_i2d_fp.cc
[1226/1358] Compiling a_dup.cc
[1227/1358] Compiling a_object.cc
[1228/1358] Compiling CAsyncHTTPClient CAsyncHTTPClient.c
[1229/1358] Write sources
[1230/1358] Compiling a_mbstr.cc
[1231/1358] Write sources
[1233/1358] Compiling a_d2i_fp.cc
[1234/1401] Compiling a_gentm.cc
[1235/1401] Compiling a_int.cc
[1237/1401] Compiling Algorithms Combinations.swift
[1238/1401] Compiling Algorithms Joined.swift
[1238/1403] Compiling a_bool.cc
[1239/1403] Compiling aes.cc
[1241/1403] Compiling Algorithms Keyed.swift
[1242/1403] Compiling Algorithms MinMax.swift
[1243/1403] Compiling Algorithms Cycle.swift
[1244/1403] Compiling Algorithms EitherSequence.swift
[1245/1403] Compiling Algorithms Product.swift
[1246/1403] Compiling Algorithms Compacted.swift
[1247/1403] Compiling Atomics IntegerOperations.swift
[1248/1403] Compiling Atomics Unmanaged extensions.swift
[1252/1406] Compiling Algorithms Intersperse.swift
[1253/1406] Compiling Algorithms Partition.swift
[1254/1406] Compiling Algorithms Permutations.swift
[1254/1406] Compiling a_bitstr.cc
[1260/1414] Compiling Algorithms Reductions.swift
[1261/1414] Compiling Algorithms Rotate.swift
[1262/1414] Compiling Algorithms Split.swift
[1263/1414] Compiling Algorithms Stride.swift
[1264/1414] Compiling Algorithms Suffix.swift
[1265/1414] Compiling Algorithms FlattenCollection.swift
[1266/1414] Compiling Algorithms Grouped.swift
[1267/1414] Compiling Algorithms Indexed.swift
[1273/1414] Compiling Algorithms Trim.swift
[1274/1414] Compiling Algorithms Unique.swift
[1275/1414] Compiling Algorithms Windows.swift
[1276/1414] Compiling CryptoBoringWrapper RandomBytes.swift
[1277/1414] Compiling CryptoBoringWrapper CryptoKitErrors_boring.swift
[1278/1414] Compiling CryptoBoringWrapper FiniteFieldArithmeticContext.swift
[1279/1414] Compiling Algorithms AdjacentPairs.swift
[1280/1414] Compiling Algorithms Chain.swift
[1281/1414] Compiling Algorithms Chunked.swift
[1283/1414] Compiling CryptoBoringWrapper BoringSSLAEAD.swift
[1284/1414] Emitting module CryptoBoringWrapper
[1285/1414] Compiling CryptoBoringWrapper EllipticCurve.swift
[1286/1414] Compiling CryptoBoringWrapper EllipticCurvePoint.swift
[1287/1414] Compiling CryptoBoringWrapper ArbitraryPrecisionInteger.swift
[1288/1415] Wrapping AST for CryptoBoringWrapper for debugging
[1290/1432] Compiling Crypto AES-GCM.swift
[1291/1432] Compiling Crypto AES-GCM_boring.swift
[1292/1432] Compiling Crypto ChaChaPoly_boring.swift
[1293/1432] Compiling Crypto ASN1Any.swift
[1294/1432] Compiling Crypto ASN1BitString.swift
[1295/1432] Compiling Crypto ASN1Boolean.swift
[1296/1433] Emitting module Atomics
[1297/1500] Wrapping AST for Atomics for debugging
[1299/1564] Emitting module Algorithms
[1300/1565] Wrapping AST for Algorithms for debugging
[1302/1565] Compiling NIOCore NIOCoreSendableMetatype.swift
[1303/1565] Compiling NIOCore NIODecodedAsyncSequence.swift
[1304/1565] Compiling NIOCore NIOLoopBound.swift
[1305/1565] Compiling NIOCore NIOPooledRecvBufferAllocator.swift
[1306/1565] Compiling NIOCore NIOScheduledCallback.swift
[1307/1565] Compiling NIOCore NIOSendable.swift
[1308/1565] Compiling NIOCore NIOSplitLinesMessageDecoder.swift
[1309/1565] Compiling NIOCore NIOTransportAccessibleChannelCore.swift
[1310/1565] Compiling NIOCore RecvByteBufferAllocator.swift
[1311/1573] Emitting module Crypto
[1312/1584] Compiling NIOCore AddressedEnvelope.swift
[1313/1584] Compiling NIOCore AsyncAwaitSupport.swift
[1314/1584] Compiling NIOCore AsyncChannel.swift
[1315/1584] Compiling NIOCore AsyncChannelHandler.swift
[1316/1584] Compiling NIOCore AsyncChannelInboundStream.swift
[1317/1584] Compiling NIOCore AsyncChannelOutboundWriter.swift
[1318/1584] Compiling NIOCore NIOAsyncSequenceProducer.swift
[1319/1584] Compiling NIOCore NIOAsyncSequenceProducerStrategies.swift
[1320/1584] Compiling NIOCore NIOAsyncWriter.swift
[1321/1584] Compiling NIOCore NIOThrowingAsyncSequenceProducer.swift
[1322/1584] Compiling NIOCore BSDSocketAPI.swift
[1323/1584] Compiling NIOCore ByteBuffer-aux.swift
[1327/1584] Compiling NIOCore SingleStepByteToMessageDecoder.swift
[1328/1584] Compiling NIOCore SocketAddresses.swift
[1329/1584] Compiling NIOCore SocketOptionProvider.swift
[1330/1584] Compiling NIOCore SystemCallHelpers.swift
[1331/1584] Compiling NIOCore TimeAmount+Duration.swift
[1332/1584] Compiling NIOCore TypeAssistedChannelHandler.swift
[1333/1584] Compiling NIOCore UniversalBootstrapSupport.swift
[1334/1584] Compiling NIOCore Utilities.swift
[1335/1584] Compiling Crypto CryptoError_boring.swift
[1336/1584] Compiling NIOCore ByteBuffer-binaryEncodedLengthPrefix.swift
[1337/1584] Compiling NIOCore ByteBuffer-conversions.swift
[1338/1584] Compiling NIOCore ByteBuffer-core.swift
[1339/1584] Compiling NIOCore ByteBuffer-hex.swift
[1340/1584] Compiling NIOCore ByteBuffer-int.swift
[1341/1584] Compiling NIOCore ByteBuffer-lengthPrefix.swift
[1342/1584] Compiling NIOCore ByteBuffer-multi-int.swift
[1343/1584] Compiling NIOCore ByteBuffer-quicBinaryEncodingStrategy.swift
[1344/1584] Compiling NIOCore ByteBuffer-views.swift
[1345/1584] Compiling NIOCore Channel.swift
[1346/1584] Compiling NIOCore ChannelHandler.swift
[1347/1584] Compiling NIOCore ChannelHandlers.swift
[1348/1584] Compiling NIOCore ChannelInvoker.swift
[1349/1584] Compiling NIOCore ChannelOption.swift
[1350/1584] Compiling NIOCore ChannelPipeline.swift
[1351/1584] Compiling NIOCore CircularBuffer.swift
[1352/1584] Compiling NIOCore Codec.swift
[1353/1584] Compiling NIOCore ConvenienceOptionSupport.swift
[1354/1584] Compiling NIOCore DeadChannel.swift
[1355/1584] Compiling NIOCore DispatchQueue+WithFuture.swift
[1356/1584] Compiling NIOCore EventLoop+Deprecated.swift
[1357/1584] Compiling NIOCore EventLoop+SerialExecutor.swift
[1358/1584] Compiling NIOCore EventLoop.swift
[1359/1584] Compiling NIOCore EventLoopFuture+AssumeIsolated.swift
[1360/1584] Compiling NIOCore IPProtocol.swift
[1361/1584] Compiling NIOCore IntegerBitPacking.swift
[1362/1584] Compiling NIOCore IntegerTypes.swift
[1363/1584] Compiling NIOCore Interfaces.swift
[1364/1584] Compiling NIOCore Linux.swift
[1365/1584] Compiling NIOCore MarkedCircularBuffer.swift
[1366/1584] Compiling NIOCore MulticastChannel.swift
[1367/1584] Compiling NIOCore NIOAny.swift
[1368/1584] Compiling NIOCore NIOCloseOnErrorHandler.swift
[1369/1584] Compiling NIOCore EventLoopFuture+Deprecated.swift
[1370/1584] Compiling NIOCore EventLoopFuture+WithEventLoop.swift
[1371/1584] Compiling NIOCore EventLoopFuture.swift
[1372/1584] Compiling NIOCore FileDescriptor.swift
[1373/1584] Compiling NIOCore FileHandle.swift
[1374/1584] Compiling NIOCore FileRegion.swift
[1375/1584] Compiling NIOCore GlobalSingletons.swift
[1376/1584] Compiling NIOCore IO.swift
[1377/1584] Compiling NIOCore IOData.swift
[1378/1584] Compiling Crypto MACFunctions.swift
[1379/1584] Compiling Crypto MessageAuthenticationCode.swift
[1380/1584] Compiling Crypto AES.swift
[1381/1584] Compiling Crypto ECDSASignature_boring.swift
[1382/1584] Compiling Crypto ECDSA_boring.swift
[1383/1584] Compiling Crypto EdDSA_boring.swift
[1384/1584] Compiling Crypto MLDSA_boring.swift
[1385/1584] Compiling Crypto MLDSA_wrapper.swift
[1386/1584] Compiling Crypto ECDSA.swift
[1387/1584] Compiling Crypto Ed25519.swift
[1388/1584] Compiling Crypto MLDSA.swift
[1422/1584] Compiling Crypto Signature.swift
[1423/1584] Compiling Crypto CryptoKitErrors_boring.swift
[1424/1584] Compiling Crypto Optional+withUnsafeBytes_boring.swift
[1425/1584] Compiling Crypto RNG_boring.swift
[1426/1584] Compiling Crypto SafeCompare_boring.swift
[1427/1584] Compiling Crypto Zeroization_boring.swift
[1428/1584] Compiling Crypto _CryptoModuleAnchor.swift
[1429/1584] Compiling Crypto PrettyBytes.swift
[1430/1584] Compiling Crypto SafeCompare.swift
[1431/1584] Compiling Crypto SecureBytes.swift
[1432/1584] Compiling Crypto Zeroization.swift
[1441/1585] Wrapping AST for Crypto for debugging
[1443/1647] Emitting module CryptoExtras
[1444/1655] Compiling CryptoExtras Data+Extensions.swift
[1445/1655] Compiling CryptoExtras DigestType.swift
[1446/1655] Compiling CryptoExtras Error.swift
[1447/1655] Compiling CryptoExtras I2OSP.swift
[1448/1655] Compiling CryptoExtras IntegerEncoding.swift
[1449/1655] Compiling CryptoExtras PEMDocument.swift
[1450/1655] Compiling CryptoExtras PrettyBytes.swift
[1451/1655] Compiling CryptoExtras SubjectPublicKeyInfo.swift
[1452/1655] Compiling CryptoExtras AES_CBC.swift
[1453/1655] Compiling CryptoExtras AES_CFB.swift
[1454/1655] Compiling CryptoExtras AES_CTR.swift
[1455/1655] Compiling CryptoExtras AES_GCM_SIV.swift
[1456/1655] Compiling CryptoExtras Block Function.swift
[1457/1655] Compiling CryptoExtras AES_CBC_boring.swift
[1458/1655] Compiling CryptoExtras AES_CFB_boring.swift
[1459/1655] Compiling CryptoExtras AES_CTR_boring.swift
[1460/1655] Compiling CryptoExtras AES_GCM_SIV_boring.swift
[1461/1655] Compiling CryptoExtras ThreadOps.swift
[1462/1655] Compiling CryptoExtras ThreadPosix.swift
[1463/1655] Compiling CryptoExtras ThreadSpecific.swift
[1464/1655] Compiling CryptoExtras ThreadWindows.swift
[1465/1655] Compiling CryptoExtras DLEQ.swift
[1466/1655] Compiling CryptoExtras Prover.swift
[1467/1655] Compiling CryptoExtras Verifier.swift
[1468/1655] Compiling CryptoExtras ZKPToolbox.swift
[1469/1655] Compiling CryptoExtras CMAC.swift
[1470/1655] Compiling CryptoExtras ARC+API.swift
[1471/1655] Compiling CryptoExtras ARC.swift
[1472/1655] Compiling CryptoExtras ARCCredential.swift
[1473/1655] Compiling CryptoExtras ARCEncoding.swift
[1474/1655] Compiling CryptoExtras ARCPrecredential.swift
[1475/1655] Compiling CryptoExtras ARCPresentation.swift
[1476/1655] Compiling CryptoExtras ARCRequest.swift
[1477/1655] Compiling CryptoExtras ARCResponse.swift
[1478/1655] Compiling CryptoExtras PKCS8DERRepresentation.swift
[1479/1655] Compiling CryptoExtras PKCS8PrivateKey.swift
[1480/1655] Compiling CryptoExtras RFC8410AlgorithmIdentifier.swift
[1481/1655] Compiling CryptoExtras ECToolbox_boring.swift
[1482/1655] Compiling CryptoExtras ECToolbox.swift
[1483/1655] Compiling CryptoExtras HashToField.swift
[1484/1655] Compiling CryptoExtras KDF.swift
[1485/1655] Compiling CryptoExtras PBKDF2_boring.swift
[1486/1655] Compiling CryptoExtras PBKDF2_commoncrypto.swift
[1487/1655] Compiling CryptoExtras ARCServer.swift
[1488/1655] Compiling CryptoExtras ChaCha20CTR_boring.swift
[1489/1655] Compiling CryptoExtras ChaCha20CTR.swift
[1490/1655] Compiling CryptoExtras BoringSSLSHA512256Context.swift
[1491/1655] Compiling CryptoExtras BoringSSLSHA512256HashFunction.swift
[1492/1655] Compiling CryptoExtras SHA512256.swift
[1493/1655] Compiling CryptoExtras SHA512256Digest.swift
[1494/1655] Compiling CryptoExtras Curve25519+PEM.swift
[1495/1655] Compiling CryptoExtras ObjectIdentifier.swift
[1496/1655] Compiling CryptoExtras BoringSSLPassphraseCallbackManager.swift
[1497/1655] Compiling CryptoExtras RSA+BlindSigning.swift
[1498/1655] Compiling CryptoExtras RSA.swift
[1499/1655] Compiling CryptoExtras RSA_boring.swift
[1500/1655] Compiling CryptoExtras Reexport.swift
[1501/1655] Compiling CryptoExtras Zeroization_boring.swift
[1502/1655] Compiling CryptoExtras BoringSSLHelpers.swift
[1503/1655] Compiling CryptoExtras CryptoKitErrors_boring.swift
[1504/1655] Compiling CryptoExtras PBKDF2.swift
[1505/1655] Compiling CryptoExtras Scrypt_boring.swift
[1506/1655] Compiling CryptoExtras Scrypt.swift
[1507/1655] Compiling CryptoExtras OPRF.swift
[1508/1655] Compiling CryptoExtras OPRFClient.swift
[1509/1655] Compiling CryptoExtras OPRFServer.swift
[1510/1655] Compiling CryptoExtras VOPRF+API.swift
[1511/1655] Compiling CryptoExtras VOPRFClient.swift
[1512/1655] Compiling CryptoExtras VOPRFServer.swift
[1513/1656] Wrapping AST for CryptoExtras for debugging
[1515/1658] Compiling _CryptoExtras Exports.swift
[1516/1658] Emitting module _CryptoExtras
[1517/1659] Wrapping AST for _CryptoExtras for debugging
[1519/1754] Emitting module NIOCore
[1520/1754] Compiling X509 CertificateSerialNumber.swift
[1521/1754] Compiling X509 CertificateVersion.swift
[1522/1754] Compiling X509 CMSAttribute.swift
[1523/1754] Compiling X509 CMSContentInfo.swift
[1524/1754] Compiling X509 CMSEncapsulatedContentInfo.swift
[1525/1754] Compiling X509 OCSPExtensionID.swift
[1526/1754] Compiling X509 OCSPNonce.swift
[1527/1754] Compiling X509 OCSPPolicy.swift
[1528/1754] Compiling X509 OCSPRequest.swift
[1529/1754] Compiling X509 OCSPResponse.swift
[1530/1754] Compiling X509 OCSPResponseBytes.swift
[1531/1754] Compiling X509 OCSPResponseData.swift
[1532/1754] Compiling X509 OCSPResponseStatus.swift
[1533/1754] Compiling X509 OCSPSignature.swift
[1534/1754] Compiling X509 OCSPSingleRequest.swift
[1535/1754] Compiling X509 OCSPSingleResponse.swift
[1536/1754] Compiling X509 OCSPTBSRequest.swift
[1537/1754] Compiling X509 OCSPVersion.swift
[1538/1754] Compiling X509 CSRAttribute.swift
[1539/1754] Compiling X509 CSRAttributes.swift
[1540/1754] Compiling X509 CSRVersion.swift
[1541/1754] Compiling X509 CertificateSigningRequest.swift
[1542/1754] Compiling X509 CertificationRequestInfo.swift
[1543/1754] Compiling X509 ExtensionRequest.swift
[1544/1754] Compiling X509 Certificate.swift
[1545/1754] Compiling X509 CertificatePrivateKey.swift
[1546/1754] Compiling X509 CertificatePublicKey.swift
[1547/1762] Wrapping AST for NIOCore for debugging
[1549/1812] Compiling NIOFoundationEssentialsCompat Codable+ByteBuffer.swift
[1550/1812] Emitting module NIOFoundationEssentialsCompat
[1551/1812] Emitting module NIOEmbedded
[1552/1812] Compiling NIOFoundationEssentialsCompat ByteBuffer-foundation.swift
[1553/1813] Wrapping AST for NIOFoundationEssentialsCompat for debugging
[1555/1813] Compiling NIOEmbedded Embedded.swift
[1556/1813] Compiling NIOEmbedded AsyncTestingChannel.swift
[1557/1813] Compiling NIOEmbedded AsyncTestingEventLoop.swift
[1559/1814] Compiling NIOPosix PipeChannel.swift
[1560/1814] Compiling NIOPosix PipePair.swift
[1561/1814] Compiling NIOPosix Pool.swift
[1562/1814] Compiling NIOPosix PosixSingletons+ConcurrencyTakeOver.swift
[1563/1814] Compiling NIOPosix PosixSingletons.swift
[1564/1814] Compiling NIOPosix RawSocketBootstrap.swift
[1565/1814] Compiling NIOPosix Resolver.swift
[1565/1821] Wrapping AST for NIOEmbedded for debugging
[1567/1821] Compiling NIOPosix BSDSocketAPICommon.swift
[1568/1821] Compiling NIOPosix BSDSocketAPIPosix.swift
[1569/1821] Compiling NIOPosix BSDSocketAPIWindows.swift
[1570/1821] Compiling NIOPosix BaseSocket.swift
[1571/1821] Compiling NIOPosix BaseSocketChannel+AccessibleTransport.swift
[1572/1821] Compiling NIOPosix BaseSocketChannel+SocketOptionProvider.swift
[1573/1821] Compiling NIOPosix BaseSocketChannel.swift
[1574/1821] Compiling NIOPosix BaseStreamSocketChannel.swift
[1575/1821] Compiling NIOPosix Bootstrap.swift
[1576/1821] Compiling NIOPosix ControlMessage.swift
[1577/1821] Compiling NIOPosix DatagramVectorReadManager.swift
[1578/1821] Compiling NIOPosix Errors+Any.swift
[1579/1821] Compiling NIOPosix FileDescriptor.swift
[1580/1821] Compiling NIOPosix GetaddrinfoResolver.swift
[1581/1834] Compiling X509 DomainComponent.swift
[1582/1834] Compiling X509 EmailAddress.swift
[1583/1834] Compiling X509 LocalityName.swift
[1584/1834] Compiling X509 OrganizationName.swift
[1585/1834] Compiling X509 OrganizationalUnitName.swift
[1586/1834] Compiling X509 StateOrProvinceName.swift
[1587/1834] Compiling X509 StreetAddress.swift
[1588/1834] Compiling X509 Error.swift
[1589/1834] Compiling X509 AuthorityInformationAccess.swift
[1590/1834] Compiling X509 AuthorityKeyIdentifier.swift
[1591/1834] Compiling X509 BasicConstraints.swift
[1592/1834] Compiling X509 ExtendedKeyUsage.swift
[1593/1834] Compiling X509 ExtensionIdentifiers.swift
[1594/1834] Compiling X509 KeyUsage.swift
[1595/1834] Compiling X509 PKCS8PrivateKey.swift
[1596/1834] Compiling X509 PromiseAndFuture.swift
[1597/1834] Compiling X509 RDNAttribute.swift
[1598/1834] Compiling X509 RandomNumberGenerator+bytes.swift
[1599/1834] Compiling X509 RelativeDistinguishedName.swift
[1600/1834] Compiling X509 SEC1PrivateKey.swift
[1601/1834] Compiling X509 SecKeyWrapper.swift
[1602/1834] Compiling X509 Signature.swift
[1603/1834] Compiling X509 SignatureAlgorithm.swift
[1604/1834] Compiling X509 AllOfPolicies.swift
[1605/1834] Compiling X509 AnyPolicy.swift
[1606/1834] Compiling X509 CertificateStore.swift
[1607/1834] Compiling X509 CustomCertificateStore.swift
[1608/1834] Compiling NIOPosix SelectorKqueue.swift
[1609/1834] Compiling NIOPosix SelectorUring.swift
[1610/1834] Compiling NIOPosix SelectorWSAPoll.swift
[1611/1834] Compiling NIOPosix ServerSocket.swift
[1612/1834] Compiling NIOPosix Socket.swift
[1613/1834] Compiling NIOPosix SocketChannel.swift
[1614/1834] Compiling NIOPosix SocketProtocols.swift
[1615/1834] Compiling NIOPosix StructuredConcurrencyHelpers.swift
[1616/1834] Compiling NIOPosix System.swift
[1617/1834] Compiling NIOPosix Thread.swift
[1618/1834] Compiling NIOPosix ThreadPosix.swift
[1619/1834] Compiling NIOPosix ThreadWindows.swift
[1620/1834] Compiling NIOPosix Utilities.swift
[1621/1834] Compiling NIOPosix VsockAddress.swift
[1622/1834] Compiling NIOPosix PendingWritesManager.swift
[1630/1834] Compiling NIOPosix Selectable.swift
[1631/1834] Compiling NIOPosix SelectableChannel.swift
[1632/1834] Compiling NIOPosix SelectableEventLoop.swift
[1633/1834] Compiling NIOPosix SelectorEpoll.swift
[1634/1834] Compiling NIOPosix SelectorGeneric.swift
[1635/1834] Emitting module NIOPosix
[1636/1834] Compiling NIOPosix VsockChannelEvents.swift
[1637/1834] Compiling NIOPosix Windows.swift
[1638/1834] Compiling X509 SubjectKeyIdentifier.swift
[1639/1834] Compiling X509 Extension.swift
[1640/1834] Compiling X509 Extensions.swift
[1641/1834] Compiling X509 ExtensionsBuilder.swift
[1642/1834] Compiling X509 GeneralName.swift
[1643/1834] Compiling X509 Lock.swift
[1644/1834] Compiling X509 LockedValueBox.swift
[1645/1834] Compiling X509 BasicOCSPResponse.swift
[1646/1834] Compiling X509 DirectoryString.swift
[1647/1834] Compiling X509 OCSPCertID.swift
[1648/1834] Compiling X509 OCSPCertStatus.swift
[1649/1834] Compiling NIOPosix HappyEyeballs.swift
[1650/1834] Compiling NIOPosix IO.swift
[1651/1834] Compiling NIOPosix IntegerBitPacking.swift
[1652/1834] Compiling NIOPosix IntegerTypes.swift
[1653/1834] Compiling NIOPosix Linux.swift
[1654/1834] Compiling NIOPosix LinuxCPUSet.swift
[1655/1834] Compiling NIOPosix LinuxUring.swift
[1656/1834] Compiling NIOPosix MultiThreadedEventLoopGroup.swift
[1657/1834] Compiling NIOPosix NIOPosixSendableMetatype.swift
[1658/1834] Compiling NIOPosix NIORandomizedDNSResolver.swift
[1659/1834] Compiling NIOPosix NIOThreadPool.swift
[1660/1834] Compiling NIOPosix NonBlockingFileIO.swift
[1661/1834] Compiling NIOPosix PendingDatagramWritesManager.swift
[1690/1834] Emitting module X509
[1712/1835] Wrapping AST for NIOPosix for debugging
[1714/1837] Emitting module NIO
[1715/1837] Compiling NIO Exports.swift
[1716/1838] Wrapping AST for NIO for debugging
[1718/1877] Compiling NIOTLS TLSEvents.swift
[1719/1877] Compiling NIOTLS ApplicationProtocolNegotiationHandler.swift
[1720/1877] Emitting module NIOTLS
[1721/1877] Compiling NIOSOCKS SOCKSResponse.swift
[1722/1878] Compiling NIOHTTP1 HTTPEncoder.swift
[1723/1878] Compiling NIOHTTP1 HTTPHeaderValidator.swift
[1724/1878] Emitting module NIOSOCKS
[1725/1878] Compiling NIOFoundationCompat WaitSpinningRunLoop.swift
[1726/1878] Compiling NIOFoundationCompat JSONSerialization+ByteBuffer.swift
[1727/1878] Emitting module NIOFoundationCompat
[1728/1878] Compiling NIOFoundationCompat Exports.swift
[1729/1878] Compiling NIOSOCKS ClientStateMachine.swift
[1730/1878] Compiling NIOSOCKS SelectedAuthenticationMethod.swift
[1732/1879] Compiling NIOTLS NIOTypedApplicationProtocolNegotiationHandler.swift
[1733/1879] Compiling NIOTLS SNIHandler.swift
[1734/1879] Compiling NIOTLS ProtocolNegotiationHandlerStateMachine.swift
[1734/1880] Wrapping AST for NIOFoundationCompat for debugging
[1737/1880] Compiling NIOSOCKS ServerStateMachine.swift
[1737/1880] Wrapping AST for NIOTLS for debugging
[1739/1891] Compiling NIOHTTP1 NIOTypedHTTPClientUpgradeHandler.swift
[1740/1891] Compiling NIOHTTP1 NIOTypedHTTPClientUpgraderStateMachine.swift
[1741/1912] Compiling X509 ValidatedCertificateChain.swift
[1742/1912] Compiling X509 VerificationDiagnostic.swift
[1743/1912] Compiling X509 Verifier.swift
[1744/1912] Compiling X509 VerifierPolicy.swift
[1745/1912] Compiling X509 AlgorithmIdentifier.swift
[1746/1912] Compiling X509 ECDSASignature.swift
[1747/1912] Compiling X509 RSAPKCS1PublicKey.swift
[1748/1912] Compiling X509 SubjectPublicKeyInfo.swift
[1749/1912] Compiling X509 TBSCertificate.swift
[1750/1912] Compiling X509 Time.swift
[1751/1912] Compiling X509 TimeCalculations.swift
[1752/1912] Compiling X509 Validity.swift
[1753/1912] Compiling X509 X509SendableMetatype.swift
[1754/1912] Compiling NIOSSL CustomPrivateKey.swift
[1755/1912] Compiling NIOSSL FreeBSDCABundle.swift
[1756/1912] Compiling NIOSSL AndroidCABundle.swift
[1757/1912] Compiling NIOSSL ByteBufferBIO.swift
[1758/1912] Compiling NIOSSL LinuxCABundle.swift
[1759/1912] Compiling NIOSSL NIOSSLClientHandler.swift
[1761/1914] Wrapping AST for NIOSOCKS for debugging
[1763/1914] Compiling NIOSSL ObjectIdentifier.swift
[1764/1914] Compiling NIOSSL PosixPort.swift
[1764/1914] Wrapping AST for X509 for debugging
[1766/1914] Compiling NIOSSL NIOSSLHandler.swift
[1769/1981] Compiling JWTKit EdDSACurve.swift
[1770/1981] Compiling JWTKit EdDSAError.swift
[1771/1981] Compiling JWTKit ECDSASigningAlgorithm.swift
[1772/1981] Compiling JWTKit JWTKeyCollection+ECDSA.swift
[1773/1981] Compiling JWTKit ECDSAKeyTypes.swift
[1774/1981] Compiling JWTKit ECDSASigner.swift
[1775/1981] Compiling JWTKit ECDSACurveType.swift
[1776/1981] Compiling JWTKit ECDSAError.swift
[1777/1981] Compiling JWTKit AudienceClaim.swift
[1778/1981] Compiling JWTKit BoolClaim.swift
[1779/1981] Compiling JWTKit ExpirationClaim.swift
[1780/1981] Compiling JWTKit GoogleHostedDomainClaim.swift
[1781/1981] Compiling JWTKit IDClaim.swift
[1782/1981] Compiling JWTKit IssuedAtClaim.swift
[1783/1981] Compiling JWTKit IssuerClaim.swift
[1784/1981] Compiling JWTKit JWTClaim.swift
[1785/1981] Compiling JWTKit JWTMultiValueClaim.swift
[1786/1981] Compiling JWTKit JWTUnixEpochClaim.swift
[1787/1990] Compiling JWTKit LocaleClaim.swift
[1788/1990] Compiling JWTKit NotBeforeClaim.swift
[1789/1990] Compiling JWTKit SubjectClaim.swift
[1790/1990] Compiling JWTKit TenantIDClaim.swift
[1791/1990] Compiling JWTKit ECDSA.swift
[1792/1990] Compiling JWTKit ECDSACurve.swift
[1797/1990] Compiling JWTKit HMAC.swift
[1798/1990] Compiling JWTKit HMACError.swift
[1799/1990] Compiling JWTKit HMACSigner.swift
[1800/1990] Compiling JWTKit JWTKeyCollection+HMAC.swift
[1801/1990] Compiling JWTKit Insecure.swift
[1802/1990] Compiling JWTKit JWK.swift
[1803/1990] Compiling JWTKit JWKIdentifier.swift
[1804/1990] Compiling JWTKit JWKS.swift
[1805/1990] Compiling JWTKit JWKSigner.swift
[1806/1990] Compiling JWTKit MLDSAType.swift
[1807/1990] Compiling JWTKit JWTKeyCollection+UnsecuredNone.swift
[1808/1990] Compiling JWTKit UnsecuredNoneSigner.swift
[1809/1990] Compiling JWTKit JWTKeyCollection+RSA.swift
[1810/1990] Compiling JWTKit RSA.swift
[1811/1990] Compiling JWTKit RSAError.swift
[1812/1990] Compiling JWTKit RSASigner.swift
[1813/1990] Compiling JWTKit Base64URL.swift
[1814/1990] Compiling JWTKit CryptoSigner.swift
[1815/1990] Compiling JWTKit JWTSerializer.swift
[1816/1990] Compiling JWTKit JWTSigner.swift
[1817/1990] Compiling JWTKit JWTKeyCollection+MLDSA.swift
[1818/1990] Compiling JWTKit MLDSA.swift
[1819/1990] Compiling JWTKit MLDSA65+MLDSAKey.swift
[1820/1990] Compiling JWTKit MLDSA87+MLDSAKey.swift
[1821/1990] Compiling JWTKit MLDSAError.swift
[1822/1990] Compiling JWTKit MLDSAKey.swift
[1823/1990] Compiling JWTKit MLDSASigner.swift
[1826/1990] Compiling JWTKit P256+CurveType.swift
[1827/1990] Compiling JWTKit P384+CurveType.swift
[1828/1990] Compiling JWTKit P521+CurveType.swift
[1829/1990] Compiling JWTKit EdDSA.swift
[1832/1990] Compiling JWTKit EdDSASigner.swift
[1833/1990] Compiling JWTKit JWTKeyCollection+EdDSA.swift
[1834/1990] Emitting module JWTKit
[1838/1990] Emitting module NIOHTTP1
[1857/1995] Emitting module NIOSSL
[1857/1995] Wrapping AST for NIOHTTP1 for debugging
[1871/2012] Compiling NIOSSL Zeroization.swift
[1872/2012] Compiling NIOSSL TLSConfiguration.swift
[1873/2012] Compiling NIOSSL UniversalBootstrapSupport.swift
[1874/2012] Compiling NIOSSL UnsafeKeyAndChainTarget.swift
[1875/2012] Compiling JWTKit JWTHeaderField.swift
[1876/2012] Compiling JWTKit JWTKeyCollection.swift
[1877/2012] Compiling JWTKit JWTParser+MandatoryVerificationFields.swift
[1878/2012] Compiling JWTKit JWTParser.swift
[1879/2012] Compiling JWTKit JWTPayload.swift
[1880/2012] Emitting module NIOHTTPCompression
[1881/2012] Compiling NIOHPACK IndexedHeaderTable.swift
[1882/2012] Compiling NIOHPACK IntegerCoding.swift
[1883/2013] Compiling NIOHPACK HuffmanTables.swift
[1884/2013] Compiling NIOHTTPCompression HTTPDecompression.swift
[1885/2013] Compiling NIOHTTPCompression HTTPDecompressor.swift
[1886/2013] Compiling NIOHPACK HuffmanCoding.swift
[1887/2013] Compiling NIOHTTPCompression HTTPCompression.swift
[1888/2013] Compiling JWTKit CustomizedJSONCoders.swift
[1889/2013] Compiling JWTKit Utilities.swift
[1890/2013] Compiling JWTKit AppleIdentityToken.swift
[1891/2013] Compiling JWTKit FirebaseAuthIdentityToken.swift
[1892/2013] Compiling JWTKit GoogleIdentityToken.swift
[1893/2013] Compiling JWTKit MicrosoftIdentityToken.swift
[1894/2013] Compiling JWTKit EmptyPolicy.swift
[1895/2013] Compiling JWTKit ValidationTimePayload.swift
[1896/2013] Compiling JWTKit X5CVerifier.swift
[1897/2013] Emitting module NIOHPACK
[1899/2014] Compiling NIOHTTPCompression HTTPResponseCompressor.swift
[1900/2014] Compiling NIOHTTPCompression HTTPRequestCompressor.swift
[1900/2015] Wrapping AST for JWTKit for debugging
[1903/2015] Compiling NIOHPACK StaticHeaderTable.swift
[1903/2015] Wrapping AST for NIOHTTPCompression for debugging
[1905/2015] Compiling NIOHPACK HPACKEncoder.swift
[1906/2015] Compiling NIOHPACK HPACKErrors.swift
[1907/2015] Compiling NIOHPACK HPACKHeader.swift
[1908/2015] Compiling NIOHPACK HeaderTables.swift
[1909/2015] Compiling NIOHPACK DynamicHeaderTable.swift
[1910/2015] Compiling NIOHPACK HPACKDecoder.swift
[1911/2016] Wrapping AST for NIOHPACK for debugging
[1917/2080] Wrapping AST for NIOSSL for debugging
[1919/2080] Compiling NIOHTTP2 MaySendFrames.swift
[1920/2080] Compiling NIOHTTP2 SendingDataState.swift
[1921/2080] Compiling NIOHTTP2 SendingGoawayState.swift
[1922/2080] Compiling NIOHTTP2 SendingHeadersState.swift
[1923/2080] Compiling NIOHTTP2 SendingPushPromiseState.swift
[1924/2080] Compiling NIOHTTP2 SendingRstStreamState.swift
[1925/2080] Compiling NIOHTTP2 SendingWindowUpdateState.swift
[1926/2080] Compiling NIOHTTP2 HTTP2SettingsState.swift
[1927/2080] Compiling NIOHTTP2 HasExtendedConnectSettings.swift
[1928/2088] Compiling NIOHTTP2 ConnectionStateMachine.swift
[1929/2088] Compiling NIOHTTP2 ConnectionStreamsState.swift
[1930/2088] Compiling NIOHTTP2 MayReceiveFrames.swift
[1931/2088] Compiling NIOHTTP2 ReceivingDataState.swift
[1932/2088] Compiling NIOHTTP2 ReceivingGoAwayState.swift
[1933/2088] Compiling NIOHTTP2 ReceivingHeadersState.swift
[1934/2088] Compiling NIOHTTP2 ReceivingPushPromiseState.swift
[1935/2088] Compiling NIOHTTP2 ReceivingRstStreamState.swift
[1936/2088] Compiling NIOHTTP2 ReceivingWindowUpdateState.swift
[1937/2088] Emitting module NIOHTTP2
[1938/2088] Compiling NIOHTTP2 HTTP2StreamMultiplexer.swift
[1939/2088] Compiling NIOHTTP2 HTTP2ToHTTP1Codec.swift
[1940/2088] Compiling NIOHTTP2 HTTP2UserEvents.swift
[1941/2088] Compiling NIOHTTP2 InboundEventBuffer.swift
[1942/2088] Compiling NIOHTTP2 InboundWindowManager.swift
[1943/2088] Compiling NIOHTTP2 MultiplexerAbstractChannel.swift
[1944/2088] Compiling NIOHTTP2 NIOHTTP2FrameDelegate.swift
[1945/2088] Compiling NIOHTTP2 NIOHTTP2ServerConnectionManagementHandler+StateMachine.swift
[1946/2088] Compiling NIOHTTP2 HasFlowControlWindows.swift
[1947/2088] Compiling NIOHTTP2 HasLocalSettings.swift
[1948/2088] Compiling NIOHTTP2 HasRemoteSettings.swift
[1949/2088] Compiling NIOHTTP2 LocallyQuiescingState.swift
[1950/2088] Compiling NIOHTTP2 QuiescingState.swift
[1951/2088] Compiling NIOHTTP2 RemotelyQuiescingState.swift
[1952/2088] Compiling NIOHTTP2 SendAndReceiveGoawayState.swift
[1953/2088] Compiling NIOHTTP2 StateMachineResult.swift
[1954/2088] Compiling NIOHTTP2 ContentLengthVerifier.swift
[1955/2088] Compiling NIOHTTP2 DOSHeuristics.swift
[1956/2088] Compiling NIOHTTP2 Error+Any.swift
[1957/2088] Compiling NIOHTTP2 ConcurrentStreamBuffer.swift
[1958/2088] Compiling NIOHTTP2 ControlFrameBuffer.swift
[1959/2088] Compiling NIOHTTP2 OutboundFlowControlBuffer.swift
[1960/2088] Compiling NIOHTTP2 OutboundFrameBuffer.swift
[1961/2088] Compiling NIOHTTP2 GlitchesMonitor.swift
[1962/2088] Compiling NIOHTTP2 HPACKHeaders+Validation.swift
[1963/2088] Compiling NIOHTTP2 HTTP2ChannelHandler+InboundStreamMultiplexer.swift
[1964/2088] Compiling NIOHTTP2 NIOHTTP2ServerConnectionManagementHandler.swift
[1965/2088] Compiling NIOHTTP2 StreamChannelFlowController.swift
[1966/2088] Compiling NIOHTTP2 StreamChannelList.swift
[1967/2088] Compiling NIOHTTP2 StreamMap.swift
[1968/2088] Compiling NIOHTTP2 StreamStateMachine.swift
[1969/2088] Compiling NIOHTTP2 Timer.swift
[1970/2088] Compiling NIOHTTP2 UnsafeTransfer.swift
[1971/2088] Compiling NIOHTTP2 WatermarkedFlowController.swift
[1972/2088] Compiling NIOHTTP2 HTTP2FrameParser.swift
[1973/2088] Compiling NIOHTTP2 HTTP2PingData.swift
[1974/2088] Compiling NIOHTTP2 HTTP2PipelineHelpers.swift
[1975/2088] Compiling NIOHTTP2 HTTP2Settings.swift
[1976/2088] Compiling NIOHTTP2 HTTP2Stream.swift
[1977/2088] Compiling NIOHTTP2 HTTP2StreamChannel+OutboundStreamMultiplexer.swift
[1978/2088] Compiling NIOHTTP2 HTTP2StreamChannel.swift
[1979/2088] Compiling NIOHTTP2 HTTP2StreamDelegate.swift
[1980/2088] Compiling NIOHTTP2 HTTP2StreamID.swift
[1981/2088] Compiling NIOHTTP2 HTTP2ChannelHandler+InlineStreamMultiplexer.swift
[1982/2088] Compiling NIOHTTP2 HTTP2ChannelHandler.swift
[1983/2088] Compiling NIOHTTP2 HTTP2CommonInboundStreamMultiplexer.swift
[1984/2088] Compiling NIOHTTP2 HTTP2ConnectionStateChange.swift
[1985/2088] Compiling NIOHTTP2 HTTP2Error.swift
[1986/2088] Compiling NIOHTTP2 HTTP2ErrorCode.swift
[1987/2088] Compiling NIOHTTP2 HTTP2FlowControlWindow.swift
[1988/2088] Compiling NIOHTTP2 HTTP2Frame.swift
[1989/2088] Compiling NIOHTTP2 HTTP2FrameEncoder.swift
[1990/2089] Wrapping AST for NIOHTTP2 for debugging
[1992/2153] Emitting module AsyncHTTPClient
[1993/2161] Compiling AsyncHTTPClient AnyAsyncSequence.swift
[1994/2161] Compiling AsyncHTTPClient AnyAsyncSequenceProucerDelete.swift
[1995/2161] Compiling AsyncHTTPClient AsyncLazySequence.swift
[1996/2161] Compiling AsyncHTTPClient HTTPClient+execute.swift
[1997/2161] Compiling AsyncHTTPClient HTTPClient+shutdown.swift
[1998/2161] Compiling AsyncHTTPClient HTTPClient+tracing.swift
[1999/2161] Compiling AsyncHTTPClient HTTPClientRequest+Prepared.swift
[2000/2161] Compiling AsyncHTTPClient HTTPClientRequest+auth.swift
[2001/2161] Compiling AsyncHTTPClient HTTPClientRequest.swift
[2002/2161] Compiling AsyncHTTPClient HTTPClientResponse.swift
[2003/2161] Compiling AsyncHTTPClient SingleIteratorPrecondition.swift
[2004/2161] Compiling AsyncHTTPClient Transaction+StateMachine.swift
[2005/2161] Compiling AsyncHTTPClient Transaction.swift
[2006/2161] Compiling AsyncHTTPClient Base64.swift
[2007/2161] Compiling AsyncHTTPClient BasicAuth.swift
[2008/2161] Compiling AsyncHTTPClient BestEffortHashableTLSConfiguration.swift
[2009/2161] Compiling AsyncHTTPClient Configuration+BrowserLike.swift
[2010/2161] Compiling AsyncHTTPClient ConnectionPool.swift
[2011/2161] Compiling AsyncHTTPClient RequestValidation.swift
[2012/2161] Compiling AsyncHTTPClient SSLContextCache.swift
[2013/2161] Compiling AsyncHTTPClient Scheme.swift
[2014/2161] Compiling AsyncHTTPClient Singleton.swift
[2015/2161] Compiling AsyncHTTPClient StringConvertibleInstances.swift
[2016/2161] Compiling AsyncHTTPClient StructuredConcurrencyHelpers.swift
[2017/2161] Compiling AsyncHTTPClient TracingSupport.swift
[2018/2161] Compiling AsyncHTTPClient Utils.swift
[2019/2161] Compiling AsyncHTTPClient HTTPConnectionEvent.swift
[2020/2161] Compiling AsyncHTTPClient HTTPConnectionPool+Factory.swift
[2021/2161] Compiling AsyncHTTPClient HTTPConnectionPool+Manager.swift
[2022/2161] Compiling AsyncHTTPClient HTTPConnectionPool.swift
[2023/2161] Compiling AsyncHTTPClient HTTPExecutableRequest.swift
[2024/2161] Compiling AsyncHTTPClient HTTPRequestStateMachine+Demand.swift
[2025/2161] Compiling AsyncHTTPClient HTTPRequestStateMachine.swift
[2026/2161] Compiling AsyncHTTPClient RequestBodyLength.swift
[2027/2161] Compiling AsyncHTTPClient RequestFramingMetadata.swift
[2028/2161] Compiling AsyncHTTPClient HTTP1ProxyConnectHandler.swift
[2029/2161] Compiling AsyncHTTPClient SOCKSEventsHandler.swift
[2030/2161] Compiling AsyncHTTPClient TLSEventsHandler.swift
[2031/2161] Compiling AsyncHTTPClient HTTP1ClientChannelHandler.swift
[2032/2161] Compiling AsyncHTTPClient HTTP1Connection.swift
[2033/2161] Compiling AsyncHTTPClient HTTP1ConnectionStateMachine.swift
[2034/2161] Compiling AsyncHTTPClient HTTP2ClientRequestHandler.swift
[2035/2161] Compiling AsyncHTTPClient HTTP2Connection.swift
[2036/2161] Compiling AsyncHTTPClient HTTP2IdleHandler.swift
[2037/2161] Compiling AsyncHTTPClient RequestOptions.swift
[2038/2161] Compiling AsyncHTTPClient HTTPConnectionPool+Backoff.swift
[2039/2161] Compiling AsyncHTTPClient HTTPConnectionPool+HTTP1Connections.swift
[2040/2161] Compiling AsyncHTTPClient HTTPConnectionPool+HTTP1StateMachine.swift
[2041/2161] Compiling AsyncHTTPClient HTTPConnectionPool+HTTP2Connections.swift
[2042/2161] Compiling AsyncHTTPClient HTTPConnectionPool+HTTP2StateMachine.swift
[2043/2161] Compiling AsyncHTTPClient HTTPConnectionPool+RequestQueue.swift
[2044/2161] Compiling AsyncHTTPClient HTTPConnectionPool+StateMachine.swift
[2045/2161] Compiling AsyncHTTPClient ConnectionTarget.swift
[2046/2161] Compiling AsyncHTTPClient DeconstructedURL.swift
[2047/2161] Compiling AsyncHTTPClient FileDownloadDelegate.swift
[2048/2161] Compiling AsyncHTTPClient FoundationExtensions.swift
[2049/2161] Compiling AsyncHTTPClient HTTPClient+HTTPCookie.swift
[2050/2161] Compiling AsyncHTTPClient HTTPClient+Proxy.swift
[2051/2161] Compiling AsyncHTTPClient HTTPClient+StructuredConcurrency.swift
[2052/2161] Compiling AsyncHTTPClient HTTPClient.swift
[2053/2161] Compiling AsyncHTTPClient HTTPClientConfiguration+SwiftConfiguration.swift
[2054/2161] Compiling AsyncHTTPClient HTTPHandler.swift
[2055/2161] Compiling AsyncHTTPClient LRUCache.swift
[2056/2161] Compiling AsyncHTTPClient NIOLoopBound+Execute.swift
[2057/2161] Compiling AsyncHTTPClient NWErrorHandler.swift
[2058/2161] Compiling AsyncHTTPClient NWWaitingHandler.swift
[2059/2161] Compiling AsyncHTTPClient TLSConfiguration.swift
[2060/2161] Compiling AsyncHTTPClient RedirectState.swift
[2061/2161] Compiling AsyncHTTPClient RequestBag+StateMachine.swift
[2062/2161] Compiling AsyncHTTPClient RequestBag+Tracing.swift
[2063/2161] Compiling AsyncHTTPClient RequestBag.swift
[2064/2162] Wrapping AST for AsyncHTTPClient for debugging
[2066/2185] Emitting module GoogleAuth
[2067/2188] Compiling GoogleAuth ADC.swift
[2068/2188] Compiling GoogleAuth ADCPath.swift
[2069/2188] Compiling GoogleAuth ADCResolver.swift
[2070/2188] Compiling GoogleAuth AuthHeaders.swift
[2071/2188] Compiling GoogleAuth CredentialParserRegistry.swift
[2072/2188] Compiling GoogleAuth Credentials.swift
[2073/2188] Compiling GoogleAuth CredentialsError.swift
[2074/2188] Compiling GoogleAuth UserAccountData.swift
[2075/2188] Compiling GoogleAuth UserAccountTokenProvider.swift
[2076/2188] Compiling GoogleAuth UserCredentials.swift
[2077/2188] Compiling GoogleAuth AnonymousCredentials.swift
[2078/2188] Compiling GoogleAuth ApiKeyCredentials.swift
[2079/2188] Compiling GoogleAuth ExternalAccountCredentials.swift
[2080/2188] Compiling GoogleAuth SubjectTokenProvider.swift
[2081/2188] Compiling GoogleAuth MDSAccessTokenProvider.swift
[2082/2188] Compiling GoogleAuth MDSCredentials.swift
[2083/2188] Compiling GoogleAuth AuthHTTPClient.swift
[2084/2188] Compiling GoogleAuth AuthHTTPError.swift
[2085/2188] Compiling GoogleAuth RetryEngine.swift
[2086/2188] Compiling GoogleAuth ServiceAccountCredentials.swift
[2087/2188] Compiling GoogleAuth ServiceAccountData.swift
[2088/2188] Compiling GoogleAuth ServiceAccountTokenProvider.swift
[2089/2188] Compiling GoogleAuth STSHandler.swift
[2090/2188] Compiling GoogleAuth TokenCache.swift
[2091/2188] Compiling GoogleAuth PackageVersion.swift
[2092/2189] Wrapping AST for GoogleAuth for debugging
[2094/2247] Compiling GoogleGax Pagination.swift
/host/spi-builder-workspace/.build/checkouts/swift-google-gax/Sources/GoogleGax/Pagination.swift:44:22: error: cannot convert '@Sendable (String) async throws -> (response: ResponseType, items: [Item], nextToken: String)' to 'nonisolated(nonsending) @Sendable (String) async throws -> (response: ResponseType, items: [Item], nextToken: String)' because crossing of an isolation boundary requires parameter and result types to conform to 'Sendable' protocol
42 | ) where ResponseType: _PaginatedResponse<Item> {
43 | self.initialPageToken = initialPageToken ?? ""
44 | self.fetchPage = { token in
| |- error: cannot convert '@Sendable (String) async throws -> (response: ResponseType, items: [Item], nextToken: String)' to 'nonisolated(nonsending) @Sendable (String) async throws -> (response: ResponseType, items: [Item], nextToken: String)' because crossing of an isolation boundary requires parameter and result types to conform to 'Sendable' protocol
| `- note: type 'Item' does not conform to 'Sendable' protocol
45 | let response = try await listRpc(token)
46 | return (response, response._getPaginatedItems(), response._nextPageToken())
[2095/2247] Compiling GoogleGax PollingBackoffPolicy.swift
/host/spi-builder-workspace/.build/checkouts/swift-google-gax/Sources/GoogleGax/Pagination.swift:44:22: error: cannot convert '@Sendable (String) async throws -> (response: ResponseType, items: [Item], nextToken: String)' to 'nonisolated(nonsending) @Sendable (String) async throws -> (response: ResponseType, items: [Item], nextToken: String)' because crossing of an isolation boundary requires parameter and result types to conform to 'Sendable' protocol
42 | ) where ResponseType: _PaginatedResponse<Item> {
43 | self.initialPageToken = initialPageToken ?? ""
44 | self.fetchPage = { token in
| |- error: cannot convert '@Sendable (String) async throws -> (response: ResponseType, items: [Item], nextToken: String)' to 'nonisolated(nonsending) @Sendable (String) async throws -> (response: ResponseType, items: [Item], nextToken: String)' because crossing of an isolation boundary requires parameter and result types to conform to 'Sendable' protocol
| `- note: type 'Item' does not conform to 'Sendable' protocol
45 | let response = try await listRpc(token)
46 | return (response, response._getPaginatedItems(), response._nextPageToken())
[2096/2247] Compiling GoogleGax PollingErrorPolicy.swift
/host/spi-builder-workspace/.build/checkouts/swift-google-gax/Sources/GoogleGax/Pagination.swift:44:22: error: cannot convert '@Sendable (String) async throws -> (response: ResponseType, items: [Item], nextToken: String)' to 'nonisolated(nonsending) @Sendable (String) async throws -> (response: ResponseType, items: [Item], nextToken: String)' because crossing of an isolation boundary requires parameter and result types to conform to 'Sendable' protocol
42 | ) where ResponseType: _PaginatedResponse<Item> {
43 | self.initialPageToken = initialPageToken ?? ""
44 | self.fetchPage = { token in
| |- error: cannot convert '@Sendable (String) async throws -> (response: ResponseType, items: [Item], nextToken: String)' to 'nonisolated(nonsending) @Sendable (String) async throws -> (response: ResponseType, items: [Item], nextToken: String)' because crossing of an isolation boundary requires parameter and result types to conform to 'Sendable' protocol
| `- note: type 'Item' does not conform to 'Sendable' protocol
45 | let response = try await listRpc(token)
46 | return (response, response._getPaginatedItems(), response._nextPageToken())
[2097/2247] Compiling GoogleGax PollingResult.swift
/host/spi-builder-workspace/.build/checkouts/swift-google-gax/Sources/GoogleGax/Pagination.swift:44:22: error: cannot convert '@Sendable (String) async throws -> (response: ResponseType, items: [Item], nextToken: String)' to 'nonisolated(nonsending) @Sendable (String) async throws -> (response: ResponseType, items: [Item], nextToken: String)' because crossing of an isolation boundary requires parameter and result types to conform to 'Sendable' protocol
42 | ) where ResponseType: _PaginatedResponse<Item> {
43 | self.initialPageToken = initialPageToken ?? ""
44 | self.fetchPage = { token in
| |- error: cannot convert '@Sendable (String) async throws -> (response: ResponseType, items: [Item], nextToken: String)' to 'nonisolated(nonsending) @Sendable (String) async throws -> (response: ResponseType, items: [Item], nextToken: String)' because crossing of an isolation boundary requires parameter and result types to conform to 'Sendable' protocol
| `- note: type 'Item' does not conform to 'Sendable' protocol
45 | let response = try await listRpc(token)
46 | return (response, response._getPaginatedItems(), response._nextPageToken())
[2098/2247] Compiling GoogleGax PollingState.swift
/host/spi-builder-workspace/.build/checkouts/swift-google-gax/Sources/GoogleGax/Pagination.swift:44:22: error: cannot convert '@Sendable (String) async throws -> (response: ResponseType, items: [Item], nextToken: String)' to 'nonisolated(nonsending) @Sendable (String) async throws -> (response: ResponseType, items: [Item], nextToken: String)' because crossing of an isolation boundary requires parameter and result types to conform to 'Sendable' protocol
42 | ) where ResponseType: _PaginatedResponse<Item> {
43 | self.initialPageToken = initialPageToken ?? ""
44 | self.fetchPage = { token in
| |- error: cannot convert '@Sendable (String) async throws -> (response: ResponseType, items: [Item], nextToken: String)' to 'nonisolated(nonsending) @Sendable (String) async throws -> (response: ResponseType, items: [Item], nextToken: String)' because crossing of an isolation boundary requires parameter and result types to conform to 'Sendable' protocol
| `- note: type 'Item' does not conform to 'Sendable' protocol
45 | let response = try await listRpc(token)
46 | return (response, response._getPaginatedItems(), response._nextPageToken())
[2099/2247] Compiling GoogleGax ProtobufConversionError.swift
/host/spi-builder-workspace/.build/checkouts/swift-google-gax/Sources/GoogleGax/Pagination.swift:44:22: error: cannot convert '@Sendable (String) async throws -> (response: ResponseType, items: [Item], nextToken: String)' to 'nonisolated(nonsending) @Sendable (String) async throws -> (response: ResponseType, items: [Item], nextToken: String)' because crossing of an isolation boundary requires parameter and result types to conform to 'Sendable' protocol
42 | ) where ResponseType: _PaginatedResponse<Item> {
43 | self.initialPageToken = initialPageToken ?? ""
44 | self.fetchPage = { token in
| |- error: cannot convert '@Sendable (String) async throws -> (response: ResponseType, items: [Item], nextToken: String)' to 'nonisolated(nonsending) @Sendable (String) async throws -> (response: ResponseType, items: [Item], nextToken: String)' because crossing of an isolation boundary requires parameter and result types to conform to 'Sendable' protocol
| `- note: type 'Item' does not conform to 'Sendable' protocol
45 | let response = try await listRpc(token)
46 | return (response, response._getPaginatedItems(), response._nextPageToken())
[2100/2247] Compiling GoogleGax QueryParameter.swift
/host/spi-builder-workspace/.build/checkouts/swift-google-gax/Sources/GoogleGax/Pagination.swift:44:22: error: cannot convert '@Sendable (String) async throws -> (response: ResponseType, items: [Item], nextToken: String)' to 'nonisolated(nonsending) @Sendable (String) async throws -> (response: ResponseType, items: [Item], nextToken: String)' because crossing of an isolation boundary requires parameter and result types to conform to 'Sendable' protocol
42 | ) where ResponseType: _PaginatedResponse<Item> {
43 | self.initialPageToken = initialPageToken ?? ""
44 | self.fetchPage = { token in
| |- error: cannot convert '@Sendable (String) async throws -> (response: ResponseType, items: [Item], nextToken: String)' to 'nonisolated(nonsending) @Sendable (String) async throws -> (response: ResponseType, items: [Item], nextToken: String)' because crossing of an isolation boundary requires parameter and result types to conform to 'Sendable' protocol
| `- note: type 'Item' does not conform to 'Sendable' protocol
45 | let response = try await listRpc(token)
46 | return (response, response._getPaginatedItems(), response._nextPageToken())
[2101/2247] Compiling GoogleGax RequestError.swift
/host/spi-builder-workspace/.build/checkouts/swift-google-gax/Sources/GoogleGax/Pagination.swift:44:22: error: cannot convert '@Sendable (String) async throws -> (response: ResponseType, items: [Item], nextToken: String)' to 'nonisolated(nonsending) @Sendable (String) async throws -> (response: ResponseType, items: [Item], nextToken: String)' because crossing of an isolation boundary requires parameter and result types to conform to 'Sendable' protocol
42 | ) where ResponseType: _PaginatedResponse<Item> {
43 | self.initialPageToken = initialPageToken ?? ""
44 | self.fetchPage = { token in
| |- error: cannot convert '@Sendable (String) async throws -> (response: ResponseType, items: [Item], nextToken: String)' to 'nonisolated(nonsending) @Sendable (String) async throws -> (response: ResponseType, items: [Item], nextToken: String)' because crossing of an isolation boundary requires parameter and result types to conform to 'Sendable' protocol
| `- note: type 'Item' does not conform to 'Sendable' protocol
45 | let response = try await listRpc(token)
46 | return (response, response._getPaginatedItems(), response._nextPageToken())
[2102/2255] Compiling GoogleGax AIP194+PollingErrorPolicy.swift
[2103/2255] Compiling GoogleGax AIP194+RetryPolicy.swift
[2104/2255] Compiling GoogleGax AIP194.swift
[2105/2255] Compiling GoogleGax AdaptiveThrottler.swift
[2106/2255] Compiling GoogleGax AlwaysPoll.swift
[2107/2255] Compiling GoogleGax AlwaysRetry.swift
[2108/2255] Compiling GoogleGax ApiClientHeader.swift
[2109/2255] Compiling GoogleGax BackoffPolicy.swift
[2110/2255] Compiling GoogleGax BasePollingErrorPolicy.swift
[2111/2255] Compiling GoogleGax LimitedAttemptCount+PollingErrorPolicy.swift
[2112/2255] Compiling GoogleGax LimitedAttemptCount+RetryPolicy.swift
[2113/2255] Compiling GoogleGax LimitedAttemptCount.swift
[2114/2255] Compiling GoogleGax LimitedElapsedTime+PollingErrorPolicy.swift
[2115/2255] Compiling GoogleGax LimitedElapsedTime+RetryPolicy.swift
[2116/2255] Compiling GoogleGax LimitedElapsedTime.swift
[2117/2255] Compiling GoogleGax LongRunningOperations.swift
[2118/2255] Compiling GoogleGax NeverRetry.swift
[2119/2255] Emitting module GoogleGax
[2120/2255] Compiling GoogleGax RequestOptions.swift
[2121/2255] Compiling GoogleGax RetryLoop.swift
[2122/2255] Compiling GoogleGax RetryPolicy.swift
[2123/2255] Compiling GoogleGax RetryResult.swift
[2124/2255] Compiling GoogleGax RetryState.swift
[2125/2255] Compiling GoogleGax RetryThrottler.swift
[2126/2255] Compiling GoogleGax RetryThrottlerError.swift
[2127/2255] Compiling GoogleGax RoutingMatcher.swift
[2128/2255] Compiling GoogleGax ContinueOnIO.swift
[2129/2255] Compiling GoogleGax CredentialsProtocol.swift
[2130/2255] Compiling GoogleGax ErrorWrapper.swift
[2131/2255] Compiling GoogleGax ExponentialBackoff+BackoffPolicy.swift
[2132/2255] Compiling GoogleGax ExponentialBackoff+PollingBackoffPolicy.swift
[2133/2255] Compiling GoogleGax ExponentialBackoff.swift
[2134/2255] Compiling GoogleGax HTTPClient.swift
[2135/2255] Compiling GoogleGax HTTPClientHolder.swift
[2136/2255] Compiling GoogleGax BaseRetryPolicy.swift
[2137/2255] Compiling GoogleGax BindingError.swift
[2138/2255] Compiling GoogleGax CRC32C.swift
[2139/2255] Compiling GoogleGax CircuitBreaker.swift
[2140/2255] Compiling GoogleGax ClientError.swift
[2141/2255] Compiling GoogleGax ClientOptions.swift
[2142/2255] Compiling GoogleGax ContinueOnIO+PollingErrorPolicy.swift
[2143/2255] Compiling GoogleGax ContinueOnIO+RetryPolicy.swift
[2144/2255] Compiling GoogleGax HTTPClientProtocol.swift
[2145/2255] Compiling GoogleGax HTTPClientRequest.swift
[2146/2255] Compiling GoogleGax HTTPClientResponse.swift
[2147/2255] Compiling GoogleGax HTTPHeaders.swift
[2148/2255] Compiling GoogleGax HTTPResponseBody.swift
[2149/2255] Compiling GoogleGax HeaderNames.swift
[2150/2255] Compiling GoogleGax Host.swift
[2151/2255] Compiling GoogleGax InProgressResult.swift
[2152/2255] Compiling GoogleGax ServiceError.swift
[2153/2255] Compiling GoogleGax StatusDetail.swift
[2154/2255] Compiling GoogleGax StrictIdempotency.swift
[2155/2255] Compiling GoogleGax ThrottleResult.swift
[2156/2255] Compiling GoogleGax TooManyRequests+PollingErrorPolicy.swift
[2157/2255] Compiling GoogleGax TooManyRequests+RetryPolicy.swift
[2158/2255] Compiling GoogleGax TooManyRequests.swift
[2159/2255] Compiling GoogleGax PackageVersion.swift
BUILD FAILURE 6.2 android