Build Information
Failed to build TrailerQL, reference main (469329), with Swift 6.2 for tvOS using Xcode 26.3 on 25 Sep 2026 20:07:14 UTC.
Build Command
No build command. This typically means the build failed at an early stage where we determine the build command.Build Log
========================================
RunAll
========================================
Builder version: 5.1.0
Interrupt handler set up.
========================================
Checkout
========================================
Clone URL: https://github.com/ptsochantaris/trailer-ql.git
Reference: main
Initialized empty Git repository in /Users/admin/builder/spi-builder-workspace/.git/
From https://github.com/ptsochantaris/trailer-ql
* branch main -> FETCH_HEAD
* [new branch] main -> origin/main
HEAD is now at 4693294 Allowing a scan of a fragment inside a fragment.
Cloned https://github.com/ptsochantaris/trailer-ql.git
Revision (git rev-parse @):
4693294efaedb78f33b88db1d51389e20757a4be
SUCCESS checkout https://github.com/ptsochantaris/trailer-ql.git at main
========================================
Build
========================================
Selected platform: tvOS
Swift version: 6.2
Building package at path: $PWD
https://github.com/ptsochantaris/trailer-ql.git
Command line invocation:
/Applications/Xcode-26.3.0.app/Contents/Developer/usr/bin/xcodebuild -IDEClonedSourcePackagesDirPathOverride=/Users/admin/builder/spi-builder-workspace/.dependencies -resolvePackageDependencies
Resolve Package Graph
package 'spi-builder-workspace' is using Swift tools version 6.3.0 but the installed version is 6.2.4
Resolved source packages:
spi-builder-workspace: (null)
2026-09-25 16:07:06.202 xcodebuild[531:3059] [MT] IDERunDestination: Supported platforms for the buildables in the current scheme is empty.
2026-09-25 16:07:13.829 xcodebuild[531:3059] [MT] IDERunDestination: Supported platforms for the buildables in the current scheme is empty.
2026-09-25 16:07:13.882 xcodebuild[531:3059] Writing error result bundle to /var/folders/xq/y_g06wb113726d38xsyx71_h0000gn/T/ResultBundle_2026-25-09_16-07-0013.xcresult
xcodebuild: error: Could not resolve package dependencies:
package 'spi-builder-workspace' is using Swift tools version 6.3.0 but the installed version is 6.2.4
Command line invocation:
/Applications/Xcode-26.3.0.app/Contents/Developer/usr/bin/xcodebuild -IDEClonedSourcePackagesDirPathOverride=/Users/admin/builder/spi-builder-workspace/.dependencies -resolvePackageDependencies
Resolve Package Graph
package 'spi-builder-workspace' is using Swift tools version 6.3.0 but the installed version is 6.2.4
Resolved source packages:
spi-builder-workspace: (null)
2026-09-25 16:07:14.558 xcodebuild[595:3619] [MT] IDERunDestination: Supported platforms for the buildables in the current scheme is empty.
2026-09-25 16:07:14.723 xcodebuild[595:3619] [MT] IDERunDestination: Supported platforms for the buildables in the current scheme is empty.
2026-09-25 16:07:14.772 xcodebuild[595:3619] Writing error result bundle to /var/folders/xq/y_g06wb113726d38xsyx71_h0000gn/T/ResultBundle_2026-25-09_16-07-0014.xcresult
xcodebuild: error: Could not resolve package dependencies:
package 'spi-builder-workspace' is using Swift tools version 6.3.0 but the installed version is 6.2.4
BUILD FAILURE 6.2 tvOS