Build Information
Failed to build swift-fuzz, reference main (7537f1), with Swift 6.3 for Wasm on 28 Sep 2026 22:43:05 UTC.
Build Command
bash -c docker run --pull=always --rm -v "checkouts-53886770-2":/host -w "$PWD" -e JAVA_HOME="/root/.sdkman/candidates/java/current" -e SPI_BUILD="1" -e SPI_PROCESSING="1" registry.gitlab.com/saguaro1/spi-images:wasm-6.3-latest swift build --swift-sdk swift-6.3.2-RELEASE_wasm 2>&1Build Log
========================================
RunAll
========================================
Builder version: 5.1.0
Interrupt handler set up.
========================================
Checkout
========================================
Clone URL: https://github.com/brokenhandsio/swift-fuzz.git
Reference: main
Initialized empty Git repository in /host/spi-builder-workspace/.git/
hint: Using 'master' as the name for the initial branch. This default branch name
hint: is subject to change. To configure the initial branch name to use in all
hint: of your new repositories, which will suppress this warning, call:
hint:
hint: git config --global init.defaultBranch <name>
hint:
hint: Names commonly chosen instead of 'master' are 'main', 'trunk' and
hint: 'development'. The just-created branch can be renamed via this command:
hint:
hint: git branch -m <name>
From https://github.com/brokenhandsio/swift-fuzz
* branch main -> FETCH_HEAD
* [new branch] main -> origin/main
HEAD is now at 7537f15 Point package setup at 1.0.0
Cloned https://github.com/brokenhandsio/swift-fuzz.git
Revision (git rev-parse @):
7537f1580253ea3efc841741e8f845cc2bc642ee
SPI manifest file found: $PWD/.spi.yml
SUCCESS checkout https://github.com/brokenhandsio/swift-fuzz.git at main
========================================
Build
========================================
Selected platform: wasm
Swift version: 6.3
Building package at path: $PWD
https://github.com/brokenhandsio/swift-fuzz.git
Running build ...
bash -c docker run --pull=always --rm -v "checkouts-53886770-2":/host -w "$PWD" -e JAVA_HOME="/root/.sdkman/candidates/java/current" -e SPI_BUILD="1" -e SPI_PROCESSING="1" registry.gitlab.com/saguaro1/spi-images:wasm-6.3-latest swift build --swift-sdk swift-6.3.2-RELEASE_wasm 2>&1
wasm-6.3-latest: Pulling from saguaro1/spi-images
Digest: sha256:253aad7f5b11d25cf9eaef34120b94cd8a325782929c57fb304a7711494a3f9a
Status: Image is up to date for registry.gitlab.com/saguaro1/spi-images:wasm-6.3-latest
[1/1] Compiling plugin OSSFuzzPlugin
[2/2] Compiling plugin FuzzInitPlugin
[3/3] Compiling plugin FuzzCommandPlugin
[4/4] Compiling plugin FuzzTargetPlugin
Building for debugging...
[4/6] Write sources
[5/6] Write swift-version-24593BA9C3E375BF.txt
[7/13] Compiling Fuzzing TargetIdentity.swift
/host/spi-builder-workspace/Sources/Fuzzing/FuzzRunner.swift:4:8: error: no such module 'Glibc'
2 | import Darwin
3 | #else
4 | import Glibc
| `- error: no such module 'Glibc'
5 | #endif
6 |
[8/13] Compiling Fuzzing Fuzzable.swift
/host/spi-builder-workspace/Sources/Fuzzing/FuzzRunner.swift:4:8: error: no such module 'Glibc'
2 | import Darwin
3 | #else
4 | import Glibc
| `- error: no such module 'Glibc'
5 | #endif
6 |
[9/13] Compiling Fuzzing FuzzedDataProvider.swift
/host/spi-builder-workspace/Sources/Fuzzing/FuzzRunner.swift:4:8: error: no such module 'Glibc'
2 | import Darwin
3 | #else
4 | import Glibc
| `- error: no such module 'Glibc'
5 | #endif
6 |
error: emit-module command failed with exit code 1 (use -v to see invocation)
[10/13] Emitting module Fuzzing
/host/spi-builder-workspace/Sources/Fuzzing/FuzzRunner.swift:4:8: error: no such module 'Glibc'
2 | import Darwin
3 | #else
4 | import Glibc
| `- error: no such module 'Glibc'
5 | #endif
6 |
[11/13] Compiling Fuzzing FuzzRunner.swift
/host/spi-builder-workspace/Sources/Fuzzing/FuzzRunner.swift:4:8: error: no such module 'Glibc'
2 | import Darwin
3 | #else
4 | import Glibc
| `- error: no such module 'Glibc'
5 | #endif
6 |
[12/13] Compiling Fuzzing FuzzTarget+Async.swift
/host/spi-builder-workspace/Sources/Fuzzing/FuzzRunner.swift:4:8: error: no such module 'Glibc'
2 | import Darwin
3 | #else
4 | import Glibc
| `- error: no such module 'Glibc'
5 | #endif
6 |
[13/13] Compiling Fuzzing FuzzTarget.swift
/host/spi-builder-workspace/Sources/Fuzzing/FuzzRunner.swift:4:8: error: no such module 'Glibc'
2 | import Darwin
3 | #else
4 | import Glibc
| `- error: no such module 'Glibc'
5 | #endif
6 |
BUILD FAILURE 6.3 wasm