Build Information
Failed to build swift-numerics-differentiable, reference main (19d2ca), with Swift 6.2 for Wasm on 4 Sep 2026 05:31:01 UTC.
Build Command
bash -c docker run --pull=always --rm -v "checkouts-54344849-0":/host -w "$PWD" -e JAVA_HOME="/root/.sdkman/candidates/java/current" -e SPI_BUILD="1" -e SPI_PROCESSING="1" registry.gitlab.com/saguaro1/spi-images:wasm-6.2-latest swift build --swift-sdk swift-6.2-RELEASE_wasm 2>&1Build Log
========================================
RunAll
========================================
Builder version: 5.0.2
Interrupt handler set up.
========================================
Checkout
========================================
Clone URL: https://github.com/differentiable-swift/swift-numerics-differentiable.git
Reference: main
Initialized empty Git repository in /host/spi-builder-workspace/.git/
hint: Using 'master' as the name for the initial branch. This default branch name
hint: is subject to change. To configure the initial branch name to use in all
hint: of your new repositories, which will suppress this warning, call:
hint:
hint: git config --global init.defaultBranch <name>
hint:
hint: Names commonly chosen instead of 'master' are 'main', 'trunk' and
hint: 'development'. The just-created branch can be renamed via this command:
hint:
hint: git branch -m <name>
From https://github.com/differentiable-swift/swift-numerics-differentiable
* branch main -> FETCH_HEAD
* [new branch] main -> origin/main
HEAD is now at 19d2cab fix: preserve unchanged generated files
Cloned https://github.com/differentiable-swift/swift-numerics-differentiable.git
Revision (git rev-parse @):
19d2cabedf276c2a66dc81bb9da665ba4435c4ce
SPI manifest file found: $PWD/.spi.yml
SUCCESS checkout https://github.com/differentiable-swift/swift-numerics-differentiable.git at main
========================================
Build
========================================
Selected platform: wasm
Swift version: 6.2
Building package at path: $PWD
https://github.com/differentiable-swift/swift-numerics-differentiable.git
Running build ...
bash -c docker run --pull=always --rm -v "checkouts-54344849-0":/host -w "$PWD" -e JAVA_HOME="/root/.sdkman/candidates/java/current" -e SPI_BUILD="1" -e SPI_PROCESSING="1" registry.gitlab.com/saguaro1/spi-images:wasm-6.2-latest swift build --swift-sdk swift-6.2-RELEASE_wasm 2>&1
wasm-6.2-latest: Pulling from saguaro1/spi-images
Digest: sha256:70428a4f4110aef5b17a27427e965f31cf3855e8cf1dfdc416ed61c780337965
Status: Image is up to date for registry.gitlab.com/saguaro1/spi-images:wasm-6.2-latest
Fetching https://github.com/apple/swift-numerics
Fetching https://github.com/differentiable-swift/swift-differentiation.git
[1/6565] Fetching swift-numerics
Fetched https://github.com/apple/swift-numerics from cache (0.65s)
[1/2217] Fetching swift-differentiation
Fetched https://github.com/differentiable-swift/swift-differentiation.git from cache (1.07s)
Computing version for https://github.com/apple/swift-numerics
Computed https://github.com/apple/swift-numerics at 1.1.1 (1.24s)
Computing version for https://github.com/differentiable-swift/swift-differentiation.git
Computed https://github.com/differentiable-swift/swift-differentiation.git at 3.1.0 (0.14s)
Fetching https://github.com/differentiable-swift/swift-differentiation-stdlib.git
[1/341] Fetching swift-differentiation-stdlib
Fetched https://github.com/differentiable-swift/swift-differentiation-stdlib.git from cache (1.02s)
Computing version for https://github.com/differentiable-swift/swift-differentiation-stdlib.git
Computed https://github.com/differentiable-swift/swift-differentiation-stdlib.git at 602.0.1 (1.16s)
Creating working copy for https://github.com/differentiable-swift/swift-differentiation-stdlib.git
Working copy of https://github.com/differentiable-swift/swift-differentiation-stdlib.git resolved at 602.0.1
Creating working copy for https://github.com/differentiable-swift/swift-differentiation.git
Working copy of https://github.com/differentiable-swift/swift-differentiation.git resolved at 3.1.0
Creating working copy for https://github.com/apple/swift-numerics
Working copy of https://github.com/apple/swift-numerics resolved at 1.1.1
[0/5] Write sources
[1/5] Write swift-version-24593BA9C3E375BF.txt
[3/9] Compiling CodeGeneratorExecutable RealFunctionsDerivativesGenerator.swift
[4/9] Compiling CodeGeneratorExecutable RealFunctionsGenerator.swift
[5/9] Compiling CodeGeneratorExecutable CodeGenerator.swift
[6/9] Emitting module CodeGeneratorExecutable
[7/10] Wrapping AST for CodeGeneratorExecutable for debugging
[8/10] Write Objects.LinkFileList
[9/10] Linking CodeGeneratorExecutable-tool
[1/1] Compiling plugin CodeGeneratorPlugin
Building for debugging...
[1/19] Write sources
[9/19] Compiling _NumericsShims _NumericsShims.c
[10/19] Write swift-version-24593BA9C3E375BF.txt
[11/34] Wrapping AST for CodeGeneratorExecutable for debugging
[12/34] Write Objects.LinkFileList
[13/110] Linking CodeGeneratorExecutable-tool
[14/110] Generate Code
[15/110] Write sources
[17/110] Compiling Differentiation ContiguousArrayDifferentiableView.swift
/host/spi-builder-workspace/.build/checkouts/swift-differentiation/Sources/Differentiation/Array+Gather.swift:1:8: error: no such module '_Differentiation'
1 | import _Differentiation
| `- error: no such module '_Differentiation'
2 |
3 | extension Array where Element: Differentiable, Element.TangentVector == Element {
[18/110] Compiling Differentiation ValueWithPullbackOverloads.swift
/host/spi-builder-workspace/.build/checkouts/swift-differentiation/Sources/Differentiation/Array+Gather.swift:1:8: error: no such module '_Differentiation'
1 | import _Differentiation
| `- error: no such module '_Differentiation'
2 |
3 | extension Array where Element: Differentiable, Element.TangentVector == Element {
[19/110] Compiling Differentiation ZipSequence+Arity10.swift
/host/spi-builder-workspace/.build/checkouts/swift-differentiation/Sources/Differentiation/Array+Gather.swift:1:8: error: no such module '_Differentiation'
1 | import _Differentiation
| `- error: no such module '_Differentiation'
2 |
3 | extension Array where Element: Differentiable, Element.TangentVector == Element {
[20/110] Compiling Differentiation ZipSequence+Arity11.swift
/host/spi-builder-workspace/.build/checkouts/swift-differentiation/Sources/Differentiation/Array+Gather.swift:1:8: error: no such module '_Differentiation'
1 | import _Differentiation
| `- error: no such module '_Differentiation'
2 |
3 | extension Array where Element: Differentiable, Element.TangentVector == Element {
[21/110] Compiling Differentiation ZipSequence+Arity12.swift
/host/spi-builder-workspace/.build/checkouts/swift-differentiation/Sources/Differentiation/Array+Gather.swift:1:8: error: no such module '_Differentiation'
1 | import _Differentiation
| `- error: no such module '_Differentiation'
2 |
3 | extension Array where Element: Differentiable, Element.TangentVector == Element {
[22/110] Compiling Differentiation ZipSequence+Arity13.swift
/host/spi-builder-workspace/.build/checkouts/swift-differentiation/Sources/Differentiation/Array+Gather.swift:1:8: error: no such module '_Differentiation'
1 | import _Differentiation
| `- error: no such module '_Differentiation'
2 |
3 | extension Array where Element: Differentiable, Element.TangentVector == Element {
[23/110] Compiling Differentiation ZipSequence+Arity14.swift
/host/spi-builder-workspace/.build/checkouts/swift-differentiation/Sources/Differentiation/Array+Gather.swift:1:8: error: no such module '_Differentiation'
1 | import _Differentiation
| `- error: no such module '_Differentiation'
2 |
3 | extension Array where Element: Differentiable, Element.TangentVector == Element {
[24/110] Compiling Differentiation ZipSequence+Arity2.swift
/host/spi-builder-workspace/.build/checkouts/swift-differentiation/Sources/Differentiation/Array+Gather.swift:1:8: error: no such module '_Differentiation'
1 | import _Differentiation
| `- error: no such module '_Differentiation'
2 |
3 | extension Array where Element: Differentiable, Element.TangentVector == Element {
[25/110] Compiling Differentiation ZipSequence+Arity3.swift
/host/spi-builder-workspace/.build/checkouts/swift-differentiation/Sources/Differentiation/Array+Gather.swift:1:8: error: no such module '_Differentiation'
1 | import _Differentiation
| `- error: no such module '_Differentiation'
2 |
3 | extension Array where Element: Differentiable, Element.TangentVector == Element {
[26/110] Compiling Differentiation ZipSequence+Arity4.swift
/host/spi-builder-workspace/.build/checkouts/swift-differentiation/Sources/Differentiation/Array+Gather.swift:1:8: error: no such module '_Differentiation'
1 | import _Differentiation
| `- error: no such module '_Differentiation'
2 |
3 | extension Array where Element: Differentiable, Element.TangentVector == Element {
[27/110] Compiling Differentiation ZipSequence+Arity5.swift
/host/spi-builder-workspace/.build/checkouts/swift-differentiation/Sources/Differentiation/Array+Gather.swift:1:8: error: no such module '_Differentiation'
1 | import _Differentiation
| `- error: no such module '_Differentiation'
2 |
3 | extension Array where Element: Differentiable, Element.TangentVector == Element {
[28/120] Compiling Differentiation InlineArray+AD.swift
/host/spi-builder-workspace/.build/checkouts/swift-differentiation/Sources/Differentiation/Array+Gather.swift:1:8: error: no such module '_Differentiation'
1 | import _Differentiation
| `- error: no such module '_Differentiation'
2 |
3 | extension Array where Element: Differentiable, Element.TangentVector == Element {
[29/120] Compiling Differentiation InlineArray+Differentiation.swift
/host/spi-builder-workspace/.build/checkouts/swift-differentiation/Sources/Differentiation/Array+Gather.swift:1:8: error: no such module '_Differentiation'
1 | import _Differentiation
| `- error: no such module '_Differentiation'
2 |
3 | extension Array where Element: Differentiable, Element.TangentVector == Element {
[30/120] Compiling Differentiation Optional+DifferentiableMap.swift
/host/spi-builder-workspace/.build/checkouts/swift-differentiation/Sources/Differentiation/Array+Gather.swift:1:8: error: no such module '_Differentiation'
1 | import _Differentiation
| `- error: no such module '_Differentiation'
2 |
3 | extension Array where Element: Differentiable, Element.TangentVector == Element {
[31/120] Compiling Differentiation Repeated+Differentiable.swift
/host/spi-builder-workspace/.build/checkouts/swift-differentiation/Sources/Differentiation/Array+Gather.swift:1:8: error: no such module '_Differentiation'
1 | import _Differentiation
| `- error: no such module '_Differentiation'
2 |
3 | extension Array where Element: Differentiable, Element.TangentVector == Element {
[32/120] Compiling Differentiation RunWithoutDerivative.swift
/host/spi-builder-workspace/.build/checkouts/swift-differentiation/Sources/Differentiation/Array+Gather.swift:1:8: error: no such module '_Differentiation'
1 | import _Differentiation
| `- error: no such module '_Differentiation'
2 |
3 | extension Array where Element: Differentiable, Element.TangentVector == Element {
[33/120] Compiling Differentiation SIMD16+DoubleSTDLibOverloads.swift
/host/spi-builder-workspace/.build/checkouts/swift-differentiation/Sources/Differentiation/Array+Gather.swift:1:8: error: no such module '_Differentiation'
1 | import _Differentiation
| `- error: no such module '_Differentiation'
2 |
3 | extension Array where Element: Differentiable, Element.TangentVector == Element {
[34/120] Compiling Differentiation SIMD16+FloatSTDLibOverloads.swift
/host/spi-builder-workspace/.build/checkouts/swift-differentiation/Sources/Differentiation/Array+Gather.swift:1:8: error: no such module '_Differentiation'
1 | import _Differentiation
| `- error: no such module '_Differentiation'
2 |
3 | extension Array where Element: Differentiable, Element.TangentVector == Element {
[35/120] Compiling Differentiation SIMD2+DoubleSTDLibOverloads.swift
/host/spi-builder-workspace/.build/checkouts/swift-differentiation/Sources/Differentiation/Array+Gather.swift:1:8: error: no such module '_Differentiation'
1 | import _Differentiation
| `- error: no such module '_Differentiation'
2 |
3 | extension Array where Element: Differentiable, Element.TangentVector == Element {
[36/120] Compiling Differentiation SIMD2+FloatSTDLibOverloads.swift
/host/spi-builder-workspace/.build/checkouts/swift-differentiation/Sources/Differentiation/Array+Gather.swift:1:8: error: no such module '_Differentiation'
1 | import _Differentiation
| `- error: no such module '_Differentiation'
2 |
3 | extension Array where Element: Differentiable, Element.TangentVector == Element {
[37/120] Compiling Differentiation SIMD3+DoubleSTDLibOverloads.swift
/host/spi-builder-workspace/.build/checkouts/swift-differentiation/Sources/Differentiation/Array+Gather.swift:1:8: error: no such module '_Differentiation'
1 | import _Differentiation
| `- error: no such module '_Differentiation'
2 |
3 | extension Array where Element: Differentiable, Element.TangentVector == Element {
[38/120] Compiling RealModule RealFunctions.swift
[39/121] Compiling CodeGeneratorExecutable RealFunctionsGenerator.swift
[40/121] Compiling RealModule RelaxedArithmetic.swift
[41/121] Compiling RealModule Real.swift
[42/121] Compiling RealModule Float80+Real.swift
[49/121] Emitting module RealModule
[50/121] Compiling RealModule Float16+Real.swift
[52/133] Compiling ComplexModule Complex+StringConvertible.swift
[53/134] Compiling ComplexModule Complex+Numeric.swift
[54/134] Compiling ComplexModule Polar.swift
[55/134] Compiling ComplexModule Complex+Hashable.swift
[56/134] Compiling ComplexModule Complex+IntegerLiteral.swift
[57/134] Compiling ComplexModule Scale.swift
[58/134] Compiling ComplexModule Complex.swift
[59/134] Emitting module ComplexModule
[60/134] Compiling Differentiation SIMD3+FloatSTDLibOverloads.swift
/host/spi-builder-workspace/.build/checkouts/swift-differentiation/Sources/Differentiation/Array+Gather.swift:1:8: error: no such module '_Differentiation'
1 | import _Differentiation
| `- error: no such module '_Differentiation'
2 |
3 | extension Array where Element: Differentiable, Element.TangentVector == Element {
[61/134] Compiling Differentiation SIMD32+DoubleSTDLibOverloads.swift
/host/spi-builder-workspace/.build/checkouts/swift-differentiation/Sources/Differentiation/Array+Gather.swift:1:8: error: no such module '_Differentiation'
1 | import _Differentiation
| `- error: no such module '_Differentiation'
2 |
3 | extension Array where Element: Differentiable, Element.TangentVector == Element {
[62/134] Compiling ComplexModule Complex+AdditiveArithmetic.swift
[63/134] Compiling Differentiation SIMD32+FloatSTDLibOverloads.swift
/host/spi-builder-workspace/.build/checkouts/swift-differentiation/Sources/Differentiation/Array+Gather.swift:1:8: error: no such module '_Differentiation'
1 | import _Differentiation
| `- error: no such module '_Differentiation'
2 |
3 | extension Array where Element: Differentiable, Element.TangentVector == Element {
[64/134] Compiling Differentiation SIMD4+DoubleSTDLibOverloads.swift
/host/spi-builder-workspace/.build/checkouts/swift-differentiation/Sources/Differentiation/Array+Gather.swift:1:8: error: no such module '_Differentiation'
1 | import _Differentiation
| `- error: no such module '_Differentiation'
2 |
3 | extension Array where Element: Differentiable, Element.TangentVector == Element {
[65/134] Compiling Differentiation SIMD4+FloatSTDLibOverloads.swift
/host/spi-builder-workspace/.build/checkouts/swift-differentiation/Sources/Differentiation/Array+Gather.swift:1:8: error: no such module '_Differentiation'
1 | import _Differentiation
| `- error: no such module '_Differentiation'
2 |
3 | extension Array where Element: Differentiable, Element.TangentVector == Element {
[66/134] Compiling Differentiation SIMD64+DoubleSTDLibOverloads.swift
/host/spi-builder-workspace/.build/checkouts/swift-differentiation/Sources/Differentiation/Array+Gather.swift:1:8: error: no such module '_Differentiation'
1 | import _Differentiation
| `- error: no such module '_Differentiation'
2 |
3 | extension Array where Element: Differentiable, Element.TangentVector == Element {
[67/134] Compiling Differentiation SIMD64+FloatSTDLibOverloads.swift
/host/spi-builder-workspace/.build/checkouts/swift-differentiation/Sources/Differentiation/Array+Gather.swift:1:8: error: no such module '_Differentiation'
1 | import _Differentiation
| `- error: no such module '_Differentiation'
2 |
3 | extension Array where Element: Differentiable, Element.TangentVector == Element {
[68/134] Compiling Differentiation SIMD8+DoubleSTDLibOverloads.swift
/host/spi-builder-workspace/.build/checkouts/swift-differentiation/Sources/Differentiation/Array+Gather.swift:1:8: error: no such module '_Differentiation'
1 | import _Differentiation
| `- error: no such module '_Differentiation'
2 |
3 | extension Array where Element: Differentiable, Element.TangentVector == Element {
[69/134] Compiling ComplexModule Complex+AlgebraicField.swift
[70/134] Compiling Differentiation SIMD8+FloatSTDLibOverloads.swift
/host/spi-builder-workspace/.build/checkouts/swift-differentiation/Sources/Differentiation/Array+Gather.swift:1:8: error: no such module '_Differentiation'
1 | import _Differentiation
| `- error: no such module '_Differentiation'
2 |
3 | extension Array where Element: Differentiable, Element.TangentVector == Element {
[71/134] Compiling Differentiation Sequence+MinMaxVJPs.swift
/host/spi-builder-workspace/.build/checkouts/swift-differentiation/Sources/Differentiation/Array+Gather.swift:1:8: error: no such module '_Differentiation'
1 | import _Differentiation
| `- error: no such module '_Differentiation'
2 |
3 | extension Array where Element: Differentiable, Element.TangentVector == Element {
[72/134] Compiling ComplexModule Complex+Codable.swift
[73/134] Compiling ComplexModule Complex+ElementaryFunctions.swift
[74/134] Compiling Differentiation ZipSequence+Arity6.swift
/host/spi-builder-workspace/.build/checkouts/swift-differentiation/Sources/Differentiation/Array+Gather.swift:1:8: error: no such module '_Differentiation'
1 | import _Differentiation
| `- error: no such module '_Differentiation'
2 |
3 | extension Array where Element: Differentiable, Element.TangentVector == Element {
[75/134] Compiling Differentiation ZipSequence+Arity7.swift
/host/spi-builder-workspace/.build/checkouts/swift-differentiation/Sources/Differentiation/Array+Gather.swift:1:8: error: no such module '_Differentiation'
1 | import _Differentiation
| `- error: no such module '_Differentiation'
2 |
3 | extension Array where Element: Differentiable, Element.TangentVector == Element {
[76/134] Compiling Differentiation ZipSequence+Arity8.swift
/host/spi-builder-workspace/.build/checkouts/swift-differentiation/Sources/Differentiation/Array+Gather.swift:1:8: error: no such module '_Differentiation'
1 | import _Differentiation
| `- error: no such module '_Differentiation'
2 |
3 | extension Array where Element: Differentiable, Element.TangentVector == Element {
[77/134] Compiling Differentiation ZipSequence+Arity9.swift
/host/spi-builder-workspace/.build/checkouts/swift-differentiation/Sources/Differentiation/Array+Gather.swift:1:8: error: no such module '_Differentiation'
1 | import _Differentiation
| `- error: no such module '_Differentiation'
2 |
3 | extension Array where Element: Differentiable, Element.TangentVector == Element {
[78/134] Compiling Differentiation ZipWith+Arity10.swift
/host/spi-builder-workspace/.build/checkouts/swift-differentiation/Sources/Differentiation/Array+Gather.swift:1:8: error: no such module '_Differentiation'
1 | import _Differentiation
| `- error: no such module '_Differentiation'
2 |
3 | extension Array where Element: Differentiable, Element.TangentVector == Element {
[79/134] Compiling Differentiation ZipWith+Arity11.swift
/host/spi-builder-workspace/.build/checkouts/swift-differentiation/Sources/Differentiation/Array+Gather.swift:1:8: error: no such module '_Differentiation'
1 | import _Differentiation
| `- error: no such module '_Differentiation'
2 |
3 | extension Array where Element: Differentiable, Element.TangentVector == Element {
[80/134] Compiling Differentiation ZipWith+Arity12.swift
/host/spi-builder-workspace/.build/checkouts/swift-differentiation/Sources/Differentiation/Array+Gather.swift:1:8: error: no such module '_Differentiation'
1 | import _Differentiation
| `- error: no such module '_Differentiation'
2 |
3 | extension Array where Element: Differentiable, Element.TangentVector == Element {
[81/134] Compiling Differentiation ZipWith+Arity13.swift
/host/spi-builder-workspace/.build/checkouts/swift-differentiation/Sources/Differentiation/Array+Gather.swift:1:8: error: no such module '_Differentiation'
1 | import _Differentiation
| `- error: no such module '_Differentiation'
2 |
3 | extension Array where Element: Differentiable, Element.TangentVector == Element {
[82/134] Compiling Differentiation ZipWith+Arity14.swift
/host/spi-builder-workspace/.build/checkouts/swift-differentiation/Sources/Differentiation/Array+Gather.swift:1:8: error: no such module '_Differentiation'
1 | import _Differentiation
| `- error: no such module '_Differentiation'
2 |
3 | extension Array where Element: Differentiable, Element.TangentVector == Element {
[83/134] Compiling Differentiation ZipWith+Arity2.swift
/host/spi-builder-workspace/.build/checkouts/swift-differentiation/Sources/Differentiation/Array+Gather.swift:1:8: error: no such module '_Differentiation'
1 | import _Differentiation
| `- error: no such module '_Differentiation'
2 |
3 | extension Array where Element: Differentiable, Element.TangentVector == Element {
[84/134] Compiling Differentiation ZipWith+Arity3.swift
/host/spi-builder-workspace/.build/checkouts/swift-differentiation/Sources/Differentiation/Array+Gather.swift:1:8: error: no such module '_Differentiation'
1 | import _Differentiation
| `- error: no such module '_Differentiation'
2 |
3 | extension Array where Element: Differentiable, Element.TangentVector == Element {
[85/134] Compiling Differentiation ZipWith+Arity4.swift
/host/spi-builder-workspace/.build/checkouts/swift-differentiation/Sources/Differentiation/Array+Gather.swift:1:8: error: no such module '_Differentiation'
1 | import _Differentiation
| `- error: no such module '_Differentiation'
2 |
3 | extension Array where Element: Differentiable, Element.TangentVector == Element {
[86/134] Compiling Differentiation ZipWith+Arity5.swift
/host/spi-builder-workspace/.build/checkouts/swift-differentiation/Sources/Differentiation/Array+Gather.swift:1:8: error: no such module '_Differentiation'
1 | import _Differentiation
| `- error: no such module '_Differentiation'
2 |
3 | extension Array where Element: Differentiable, Element.TangentVector == Element {
[87/134] Compiling Differentiation ZipWith+Arity6.swift
/host/spi-builder-workspace/.build/checkouts/swift-differentiation/Sources/Differentiation/Array+Gather.swift:1:8: error: no such module '_Differentiation'
1 | import _Differentiation
| `- error: no such module '_Differentiation'
2 |
3 | extension Array where Element: Differentiable, Element.TangentVector == Element {
[88/134] Compiling Differentiation ZipWith+Arity7.swift
/host/spi-builder-workspace/.build/checkouts/swift-differentiation/Sources/Differentiation/Array+Gather.swift:1:8: error: no such module '_Differentiation'
1 | import _Differentiation
| `- error: no such module '_Differentiation'
2 |
3 | extension Array where Element: Differentiable, Element.TangentVector == Element {
[89/134] Compiling Differentiation ZipWith+Arity8.swift
/host/spi-builder-workspace/.build/checkouts/swift-differentiation/Sources/Differentiation/Array+Gather.swift:1:8: error: no such module '_Differentiation'
1 | import _Differentiation
| `- error: no such module '_Differentiation'
2 |
3 | extension Array where Element: Differentiable, Element.TangentVector == Element {
[90/134] Compiling Differentiation ZipWith+Arity9.swift
/host/spi-builder-workspace/.build/checkouts/swift-differentiation/Sources/Differentiation/Array+Gather.swift:1:8: error: no such module '_Differentiation'
1 | import _Differentiation
| `- error: no such module '_Differentiation'
2 |
3 | extension Array where Element: Differentiable, Element.TangentVector == Element {
[91/134] Compiling Differentiation ZipWithInout+Arity10.swift
/host/spi-builder-workspace/.build/checkouts/swift-differentiation/Sources/Differentiation/Array+Gather.swift:1:8: error: no such module '_Differentiation'
1 | import _Differentiation
| `- error: no such module '_Differentiation'
2 |
3 | extension Array where Element: Differentiable, Element.TangentVector == Element {
[92/134] Compiling Differentiation ZipWithInout+Arity11.swift
/host/spi-builder-workspace/.build/checkouts/swift-differentiation/Sources/Differentiation/Array+Gather.swift:1:8: error: no such module '_Differentiation'
1 | import _Differentiation
| `- error: no such module '_Differentiation'
2 |
3 | extension Array where Element: Differentiable, Element.TangentVector == Element {
[93/134] Compiling Differentiation ZipWithInout+Arity12.swift
/host/spi-builder-workspace/.build/checkouts/swift-differentiation/Sources/Differentiation/Array+Gather.swift:1:8: error: no such module '_Differentiation'
1 | import _Differentiation
| `- error: no such module '_Differentiation'
2 |
3 | extension Array where Element: Differentiable, Element.TangentVector == Element {
[94/134] Compiling Differentiation ZipWithInout+Arity13.swift
/host/spi-builder-workspace/.build/checkouts/swift-differentiation/Sources/Differentiation/Array+Gather.swift:1:8: error: no such module '_Differentiation'
1 | import _Differentiation
| `- error: no such module '_Differentiation'
2 |
3 | extension Array where Element: Differentiable, Element.TangentVector == Element {
[95/134] Compiling Differentiation ZipWithInout+Arity14.swift
/host/spi-builder-workspace/.build/checkouts/swift-differentiation/Sources/Differentiation/Array+Gather.swift:1:8: error: no such module '_Differentiation'
1 | import _Differentiation
| `- error: no such module '_Differentiation'
2 |
3 | extension Array where Element: Differentiable, Element.TangentVector == Element {
[96/134] Compiling Differentiation ZipWithInout+Arity2.swift
/host/spi-builder-workspace/.build/checkouts/swift-differentiation/Sources/Differentiation/Array+Gather.swift:1:8: error: no such module '_Differentiation'
1 | import _Differentiation
| `- error: no such module '_Differentiation'
2 |
3 | extension Array where Element: Differentiable, Element.TangentVector == Element {
[97/134] Compiling Differentiation ZipWithInout+Arity3.swift
/host/spi-builder-workspace/.build/checkouts/swift-differentiation/Sources/Differentiation/Array+Gather.swift:1:8: error: no such module '_Differentiation'
1 | import _Differentiation
| `- error: no such module '_Differentiation'
2 |
3 | extension Array where Element: Differentiable, Element.TangentVector == Element {
[98/134] Compiling Differentiation ZipWithInout+Arity4.swift
/host/spi-builder-workspace/.build/checkouts/swift-differentiation/Sources/Differentiation/Array+Gather.swift:1:8: error: no such module '_Differentiation'
1 | import _Differentiation
| `- error: no such module '_Differentiation'
2 |
3 | extension Array where Element: Differentiable, Element.TangentVector == Element {
[99/134] Compiling Differentiation ZipWithInout+Arity5.swift
/host/spi-builder-workspace/.build/checkouts/swift-differentiation/Sources/Differentiation/Array+Gather.swift:1:8: error: no such module '_Differentiation'
1 | import _Differentiation
| `- error: no such module '_Differentiation'
2 |
3 | extension Array where Element: Differentiable, Element.TangentVector == Element {
[100/134] Compiling Differentiation ZipWithInout+Arity6.swift
/host/spi-builder-workspace/.build/checkouts/swift-differentiation/Sources/Differentiation/Array+Gather.swift:1:8: error: no such module '_Differentiation'
1 | import _Differentiation
| `- error: no such module '_Differentiation'
2 |
3 | extension Array where Element: Differentiable, Element.TangentVector == Element {
[101/134] Compiling Differentiation ZipWithInout+Arity7.swift
/host/spi-builder-workspace/.build/checkouts/swift-differentiation/Sources/Differentiation/Array+Gather.swift:1:8: error: no such module '_Differentiation'
1 | import _Differentiation
| `- error: no such module '_Differentiation'
2 |
3 | extension Array where Element: Differentiable, Element.TangentVector == Element {
[102/134] Compiling Differentiation ZipWithInout+Arity8.swift
/host/spi-builder-workspace/.build/checkouts/swift-differentiation/Sources/Differentiation/Array+Gather.swift:1:8: error: no such module '_Differentiation'
1 | import _Differentiation
| `- error: no such module '_Differentiation'
2 |
3 | extension Array where Element: Differentiable, Element.TangentVector == Element {
[103/134] Compiling Differentiation ZipWithInout+Arity9.swift
/host/spi-builder-workspace/.build/checkouts/swift-differentiation/Sources/Differentiation/Array+Gather.swift:1:8: error: no such module '_Differentiation'
1 | import _Differentiation
| `- error: no such module '_Differentiation'
2 |
3 | extension Array where Element: Differentiable, Element.TangentVector == Element {
[104/134] Compiling Differentiation Differentiation.swift
/host/spi-builder-workspace/.build/checkouts/swift-differentiation/Sources/Differentiation/Array+Gather.swift:1:8: error: no such module '_Differentiation'
1 | import _Differentiation
| `- error: no such module '_Differentiation'
2 |
3 | extension Array where Element: Differentiable, Element.TangentVector == Element {
[105/134] Compiling Differentiation Foundation+VJPs.swift
/host/spi-builder-workspace/.build/checkouts/swift-differentiation/Sources/Differentiation/Array+Gather.swift:1:8: error: no such module '_Differentiation'
1 | import _Differentiation
| `- error: no such module '_Differentiation'
2 |
3 | extension Array where Element: Differentiable, Element.TangentVector == Element {
[107/135] Compiling CodeGeneratorExecutable RealFunctionsDerivativesGenerator.swift
[108/135] Emitting module CodeGeneratorExecutable
[109/135] Compiling CodeGeneratorExecutable CodeGenerator.swift
[111/138] Emitting module Numerics
[112/138] Compiling Numerics Numerics.swift
[112/139] Wrapping AST for CodeGeneratorExecutable for debugging
[113/139] Write Objects.LinkFileList
error: emit-module command failed with exit code 1 (use -v to see invocation)
[116/139] Emitting module Differentiation
/host/spi-builder-workspace/.build/checkouts/swift-differentiation/Sources/Differentiation/Array+Gather.swift:1:8: error: no such module '_Differentiation'
1 | import _Differentiation
| `- error: no such module '_Differentiation'
2 |
3 | extension Array where Element: Differentiable, Element.TangentVector == Element {
[117/139] Compiling Differentiation Array+Gather.swift
/host/spi-builder-workspace/.build/checkouts/swift-differentiation/Sources/Differentiation/Array+Gather.swift:1:8: error: no such module '_Differentiation'
1 | import _Differentiation
| `- error: no such module '_Differentiation'
2 |
3 | extension Array where Element: Differentiable, Element.TangentVector == Element {
[118/139] Compiling Differentiation Array+Insert.swift
/host/spi-builder-workspace/.build/checkouts/swift-differentiation/Sources/Differentiation/Array+Gather.swift:1:8: error: no such module '_Differentiation'
1 | import _Differentiation
| `- error: no such module '_Differentiation'
2 |
3 | extension Array where Element: Differentiable, Element.TangentVector == Element {
[119/139] Compiling Differentiation Array+ScatteringAdd.swift
/host/spi-builder-workspace/.build/checkouts/swift-differentiation/Sources/Differentiation/Array+Gather.swift:1:8: error: no such module '_Differentiation'
1 | import _Differentiation
| `- error: no such module '_Differentiation'
2 |
3 | extension Array where Element: Differentiable, Element.TangentVector == Element {
[120/139] Compiling Differentiation Array+CTA.swift
/host/spi-builder-workspace/.build/checkouts/swift-differentiation/Sources/Differentiation/Array+Gather.swift:1:8: error: no such module '_Differentiation'
1 | import _Differentiation
| `- error: no such module '_Differentiation'
2 |
3 | extension Array where Element: Differentiable, Element.TangentVector == Element {
[121/139] Compiling Differentiation Array+CTASlice.swift
/host/spi-builder-workspace/.build/checkouts/swift-differentiation/Sources/Differentiation/Array+Gather.swift:1:8: error: no such module '_Differentiation'
1 | import _Differentiation
| `- error: no such module '_Differentiation'
2 |
3 | extension Array where Element: Differentiable, Element.TangentVector == Element {
[122/139] Compiling Differentiation ArraySlice+CTA.swift
/host/spi-builder-workspace/.build/checkouts/swift-differentiation/Sources/Differentiation/Array+Gather.swift:1:8: error: no such module '_Differentiation'
1 | import _Differentiation
| `- error: no such module '_Differentiation'
2 |
3 | extension Array where Element: Differentiable, Element.TangentVector == Element {
[123/139] Compiling Differentiation ArraySlice+CTASlice.swift
/host/spi-builder-workspace/.build/checkouts/swift-differentiation/Sources/Differentiation/Array+Gather.swift:1:8: error: no such module '_Differentiation'
1 | import _Differentiation
| `- error: no such module '_Differentiation'
2 |
3 | extension Array where Element: Differentiable, Element.TangentVector == Element {
[124/139] Compiling Differentiation ContiguousArray+CTA.swift
/host/spi-builder-workspace/.build/checkouts/swift-differentiation/Sources/Differentiation/Array+Gather.swift:1:8: error: no such module '_Differentiation'
1 | import _Differentiation
| `- error: no such module '_Differentiation'
2 |
3 | extension Array where Element: Differentiable, Element.TangentVector == Element {
[125/139] Compiling Differentiation ContiguousArray+CTASlice.swift
/host/spi-builder-workspace/.build/checkouts/swift-differentiation/Sources/Differentiation/Array+Gather.swift:1:8: error: no such module '_Differentiation'
1 | import _Differentiation
| `- error: no such module '_Differentiation'
2 |
3 | extension Array where Element: Differentiable, Element.TangentVector == Element {
[126/139] Compiling Differentiation DerivativesOfNativeFunctions.swift
/host/spi-builder-workspace/.build/checkouts/swift-differentiation/Sources/Differentiation/Array+Gather.swift:1:8: error: no such module '_Differentiation'
1 | import _Differentiation
| `- error: no such module '_Differentiation'
2 |
3 | extension Array where Element: Differentiable, Element.TangentVector == Element {
[127/139] Compiling Differentiation Dictionary+AD.swift
/host/spi-builder-workspace/.build/checkouts/swift-differentiation/Sources/Differentiation/Array+Gather.swift:1:8: error: no such module '_Differentiation'
1 | import _Differentiation
| `- error: no such module '_Differentiation'
2 |
3 | extension Array where Element: Differentiable, Element.TangentVector == Element {
[128/139] Compiling Differentiation Dictionary+Differentiation.swift
/host/spi-builder-workspace/.build/checkouts/swift-differentiation/Sources/Differentiation/Array+Gather.swift:1:8: error: no such module '_Differentiation'
1 | import _Differentiation
| `- error: no such module '_Differentiation'
2 |
3 | extension Array where Element: Differentiable, Element.TangentVector == Element {
[129/139] Compiling Differentiation DifferentiableCollection.swift
/host/spi-builder-workspace/.build/checkouts/swift-differentiation/Sources/Differentiation/Array+Gather.swift:1:8: error: no such module '_Differentiation'
1 | import _Differentiation
| `- error: no such module '_Differentiation'
2 |
3 | extension Array where Element: Differentiable, Element.TangentVector == Element {
[130/139] Compiling Differentiation Array+DifferentiableMethods.swift
/host/spi-builder-workspace/.build/checkouts/swift-differentiation/Sources/Differentiation/Array+Gather.swift:1:8: error: no such module '_Differentiation'
1 | import _Differentiation
| `- error: no such module '_Differentiation'
2 |
3 | extension Array where Element: Differentiable, Element.TangentVector == Element {
[131/139] Compiling Differentiation ArrayDifferentiableView+Collection.swift
/host/spi-builder-workspace/.build/checkouts/swift-differentiation/Sources/Differentiation/Array+Gather.swift:1:8: error: no such module '_Differentiation'
1 | import _Differentiation
| `- error: no such module '_Differentiation'
2 |
3 | extension Array where Element: Differentiable, Element.TangentVector == Element {
[132/139] Compiling Differentiation ArraySlice+Differentiable.swift
/host/spi-builder-workspace/.build/checkouts/swift-differentiation/Sources/Differentiation/Array+Gather.swift:1:8: error: no such module '_Differentiation'
1 | import _Differentiation
| `- error: no such module '_Differentiation'
2 |
3 | extension Array where Element: Differentiable, Element.TangentVector == Element {
[133/139] Compiling Differentiation ArraySlice+DifferentiableMethods.swift
/host/spi-builder-workspace/.build/checkouts/swift-differentiation/Sources/Differentiation/Array+Gather.swift:1:8: error: no such module '_Differentiation'
1 | import _Differentiation
| `- error: no such module '_Differentiation'
2 |
3 | extension Array where Element: Differentiable, Element.TangentVector == Element {
[134/139] Compiling Differentiation ArraySliceDifferentiableView+Collection.swift
/host/spi-builder-workspace/.build/checkouts/swift-differentiation/Sources/Differentiation/Array+Gather.swift:1:8: error: no such module '_Differentiation'
1 | import _Differentiation
| `- error: no such module '_Differentiation'
2 |
3 | extension Array where Element: Differentiable, Element.TangentVector == Element {
[135/139] Compiling Differentiation ArraySliceDifferentiableView.swift
/host/spi-builder-workspace/.build/checkouts/swift-differentiation/Sources/Differentiation/Array+Gather.swift:1:8: error: no such module '_Differentiation'
1 | import _Differentiation
| `- error: no such module '_Differentiation'
2 |
3 | extension Array where Element: Differentiable, Element.TangentVector == Element {
[136/139] Compiling Differentiation ContiguousArray+Differentiable.swift
/host/spi-builder-workspace/.build/checkouts/swift-differentiation/Sources/Differentiation/Array+Gather.swift:1:8: error: no such module '_Differentiation'
1 | import _Differentiation
| `- error: no such module '_Differentiation'
2 |
3 | extension Array where Element: Differentiable, Element.TangentVector == Element {
[137/139] Compiling Differentiation ContiguousArray+DifferentiableMethods.swift
/host/spi-builder-workspace/.build/checkouts/swift-differentiation/Sources/Differentiation/Array+Gather.swift:1:8: error: no such module '_Differentiation'
1 | import _Differentiation
| `- error: no such module '_Differentiation'
2 |
3 | extension Array where Element: Differentiable, Element.TangentVector == Element {
[138/139] Compiling Differentiation ContiguousArrayDifferentiableView+Collection.swift
/host/spi-builder-workspace/.build/checkouts/swift-differentiation/Sources/Differentiation/Array+Gather.swift:1:8: error: no such module '_Differentiation'
1 | import _Differentiation
| `- error: no such module '_Differentiation'
2 |
3 | extension Array where Element: Differentiable, Element.TangentVector == Element {
[138/139] Linking CodeGeneratorExecutable.wasm
BUILD FAILURE 6.2 wasm