Build Information
Failed to build OpenAIKit, reference 1.2.5 (4aab78), with Swift 6.4 for visionOS using Xcode 27.0 on 22 Sep 2026 16:23:54 UTC.
Build Command
env DEVELOPER_DIR=/Applications/Xcode-27.0.0-Release.Candidate.app xcrun xcodebuild -IDEClonedSourcePackagesDirPathOverride=$PWD/.dependencies -skipMacroValidation -skipPackagePluginValidation -derivedDataPath $PWD/.derivedData build -scheme OpenAIKit-Package -destination generic/platform=xrOSBuild Log
========================================
RunAll
========================================
Builder version: 5.1.0
Interrupt handler set up.
========================================
Checkout
========================================
Clone URL: https://github.com/guitaripod/OpenAIKit.git
Reference: 1.2.5
Initialized empty Git repository in /Users/admin/builder/spi-builder-workspace/.git/
From https://github.com/guitaripod/OpenAIKit
* tag 1.2.5 -> FETCH_HEAD
HEAD is now at 4aab781 Document OpenAI's increased structured output limits
Cloned https://github.com/guitaripod/OpenAIKit.git
Revision (git rev-parse @):
4aab78151958b05abfcf269b71e0d9aa874ac3a9
SUCCESS checkout https://github.com/guitaripod/OpenAIKit.git at 1.2.5
========================================
Build
========================================
Selected platform: visionOS
Swift version: 6.4
Building package at path: $PWD
https://github.com/guitaripod/OpenAIKit.git
Command line invocation:
/Applications/Xcode-27.0.0-Release.Candidate.app/Contents/Developer/usr/bin/xcodebuild -IDEClonedSourcePackagesDirPathOverride=/Users/admin/builder/spi-builder-workspace/.dependencies -resolvePackageDependencies
Resolve Package Graph
Fetching from https://github.com/apple/swift-docc-plugin
Fetching from https://github.com/swiftlang/swift-docc-symbolkit
Creating working copy of package ‘swift-docc-symbolkit’
Checking out 1.0.0 of package ‘swift-docc-symbolkit’
Creating working copy of package ‘swift-docc-plugin’
Checking out 1.5.0 of package ‘swift-docc-plugin’
Resolve Package Graph
Resolved source packages:
OpenAIKit: /Users/admin/builder/spi-builder-workspace
SymbolKit: https://github.com/swiftlang/swift-docc-symbolkit @ 1.0.0
SwiftDocCPlugin: https://github.com/apple/swift-docc-plugin @ 1.5.0
resolved source packages: OpenAIKit, SymbolKit, SwiftDocCPlugin
2026-09-22 12:22:08.793 xcodebuild[529:3045] [MT] IDERunDestination: Supported platforms for the buildables in the current scheme is empty.
{
"dependencies" : [
{
"identity" : "swift-docc-plugin",
"requirement" : {
"range" : [
{
"lower_bound" : "1.0.0",
"upper_bound" : "2.0.0"
}
]
},
"type" : "sourceControl",
"url" : "https://github.com/apple/swift-docc-plugin"
}
],
"manifest_display_name" : "OpenAIKit",
"name" : "OpenAIKit",
"path" : "/Users/admin/builder/spi-builder-workspace",
"platforms" : [
{
"name" : "ios",
"version" : "15.0"
},
{
"name" : "macos",
"version" : "13.0"
},
{
"name" : "watchos",
"version" : "8.0"
},
{
"name" : "tvos",
"version" : "15.0"
},
{
"name" : "visionos",
"version" : "1.0"
}
],
"products" : [
{
"name" : "OpenAIKit",
"targets" : [
"OpenAIKit"
],
"type" : {
"library" : [
"automatic"
]
}
},
{
"name" : "OpenAIKitTester",
"targets" : [
"OpenAIKitTester"
],
"type" : {
"executable" : null
}
}
],
"targets" : [
{
"c99name" : "OpenAIKitTests",
"module_type" : "SwiftTarget",
"name" : "OpenAIKitTests",
"path" : "Tests/OpenAIKitTests",
"sources" : [
"AudioModelsTests.swift",
"ChatModelsTests.swift",
"ConfigurationTests.swift",
"EmbeddingModelsTests.swift",
"EnhancedErrorHandlingTests.swift",
"ErrorHandlingTests.swift",
"JSONValueTests.swift",
"ModelConstantsTests.swift",
"OpenAIKitTests.swift",
"RequestSerializationTests.swift",
"ResponseParsingTests.swift"
],
"target_dependencies" : [
"OpenAIKit"
],
"type" : "test"
},
{
"c99name" : "OpenAIKitTester",
"module_type" : "SwiftTarget",
"name" : "OpenAIKitTester",
"path" : "Sources/OpenAIKitTester",
"product_memberships" : [
"OpenAIKitTester"
],
"sources" : [
"Configuration/TestConfiguration.swift",
"OpenAIKitTester.swift",
"TestRunner.swift",
"Tests/AdvancedTests.swift",
"Tests/AudioTests.swift",
"Tests/BatchTests.swift",
"Tests/ChatTests.swift",
"Tests/DeepResearchTests.swift",
"Tests/EdgeCaseTests.swift",
"Tests/EmbeddingTests.swift",
"Tests/FileTests.swift",
"Tests/GptImage1Test.swift",
"Tests/ImageTests.swift",
"Tests/ModelTests.swift",
"Tests/ModerationTests.swift",
"Utilities/TestProtocol.swift"
],
"target_dependencies" : [
"OpenAIKit"
],
"type" : "executable"
},
{
"c99name" : "OpenAIKit",
"module_type" : "SwiftTarget",
"name" : "OpenAIKit",
"path" : "Sources/OpenAIKit",
"product_memberships" : [
"OpenAIKit",
"OpenAIKitTester"
],
"sources" : [
"Core/NetworkClient.swift",
"Core/OpenAIError.swift",
"Core/Request.swift",
"Core/RetryHandler.swift",
"Endpoints/AssistantsEndpoint.swift",
"Endpoints/AudioEndpoint.swift",
"Endpoints/BatchEndpoint.swift",
"Endpoints/BatchesEndpoint.swift",
"Endpoints/ChatEndpoint.swift",
"Endpoints/EmbeddingsEndpoint.swift",
"Endpoints/FilesEndpoint.swift",
"Endpoints/FineTuningEndpoint.swift",
"Endpoints/ImagesEndpoint.swift",
"Endpoints/ModelsEndpoint.swift",
"Endpoints/ModerationsEndpoint.swift",
"Endpoints/ResponsesEndpoint.swift",
"Endpoints/ThreadsEndpoint.swift",
"Endpoints/VectorStoresEndpoint.swift",
"Extensions/OpenAIError+UI.swift",
"Models/Audio.swift",
"Models/Batch.swift",
"Models/Chat.swift",
"Models/Embeddings.swift",
"Models/Files.swift",
"Models/Images.swift",
"Models/ModelConstants.swift",
"Models/Models.swift",
"Models/Moderations.swift",
"Models/Responses.swift",
"OpenAIKit.swift",
"Utilities/JSONValue.swift"
],
"type" : "library"
}
],
"tools_version" : "5.9"
}
{
"workspace" : {
"name" : "OpenAIKit",
"schemes" : [
"OpenAIKit",
"OpenAIKit-Package",
"OpenAIKitTester"
]
}
}
2026-09-22 12:22:53.703 xcodebuild[880:5335] [MT] IDERunDestination: Supported platforms for the buildables in the current scheme is empty.
{
"workspace" : {
"name" : "OpenAIKit",
"schemes" : [
"OpenAIKit",
"OpenAIKit-Package",
"OpenAIKitTester"
]
}
}
2026-09-22 12:23:01.149 xcodebuild[932:5710] [MT] IDERunDestination: Supported platforms for the buildables in the current scheme is empty.
Running build ...
env DEVELOPER_DIR=/Applications/Xcode-27.0.0-Release.Candidate.app xcrun xcodebuild -IDEClonedSourcePackagesDirPathOverride=$PWD/.dependencies -skipMacroValidation -skipPackagePluginValidation -derivedDataPath $PWD/.derivedData build -scheme OpenAIKit-Package -destination generic/platform=xrOS
Command line invocation:
/Applications/Xcode-27.0.0-Release.Candidate.app/Contents/Developer/usr/bin/xcodebuild -IDEClonedSourcePackagesDirPathOverride=/Users/admin/builder/spi-builder-workspace/.dependencies -skipMacroValidation -skipPackagePluginValidation -derivedDataPath /Users/admin/builder/spi-builder-workspace/.derivedData build -scheme OpenAIKit-Package -destination generic/platform=xrOS
Resolve Package Graph
Resolve Package Graph
Resolved source packages:
OpenAIKit: /Users/admin/builder/spi-builder-workspace
SwiftDocCPlugin: https://github.com/apple/swift-docc-plugin @ 1.5.0
SymbolKit: https://github.com/swiftlang/swift-docc-symbolkit @ 1.0.0
ComputePackagePrebuildTargetDependencyGraph
Prepare packages
CreateBuildRequest
SendProjectDescription
CreateBuildOperation
ComputeTargetDependencyGraph
note: Building targets in dependency order
note: Target dependency graph (3 targets)
Target 'OpenAIKitTester-product' in project 'OpenAIKit'
➜ Explicit dependency on target 'OpenAIKit' in project 'OpenAIKit'
Target 'OpenAIKit-product' in project 'OpenAIKit'
➜ Explicit dependency on target 'OpenAIKit' in project 'OpenAIKit'
Target 'OpenAIKit' in project 'OpenAIKit' (no dependencies)
GatherProvisioningInputs
CreateBuildDescription
ExecuteExternalTool /Applications/Xcode-27.0.0-Release.Candidate.app/Contents/Developer/Toolchains/XcodeDefault.xctoolchain/usr/bin/clang -v -E -dM -isysroot /Applications/Xcode-27.0.0-Release.Candidate.app/Contents/Developer/Platforms/XROS.platform/Developer/SDKs/XROS27.0.sdk -x c -c /dev/null
ExecuteExternalTool /Applications/Xcode-27.0.0-Release.Candidate.app/Contents/Developer/Toolchains/XcodeDefault.xctoolchain/usr/bin/swiftc --version
ExecuteExternalTool /Applications/Xcode-27.0.0-Release.Candidate.app/Contents/Developer/Toolchains/XcodeDefault.xctoolchain/usr/bin/ld -version_details
ReadFileContents /Applications/Xcode-27.0.0-Release.Candidate.app/Contents/Developer/Toolchains/XcodeDefault.xctoolchain/usr/share/docc/features.json
Build description signature: 7dec52be0838bd2bcdea4a96007188a6
Build description path: /Users/admin/builder/spi-builder-workspace/.derivedData/Build/Intermediates.noindex/XCBuildData/7dec52be0838bd2bcdea4a96007188a6.xcbuilddata
CreateBuildDirectory /Users/admin/builder/spi-builder-workspace/.derivedData/SDKExplicitPrecompiledModules
cd /Users/admin/builder/spi-builder-workspace/.swiftpm/xcode
builtin-create-build-directory /Users/admin/builder/spi-builder-workspace/.derivedData/SDKExplicitPrecompiledModules
CreateBuildDirectory /Users/admin/builder/spi-builder-workspace/.derivedData/ModuleCache.noindex
cd /Users/admin/builder/spi-builder-workspace/.swiftpm/xcode
builtin-create-build-directory /Users/admin/builder/spi-builder-workspace/.derivedData/ModuleCache.noindex
CreateBuildDirectory /Users/admin/builder/spi-builder-workspace/.derivedData/CompilationCache.noindex
cd /Users/admin/builder/spi-builder-workspace/.swiftpm/xcode
builtin-create-build-directory /Users/admin/builder/spi-builder-workspace/.derivedData/CompilationCache.noindex
CreateBuildDirectory /Users/admin/builder/spi-builder-workspace/.derivedData/Build/Products
cd /Users/admin/builder/spi-builder-workspace/.swiftpm/xcode
builtin-create-build-directory /Users/admin/builder/spi-builder-workspace/.derivedData/Build/Products
CreateBuildDirectory /Users/admin/builder/spi-builder-workspace/.derivedData/Build/Intermediates.noindex
cd /Users/admin/builder/spi-builder-workspace/.swiftpm/xcode
builtin-create-build-directory /Users/admin/builder/spi-builder-workspace/.derivedData/Build/Intermediates.noindex
ClangStatCache /Applications/Xcode-27.0.0-Release.Candidate.app/Contents/Developer/Toolchains/XcodeDefault.xctoolchain/usr/bin/clang-stat-cache /Applications/Xcode-27.0.0-Release.Candidate.app/Contents/Developer/Platforms/XROS.platform/Developer/SDKs/XROS27.0.sdk /Users/admin/builder/spi-builder-workspace/.derivedData/SDKStatCaches.noindex/xros27.0-24M361-e829b21a6f8c9b70876ba0858053c044735bd543db762f57723cac368afd1ce4.sdkstatcache
cd /Users/admin/builder/spi-builder-workspace/.swiftpm/xcode
/Applications/Xcode-27.0.0-Release.Candidate.app/Contents/Developer/Toolchains/XcodeDefault.xctoolchain/usr/bin/clang-stat-cache /Applications/Xcode-27.0.0-Release.Candidate.app/Contents/Developer/Platforms/XROS.platform/Developer/SDKs/XROS27.0.sdk -o /Users/admin/builder/spi-builder-workspace/.derivedData/SDKStatCaches.noindex/xros27.0-24M361-e829b21a6f8c9b70876ba0858053c044735bd543db762f57723cac368afd1ce4.sdkstatcache
CreateBuildDirectory /Users/admin/builder/spi-builder-workspace/.derivedData/Build/Intermediates.noindex/SwiftExplicitPrecompiledModules
cd /Users/admin/builder/spi-builder-workspace/.swiftpm/xcode
builtin-create-build-directory /Users/admin/builder/spi-builder-workspace/.derivedData/Build/Intermediates.noindex/SwiftExplicitPrecompiledModules
CreateBuildDirectory /Users/admin/builder/spi-builder-workspace/.derivedData/Build/Intermediates.noindex/PrecompiledHeaders
cd /Users/admin/builder/spi-builder-workspace/.swiftpm/xcode
builtin-create-build-directory /Users/admin/builder/spi-builder-workspace/.derivedData/Build/Intermediates.noindex/PrecompiledHeaders
CreateBuildDirectory /Users/admin/builder/spi-builder-workspace/.derivedData/Build/Intermediates.noindex/ExplicitPrecompiledModules
cd /Users/admin/builder/spi-builder-workspace/.swiftpm/xcode
builtin-create-build-directory /Users/admin/builder/spi-builder-workspace/.derivedData/Build/Intermediates.noindex/ExplicitPrecompiledModules
CreateBuildDirectory /Users/admin/builder/spi-builder-workspace/.derivedData/Build/Products/Debug-xros
cd /Users/admin/builder/spi-builder-workspace/.swiftpm/xcode
builtin-create-build-directory /Users/admin/builder/spi-builder-workspace/.derivedData/Build/Products/Debug-xros
CreateBuildDirectory /Users/admin/builder/spi-builder-workspace/.derivedData/Build/Intermediates.noindex/EagerLinkingTBDs/Debug-xros
cd /Users/admin/builder/spi-builder-workspace/.swiftpm/xcode
builtin-create-build-directory /Users/admin/builder/spi-builder-workspace/.derivedData/Build/Intermediates.noindex/EagerLinkingTBDs/Debug-xros
CreateBuildDirectory /Users/admin/builder/spi-builder-workspace/.derivedData/Build/Products/Debug-xros/PackageFrameworks
cd /Users/admin/builder/spi-builder-workspace/.swiftpm/xcode
builtin-create-build-directory /Users/admin/builder/spi-builder-workspace/.derivedData/Build/Products/Debug-xros/PackageFrameworks
WriteAuxiliaryFile /Users/admin/builder/spi-builder-workspace/.derivedData/Build/Intermediates.noindex/OpenAIKit.build/Debug-xros/OpenAIKit-t.build/OpenAIKit.DependencyStaticMetadataFileList (in target 'OpenAIKit' from project 'OpenAIKit')
cd /Users/admin/builder/spi-builder-workspace
write-file /Users/admin/builder/spi-builder-workspace/.derivedData/Build/Intermediates.noindex/OpenAIKit.build/Debug-xros/OpenAIKit-t.build/OpenAIKit.DependencyStaticMetadataFileList
WriteAuxiliaryFile /Users/admin/builder/spi-builder-workspace/.derivedData/Build/Intermediates.noindex/OpenAIKit.build/Debug-xros/OpenAIKitTester-p.build/OpenAIKitTester.DependencyMetadataFileList (in target 'OpenAIKitTester-product' from project 'OpenAIKit')
cd /Users/admin/builder/spi-builder-workspace
write-file /Users/admin/builder/spi-builder-workspace/.derivedData/Build/Intermediates.noindex/OpenAIKit.build/Debug-xros/OpenAIKitTester-p.build/OpenAIKitTester.DependencyMetadataFileList
WriteAuxiliaryFile /Users/admin/builder/spi-builder-workspace/.derivedData/Build/Intermediates.noindex/OpenAIKit.build/Debug-xros/OpenAIKit-t.build/OpenAIKit.modulemap (in target 'OpenAIKit' from project 'OpenAIKit')
cd /Users/admin/builder/spi-builder-workspace
write-file /Users/admin/builder/spi-builder-workspace/.derivedData/Build/Intermediates.noindex/OpenAIKit.build/Debug-xros/OpenAIKit-t.build/OpenAIKit.modulemap
WriteAuxiliaryFile /Users/admin/builder/spi-builder-workspace/.derivedData/Build/Intermediates.noindex/OpenAIKit.build/Debug-xros/OpenAIKitTester-p.build/OpenAIKitTester.DependencyStaticMetadataFileList (in target 'OpenAIKitTester-product' from project 'OpenAIKit')
cd /Users/admin/builder/spi-builder-workspace
write-file /Users/admin/builder/spi-builder-workspace/.derivedData/Build/Intermediates.noindex/OpenAIKit.build/Debug-xros/OpenAIKitTester-p.build/OpenAIKitTester.DependencyStaticMetadataFileList
WriteAuxiliaryFile /Users/admin/builder/spi-builder-workspace/.derivedData/Build/Intermediates.noindex/OpenAIKit.build/Debug-xros/OpenAIKit-t.build/OpenAIKit.DependencyMetadataFileList (in target 'OpenAIKit' from project 'OpenAIKit')
cd /Users/admin/builder/spi-builder-workspace
write-file /Users/admin/builder/spi-builder-workspace/.derivedData/Build/Intermediates.noindex/OpenAIKit.build/Debug-xros/OpenAIKit-t.build/OpenAIKit.DependencyMetadataFileList
WriteAuxiliaryFile /Users/admin/builder/spi-builder-workspace/.derivedData/Build/Intermediates.noindex/OpenAIKit.build/Debug-xros/OpenAIKitTester-p.build/Objects-normal/arm64/OpenAIKitTester_const_extract_protocols.json (in target 'OpenAIKitTester-product' from project 'OpenAIKit')
cd /Users/admin/builder/spi-builder-workspace
write-file /Users/admin/builder/spi-builder-workspace/.derivedData/Build/Intermediates.noindex/OpenAIKit.build/Debug-xros/OpenAIKitTester-p.build/Objects-normal/arm64/OpenAIKitTester_const_extract_protocols.json
WriteAuxiliaryFile /Users/admin/builder/spi-builder-workspace/.derivedData/Build/Intermediates.noindex/OpenAIKit.build/Debug-xros/OpenAIKitTester-p.build/Objects-normal/arm64/OpenAIKitTester.SwiftFileList (in target 'OpenAIKitTester-product' from project 'OpenAIKit')
cd /Users/admin/builder/spi-builder-workspace
write-file /Users/admin/builder/spi-builder-workspace/.derivedData/Build/Intermediates.noindex/OpenAIKit.build/Debug-xros/OpenAIKitTester-p.build/Objects-normal/arm64/OpenAIKitTester.SwiftFileList
WriteAuxiliaryFile /Users/admin/builder/spi-builder-workspace/.derivedData/Build/Intermediates.noindex/OpenAIKit.build/Debug-xros/OpenAIKitTester-p.build/Objects-normal/arm64/OpenAIKitTester.LinkFileList (in target 'OpenAIKitTester-product' from project 'OpenAIKit')
cd /Users/admin/builder/spi-builder-workspace
write-file /Users/admin/builder/spi-builder-workspace/.derivedData/Build/Intermediates.noindex/OpenAIKit.build/Debug-xros/OpenAIKitTester-p.build/Objects-normal/arm64/OpenAIKitTester.LinkFileList
WriteAuxiliaryFile /Users/admin/builder/spi-builder-workspace/.derivedData/Build/Intermediates.noindex/OpenAIKit.build/Debug-xros/OpenAIKitTester-p.build/Objects-normal/arm64/OpenAIKitTester-OutputFileMap.json (in target 'OpenAIKitTester-product' from project 'OpenAIKit')
cd /Users/admin/builder/spi-builder-workspace
write-file /Users/admin/builder/spi-builder-workspace/.derivedData/Build/Intermediates.noindex/OpenAIKit.build/Debug-xros/OpenAIKitTester-p.build/Objects-normal/arm64/OpenAIKitTester-OutputFileMap.json
WriteAuxiliaryFile /Users/admin/builder/spi-builder-workspace/.derivedData/Build/Intermediates.noindex/OpenAIKit.build/Debug-xros/OpenAIKit-t.build/Objects-normal/arm64/OpenAIKit.LinkFileList (in target 'OpenAIKit' from project 'OpenAIKit')
cd /Users/admin/builder/spi-builder-workspace
write-file /Users/admin/builder/spi-builder-workspace/.derivedData/Build/Intermediates.noindex/OpenAIKit.build/Debug-xros/OpenAIKit-t.build/Objects-normal/arm64/OpenAIKit.LinkFileList
WriteAuxiliaryFile /Users/admin/builder/spi-builder-workspace/.derivedData/Build/Intermediates.noindex/OpenAIKit.build/Debug-xros/OpenAIKit-t.build/Objects-normal/arm64/OpenAIKit_const_extract_protocols.json (in target 'OpenAIKit' from project 'OpenAIKit')
cd /Users/admin/builder/spi-builder-workspace
write-file /Users/admin/builder/spi-builder-workspace/.derivedData/Build/Intermediates.noindex/OpenAIKit.build/Debug-xros/OpenAIKit-t.build/Objects-normal/arm64/OpenAIKit_const_extract_protocols.json
WriteAuxiliaryFile /Users/admin/builder/spi-builder-workspace/.derivedData/Build/Intermediates.noindex/OpenAIKit.build/Debug-xros/OpenAIKit-t.build/Objects-normal/arm64/OpenAIKit.SwiftFileList (in target 'OpenAIKit' from project 'OpenAIKit')
cd /Users/admin/builder/spi-builder-workspace
write-file /Users/admin/builder/spi-builder-workspace/.derivedData/Build/Intermediates.noindex/OpenAIKit.build/Debug-xros/OpenAIKit-t.build/Objects-normal/arm64/OpenAIKit.SwiftFileList
WriteAuxiliaryFile /Users/admin/builder/spi-builder-workspace/.derivedData/Build/Intermediates.noindex/OpenAIKit.build/Debug-xros/OpenAIKit-t.build/Objects-normal/arm64/OpenAIKit-OutputFileMap.json (in target 'OpenAIKit' from project 'OpenAIKit')
cd /Users/admin/builder/spi-builder-workspace
write-file /Users/admin/builder/spi-builder-workspace/.derivedData/Build/Intermediates.noindex/OpenAIKit.build/Debug-xros/OpenAIKit-t.build/Objects-normal/arm64/OpenAIKit-OutputFileMap.json
WriteAuxiliaryFile /Users/admin/builder/spi-builder-workspace/.derivedData/Build/Intermediates.noindex/OpenAIKit.build/Debug-xros/OpenAIKit-t.build/Objects-normal/arm64/OpenAIKit.SwiftConstValuesFileList (in target 'OpenAIKit' from project 'OpenAIKit')
cd /Users/admin/builder/spi-builder-workspace
write-file /Users/admin/builder/spi-builder-workspace/.derivedData/Build/Intermediates.noindex/OpenAIKit.build/Debug-xros/OpenAIKit-t.build/Objects-normal/arm64/OpenAIKit.SwiftConstValuesFileList
Copy /Users/admin/builder/spi-builder-workspace/.derivedData/Build/Intermediates.noindex/GeneratedModuleMaps-xros/OpenAIKit.modulemap /Users/admin/builder/spi-builder-workspace/.derivedData/Build/Intermediates.noindex/OpenAIKit.build/Debug-xros/OpenAIKit-t.build/OpenAIKit.modulemap (in target 'OpenAIKit' from project 'OpenAIKit')
cd /Users/admin/builder/spi-builder-workspace
builtin-copy -exclude .DS_Store -exclude CVS -exclude .svn -exclude .git -exclude .hg -resolve-src-symlinks /Users/admin/builder/spi-builder-workspace/.derivedData/Build/Intermediates.noindex/OpenAIKit.build/Debug-xros/OpenAIKit-t.build/OpenAIKit.modulemap /Users/admin/builder/spi-builder-workspace/.derivedData/Build/Intermediates.noindex/GeneratedModuleMaps-xros
SwiftDriver OpenAIKit normal arm64 com.apple.xcode.tools.swift.compiler (in target 'OpenAIKit' from project 'OpenAIKit')
cd /Users/admin/builder/spi-builder-workspace/.swiftpm/xcode
builtin-SwiftDriver -- /Applications/Xcode-27.0.0-Release.Candidate.app/Contents/Developer/Toolchains/XcodeDefault.xctoolchain/usr/bin/swiftc -parse-as-library -module-name OpenAIKit -Onone @/Users/admin/builder/spi-builder-workspace/.derivedData/Build/Intermediates.noindex/OpenAIKit.build/Debug-xros/OpenAIKit-t.build/Objects-normal/arm64/OpenAIKit.SwiftFileList -DSWIFT_PACKAGE -DDEBUG -DSWIFT_MODULE_RESOURCE_BUNDLE_UNAVAILABLE -DXcode -plugin-path /Applications/Xcode-27.0.0-Release.Candidate.app/Contents/Developer/Toolchains/XcodeDefault.xctoolchain/usr/lib/swift/host/plugins/testing -enable-experimental-feature DebugDescriptionMacro -sdk /Applications/Xcode-27.0.0-Release.Candidate.app/Contents/Developer/Platforms/XROS.platform/Developer/SDKs/XROS27.0.sdk -target arm64-apple-xros1.0 -g -module-cache-path /Users/admin/builder/spi-builder-workspace/.derivedData/ModuleCache.noindex -Xfrontend -serialize-debugging-options -profile-coverage-mapping -profile-generate -enable-testing -index-store-path /Users/admin/builder/spi-builder-workspace/.derivedData/Index.noindex/DataStore -Xcc -D_LIBCPP_HARDENING_MODE\=_LIBCPP_HARDENING_MODE_DEBUG -swift-version 5 -I /Users/admin/builder/spi-builder-workspace/.derivedData/Build/Products/Debug-xros -Isystem /Applications/Xcode-27.0.0-Release.Candidate.app/Contents/Developer/Platforms/XROS.platform/Developer/usr/lib -F /Users/admin/builder/spi-builder-workspace/.derivedData/Build/Products/Debug-xros -F /Applications/Xcode-27.0.0-Release.Candidate.app/Contents/Developer/Platforms/XROS.platform/Developer/Library/Frameworks -F /Applications/Xcode-27.0.0-Release.Candidate.app/Contents/Developer/Platforms/XROS.platform/Developer/SDKs/XROS27.0.sdk/Developer/Library/Frameworks -c -j10 -enable-batch-mode -incremental -Xcc -ivfsstatcache -Xcc /Users/admin/builder/spi-builder-workspace/.derivedData/SDKStatCaches.noindex/xros27.0-24M361-e829b21a6f8c9b70876ba0858053c044735bd543db762f57723cac368afd1ce4.sdkstatcache -output-file-map /Users/admin/builder/spi-builder-workspace/.derivedData/Build/Intermediates.noindex/OpenAIKit.build/Debug-xros/OpenAIKit-t.build/Objects-normal/arm64/OpenAIKit-OutputFileMap.json -save-temps -no-color-diagnostics -explicit-module-build -module-cache-path /Users/admin/builder/spi-builder-workspace/.derivedData/Build/Intermediates.noindex/SwiftExplicitPrecompiledModules -clang-scanner-module-cache-path /Users/admin/builder/spi-builder-workspace/.derivedData/ModuleCache.noindex -sdk-module-cache-path /Users/admin/builder/spi-builder-workspace/.derivedData/SDKExplicitPrecompiledModules -emit-dependencies -emit-module -emit-module-path /Users/admin/builder/spi-builder-workspace/.derivedData/Build/Intermediates.noindex/OpenAIKit.build/Debug-xros/OpenAIKit-t.build/Objects-normal/arm64/OpenAIKit.swiftmodule -serialize-diagnostics -dependency-scan-serialize-diagnostics-path /Users/admin/builder/spi-builder-workspace/.derivedData/Build/Intermediates.noindex/OpenAIKit.build/Debug-xros/OpenAIKit-t.build/Objects-normal/arm64/OpenAIKit-dependency-scan.dia -validate-clang-modules-once -clang-build-session-file /Users/admin/builder/spi-builder-workspace/.derivedData/ModuleCache.noindex/Session.modulevalidation -Xcc -fmodules-prune-interval\=86400 -Xcc -fmodules-prune-after\=345600 -package-name spi_builder_workspace -emit-const-values -const-gather-protocols-list /Users/admin/builder/spi-builder-workspace/.derivedData/Build/Intermediates.noindex/OpenAIKit.build/Debug-xros/OpenAIKit-t.build/Objects-normal/arm64/OpenAIKit_const_extract_protocols.json -Xcc -I/Users/admin/builder/spi-builder-workspace/.derivedData/Build/Products/Debug-xros/include -Xcc -I/Users/admin/builder/spi-builder-workspace/.derivedData/Build/Intermediates.noindex/OpenAIKit.build/Debug-xros/OpenAIKit-t.build/DerivedSources-normal/arm64 -Xcc -I/Users/admin/builder/spi-builder-workspace/.derivedData/Build/Intermediates.noindex/OpenAIKit.build/Debug-xros/OpenAIKit-t.build/DerivedSources/arm64 -Xcc -I/Users/admin/builder/spi-builder-workspace/.derivedData/Build/Intermediates.noindex/OpenAIKit.build/Debug-xros/OpenAIKit-t.build/DerivedSources -Xcc -DSWIFT_PACKAGE -Xcc -DDEBUG\=1 -emit-objc-header -emit-objc-header-path /Users/admin/builder/spi-builder-workspace/.derivedData/Build/Intermediates.noindex/OpenAIKit.build/Debug-xros/OpenAIKit-t.build/Objects-normal/arm64/OpenAIKit-Swift.h -working-directory /Users/admin/builder/spi-builder-workspace/.swiftpm/xcode -experimental-emit-module-separately -disable-cmo
SwiftExplicitDependencyGeneratePcm arm64 /Users/admin/builder/spi-builder-workspace/.derivedData/SDKExplicitPrecompiledModules/_AvailabilityInternal-1Q8IQP6M38UWSGZ95UCEY2M44.pcm
SwiftExplicitDependencyGeneratePcm arm64 /Users/admin/builder/spi-builder-workspace/.derivedData/SDKExplicitPrecompiledModules/_SwiftConcurrencyShims-C8XHKSHX96D5YYALNM4W70Z0O.pcm
SwiftExplicitDependencyGeneratePcm arm64 /Users/admin/builder/spi-builder-workspace/.derivedData/SDKExplicitPrecompiledModules/ptrauth-1WBA714DZSVUL5JQDJ08CLKZ.pcm
SwiftExplicitDependencyGeneratePcm arm64 /Users/admin/builder/spi-builder-workspace/.derivedData/SDKExplicitPrecompiledModules/_Builtin_stdarg-CDA349K2K4US766844K8E0PVA.pcm
SwiftExplicitDependencyGeneratePcm arm64 /Users/admin/builder/spi-builder-workspace/.derivedData/SDKExplicitPrecompiledModules/_Builtin_stdbool-5BU2ADS7JXQMYENKQHW9X8XOU.pcm
SwiftExplicitDependencyGeneratePcm arm64 /Users/admin/builder/spi-builder-workspace/.derivedData/SDKExplicitPrecompiledModules/_Builtin_float-6WKHNW5S40U2QGHXXGETUDIRA.pcm
SwiftExplicitDependencyGeneratePcm arm64 /Users/admin/builder/spi-builder-workspace/.derivedData/SDKExplicitPrecompiledModules/ptrcheck-BXA97MNLI4BB0HF5I8MJE403D.pcm
SwiftExplicitDependencyGeneratePcm arm64 /Users/admin/builder/spi-builder-workspace/.derivedData/SDKExplicitPrecompiledModules/SwiftShims-CI4H5RO9IYFFWQ2COB512Q2S9.pcm
SwiftExplicitDependencyGeneratePcm arm64 /Users/admin/builder/spi-builder-workspace/.derivedData/SDKExplicitPrecompiledModules/_Builtin_stddef-5NQ9Z1GV07GBSRQGAQCGXGVRI.pcm
SwiftExplicitDependencyGeneratePcm arm64 /Users/admin/builder/spi-builder-workspace/.derivedData/SDKExplicitPrecompiledModules/_DarwinFoundation1-5RGRVV2TZ6WC4WZW5IXF8NQ04.pcm
SwiftExplicitDependencyGeneratePcm arm64 /Users/admin/builder/spi-builder-workspace/.derivedData/SDKExplicitPrecompiledModules/_Builtin_limits-425JDMN5HPM3D0UEI8LEHP6NM.pcm
SwiftExplicitDependencyGeneratePcm arm64 /Users/admin/builder/spi-builder-workspace/.derivedData/SDKExplicitPrecompiledModules/_DarwinFoundation2-ENTECK156YEWITZRRBTOCE4KR.pcm
SwiftExplicitDependencyGeneratePcm arm64 /Users/admin/builder/spi-builder-workspace/.derivedData/SDKExplicitPrecompiledModules/_Builtin_stdint-8OR6T47OOYJA90ZBO3N1USDE.pcm
SwiftExplicitDependencyGeneratePcm arm64 /Users/admin/builder/spi-builder-workspace/.derivedData/SDKExplicitPrecompiledModules/sys_types-AYM0BHR77VKMWZCO2T0XGV2HF.pcm
SwiftExplicitDependencyGeneratePcm arm64 /Users/admin/builder/spi-builder-workspace/.derivedData/SDKExplicitPrecompiledModules/string_h-2GT67HHHHK5CF1V1S31LH0PU2.pcm
SwiftExplicitDependencyGeneratePcm arm64 /Users/admin/builder/spi-builder-workspace/.derivedData/SDKExplicitPrecompiledModules/_DarwinFoundation3-9ZHN6JKBS40BBA81RQMV8H0IC.pcm
SwiftExplicitDependencyGeneratePcm arm64 /Users/admin/builder/spi-builder-workspace/.derivedData/SDKExplicitPrecompiledModules/_Builtin_inttypes-11B64KJD36B3YOHBR1BBXBJY8.pcm
SwiftExplicitDependencyGeneratePcm arm64 /Users/admin/builder/spi-builder-workspace/.derivedData/SDKExplicitPrecompiledModules/Darwin-60P5LVNQO3ESRRM5DCJ05PFNK.pcm
SwiftExplicitDependencyGeneratePcm arm64 /Users/admin/builder/spi-builder-workspace/.derivedData/SDKExplicitPrecompiledModules/ObjectiveC-26TIBFYCEJZVP216ZZAU1X8KN.pcm
SwiftExplicitDependencyGeneratePcm arm64 /Users/admin/builder/spi-builder-workspace/.derivedData/SDKExplicitPrecompiledModules/os_object-692CJ8BG6RE5H04487EJJOVXW.pcm
SwiftExplicitDependencyGeneratePcm arm64 /Users/admin/builder/spi-builder-workspace/.derivedData/SDKExplicitPrecompiledModules/os_workgroup-4U1VXMWIZD80E7PRUQF2G7P9X.pcm
SwiftExplicitDependencyGeneratePcm arm64 /Users/admin/builder/spi-builder-workspace/.derivedData/SDKExplicitPrecompiledModules/Dispatch-CLT3466HKC22GCKAWSCNG0H7T.pcm
SwiftExplicitDependencyGeneratePcm arm64 /Users/admin/builder/spi-builder-workspace/.derivedData/SDKExplicitPrecompiledModules/CoreFoundation-AVLTZVCXBU2TO75JCN4AGU8XJ.pcm
SwiftExplicitDependencyGeneratePcm arm64 /Users/admin/builder/spi-builder-workspace/.derivedData/SDKExplicitPrecompiledModules/XPC-EP5EU7FNGP4VOA3EDM18P1KHO.pcm
SwiftExplicitDependencyGeneratePcm arm64 /Users/admin/builder/spi-builder-workspace/.derivedData/SDKExplicitPrecompiledModules/Security-8TH2M8WJIQMET4SADWX0N8372.pcm
SwiftExplicitDependencyGeneratePcm arm64 /Users/admin/builder/spi-builder-workspace/.derivedData/SDKExplicitPrecompiledModules/CFNetwork-5MI70N1VLDQSWTX4COWLMSIRO.pcm
SwiftExplicitDependencyGeneratePcm arm64 /Users/admin/builder/spi-builder-workspace/.derivedData/SDKExplicitPrecompiledModules/Foundation-8GON1KVEKRN3NOQI8RETBRWJP.pcm
SwiftEmitModule normal arm64 Emitting\ module\ for\ OpenAIKit (in target 'OpenAIKit' from project 'OpenAIKit')
SwiftCompile normal arm64 (in target 'OpenAIKit' from project 'OpenAIKit')
cd /Users/admin/builder/spi-builder-workspace/.swiftpm/xcode
SwiftCompile normal arm64 Compiling\ ModelConstants.swift,\ Models.swift,\ Moderations.swift /Users/admin/builder/spi-builder-workspace/Sources/OpenAIKit/Models/ModelConstants.swift /Users/admin/builder/spi-builder-workspace/Sources/OpenAIKit/Models/Models.swift /Users/admin/builder/spi-builder-workspace/Sources/OpenAIKit/Models/Moderations.swift (in target 'OpenAIKit' from project 'OpenAIKit')
SwiftCompile normal arm64 /Users/admin/builder/spi-builder-workspace/Sources/OpenAIKit/Models/ModelConstants.swift (in target 'OpenAIKit' from project 'OpenAIKit')
cd /Users/admin/builder/spi-builder-workspace/.swiftpm/xcode
builtin-SwiftPerFileCompile ModelConstants.swift
SwiftCompile normal arm64 /Users/admin/builder/spi-builder-workspace/Sources/OpenAIKit/Models/Models.swift (in target 'OpenAIKit' from project 'OpenAIKit')
cd /Users/admin/builder/spi-builder-workspace/.swiftpm/xcode
builtin-SwiftPerFileCompile Models.swift
SwiftCompile normal arm64 /Users/admin/builder/spi-builder-workspace/Sources/OpenAIKit/Models/Moderations.swift (in target 'OpenAIKit' from project 'OpenAIKit')
cd /Users/admin/builder/spi-builder-workspace/.swiftpm/xcode
builtin-SwiftPerFileCompile Moderations.swift
SwiftCompile normal arm64 Compiling\ Embeddings.swift,\ Files.swift,\ Images.swift /Users/admin/builder/spi-builder-workspace/Sources/OpenAIKit/Models/Embeddings.swift /Users/admin/builder/spi-builder-workspace/Sources/OpenAIKit/Models/Files.swift /Users/admin/builder/spi-builder-workspace/Sources/OpenAIKit/Models/Images.swift (in target 'OpenAIKit' from project 'OpenAIKit')
SwiftCompile normal arm64 /Users/admin/builder/spi-builder-workspace/Sources/OpenAIKit/Models/Embeddings.swift (in target 'OpenAIKit' from project 'OpenAIKit')
cd /Users/admin/builder/spi-builder-workspace/.swiftpm/xcode
builtin-SwiftPerFileCompile Embeddings.swift
SwiftCompile normal arm64 /Users/admin/builder/spi-builder-workspace/Sources/OpenAIKit/Models/Files.swift (in target 'OpenAIKit' from project 'OpenAIKit')
cd /Users/admin/builder/spi-builder-workspace/.swiftpm/xcode
builtin-SwiftPerFileCompile Files.swift
SwiftCompile normal arm64 /Users/admin/builder/spi-builder-workspace/Sources/OpenAIKit/Models/Images.swift (in target 'OpenAIKit' from project 'OpenAIKit')
cd /Users/admin/builder/spi-builder-workspace/.swiftpm/xcode
builtin-SwiftPerFileCompile Images.swift
SwiftCompile normal arm64 Compiling\ Audio.swift,\ Batch.swift,\ Chat.swift /Users/admin/builder/spi-builder-workspace/Sources/OpenAIKit/Models/Audio.swift /Users/admin/builder/spi-builder-workspace/Sources/OpenAIKit/Models/Batch.swift /Users/admin/builder/spi-builder-workspace/Sources/OpenAIKit/Models/Chat.swift (in target 'OpenAIKit' from project 'OpenAIKit')
SwiftCompile normal arm64 /Users/admin/builder/spi-builder-workspace/Sources/OpenAIKit/Models/Audio.swift (in target 'OpenAIKit' from project 'OpenAIKit')
cd /Users/admin/builder/spi-builder-workspace/.swiftpm/xcode
builtin-SwiftPerFileCompile Audio.swift
SwiftCompile normal arm64 /Users/admin/builder/spi-builder-workspace/Sources/OpenAIKit/Models/Batch.swift (in target 'OpenAIKit' from project 'OpenAIKit')
cd /Users/admin/builder/spi-builder-workspace/.swiftpm/xcode
builtin-SwiftPerFileCompile Batch.swift
SwiftCompile normal arm64 /Users/admin/builder/spi-builder-workspace/Sources/OpenAIKit/Models/Chat.swift (in target 'OpenAIKit' from project 'OpenAIKit')
cd /Users/admin/builder/spi-builder-workspace/.swiftpm/xcode
builtin-SwiftPerFileCompile Chat.swift
SwiftCompile normal arm64 Compiling\ ModelsEndpoint.swift,\ ModerationsEndpoint.swift,\ ResponsesEndpoint.swift /Users/admin/builder/spi-builder-workspace/Sources/OpenAIKit/Endpoints/ModelsEndpoint.swift /Users/admin/builder/spi-builder-workspace/Sources/OpenAIKit/Endpoints/ModerationsEndpoint.swift /Users/admin/builder/spi-builder-workspace/Sources/OpenAIKit/Endpoints/ResponsesEndpoint.swift (in target 'OpenAIKit' from project 'OpenAIKit')
SwiftCompile normal arm64 /Users/admin/builder/spi-builder-workspace/Sources/OpenAIKit/Endpoints/ModelsEndpoint.swift (in target 'OpenAIKit' from project 'OpenAIKit')
cd /Users/admin/builder/spi-builder-workspace/.swiftpm/xcode
builtin-SwiftPerFileCompile ModelsEndpoint.swift
SwiftCompile normal arm64 /Users/admin/builder/spi-builder-workspace/Sources/OpenAIKit/Endpoints/ModerationsEndpoint.swift (in target 'OpenAIKit' from project 'OpenAIKit')
cd /Users/admin/builder/spi-builder-workspace/.swiftpm/xcode
builtin-SwiftPerFileCompile ModerationsEndpoint.swift
SwiftCompile normal arm64 /Users/admin/builder/spi-builder-workspace/Sources/OpenAIKit/Endpoints/ResponsesEndpoint.swift (in target 'OpenAIKit' from project 'OpenAIKit')
cd /Users/admin/builder/spi-builder-workspace/.swiftpm/xcode
builtin-SwiftPerFileCompile ResponsesEndpoint.swift
SwiftCompile normal arm64 Compiling\ BatchesEndpoint.swift,\ ChatEndpoint.swift,\ EmbeddingsEndpoint.swift /Users/admin/builder/spi-builder-workspace/Sources/OpenAIKit/Endpoints/BatchesEndpoint.swift /Users/admin/builder/spi-builder-workspace/Sources/OpenAIKit/Endpoints/ChatEndpoint.swift /Users/admin/builder/spi-builder-workspace/Sources/OpenAIKit/Endpoints/EmbeddingsEndpoint.swift (in target 'OpenAIKit' from project 'OpenAIKit')
SwiftCompile normal arm64 /Users/admin/builder/spi-builder-workspace/Sources/OpenAIKit/Endpoints/BatchesEndpoint.swift (in target 'OpenAIKit' from project 'OpenAIKit')
cd /Users/admin/builder/spi-builder-workspace/.swiftpm/xcode
builtin-SwiftPerFileCompile BatchesEndpoint.swift
SwiftCompile normal arm64 /Users/admin/builder/spi-builder-workspace/Sources/OpenAIKit/Endpoints/ChatEndpoint.swift (in target 'OpenAIKit' from project 'OpenAIKit')
cd /Users/admin/builder/spi-builder-workspace/.swiftpm/xcode
builtin-SwiftPerFileCompile ChatEndpoint.swift
SwiftCompile normal arm64 /Users/admin/builder/spi-builder-workspace/Sources/OpenAIKit/Endpoints/EmbeddingsEndpoint.swift (in target 'OpenAIKit' from project 'OpenAIKit')
cd /Users/admin/builder/spi-builder-workspace/.swiftpm/xcode
builtin-SwiftPerFileCompile EmbeddingsEndpoint.swift
SwiftCompile normal arm64 Compiling\ AssistantsEndpoint.swift,\ AudioEndpoint.swift,\ BatchEndpoint.swift /Users/admin/builder/spi-builder-workspace/Sources/OpenAIKit/Endpoints/AssistantsEndpoint.swift /Users/admin/builder/spi-builder-workspace/Sources/OpenAIKit/Endpoints/AudioEndpoint.swift /Users/admin/builder/spi-builder-workspace/Sources/OpenAIKit/Endpoints/BatchEndpoint.swift (in target 'OpenAIKit' from project 'OpenAIKit')
SwiftCompile normal arm64 /Users/admin/builder/spi-builder-workspace/Sources/OpenAIKit/Endpoints/AssistantsEndpoint.swift (in target 'OpenAIKit' from project 'OpenAIKit')
cd /Users/admin/builder/spi-builder-workspace/.swiftpm/xcode
builtin-SwiftPerFileCompile AssistantsEndpoint.swift
SwiftCompile normal arm64 /Users/admin/builder/spi-builder-workspace/Sources/OpenAIKit/Endpoints/AudioEndpoint.swift (in target 'OpenAIKit' from project 'OpenAIKit')
cd /Users/admin/builder/spi-builder-workspace/.swiftpm/xcode
builtin-SwiftPerFileCompile AudioEndpoint.swift
SwiftCompile normal arm64 /Users/admin/builder/spi-builder-workspace/Sources/OpenAIKit/Endpoints/BatchEndpoint.swift (in target 'OpenAIKit' from project 'OpenAIKit')
cd /Users/admin/builder/spi-builder-workspace/.swiftpm/xcode
builtin-SwiftPerFileCompile BatchEndpoint.swift
SwiftCompile normal arm64 Compiling\ ThreadsEndpoint.swift,\ VectorStoresEndpoint.swift,\ OpenAIError+UI.swift /Users/admin/builder/spi-builder-workspace/Sources/OpenAIKit/Endpoints/ThreadsEndpoint.swift /Users/admin/builder/spi-builder-workspace/Sources/OpenAIKit/Endpoints/VectorStoresEndpoint.swift /Users/admin/builder/spi-builder-workspace/Sources/OpenAIKit/Extensions/OpenAIError+UI.swift (in target 'OpenAIKit' from project 'OpenAIKit')
SwiftCompile normal arm64 /Users/admin/builder/spi-builder-workspace/Sources/OpenAIKit/Endpoints/ThreadsEndpoint.swift (in target 'OpenAIKit' from project 'OpenAIKit')
cd /Users/admin/builder/spi-builder-workspace/.swiftpm/xcode
builtin-SwiftPerFileCompile ThreadsEndpoint.swift
SwiftCompile normal arm64 /Users/admin/builder/spi-builder-workspace/Sources/OpenAIKit/Endpoints/VectorStoresEndpoint.swift (in target 'OpenAIKit' from project 'OpenAIKit')
cd /Users/admin/builder/spi-builder-workspace/.swiftpm/xcode
builtin-SwiftPerFileCompile VectorStoresEndpoint.swift
SwiftCompile normal arm64 /Users/admin/builder/spi-builder-workspace/Sources/OpenAIKit/Extensions/OpenAIError+UI.swift (in target 'OpenAIKit' from project 'OpenAIKit')
cd /Users/admin/builder/spi-builder-workspace/.swiftpm/xcode
builtin-SwiftPerFileCompile OpenAIError+UI.swift
SwiftCompile normal arm64 Compiling\ Responses.swift,\ OpenAIKit.swift,\ JSONValue.swift /Users/admin/builder/spi-builder-workspace/Sources/OpenAIKit/Models/Responses.swift /Users/admin/builder/spi-builder-workspace/Sources/OpenAIKit/OpenAIKit.swift /Users/admin/builder/spi-builder-workspace/Sources/OpenAIKit/Utilities/JSONValue.swift (in target 'OpenAIKit' from project 'OpenAIKit')
SwiftCompile normal arm64 /Users/admin/builder/spi-builder-workspace/Sources/OpenAIKit/Models/Responses.swift (in target 'OpenAIKit' from project 'OpenAIKit')
cd /Users/admin/builder/spi-builder-workspace/.swiftpm/xcode
builtin-SwiftPerFileCompile Responses.swift
SwiftCompile normal arm64 (in target 'OpenAIKit' from project 'OpenAIKit')
cd /Users/admin/builder/spi-builder-workspace/.swiftpm/xcode
SwiftCompile normal arm64 /Users/admin/builder/spi-builder-workspace/Sources/OpenAIKit/Utilities/JSONValue.swift (in target 'OpenAIKit' from project 'OpenAIKit')
cd /Users/admin/builder/spi-builder-workspace/.swiftpm/xcode
builtin-SwiftPerFileCompile JSONValue.swift
SwiftCompile normal arm64 Compiling\ FilesEndpoint.swift,\ FineTuningEndpoint.swift,\ ImagesEndpoint.swift /Users/admin/builder/spi-builder-workspace/Sources/OpenAIKit/Endpoints/FilesEndpoint.swift /Users/admin/builder/spi-builder-workspace/Sources/OpenAIKit/Endpoints/FineTuningEndpoint.swift /Users/admin/builder/spi-builder-workspace/Sources/OpenAIKit/Endpoints/ImagesEndpoint.swift (in target 'OpenAIKit' from project 'OpenAIKit')
SwiftCompile normal arm64 /Users/admin/builder/spi-builder-workspace/Sources/OpenAIKit/Endpoints/FilesEndpoint.swift (in target 'OpenAIKit' from project 'OpenAIKit')
cd /Users/admin/builder/spi-builder-workspace/.swiftpm/xcode
builtin-SwiftPerFileCompile FilesEndpoint.swift
SwiftCompile normal arm64 /Users/admin/builder/spi-builder-workspace/Sources/OpenAIKit/Endpoints/FineTuningEndpoint.swift (in target 'OpenAIKit' from project 'OpenAIKit')
cd /Users/admin/builder/spi-builder-workspace/.swiftpm/xcode
builtin-SwiftPerFileCompile FineTuningEndpoint.swift
SwiftCompile normal arm64 /Users/admin/builder/spi-builder-workspace/Sources/OpenAIKit/Endpoints/ImagesEndpoint.swift (in target 'OpenAIKit' from project 'OpenAIKit')
cd /Users/admin/builder/spi-builder-workspace/.swiftpm/xcode
builtin-SwiftPerFileCompile ImagesEndpoint.swift
SwiftCompile normal arm64 Compiling\ NetworkClient.swift,\ OpenAIError.swift,\ Request.swift,\ RetryHandler.swift /Users/admin/builder/spi-builder-workspace/Sources/OpenAIKit/Core/NetworkClient.swift /Users/admin/builder/spi-builder-workspace/Sources/OpenAIKit/Core/OpenAIError.swift /Users/admin/builder/spi-builder-workspace/Sources/OpenAIKit/Core/Request.swift /Users/admin/builder/spi-builder-workspace/Sources/OpenAIKit/Core/RetryHandler.swift (in target 'OpenAIKit' from project 'OpenAIKit')
SwiftCompile normal arm64 /Users/admin/builder/spi-builder-workspace/Sources/OpenAIKit/Core/NetworkClient.swift (in target 'OpenAIKit' from project 'OpenAIKit')
cd /Users/admin/builder/spi-builder-workspace/.swiftpm/xcode
builtin-SwiftPerFileCompile NetworkClient.swift
SwiftCompile normal arm64 /Users/admin/builder/spi-builder-workspace/Sources/OpenAIKit/Core/OpenAIError.swift (in target 'OpenAIKit' from project 'OpenAIKit')
cd /Users/admin/builder/spi-builder-workspace/.swiftpm/xcode
builtin-SwiftPerFileCompile OpenAIError.swift
SwiftCompile normal arm64 /Users/admin/builder/spi-builder-workspace/Sources/OpenAIKit/Core/Request.swift (in target 'OpenAIKit' from project 'OpenAIKit')
cd /Users/admin/builder/spi-builder-workspace/.swiftpm/xcode
builtin-SwiftPerFileCompile Request.swift
SwiftCompile normal arm64 /Users/admin/builder/spi-builder-workspace/Sources/OpenAIKit/Core/RetryHandler.swift (in target 'OpenAIKit' from project 'OpenAIKit')
cd /Users/admin/builder/spi-builder-workspace/.swiftpm/xcode
builtin-SwiftPerFileCompile RetryHandler.swift
SwiftDriverJobDiscovery normal arm64 Emitting module for OpenAIKit (in target 'OpenAIKit' from project 'OpenAIKit')
SwiftDriver\ Compilation\ Requirements OpenAIKit normal arm64 com.apple.xcode.tools.swift.compiler (in target 'OpenAIKit' from project 'OpenAIKit')
cd /Users/admin/builder/spi-builder-workspace/.swiftpm/xcode
builtin-Swift-Compilation-Requirements -- /Applications/Xcode-27.0.0-Release.Candidate.app/Contents/Developer/Toolchains/XcodeDefault.xctoolchain/usr/bin/swiftc -parse-as-library -module-name OpenAIKit -Onone @/Users/admin/builder/spi-builder-workspace/.derivedData/Build/Intermediates.noindex/OpenAIKit.build/Debug-xros/OpenAIKit-t.build/Objects-normal/arm64/OpenAIKit.SwiftFileList -DSWIFT_PACKAGE -DDEBUG -DSWIFT_MODULE_RESOURCE_BUNDLE_UNAVAILABLE -DXcode -plugin-path /Applications/Xcode-27.0.0-Release.Candidate.app/Contents/Developer/Toolchains/XcodeDefault.xctoolchain/usr/lib/swift/host/plugins/testing -enable-experimental-feature DebugDescriptionMacro -sdk /Applications/Xcode-27.0.0-Release.Candidate.app/Contents/Developer/Platforms/XROS.platform/Developer/SDKs/XROS27.0.sdk -target arm64-apple-xros1.0 -g -module-cache-path /Users/admin/builder/spi-builder-workspace/.derivedData/ModuleCache.noindex -Xfrontend -serialize-debugging-options -profile-coverage-mapping -profile-generate -enable-testing -index-store-path /Users/admin/builder/spi-builder-workspace/.derivedData/Index.noindex/DataStore -Xcc -D_LIBCPP_HARDENING_MODE\=_LIBCPP_HARDENING_MODE_DEBUG -swift-version 5 -I /Users/admin/builder/spi-builder-workspace/.derivedData/Build/Products/Debug-xros -Isystem /Applications/Xcode-27.0.0-Release.Candidate.app/Contents/Developer/Platforms/XROS.platform/Developer/usr/lib -F /Users/admin/builder/spi-builder-workspace/.derivedData/Build/Products/Debug-xros -F /Applications/Xcode-27.0.0-Release.Candidate.app/Contents/Developer/Platforms/XROS.platform/Developer/Library/Frameworks -F /Applications/Xcode-27.0.0-Release.Candidate.app/Contents/Developer/Platforms/XROS.platform/Developer/SDKs/XROS27.0.sdk/Developer/Library/Frameworks -c -j10 -enable-batch-mode -incremental -Xcc -ivfsstatcache -Xcc /Users/admin/builder/spi-builder-workspace/.derivedData/SDKStatCaches.noindex/xros27.0-24M361-e829b21a6f8c9b70876ba0858053c044735bd543db762f57723cac368afd1ce4.sdkstatcache -output-file-map /Users/admin/builder/spi-builder-workspace/.derivedData/Build/Intermediates.noindex/OpenAIKit.build/Debug-xros/OpenAIKit-t.build/Objects-normal/arm64/OpenAIKit-OutputFileMap.json -save-temps -no-color-diagnostics -explicit-module-build -module-cache-path /Users/admin/builder/spi-builder-workspace/.derivedData/Build/Intermediates.noindex/SwiftExplicitPrecompiledModules -clang-scanner-module-cache-path /Users/admin/builder/spi-builder-workspace/.derivedData/ModuleCache.noindex -sdk-module-cache-path /Users/admin/builder/spi-builder-workspace/.derivedData/SDKExplicitPrecompiledModules -emit-dependencies -emit-module -emit-module-path /Users/admin/builder/spi-builder-workspace/.derivedData/Build/Intermediates.noindex/OpenAIKit.build/Debug-xros/OpenAIKit-t.build/Objects-normal/arm64/OpenAIKit.swiftmodule -serialize-diagnostics -dependency-scan-serialize-diagnostics-path /Users/admin/builder/spi-builder-workspace/.derivedData/Build/Intermediates.noindex/OpenAIKit.build/Debug-xros/OpenAIKit-t.build/Objects-normal/arm64/OpenAIKit-dependency-scan.dia -validate-clang-modules-once -clang-build-session-file /Users/admin/builder/spi-builder-workspace/.derivedData/ModuleCache.noindex/Session.modulevalidation -Xcc -fmodules-prune-interval\=86400 -Xcc -fmodules-prune-after\=345600 -package-name spi_builder_workspace -emit-const-values -const-gather-protocols-list /Users/admin/builder/spi-builder-workspace/.derivedData/Build/Intermediates.noindex/OpenAIKit.build/Debug-xros/OpenAIKit-t.build/Objects-normal/arm64/OpenAIKit_const_extract_protocols.json -Xcc -I/Users/admin/builder/spi-builder-workspace/.derivedData/Build/Products/Debug-xros/include -Xcc -I/Users/admin/builder/spi-builder-workspace/.derivedData/Build/Intermediates.noindex/OpenAIKit.build/Debug-xros/OpenAIKit-t.build/DerivedSources-normal/arm64 -Xcc -I/Users/admin/builder/spi-builder-workspace/.derivedData/Build/Intermediates.noindex/OpenAIKit.build/Debug-xros/OpenAIKit-t.build/DerivedSources/arm64 -Xcc -I/Users/admin/builder/spi-builder-workspace/.derivedData/Build/Intermediates.noindex/OpenAIKit.build/Debug-xros/OpenAIKit-t.build/DerivedSources -Xcc -DSWIFT_PACKAGE -Xcc -DDEBUG\=1 -emit-objc-header -emit-objc-header-path /Users/admin/builder/spi-builder-workspace/.derivedData/Build/Intermediates.noindex/OpenAIKit.build/Debug-xros/OpenAIKit-t.build/Objects-normal/arm64/OpenAIKit-Swift.h -working-directory /Users/admin/builder/spi-builder-workspace/.swiftpm/xcode -experimental-emit-module-separately -disable-cmo
SwiftDriverJobDiscovery normal arm64 Compiling ModelsEndpoint.swift, ModerationsEndpoint.swift, ResponsesEndpoint.swift (in target 'OpenAIKit' from project 'OpenAIKit')
SwiftDriverJobDiscovery normal arm64 Compiling AssistantsEndpoint.swift, AudioEndpoint.swift, BatchEndpoint.swift (in target 'OpenAIKit' from project 'OpenAIKit')
SwiftDriverJobDiscovery normal arm64 Compiling ThreadsEndpoint.swift, VectorStoresEndpoint.swift, OpenAIError+UI.swift (in target 'OpenAIKit' from project 'OpenAIKit')
SwiftDriverJobDiscovery normal arm64 Compiling FilesEndpoint.swift, FineTuningEndpoint.swift, ImagesEndpoint.swift (in target 'OpenAIKit' from project 'OpenAIKit')
SwiftDriverJobDiscovery normal arm64 Compiling ModelConstants.swift, Models.swift, Moderations.swift (in target 'OpenAIKit' from project 'OpenAIKit')
SwiftDriverJobDiscovery normal arm64 Compiling NetworkClient.swift, OpenAIError.swift, Request.swift, RetryHandler.swift (in target 'OpenAIKit' from project 'OpenAIKit')
SwiftDriverJobDiscovery normal arm64 Compiling Embeddings.swift, Files.swift, Images.swift (in target 'OpenAIKit' from project 'OpenAIKit')
SwiftDriverJobDiscovery normal arm64 Compiling Responses.swift, OpenAIKit.swift, JSONValue.swift (in target 'OpenAIKit' from project 'OpenAIKit')
SwiftDriverJobDiscovery normal arm64 Compiling BatchesEndpoint.swift, ChatEndpoint.swift, EmbeddingsEndpoint.swift (in target 'OpenAIKit' from project 'OpenAIKit')
SwiftDriverJobDiscovery normal arm64 Compiling Audio.swift, Batch.swift, Chat.swift (in target 'OpenAIKit' from project 'OpenAIKit')
SwiftMergeGeneratedHeaders /Users/admin/builder/spi-builder-workspace/.derivedData/Build/Intermediates.noindex/GeneratedModuleMaps-xros/OpenAIKit-Swift.h /Users/admin/builder/spi-builder-workspace/.derivedData/Build/Intermediates.noindex/OpenAIKit.build/Debug-xros/OpenAIKit-t.build/Objects-normal/arm64/OpenAIKit-Swift.h (in target 'OpenAIKit' from project 'OpenAIKit')
cd /Users/admin/builder/spi-builder-workspace
builtin-swiftHeaderTool -arch arm64 /Users/admin/builder/spi-builder-workspace/.derivedData/Build/Intermediates.noindex/OpenAIKit.build/Debug-xros/OpenAIKit-t.build/Objects-normal/arm64/OpenAIKit-Swift.h -o /Users/admin/builder/spi-builder-workspace/.derivedData/Build/Intermediates.noindex/GeneratedModuleMaps-xros/OpenAIKit-Swift.h
SwiftDriver\ Compilation OpenAIKit normal arm64 com.apple.xcode.tools.swift.compiler (in target 'OpenAIKit' from project 'OpenAIKit')
cd /Users/admin/builder/spi-builder-workspace/.swiftpm/xcode
builtin-Swift-Compilation -- /Applications/Xcode-27.0.0-Release.Candidate.app/Contents/Developer/Toolchains/XcodeDefault.xctoolchain/usr/bin/swiftc -parse-as-library -module-name OpenAIKit -Onone @/Users/admin/builder/spi-builder-workspace/.derivedData/Build/Intermediates.noindex/OpenAIKit.build/Debug-xros/OpenAIKit-t.build/Objects-normal/arm64/OpenAIKit.SwiftFileList -DSWIFT_PACKAGE -DDEBUG -DSWIFT_MODULE_RESOURCE_BUNDLE_UNAVAILABLE -DXcode -plugin-path /Applications/Xcode-27.0.0-Release.Candidate.app/Contents/Developer/Toolchains/XcodeDefault.xctoolchain/usr/lib/swift/host/plugins/testing -enable-experimental-feature DebugDescriptionMacro -sdk /Applications/Xcode-27.0.0-Release.Candidate.app/Contents/Developer/Platforms/XROS.platform/Developer/SDKs/XROS27.0.sdk -target arm64-apple-xros1.0 -g -module-cache-path /Users/admin/builder/spi-builder-workspace/.derivedData/ModuleCache.noindex -Xfrontend -serialize-debugging-options -profile-coverage-mapping -profile-generate -enable-testing -index-store-path /Users/admin/builder/spi-builder-workspace/.derivedData/Index.noindex/DataStore -Xcc -D_LIBCPP_HARDENING_MODE\=_LIBCPP_HARDENING_MODE_DEBUG -swift-version 5 -I /Users/admin/builder/spi-builder-workspace/.derivedData/Build/Products/Debug-xros -Isystem /Applications/Xcode-27.0.0-Release.Candidate.app/Contents/Developer/Platforms/XROS.platform/Developer/usr/lib -F /Users/admin/builder/spi-builder-workspace/.derivedData/Build/Products/Debug-xros -F /Applications/Xcode-27.0.0-Release.Candidate.app/Contents/Developer/Platforms/XROS.platform/Developer/Library/Frameworks -F /Applications/Xcode-27.0.0-Release.Candidate.app/Contents/Developer/Platforms/XROS.platform/Developer/SDKs/XROS27.0.sdk/Developer/Library/Frameworks -c -j10 -enable-batch-mode -incremental -Xcc -ivfsstatcache -Xcc /Users/admin/builder/spi-builder-workspace/.derivedData/SDKStatCaches.noindex/xros27.0-24M361-e829b21a6f8c9b70876ba0858053c044735bd543db762f57723cac368afd1ce4.sdkstatcache -output-file-map /Users/admin/builder/spi-builder-workspace/.derivedData/Build/Intermediates.noindex/OpenAIKit.build/Debug-xros/OpenAIKit-t.build/Objects-normal/arm64/OpenAIKit-OutputFileMap.json -save-temps -no-color-diagnostics -explicit-module-build -module-cache-path /Users/admin/builder/spi-builder-workspace/.derivedData/Build/Intermediates.noindex/SwiftExplicitPrecompiledModules -clang-scanner-module-cache-path /Users/admin/builder/spi-builder-workspace/.derivedData/ModuleCache.noindex -sdk-module-cache-path /Users/admin/builder/spi-builder-workspace/.derivedData/SDKExplicitPrecompiledModules -emit-dependencies -emit-module -emit-module-path /Users/admin/builder/spi-builder-workspace/.derivedData/Build/Intermediates.noindex/OpenAIKit.build/Debug-xros/OpenAIKit-t.build/Objects-normal/arm64/OpenAIKit.swiftmodule -serialize-diagnostics -dependency-scan-serialize-diagnostics-path /Users/admin/builder/spi-builder-workspace/.derivedData/Build/Intermediates.noindex/OpenAIKit.build/Debug-xros/OpenAIKit-t.build/Objects-normal/arm64/OpenAIKit-dependency-scan.dia -validate-clang-modules-once -clang-build-session-file /Users/admin/builder/spi-builder-workspace/.derivedData/ModuleCache.noindex/Session.modulevalidation -Xcc -fmodules-prune-interval\=86400 -Xcc -fmodules-prune-after\=345600 -package-name spi_builder_workspace -emit-const-values -const-gather-protocols-list /Users/admin/builder/spi-builder-workspace/.derivedData/Build/Intermediates.noindex/OpenAIKit.build/Debug-xros/OpenAIKit-t.build/Objects-normal/arm64/OpenAIKit_const_extract_protocols.json -Xcc -I/Users/admin/builder/spi-builder-workspace/.derivedData/Build/Products/Debug-xros/include -Xcc -I/Users/admin/builder/spi-builder-workspace/.derivedData/Build/Intermediates.noindex/OpenAIKit.build/Debug-xros/OpenAIKit-t.build/DerivedSources-normal/arm64 -Xcc -I/Users/admin/builder/spi-builder-workspace/.derivedData/Build/Intermediates.noindex/OpenAIKit.build/Debug-xros/OpenAIKit-t.build/DerivedSources/arm64 -Xcc -I/Users/admin/builder/spi-builder-workspace/.derivedData/Build/Intermediates.noindex/OpenAIKit.build/Debug-xros/OpenAIKit-t.build/DerivedSources -Xcc -DSWIFT_PACKAGE -Xcc -DDEBUG\=1 -emit-objc-header -emit-objc-header-path /Users/admin/builder/spi-builder-workspace/.derivedData/Build/Intermediates.noindex/OpenAIKit.build/Debug-xros/OpenAIKit-t.build/Objects-normal/arm64/OpenAIKit-Swift.h -working-directory /Users/admin/builder/spi-builder-workspace/.swiftpm/xcode -experimental-emit-module-separately -disable-cmo
Copy /Users/admin/builder/spi-builder-workspace/.derivedData/Build/Products/Debug-xros/OpenAIKit.swiftmodule/arm64-apple-xros.abi.json /Users/admin/builder/spi-builder-workspace/.derivedData/Build/Intermediates.noindex/OpenAIKit.build/Debug-xros/OpenAIKit-t.build/Objects-normal/arm64/OpenAIKit.abi.json (in target 'OpenAIKit' from project 'OpenAIKit')
cd /Users/admin/builder/spi-builder-workspace
builtin-copy -exclude .DS_Store -exclude CVS -exclude .svn -exclude .git -exclude .hg -resolve-src-symlinks -rename /Users/admin/builder/spi-builder-workspace/.derivedData/Build/Intermediates.noindex/OpenAIKit.build/Debug-xros/OpenAIKit-t.build/Objects-normal/arm64/OpenAIKit.abi.json /Users/admin/builder/spi-builder-workspace/.derivedData/Build/Products/Debug-xros/OpenAIKit.swiftmodule/arm64-apple-xros.abi.json
Copy /Users/admin/builder/spi-builder-workspace/.derivedData/Build/Products/Debug-xros/OpenAIKit.swiftmodule/arm64-apple-xros.swiftdoc /Users/admin/builder/spi-builder-workspace/.derivedData/Build/Intermediates.noindex/OpenAIKit.build/Debug-xros/OpenAIKit-t.build/Objects-normal/arm64/OpenAIKit.swiftdoc (in target 'OpenAIKit' from project 'OpenAIKit')
cd /Users/admin/builder/spi-builder-workspace
builtin-copy -exclude .DS_Store -exclude CVS -exclude .svn -exclude .git -exclude .hg -resolve-src-symlinks -rename /Users/admin/builder/spi-builder-workspace/.derivedData/Build/Intermediates.noindex/OpenAIKit.build/Debug-xros/OpenAIKit-t.build/Objects-normal/arm64/OpenAIKit.swiftdoc /Users/admin/builder/spi-builder-workspace/.derivedData/Build/Products/Debug-xros/OpenAIKit.swiftmodule/arm64-apple-xros.swiftdoc
Copy /Users/admin/builder/spi-builder-workspace/.derivedData/Build/Products/Debug-xros/OpenAIKit.swiftmodule/arm64-apple-xros.swiftmodule /Users/admin/builder/spi-builder-workspace/.derivedData/Build/Intermediates.noindex/OpenAIKit.build/Debug-xros/OpenAIKit-t.build/Objects-normal/arm64/OpenAIKit.swiftmodule (in target 'OpenAIKit' from project 'OpenAIKit')
cd /Users/admin/builder/spi-builder-workspace
builtin-copy -exclude .DS_Store -exclude CVS -exclude .svn -exclude .git -exclude .hg -resolve-src-symlinks -rename /Users/admin/builder/spi-builder-workspace/.derivedData/Build/Intermediates.noindex/OpenAIKit.build/Debug-xros/OpenAIKit-t.build/Objects-normal/arm64/OpenAIKit.swiftmodule /Users/admin/builder/spi-builder-workspace/.derivedData/Build/Products/Debug-xros/OpenAIKit.swiftmodule/arm64-apple-xros.swiftmodule
Copy /Users/admin/builder/spi-builder-workspace/.derivedData/Build/Products/Debug-xros/OpenAIKit.swiftmodule/Project/arm64-apple-xros.swiftsourceinfo /Users/admin/builder/spi-builder-workspace/.derivedData/Build/Intermediates.noindex/OpenAIKit.build/Debug-xros/OpenAIKit-t.build/Objects-normal/arm64/OpenAIKit.swiftsourceinfo (in target 'OpenAIKit' from project 'OpenAIKit')
cd /Users/admin/builder/spi-builder-workspace
builtin-copy -exclude .DS_Store -exclude CVS -exclude .svn -exclude .git -exclude .hg -resolve-src-symlinks -rename /Users/admin/builder/spi-builder-workspace/.derivedData/Build/Intermediates.noindex/OpenAIKit.build/Debug-xros/OpenAIKit-t.build/Objects-normal/arm64/OpenAIKit.swiftsourceinfo /Users/admin/builder/spi-builder-workspace/.derivedData/Build/Products/Debug-xros/OpenAIKit.swiftmodule/Project/arm64-apple-xros.swiftsourceinfo
Ld /Users/admin/builder/spi-builder-workspace/.derivedData/Build/Products/Debug-xros/OpenAIKit.o normal (in target 'OpenAIKit' from project 'OpenAIKit')
cd /Users/admin/builder/spi-builder-workspace
/Applications/Xcode-27.0.0-Release.Candidate.app/Contents/Developer/Toolchains/XcodeDefault.xctoolchain/usr/bin/clang -Xlinker -reproducible -target arm64-apple-xros1.0 -r -isysroot /Applications/Xcode-27.0.0-Release.Candidate.app/Contents/Developer/Platforms/XROS.platform/Developer/SDKs/XROS27.0.sdk -O0 -Xlinker -no_warn_duplicate_libraries -F/Users/admin/builder/spi-builder-workspace/.derivedData/Build/Intermediates.noindex/EagerLinkingTBDs/Debug-xros -F/Users/admin/builder/spi-builder-workspace/.derivedData/Build/Products/Debug-xros -iframework /Applications/Xcode-27.0.0-Release.Candidate.app/Contents/Developer/Platforms/XROS.platform/Developer/Library/Frameworks -iframework /Applications/Xcode-27.0.0-Release.Candidate.app/Contents/Developer/Platforms/XROS.platform/Developer/SDKs/XROS27.0.sdk/Developer/Library/Frameworks -filelist /Users/admin/builder/spi-builder-workspace/.derivedData/Build/Intermediates.noindex/OpenAIKit.build/Debug-xros/OpenAIKit-t.build/Objects-normal/arm64/OpenAIKit.LinkFileList -nostdlib -Xlinker -object_path_lto -Xlinker /Users/admin/builder/spi-builder-workspace/.derivedData/Build/Intermediates.noindex/OpenAIKit.build/Debug-xros/OpenAIKit-t.build/Objects-normal/arm64/OpenAIKit_lto.o -Xlinker -no_deduplicate -Xlinker -debug_variant -Xlinker -dependency_info -Xlinker /Users/admin/builder/spi-builder-workspace/.derivedData/Build/Intermediates.noindex/OpenAIKit.build/Debug-xros/OpenAIKit-t.build/Objects-normal/arm64/OpenAIKit_dependency_info.dat -fobjc-link-runtime -L/Applications/Xcode-27.0.0-Release.Candidate.app/Contents/Developer/Toolchains/XcodeDefault.xctoolchain/usr/lib/swift/xros -L/usr/lib/swift -Xlinker -add_ast_path -Xlinker /Users/admin/builder/spi-builder-workspace/.derivedData/Build/Intermediates.noindex/OpenAIKit.build/Debug-xros/OpenAIKit-t.build/Objects-normal/arm64/OpenAIKit.swiftmodule -o /Users/admin/builder/spi-builder-workspace/.derivedData/Build/Products/Debug-xros/OpenAIKit.o
SwiftDriver OpenAIKitTester normal arm64 com.apple.xcode.tools.swift.compiler (in target 'OpenAIKitTester-product' from project 'OpenAIKit')
cd /Users/admin/builder/spi-builder-workspace/.swiftpm/xcode
builtin-SwiftDriver -- /Applications/Xcode-27.0.0-Release.Candidate.app/Contents/Developer/Toolchains/XcodeDefault.xctoolchain/usr/bin/swiftc -parse-as-library -module-name OpenAIKitTester -Onone @/Users/admin/builder/spi-builder-workspace/.derivedData/Build/Intermediates.noindex/OpenAIKit.build/Debug-xros/OpenAIKitTester-p.build/Objects-normal/arm64/OpenAIKitTester.SwiftFileList -DSWIFT_PACKAGE -DDEBUG -DXcode -plugin-path /Applications/Xcode-27.0.0-Release.Candidate.app/Contents/Developer/Toolchains/XcodeDefault.xctoolchain/usr/lib/swift/host/plugins/testing -enable-experimental-feature DebugDescriptionMacro -sdk /Applications/Xcode-27.0.0-Release.Candidate.app/Contents/Developer/Platforms/XROS.platform/Developer/SDKs/XROS27.0.sdk -target arm64-apple-xros1.0 -g -module-cache-path /Users/admin/builder/spi-builder-workspace/.derivedData/ModuleCache.noindex -Xfrontend -serialize-debugging-options -profile-coverage-mapping -profile-generate -enable-testing -index-store-path /Users/admin/builder/spi-builder-workspace/.derivedData/Index.noindex/DataStore -Xcc -D_LIBCPP_HARDENING_MODE\=_LIBCPP_HARDENING_MODE_DEBUG -swift-version 5 -I /Users/admin/builder/spi-builder-workspace/.derivedData/Build/Products/Debug-xros -Isystem /Applications/Xcode-27.0.0-Release.Candidate.app/Contents/Developer/Platforms/XROS.platform/Developer/usr/lib -F /Users/admin/builder/spi-builder-workspace/.derivedData/Build/Products/Debug-xros/PackageFrameworks -F /Users/admin/builder/spi-builder-workspace/.derivedData/Build/Products/Debug-xros -F /Applications/Xcode-27.0.0-Release.Candidate.app/Contents/Developer/Platforms/XROS.platform/Developer/Library/Frameworks -F /Applications/Xcode-27.0.0-Release.Candidate.app/Contents/Developer/Platforms/XROS.platform/Developer/SDKs/XROS27.0.sdk/Developer/Library/Frameworks -c -j10 -enable-batch-mode -incremental -Xcc -ivfsstatcache -Xcc /Users/admin/builder/spi-builder-workspace/.derivedData/SDKStatCaches.noindex/xros27.0-24M361-e829b21a6f8c9b70876ba0858053c044735bd543db762f57723cac368afd1ce4.sdkstatcache -output-file-map /Users/admin/builder/spi-builder-workspace/.derivedData/Build/Intermediates.noindex/OpenAIKit.build/Debug-xros/OpenAIKitTester-p.build/Objects-normal/arm64/OpenAIKitTester-OutputFileMap.json -save-temps -no-color-diagnostics -explicit-module-build -module-cache-path /Users/admin/builder/spi-builder-workspace/.derivedData/Build/Intermediates.noindex/SwiftExplicitPrecompiledModules -clang-scanner-module-cache-path /Users/admin/builder/spi-builder-workspace/.derivedData/ModuleCache.noindex -sdk-module-cache-path /Users/admin/builder/spi-builder-workspace/.derivedData/SDKExplicitPrecompiledModules -emit-dependencies -emit-module -emit-module-path /Users/admin/builder/spi-builder-workspace/.derivedData/Build/Intermediates.noindex/OpenAIKit.build/Debug-xros/OpenAIKitTester-p.build/Objects-normal/arm64/OpenAIKitTester.swiftmodule -serialize-diagnostics -dependency-scan-serialize-diagnostics-path /Users/admin/builder/spi-builder-workspace/.derivedData/Build/Intermediates.noindex/OpenAIKit.build/Debug-xros/OpenAIKitTester-p.build/Objects-normal/arm64/OpenAIKitTester-dependency-scan.dia -validate-clang-modules-once -clang-build-session-file /Users/admin/builder/spi-builder-workspace/.derivedData/ModuleCache.noindex/Session.modulevalidation -Xcc -fmodules-prune-interval\=86400 -Xcc -fmodules-prune-after\=345600 -package-name spi_builder_workspace -emit-const-values -const-gather-protocols-list /Users/admin/builder/spi-builder-workspace/.derivedData/Build/Intermediates.noindex/OpenAIKit.build/Debug-xros/OpenAIKitTester-p.build/Objects-normal/arm64/OpenAIKitTester_const_extract_protocols.json -Xcc -I/Users/admin/builder/spi-builder-workspace/.derivedData/Build/Products/Debug-xros/include -Xcc -I/Users/admin/builder/spi-builder-workspace/.derivedData/Build/Intermediates.noindex/OpenAIKit.build/Debug-xros/OpenAIKitTester-p.build/DerivedSources-normal/arm64 -Xcc -I/Users/admin/builder/spi-builder-workspace/.derivedData/Build/Intermediates.noindex/OpenAIKit.build/Debug-xros/OpenAIKitTester-p.build/DerivedSources/arm64 -Xcc -I/Users/admin/builder/spi-builder-workspace/.derivedData/Build/Intermediates.noindex/OpenAIKit.build/Debug-xros/OpenAIKitTester-p.build/DerivedSources -Xcc -DSWIFT_PACKAGE -Xcc -DDEBUG\=1 -working-directory /Users/admin/builder/spi-builder-workspace/.swiftpm/xcode -experimental-emit-module-separately -disable-cmo
ExtractAppIntentsMetadata (in target 'OpenAIKit' from project 'OpenAIKit')
cd /Users/admin/builder/spi-builder-workspace
/Applications/Xcode-27.0.0-Release.Candidate.app/Contents/Developer/Toolchains/XcodeDefault.xctoolchain/usr/bin/appintentsmetadataprocessor --toolchain-dir /var/run/com.apple.security.cryptexd/mnt/com.apple.MobileAsset.MetalToolchain-v27.1.266.1.CIaSPK/Metal.xctoolchain --module-name OpenAIKit --sdk-root /Applications/Xcode-27.0.0-Release.Candidate.app/Contents/Developer/Platforms/XROS.platform/Developer/SDKs/XROS27.0.sdk --xcode-version 27A266a --platform-family xrOS --deployment-target 1.0 --bundle-identifier spi-builder-workspace.OpenAIKit --output /Users/admin/builder/spi-builder-workspace/.derivedData/Build/Products/Debug-xros/OpenAIKit.appintents --target-triple arm64-apple-xros1.0 --binary-file /Users/admin/builder/spi-builder-workspace/.derivedData/Build/Products/Debug-xros/OpenAIKit.o --dependency-file /Users/admin/builder/spi-builder-workspace/.derivedData/Build/Intermediates.noindex/OpenAIKit.build/Debug-xros/OpenAIKit-t.build/Objects-normal/arm64/OpenAIKit_dependency_info.dat --stringsdata-file /Users/admin/builder/spi-builder-workspace/.derivedData/Build/Intermediates.noindex/OpenAIKit.build/Debug-xros/OpenAIKit-t.build/Objects-normal/arm64/ExtractedAppShortcutsMetadata.stringsdata --source-file-list /Users/admin/builder/spi-builder-workspace/.derivedData/Build/Intermediates.noindex/OpenAIKit.build/Debug-xros/OpenAIKit-t.build/Objects-normal/arm64/OpenAIKit.SwiftFileList --metadata-file-list /Users/admin/builder/spi-builder-workspace/.derivedData/Build/Intermediates.noindex/OpenAIKit.build/Debug-xros/OpenAIKit-t.build/OpenAIKit.DependencyMetadataFileList --static-metadata-file-list /Users/admin/builder/spi-builder-workspace/.derivedData/Build/Intermediates.noindex/OpenAIKit.build/Debug-xros/OpenAIKit-t.build/OpenAIKit.DependencyStaticMetadataFileList --swift-const-vals-list /Users/admin/builder/spi-builder-workspace/.derivedData/Build/Intermediates.noindex/OpenAIKit.build/Debug-xros/OpenAIKit-t.build/Objects-normal/arm64/OpenAIKit.SwiftConstValuesFileList --force --compile-time-extraction --deployment-aware-processing --no-app-shortcuts-localization
2026-09-22 12:23:23.531 appintentsmetadataprocessor[1169:7114] Starting appintentsmetadataprocessor export
2026-09-22 12:23:23.623 appintentsmetadataprocessor[1169:7114] Extracted no relevant App Intents symbols, skipping writing output
SwiftCompile normal arm64 Compiling\ ChatTests.swift,\ DeepResearchTests.swift /Users/admin/builder/spi-builder-workspace/Sources/OpenAIKitTester/Tests/ChatTests.swift /Users/admin/builder/spi-builder-workspace/Sources/OpenAIKitTester/Tests/DeepResearchTests.swift (in target 'OpenAIKitTester-product' from project 'OpenAIKit')
SwiftCompile normal arm64 /Users/admin/builder/spi-builder-workspace/Sources/OpenAIKitTester/Tests/ChatTests.swift (in target 'OpenAIKitTester-product' from project 'OpenAIKit')
cd /Users/admin/builder/spi-builder-workspace/.swiftpm/xcode
builtin-SwiftPerFileCompile ChatTests.swift
SwiftCompile normal arm64 /Users/admin/builder/spi-builder-workspace/Sources/OpenAIKitTester/Tests/DeepResearchTests.swift (in target 'OpenAIKitTester-product' from project 'OpenAIKit')
cd /Users/admin/builder/spi-builder-workspace/.swiftpm/xcode
builtin-SwiftPerFileCompile DeepResearchTests.swift
SwiftCompile normal arm64 Compiling\ TestConfiguration.swift,\ OpenAIKitTester.swift /Users/admin/builder/spi-builder-workspace/Sources/OpenAIKitTester/Configuration/TestConfiguration.swift /Users/admin/builder/spi-builder-workspace/Sources/OpenAIKitTester/OpenAIKitTester.swift (in target 'OpenAIKitTester-product' from project 'OpenAIKit')
SwiftCompile normal arm64 /Users/admin/builder/spi-builder-workspace/Sources/OpenAIKitTester/Configuration/TestConfiguration.swift (in target 'OpenAIKitTester-product' from project 'OpenAIKit')
cd /Users/admin/builder/spi-builder-workspace/.swiftpm/xcode
builtin-SwiftPerFileCompile TestConfiguration.swift
SwiftCompile normal arm64 /Users/admin/builder/spi-builder-workspace/Sources/OpenAIKitTester/OpenAIKitTester.swift (in target 'OpenAIKitTester-product' from project 'OpenAIKit')
cd /Users/admin/builder/spi-builder-workspace/.swiftpm/xcode
builtin-SwiftPerFileCompile OpenAIKitTester.swift
SwiftCompile normal arm64 Compiling\ TestRunner.swift,\ AdvancedTests.swift /Users/admin/builder/spi-builder-workspace/Sources/OpenAIKitTester/TestRunner.swift /Users/admin/builder/spi-builder-workspace/Sources/OpenAIKitTester/Tests/AdvancedTests.swift (in target 'OpenAIKitTester-product' from project 'OpenAIKit')
SwiftCompile normal arm64 /Users/admin/builder/spi-builder-workspace/Sources/OpenAIKitTester/TestRunner.swift (in target 'OpenAIKitTester-product' from project 'OpenAIKit')
cd /Users/admin/builder/spi-builder-workspace/.swiftpm/xcode
builtin-SwiftPerFileCompile TestRunner.swift
SwiftCompile normal arm64 /Users/admin/builder/spi-builder-workspace/Sources/OpenAIKitTester/Tests/AdvancedTests.swift (in target 'OpenAIKitTester-product' from project 'OpenAIKit')
cd /Users/admin/builder/spi-builder-workspace/.swiftpm/xcode
builtin-SwiftPerFileCompile AdvancedTests.swift
SwiftCompile normal arm64 Compiling\ ImageTests.swift /Users/admin/builder/spi-builder-workspace/Sources/OpenAIKitTester/Tests/ImageTests.swift (in target 'OpenAIKitTester-product' from project 'OpenAIKit')
SwiftCompile normal arm64 /Users/admin/builder/spi-builder-workspace/Sources/OpenAIKitTester/Tests/ImageTests.swift (in target 'OpenAIKitTester-product' from project 'OpenAIKit')
cd /Users/admin/builder/spi-builder-workspace/.swiftpm/xcode
builtin-SwiftPerFileCompile ImageTests.swift
SwiftCompile normal arm64 Compiling\ TestProtocol.swift /Users/admin/builder/spi-builder-workspace/Sources/OpenAIKitTester/Utilities/TestProtocol.swift (in target 'OpenAIKitTester-product' from project 'OpenAIKit')
SwiftCompile normal arm64 /Users/admin/builder/spi-builder-workspace/Sources/OpenAIKitTester/Utilities/TestProtocol.swift (in target 'OpenAIKitTester-product' from project 'OpenAIKit')
cd /Users/admin/builder/spi-builder-workspace/.swiftpm/xcode
builtin-SwiftPerFileCompile TestProtocol.swift
SwiftCompile normal arm64 Compiling\ ModerationTests.swift /Users/admin/builder/spi-builder-workspace/Sources/OpenAIKitTester/Tests/ModerationTests.swift (in target 'OpenAIKitTester-product' from project 'OpenAIKit')
SwiftCompile normal arm64 /Users/admin/builder/spi-builder-workspace/Sources/OpenAIKitTester/Tests/ModerationTests.swift (in target 'OpenAIKitTester-product' from project 'OpenAIKit')
cd /Users/admin/builder/spi-builder-workspace/.swiftpm/xcode
builtin-SwiftPerFileCompile ModerationTests.swift
SwiftCompile normal arm64 Compiling\ EdgeCaseTests.swift,\ EmbeddingTests.swift /Users/admin/builder/spi-builder-workspace/Sources/OpenAIKitTester/Tests/EdgeCaseTests.swift /Users/admin/builder/spi-builder-workspace/Sources/OpenAIKitTester/Tests/EmbeddingTests.swift (in target 'OpenAIKitTester-product' from project 'OpenAIKit')
SwiftCompile normal arm64 /Users/admin/builder/spi-builder-workspace/Sources/OpenAIKitTester/Tests/EdgeCaseTests.swift (in target 'OpenAIKitTester-product' from project 'OpenAIKit')
cd /Users/admin/builder/spi-builder-workspace/.swiftpm/xcode
builtin-SwiftPerFileCompile EdgeCaseTests.swift
SwiftCompile normal arm64 /Users/admin/builder/spi-builder-workspace/Sources/OpenAIKitTester/Tests/EmbeddingTests.swift (in target 'OpenAIKitTester-product' from project 'OpenAIKit')
cd /Users/admin/builder/spi-builder-workspace/.swiftpm/xcode
builtin-SwiftPerFileCompile EmbeddingTests.swift
SwiftCompile normal arm64 Compiling\ FileTests.swift,\ GptImage1Test.swift /Users/admin/builder/spi-builder-workspace/Sources/OpenAIKitTester/Tests/FileTests.swift /Users/admin/builder/spi-builder-workspace/Sources/OpenAIKitTester/Tests/GptImage1Test.swift (in target 'OpenAIKitTester-product' from project 'OpenAIKit')
SwiftCompile normal arm64 /Users/admin/builder/spi-builder-workspace/Sources/OpenAIKitTester/Tests/FileTests.swift (in target 'OpenAIKitTester-product' from project 'OpenAIKit')
cd /Users/admin/builder/spi-builder-workspace/.swiftpm/xcode
builtin-SwiftPerFileCompile FileTests.swift
SwiftCompile normal arm64 /Users/admin/builder/spi-builder-workspace/Sources/OpenAIKitTester/Tests/GptImage1Test.swift (in target 'OpenAIKitTester-product' from project 'OpenAIKit')
cd /Users/admin/builder/spi-builder-workspace/.swiftpm/xcode
builtin-SwiftPerFileCompile GptImage1Test.swift
SwiftCompile normal arm64 Compiling\ AudioTests.swift,\ BatchTests.swift /Users/admin/builder/spi-builder-workspace/Sources/OpenAIKitTester/Tests/AudioTests.swift /Users/admin/builder/spi-builder-workspace/Sources/OpenAIKitTester/Tests/BatchTests.swift (in target 'OpenAIKitTester-product' from project 'OpenAIKit')
/Users/admin/builder/spi-builder-workspace/Sources/OpenAIKitTester/Tests/AudioTests.swift:21:31: error: cannot find 'Process' in scope
19 | if !FileManager.default.fileExists(atPath: audioURL.path) {
20 | // Create a simple sine wave audio file using the shell
21 | let process = Process()
| `- error: cannot find 'Process' in scope
22 | process.executableURL = URL(fileURLWithPath: "/usr/bin/ffmpeg")
23 | process.arguments = [
Failed frontend command:
/Applications/Xcode-27.0.0-Release.Candidate.app/Contents/Developer/Toolchains/XcodeDefault.xctoolchain/usr/bin/swift-frontend -frontend -c /Users/admin/builder/spi-builder-workspace/Sources/OpenAIKitTester/Configuration/TestConfiguration.swift /Users/admin/builder/spi-builder-workspace/Sources/OpenAIKitTester/OpenAIKitTester.swift /Users/admin/builder/spi-builder-workspace/Sources/OpenAIKitTester/TestRunner.swift /Users/admin/builder/spi-builder-workspace/Sources/OpenAIKitTester/Tests/AdvancedTests.swift -primary-file /Users/admin/builder/spi-builder-workspace/Sources/OpenAIKitTester/Tests/AudioTests.swift -primary-file /Users/admin/builder/spi-builder-workspace/Sources/OpenAIKitTester/Tests/BatchTests.swift /Users/admin/builder/spi-builder-workspace/Sources/OpenAIKitTester/Tests/ChatTests.swift /Users/admin/builder/spi-builder-workspace/Sources/OpenAIKitTester/Tests/DeepResearchTests.swift /Users/admin/builder/spi-builder-workspace/Sources/OpenAIKitTester/Tests/EdgeCaseTests.swift /Users/admin/builder/spi-builder-workspace/Sources/OpenAIKitTester/Tests/EmbeddingTests.swift /Users/admin/builder/spi-builder-workspace/Sources/OpenAIKitTester/Tests/FileTests.swift /Users/admin/builder/spi-builder-workspace/Sources/OpenAIKitTester/Tests/GptImage1Test.swift /Users/admin/builder/spi-builder-workspace/Sources/OpenAIKitTester/Tests/ImageTests.swift /Users/admin/builder/spi-builder-workspace/Sources/OpenAIKitTester/Tests/ModelTests.swift /Users/admin/builder/spi-builder-workspace/Sources/OpenAIKitTester/Tests/ModerationTests.swift /Users/admin/builder/spi-builder-workspace/Sources/OpenAIKitTester/Utilities/TestProtocol.swift -emit-dependencies-path /Users/admin/builder/spi-builder-workspace/.derivedData/Build/Intermediates.noindex/OpenAIKit.build/Debug-xros/OpenAIKitTester-p.build/Objects-normal/arm64/AudioTests.d -emit-const-values-path /Users/admin/builder/spi-builder-workspace/.derivedData/Build/Intermediates.noindex/OpenAIKit.build/Debug-xros/OpenAIKitTester-p.build/Objects-normal/arm64/AudioTests.swiftconstvalues -emit-reference-dependencies-path /Users/admin/builder/spi-builder-workspace/.derivedData/Build/Intermediates.noindex/OpenAIKit.build/Debug-xros/OpenAIKitTester-p.build/Objects-normal/arm64/AudioTests.swiftdeps -serialize-diagnostics-path /Users/admin/builder/spi-builder-workspace/.derivedData/Build/Intermediates.noindex/OpenAIKit.build/Debug-xros/OpenAIKitTester-p.build/Objects-normal/arm64/AudioTests.dia -emit-dependencies-path /Users/admin/builder/spi-builder-workspace/.derivedData/Build/Intermediates.noindex/OpenAIKit.build/Debug-xros/OpenAIKitTester-p.build/Objects-normal/arm64/BatchTests.d -emit-const-values-path /Users/admin/builder/spi-builder-workspace/.derivedData/Build/Intermediates.noindex/OpenAIKit.build/Debug-xros/OpenAIKitTester-p.build/Objects-normal/arm64/BatchTests.swiftconstvalues -emit-reference-dependencies-path /Users/admin/builder/spi-builder-workspace/.derivedData/Build/Intermediates.noindex/OpenAIKit.build/Debug-xros/OpenAIKitTester-p.build/Objects-normal/arm64/BatchTests.swiftdeps -serialize-diagnostics-path /Users/admin/builder/spi-builder-workspace/.derivedData/Build/Intermediates.noindex/OpenAIKit.build/Debug-xros/OpenAIKitTester-p.build/Objects-normal/arm64/BatchTests.dia -target arm64-apple-xros1.0 -disable-cross-import-overlay-search -load-resolved-plugin /Applications/Xcode-27.0.0-Release.Candidate.app/Contents/Developer/Platforms/XROS.platform/Developer/usr/lib/swift/host/plugins/libFoundationMacros.dylib\#/Applications/Xcode-27.0.0-Release.Candidate.app/Contents/Developer/Platforms/XROS.platform/Developer/usr/bin/swift-plugin-server\#FoundationMacros -load-resolved-plugin /Applications/Xcode-27.0.0-Release.Candidate.app/Contents/Developer/Platforms/XROS.platform/Developer/usr/lib/swift/host/plugins/libObservationMacros.dylib\#/Applications/Xcode-27.0.0-Release.Candidate.app/Contents/Developer/Platforms/XROS.platform/Developer/usr/bin/swift-plugin-server\#ObservationMacros -load-resolved-plugin /Applications/Xcode-27.0.0-Release.Candidate.app/Contents/Developer/Platforms/XROS.platform/Developer/usr/lib/swift/host/plugins/libSwiftMacros.dylib\#/Applications/Xcode-27.0.0-Release.Candidate.app/Contents/Developer/Platforms/XROS.platform/Developer/usr/bin/swift-plugin-server\#SwiftMacros -disable-implicit-swift-modules -Xcc -fno-implicit-modules -Xcc -fno-implicit-module-maps -explicit-swift-module-map-file /Users/admin/builder/spi-builder-workspace/.derivedData/Build/Intermediates.noindex/OpenAIKit.build/Debug-xros/OpenAIKitTester-p.build/Objects-normal/arm64/OpenAIKitTester-dependencies-1.json -Xllvm -aarch64-use-tbi -enable-objc-interop -stack-check -sdk /Applications/Xcode-27.0.0-Release.Candidate.app/Contents/Developer/Platforms/XROS.platform/Developer/SDKs/XROS27.0.sdk -I /Users/admin/builder/spi-builder-workspace/.derivedData/Build/Products/Debug-xros -Isystem /Applications/Xcode-27.0.0-Release.Candidate.app/Contents/Developer/Platforms/XROS.platform/Developer/usr/lib -F /Users/admin/builder/spi-builder-workspace/.derivedData/Build/Products/Debug-xros/PackageFrameworks -F /Users/admin/builder/spi-builder-workspace/.derivedData/Build/Products/Debug-xros -F /Applications/Xcode-27.0.0-Release.Candidate.app/Contents/Developer/Platforms/XROS.platform/Developer/Library/Frameworks -F /Applications/Xcode-27.0.0-Release.Candidate.app/Contents/Developer/Platforms/XROS.platform/Developer/SDKs/XROS27.0.sdk/Developer/Library/Frameworks -module-cache-path /Users/admin/builder/spi-builder-workspace/.derivedData/Build/Intermediates.noindex/SwiftExplicitPrecompiledModules -no-color-diagnostics -Xcc -fno-color-diagnostics -enable-testing -g -debug-info-format\=dwarf -dwarf-version\=4 -profile-generate -profile-coverage-mapping -swift-version 5 -Onone -D SWIFT_PACKAGE -D DEBUG -D Xcode -serialize-debugging-options -enable-experimental-feature DebugDescriptionMacro -empty-abi-descriptor -validate-clang-modules-once -clang-build-session-file /Users/admin/builder/spi-builder-workspace/.derivedData/ModuleCache.noindex/Session.modulevalidation -Xcc -working-directory -Xcc /Users/admin/builder/spi-builder-workspace/.swiftpm/xcode -enable-anonymous-context-mangled-names -file-compilation-dir /Users/admin/builder/spi-builder-workspace/.swiftpm/xcode -Xcc -D_LIBCPP_HARDENING_MODE\=_LIBCPP_HARDENING_MODE_DEBUG -Xcc -ivfsstatcache -Xcc /Users/admin/builder/spi-builder-workspace/.derivedData/SDKStatCaches.noindex/xros27.0-24M361-e829b21a6f8c9b70876ba0858053c044735bd543db762f57723cac368afd1ce4.sdkstatcache -Xcc -fmodules-prune-interval\=86400 -Xcc -fmodules-prune-after\=345600 -Xcc -I/Users/admin/builder/spi-builder-workspace/.derivedData/Build/Products/Debug-xros/include -Xcc -I/Users/admin/builder/spi-builder-workspace/.derivedData/Build/Intermediates.noindex/OpenAIKit.build/Debug-xros/OpenAIKitTester-p.build/DerivedSources-normal/arm64 -Xcc -I/Users/admin/builder/spi-builder-workspace/.derivedData/Build/Intermediates.noindex/OpenAIKit.build/Debug-xros/OpenAIKitTester-p.build/DerivedSources/arm64 -Xcc -I/Users/admin/builder/spi-builder-workspace/.derivedData/Build/Intermediates.noindex/OpenAIKit.build/Debug-xros/OpenAIKitTester-p.build/DerivedSources -Xcc -DSWIFT_PACKAGE -Xcc -DDEBUG\=1 -no-auto-bridging-header-chaining -module-name OpenAIKitTester -package-name spi_builder_workspace -const-gather-protocols-file /Users/admin/builder/spi-builder-workspace/.derivedData/Build/Intermediates.noindex/OpenAIKit.build/Debug-xros/OpenAIKitTester-p.build/Objects-normal/arm64/OpenAIKitTester_const_extract_protocols.json -disable-clang-spi -clang-target arm64-apple-xros27.0 -target-sdk-version 27.0 -target-sdk-name xros27.0 -in-process-plugin-server-path /Applications/Xcode-27.0.0-Release.Candidate.app/Contents/Developer/Toolchains/XcodeDefault.xctoolchain/usr/lib/swift/host/libSwiftInProcPluginServer.dylib -parse-as-library -o /Users/admin/builder/spi-builder-workspace/.derivedData/Build/Intermediates.noindex/OpenAIKit.build/Debug-xros/OpenAIKitTester-p.build/Objects-normal/arm64/AudioTests.o -o /Users/admin/builder/spi-builder-workspace/.derivedData/Build/Intermediates.noindex/OpenAIKit.build/Debug-xros/OpenAIKitTester-p.build/Objects-normal/arm64/BatchTests.o -debug-module-path /Users/admin/builder/spi-builder-workspace/.derivedData/Build/Intermediates.noindex/OpenAIKit.build/Debug-xros/OpenAIKitTester-p.build/Objects-normal/arm64/OpenAIKitTester.swiftmodule -index-unit-output-path /OpenAIKit.build/Debug-xros/OpenAIKitTester-p.build/Objects-normal/arm64/AudioTests.o -index-unit-output-path /OpenAIKit.build/Debug-xros/OpenAIKitTester-p.build/Objects-normal/arm64/BatchTests.o -index-store-path /Users/admin/builder/spi-builder-workspace/.derivedData/Index.noindex/DataStore -index-system-modules
SwiftCompile normal arm64 /Users/admin/builder/spi-builder-workspace/Sources/OpenAIKitTester/Tests/AudioTests.swift (in target 'OpenAIKitTester-product' from project 'OpenAIKit')
cd /Users/admin/builder/spi-builder-workspace/.swiftpm/xcode
builtin-SwiftPerFileCompile AudioTests.swift
SwiftCompile normal arm64 /Users/admin/builder/spi-builder-workspace/Sources/OpenAIKitTester/Tests/BatchTests.swift (in target 'OpenAIKitTester-product' from project 'OpenAIKit')
cd /Users/admin/builder/spi-builder-workspace/.swiftpm/xcode
builtin-SwiftPerFileCompile BatchTests.swift
SwiftCompile normal arm64 Compiling\ ModelTests.swift /Users/admin/builder/spi-builder-workspace/Sources/OpenAIKitTester/Tests/ModelTests.swift (in target 'OpenAIKitTester-product' from project 'OpenAIKit')
SwiftCompile normal arm64 /Users/admin/builder/spi-builder-workspace/Sources/OpenAIKitTester/Tests/ModelTests.swift (in target 'OpenAIKitTester-product' from project 'OpenAIKit')
cd /Users/admin/builder/spi-builder-workspace/.swiftpm/xcode
builtin-SwiftPerFileCompile ModelTests.swift
SwiftEmitModule normal arm64 Emitting\ module\ for\ OpenAIKitTester (in target 'OpenAIKitTester-product' from project 'OpenAIKit')
SwiftCompile normal arm64 (in target 'OpenAIKitTester-product' from project 'OpenAIKit')
cd /Users/admin/builder/spi-builder-workspace/.swiftpm/xcode
SwiftDriverJobDiscovery normal arm64 Compiling ModerationTests.swift (in target 'OpenAIKitTester-product' from project 'OpenAIKit')
PruneExplicitPrecompiledModules /Users/admin/builder/spi-builder-workspace/.derivedData/Build/Intermediates.noindex/ExplicitPrecompiledModules
PruneExplicitPrecompiledModules /Users/admin/builder/spi-builder-workspace/.derivedData/Build/Intermediates.noindex/SwiftExplicitPrecompiledModules
PruneExplicitPrecompiledModules /Users/admin/builder/spi-builder-workspace/.derivedData/SDKExplicitPrecompiledModules
2026-09-22 12:23:10.298 xcodebuild[983:6072] [MT] IDERunDestination: Supported platforms for the buildables in the current scheme is empty.
** BUILD FAILED **
The following build commands failed:
SwiftCompile normal arm64 Compiling\ AudioTests.swift,\ BatchTests.swift /Users/admin/builder/spi-builder-workspace/Sources/OpenAIKitTester/Tests/AudioTests.swift /Users/admin/builder/spi-builder-workspace/Sources/OpenAIKitTester/Tests/BatchTests.swift (in target 'OpenAIKitTester-product' from project 'OpenAIKit')
SwiftCompile normal arm64 /Users/admin/builder/spi-builder-workspace/Sources/OpenAIKitTester/Tests/AudioTests.swift (in target 'OpenAIKitTester-product' from project 'OpenAIKit')
Building workspace OpenAIKit with scheme OpenAIKit-Package
(3 failures)
Command line invocation:
/Applications/Xcode-27.0.0-Release.Candidate.app/Contents/Developer/usr/bin/xcodebuild -IDEClonedSourcePackagesDirPathOverride=/Users/admin/builder/spi-builder-workspace/.dependencies -resolvePackageDependencies
Resolve Package Graph
Resolved source packages:
OpenAIKit: /Users/admin/builder/spi-builder-workspace
SymbolKit: https://github.com/swiftlang/swift-docc-symbolkit @ 1.0.0
SwiftDocCPlugin: https://github.com/apple/swift-docc-plugin @ 1.5.0
resolved source packages: OpenAIKit, SymbolKit, SwiftDocCPlugin
2026-09-22 12:23:31.075 xcodebuild[1181:7208] [MT] IDERunDestination: Supported platforms for the buildables in the current scheme is empty.
{
"dependencies" : [
{
"identity" : "swift-docc-plugin",
"requirement" : {
"range" : [
{
"lower_bound" : "1.0.0",
"upper_bound" : "2.0.0"
}
]
},
"type" : "sourceControl",
"url" : "https://github.com/apple/swift-docc-plugin"
}
],
"manifest_display_name" : "OpenAIKit",
"name" : "OpenAIKit",
"path" : "/Users/admin/builder/spi-builder-workspace",
"platforms" : [
{
"name" : "ios",
"version" : "15.0"
},
{
"name" : "macos",
"version" : "13.0"
},
{
"name" : "watchos",
"version" : "8.0"
},
{
"name" : "tvos",
"version" : "15.0"
},
{
"name" : "visionos",
"version" : "1.0"
}
],
"products" : [
{
"name" : "OpenAIKit",
"targets" : [
"OpenAIKit"
],
"type" : {
"library" : [
"automatic"
]
}
},
{
"name" : "OpenAIKitTester",
"targets" : [
"OpenAIKitTester"
],
"type" : {
"executable" : null
}
}
],
"targets" : [
{
"c99name" : "OpenAIKitTests",
"module_type" : "SwiftTarget",
"name" : "OpenAIKitTests",
"path" : "Tests/OpenAIKitTests",
"sources" : [
"AudioModelsTests.swift",
"ChatModelsTests.swift",
"ConfigurationTests.swift",
"EmbeddingModelsTests.swift",
"EnhancedErrorHandlingTests.swift",
"ErrorHandlingTests.swift",
"JSONValueTests.swift",
"ModelConstantsTests.swift",
"OpenAIKitTests.swift",
"RequestSerializationTests.swift",
"ResponseParsingTests.swift"
],
"target_dependencies" : [
"OpenAIKit"
],
"type" : "test"
},
{
"c99name" : "OpenAIKitTester",
"module_type" : "SwiftTarget",
"name" : "OpenAIKitTester",
"path" : "Sources/OpenAIKitTester",
"product_memberships" : [
"OpenAIKitTester"
],
"sources" : [
"Configuration/TestConfiguration.swift",
"OpenAIKitTester.swift",
"TestRunner.swift",
"Tests/AdvancedTests.swift",
"Tests/AudioTests.swift",
"Tests/BatchTests.swift",
"Tests/ChatTests.swift",
"Tests/DeepResearchTests.swift",
"Tests/EdgeCaseTests.swift",
"Tests/EmbeddingTests.swift",
"Tests/FileTests.swift",
"Tests/GptImage1Test.swift",
"Tests/ImageTests.swift",
"Tests/ModelTests.swift",
"Tests/ModerationTests.swift",
"Utilities/TestProtocol.swift"
],
"target_dependencies" : [
"OpenAIKit"
],
"type" : "executable"
},
{
"c99name" : "OpenAIKit",
"module_type" : "SwiftTarget",
"name" : "OpenAIKit",
"path" : "Sources/OpenAIKit",
"product_memberships" : [
"OpenAIKit",
"OpenAIKitTester"
],
"sources" : [
"Core/NetworkClient.swift",
"Core/OpenAIError.swift",
"Core/Request.swift",
"Core/RetryHandler.swift",
"Endpoints/AssistantsEndpoint.swift",
"Endpoints/AudioEndpoint.swift",
"Endpoints/BatchEndpoint.swift",
"Endpoints/BatchesEndpoint.swift",
"Endpoints/ChatEndpoint.swift",
"Endpoints/EmbeddingsEndpoint.swift",
"Endpoints/FilesEndpoint.swift",
"Endpoints/FineTuningEndpoint.swift",
"Endpoints/ImagesEndpoint.swift",
"Endpoints/ModelsEndpoint.swift",
"Endpoints/ModerationsEndpoint.swift",
"Endpoints/ResponsesEndpoint.swift",
"Endpoints/ThreadsEndpoint.swift",
"Endpoints/VectorStoresEndpoint.swift",
"Extensions/OpenAIError+UI.swift",
"Models/Audio.swift",
"Models/Batch.swift",
"Models/Chat.swift",
"Models/Embeddings.swift",
"Models/Files.swift",
"Models/Images.swift",
"Models/ModelConstants.swift",
"Models/Models.swift",
"Models/Moderations.swift",
"Models/Responses.swift",
"OpenAIKit.swift",
"Utilities/JSONValue.swift"
],
"type" : "library"
}
],
"tools_version" : "5.9"
}
{
"workspace" : {
"name" : "OpenAIKit",
"schemes" : [
"OpenAIKit",
"OpenAIKit-Package",
"OpenAIKitTester"
]
}
}
2026-09-22 12:23:38.665 xcodebuild[1239:7595] [MT] IDERunDestination: Supported platforms for the buildables in the current scheme is empty.
{
"workspace" : {
"name" : "OpenAIKit",
"schemes" : [
"OpenAIKit",
"OpenAIKit-Package",
"OpenAIKitTester"
]
}
}
2026-09-22 12:23:46.337 xcodebuild[1291:7956] [MT] IDERunDestination: Supported platforms for the buildables in the current scheme is empty.
Running build ...
env DEVELOPER_DIR=/Applications/Xcode-27.0.0-Release.Candidate.app xcrun xcodebuild -IDEClonedSourcePackagesDirPathOverride=$PWD/.dependencies -skipMacroValidation -skipPackagePluginValidation -derivedDataPath $PWD/.derivedData build -scheme OpenAIKit-Package -destination generic/platform=xrOS
Command line invocation:
/Applications/Xcode-27.0.0-Release.Candidate.app/Contents/Developer/usr/bin/xcodebuild -IDEClonedSourcePackagesDirPathOverride=/Users/admin/builder/spi-builder-workspace/.dependencies -skipMacroValidation -skipPackagePluginValidation -derivedDataPath /Users/admin/builder/spi-builder-workspace/.derivedData build -scheme OpenAIKit-Package -destination generic/platform=xrOS
Resolve Package Graph
Resolved source packages:
SymbolKit: https://github.com/swiftlang/swift-docc-symbolkit @ 1.0.0
SwiftDocCPlugin: https://github.com/apple/swift-docc-plugin @ 1.5.0
OpenAIKit: /Users/admin/builder/spi-builder-workspace
ComputePackagePrebuildTargetDependencyGraph
Prepare packages
CreateBuildRequest
SendProjectDescription
CreateBuildOperation
ComputeTargetDependencyGraph
note: Building targets in dependency order
note: Target dependency graph (3 targets)
Target 'OpenAIKitTester-product' in project 'OpenAIKit'
➜ Explicit dependency on target 'OpenAIKit' in project 'OpenAIKit'
Target 'OpenAIKit-product' in project 'OpenAIKit'
➜ Explicit dependency on target 'OpenAIKit' in project 'OpenAIKit'
Target 'OpenAIKit' in project 'OpenAIKit' (no dependencies)
GatherProvisioningInputs
CreateBuildDescription
ClangStatCache /Applications/Xcode-27.0.0-Release.Candidate.app/Contents/Developer/Toolchains/XcodeDefault.xctoolchain/usr/bin/clang-stat-cache /Applications/Xcode-27.0.0-Release.Candidate.app/Contents/Developer/Platforms/XROS.platform/Developer/SDKs/XROS27.0.sdk /Users/admin/builder/spi-builder-workspace/.derivedData/SDKStatCaches.noindex/xros27.0-24M361-e829b21a6f8c9b70876ba0858053c044735bd543db762f57723cac368afd1ce4.sdkstatcache
cd /Users/admin/builder/spi-builder-workspace/.swiftpm/xcode
/Applications/Xcode-27.0.0-Release.Candidate.app/Contents/Developer/Toolchains/XcodeDefault.xctoolchain/usr/bin/clang-stat-cache /Applications/Xcode-27.0.0-Release.Candidate.app/Contents/Developer/Platforms/XROS.platform/Developer/SDKs/XROS27.0.sdk -o /Users/admin/builder/spi-builder-workspace/.derivedData/SDKStatCaches.noindex/xros27.0-24M361-e829b21a6f8c9b70876ba0858053c044735bd543db762f57723cac368afd1ce4.sdkstatcache
SwiftDriver OpenAIKitTester normal arm64 com.apple.xcode.tools.swift.compiler (in target 'OpenAIKitTester-product' from project 'OpenAIKit')
cd /Users/admin/builder/spi-builder-workspace/.swiftpm/xcode
builtin-SwiftDriver -- /Applications/Xcode-27.0.0-Release.Candidate.app/Contents/Developer/Toolchains/XcodeDefault.xctoolchain/usr/bin/swiftc -parse-as-library -module-name OpenAIKitTester -Onone @/Users/admin/builder/spi-builder-workspace/.derivedData/Build/Intermediates.noindex/OpenAIKit.build/Debug-xros/OpenAIKitTester-p.build/Objects-normal/arm64/OpenAIKitTester.SwiftFileList -DSWIFT_PACKAGE -DDEBUG -DXcode -plugin-path /Applications/Xcode-27.0.0-Release.Candidate.app/Contents/Developer/Toolchains/XcodeDefault.xctoolchain/usr/lib/swift/host/plugins/testing -enable-experimental-feature DebugDescriptionMacro -sdk /Applications/Xcode-27.0.0-Release.Candidate.app/Contents/Developer/Platforms/XROS.platform/Developer/SDKs/XROS27.0.sdk -target arm64-apple-xros1.0 -g -module-cache-path /Users/admin/builder/spi-builder-workspace/.derivedData/ModuleCache.noindex -Xfrontend -serialize-debugging-options -profile-coverage-mapping -profile-generate -enable-testing -index-store-path /Users/admin/builder/spi-builder-workspace/.derivedData/Index.noindex/DataStore -Xcc -D_LIBCPP_HARDENING_MODE\=_LIBCPP_HARDENING_MODE_DEBUG -swift-version 5 -I /Users/admin/builder/spi-builder-workspace/.derivedData/Build/Products/Debug-xros -Isystem /Applications/Xcode-27.0.0-Release.Candidate.app/Contents/Developer/Platforms/XROS.platform/Developer/usr/lib -F /Users/admin/builder/spi-builder-workspace/.derivedData/Build/Products/Debug-xros/PackageFrameworks -F /Users/admin/builder/spi-builder-workspace/.derivedData/Build/Products/Debug-xros -F /Applications/Xcode-27.0.0-Release.Candidate.app/Contents/Developer/Platforms/XROS.platform/Developer/Library/Frameworks -F /Applications/Xcode-27.0.0-Release.Candidate.app/Contents/Developer/Platforms/XROS.platform/Developer/SDKs/XROS27.0.sdk/Developer/Library/Frameworks -c -j10 -enable-batch-mode -incremental -Xcc -ivfsstatcache -Xcc /Users/admin/builder/spi-builder-workspace/.derivedData/SDKStatCaches.noindex/xros27.0-24M361-e829b21a6f8c9b70876ba0858053c044735bd543db762f57723cac368afd1ce4.sdkstatcache -output-file-map /Users/admin/builder/spi-builder-workspace/.derivedData/Build/Intermediates.noindex/OpenAIKit.build/Debug-xros/OpenAIKitTester-p.build/Objects-normal/arm64/OpenAIKitTester-OutputFileMap.json -save-temps -no-color-diagnostics -explicit-module-build -module-cache-path /Users/admin/builder/spi-builder-workspace/.derivedData/Build/Intermediates.noindex/SwiftExplicitPrecompiledModules -clang-scanner-module-cache-path /Users/admin/builder/spi-builder-workspace/.derivedData/ModuleCache.noindex -sdk-module-cache-path /Users/admin/builder/spi-builder-workspace/.derivedData/SDKExplicitPrecompiledModules -emit-dependencies -emit-module -emit-module-path /Users/admin/builder/spi-builder-workspace/.derivedData/Build/Intermediates.noindex/OpenAIKit.build/Debug-xros/OpenAIKitTester-p.build/Objects-normal/arm64/OpenAIKitTester.swiftmodule -serialize-diagnostics -dependency-scan-serialize-diagnostics-path /Users/admin/builder/spi-builder-workspace/.derivedData/Build/Intermediates.noindex/OpenAIKit.build/Debug-xros/OpenAIKitTester-p.build/Objects-normal/arm64/OpenAIKitTester-dependency-scan.dia -validate-clang-modules-once -clang-build-session-file /Users/admin/builder/spi-builder-workspace/.derivedData/ModuleCache.noindex/Session.modulevalidation -Xcc -fmodules-prune-interval\=86400 -Xcc -fmodules-prune-after\=345600 -package-name spi_builder_workspace -emit-const-values -const-gather-protocols-list /Users/admin/builder/spi-builder-workspace/.derivedData/Build/Intermediates.noindex/OpenAIKit.build/Debug-xros/OpenAIKitTester-p.build/Objects-normal/arm64/OpenAIKitTester_const_extract_protocols.json -Xcc -I/Users/admin/builder/spi-builder-workspace/.derivedData/Build/Products/Debug-xros/include -Xcc -I/Users/admin/builder/spi-builder-workspace/.derivedData/Build/Intermediates.noindex/OpenAIKit.build/Debug-xros/OpenAIKitTester-p.build/DerivedSources-normal/arm64 -Xcc -I/Users/admin/builder/spi-builder-workspace/.derivedData/Build/Intermediates.noindex/OpenAIKit.build/Debug-xros/OpenAIKitTester-p.build/DerivedSources/arm64 -Xcc -I/Users/admin/builder/spi-builder-workspace/.derivedData/Build/Intermediates.noindex/OpenAIKit.build/Debug-xros/OpenAIKitTester-p.build/DerivedSources -Xcc -DSWIFT_PACKAGE -Xcc -DDEBUG\=1 -working-directory /Users/admin/builder/spi-builder-workspace/.swiftpm/xcode -experimental-emit-module-separately -disable-cmo
SwiftCompile normal arm64 Compiling\ FileTests.swift /Users/admin/builder/spi-builder-workspace/Sources/OpenAIKitTester/Tests/FileTests.swift (in target 'OpenAIKitTester-product' from project 'OpenAIKit')
SwiftCompile normal arm64 /Users/admin/builder/spi-builder-workspace/Sources/OpenAIKitTester/Tests/FileTests.swift (in target 'OpenAIKitTester-product' from project 'OpenAIKit')
cd /Users/admin/builder/spi-builder-workspace/.swiftpm/xcode
builtin-SwiftPerFileCompile FileTests.swift
SwiftCompile normal arm64 Compiling\ TestRunner.swift,\ AdvancedTests.swift /Users/admin/builder/spi-builder-workspace/Sources/OpenAIKitTester/TestRunner.swift /Users/admin/builder/spi-builder-workspace/Sources/OpenAIKitTester/Tests/AdvancedTests.swift (in target 'OpenAIKitTester-product' from project 'OpenAIKit')
SwiftCompile normal arm64 /Users/admin/builder/spi-builder-workspace/Sources/OpenAIKitTester/TestRunner.swift (in target 'OpenAIKitTester-product' from project 'OpenAIKit')
cd /Users/admin/builder/spi-builder-workspace/.swiftpm/xcode
builtin-SwiftPerFileCompile TestRunner.swift
SwiftCompile normal arm64 /Users/admin/builder/spi-builder-workspace/Sources/OpenAIKitTester/Tests/AdvancedTests.swift (in target 'OpenAIKitTester-product' from project 'OpenAIKit')
cd /Users/admin/builder/spi-builder-workspace/.swiftpm/xcode
builtin-SwiftPerFileCompile AdvancedTests.swift
SwiftCompile normal arm64 Compiling\ TestProtocol.swift /Users/admin/builder/spi-builder-workspace/Sources/OpenAIKitTester/Utilities/TestProtocol.swift (in target 'OpenAIKitTester-product' from project 'OpenAIKit')
SwiftCompile normal arm64 /Users/admin/builder/spi-builder-workspace/Sources/OpenAIKitTester/Utilities/TestProtocol.swift (in target 'OpenAIKitTester-product' from project 'OpenAIKit')
cd /Users/admin/builder/spi-builder-workspace/.swiftpm/xcode
builtin-SwiftPerFileCompile TestProtocol.swift
SwiftCompile normal arm64 Compiling\ GptImage1Test.swift /Users/admin/builder/spi-builder-workspace/Sources/OpenAIKitTester/Tests/GptImage1Test.swift (in target 'OpenAIKitTester-product' from project 'OpenAIKit')
SwiftCompile normal arm64 /Users/admin/builder/spi-builder-workspace/Sources/OpenAIKitTester/Tests/GptImage1Test.swift (in target 'OpenAIKitTester-product' from project 'OpenAIKit')
cd /Users/admin/builder/spi-builder-workspace/.swiftpm/xcode
builtin-SwiftPerFileCompile GptImage1Test.swift
SwiftCompile normal arm64 Compiling\ ChatTests.swift,\ DeepResearchTests.swift /Users/admin/builder/spi-builder-workspace/Sources/OpenAIKitTester/Tests/ChatTests.swift /Users/admin/builder/spi-builder-workspace/Sources/OpenAIKitTester/Tests/DeepResearchTests.swift (in target 'OpenAIKitTester-product' from project 'OpenAIKit')
SwiftCompile normal arm64 /Users/admin/builder/spi-builder-workspace/Sources/OpenAIKitTester/Tests/ChatTests.swift (in target 'OpenAIKitTester-product' from project 'OpenAIKit')
cd /Users/admin/builder/spi-builder-workspace/.swiftpm/xcode
builtin-SwiftPerFileCompile ChatTests.swift
SwiftCompile normal arm64 /Users/admin/builder/spi-builder-workspace/Sources/OpenAIKitTester/Tests/DeepResearchTests.swift (in target 'OpenAIKitTester-product' from project 'OpenAIKit')
cd /Users/admin/builder/spi-builder-workspace/.swiftpm/xcode
builtin-SwiftPerFileCompile DeepResearchTests.swift
SwiftCompile normal arm64 Compiling\ ImageTests.swift /Users/admin/builder/spi-builder-workspace/Sources/OpenAIKitTester/Tests/ImageTests.swift (in target 'OpenAIKitTester-product' from project 'OpenAIKit')
SwiftCompile normal arm64 /Users/admin/builder/spi-builder-workspace/Sources/OpenAIKitTester/Tests/ImageTests.swift (in target 'OpenAIKitTester-product' from project 'OpenAIKit')
cd /Users/admin/builder/spi-builder-workspace/.swiftpm/xcode
builtin-SwiftPerFileCompile ImageTests.swift
SwiftCompile normal arm64 Compiling\ AudioTests.swift,\ BatchTests.swift /Users/admin/builder/spi-builder-workspace/Sources/OpenAIKitTester/Tests/AudioTests.swift /Users/admin/builder/spi-builder-workspace/Sources/OpenAIKitTester/Tests/BatchTests.swift (in target 'OpenAIKitTester-product' from project 'OpenAIKit')
/Users/admin/builder/spi-builder-workspace/Sources/OpenAIKitTester/Tests/AudioTests.swift:21:31: error: cannot find 'Process' in scope
19 | if !FileManager.default.fileExists(atPath: audioURL.path) {
20 | // Create a simple sine wave audio file using the shell
21 | let process = Process()
| `- error: cannot find 'Process' in scope
22 | process.executableURL = URL(fileURLWithPath: "/usr/bin/ffmpeg")
23 | process.arguments = [
Failed frontend command:
/Applications/Xcode-27.0.0-Release.Candidate.app/Contents/Developer/Toolchains/XcodeDefault.xctoolchain/usr/bin/swift-frontend -frontend -c /Users/admin/builder/spi-builder-workspace/Sources/OpenAIKitTester/Configuration/TestConfiguration.swift /Users/admin/builder/spi-builder-workspace/Sources/OpenAIKitTester/OpenAIKitTester.swift /Users/admin/builder/spi-builder-workspace/Sources/OpenAIKitTester/TestRunner.swift /Users/admin/builder/spi-builder-workspace/Sources/OpenAIKitTester/Tests/AdvancedTests.swift -primary-file /Users/admin/builder/spi-builder-workspace/Sources/OpenAIKitTester/Tests/AudioTests.swift -primary-file /Users/admin/builder/spi-builder-workspace/Sources/OpenAIKitTester/Tests/BatchTests.swift /Users/admin/builder/spi-builder-workspace/Sources/OpenAIKitTester/Tests/ChatTests.swift /Users/admin/builder/spi-builder-workspace/Sources/OpenAIKitTester/Tests/DeepResearchTests.swift /Users/admin/builder/spi-builder-workspace/Sources/OpenAIKitTester/Tests/EdgeCaseTests.swift /Users/admin/builder/spi-builder-workspace/Sources/OpenAIKitTester/Tests/EmbeddingTests.swift /Users/admin/builder/spi-builder-workspace/Sources/OpenAIKitTester/Tests/FileTests.swift /Users/admin/builder/spi-builder-workspace/Sources/OpenAIKitTester/Tests/GptImage1Test.swift /Users/admin/builder/spi-builder-workspace/Sources/OpenAIKitTester/Tests/ImageTests.swift /Users/admin/builder/spi-builder-workspace/Sources/OpenAIKitTester/Tests/ModelTests.swift /Users/admin/builder/spi-builder-workspace/Sources/OpenAIKitTester/Tests/ModerationTests.swift /Users/admin/builder/spi-builder-workspace/Sources/OpenAIKitTester/Utilities/TestProtocol.swift -emit-dependencies-path /Users/admin/builder/spi-builder-workspace/.derivedData/Build/Intermediates.noindex/OpenAIKit.build/Debug-xros/OpenAIKitTester-p.build/Objects-normal/arm64/AudioTests.d -emit-const-values-path /Users/admin/builder/spi-builder-workspace/.derivedData/Build/Intermediates.noindex/OpenAIKit.build/Debug-xros/OpenAIKitTester-p.build/Objects-normal/arm64/AudioTests.swiftconstvalues -emit-reference-dependencies-path /Users/admin/builder/spi-builder-workspace/.derivedData/Build/Intermediates.noindex/OpenAIKit.build/Debug-xros/OpenAIKitTester-p.build/Objects-normal/arm64/AudioTests.swiftdeps -serialize-diagnostics-path /Users/admin/builder/spi-builder-workspace/.derivedData/Build/Intermediates.noindex/OpenAIKit.build/Debug-xros/OpenAIKitTester-p.build/Objects-normal/arm64/AudioTests.dia -emit-dependencies-path /Users/admin/builder/spi-builder-workspace/.derivedData/Build/Intermediates.noindex/OpenAIKit.build/Debug-xros/OpenAIKitTester-p.build/Objects-normal/arm64/BatchTests.d -emit-const-values-path /Users/admin/builder/spi-builder-workspace/.derivedData/Build/Intermediates.noindex/OpenAIKit.build/Debug-xros/OpenAIKitTester-p.build/Objects-normal/arm64/BatchTests.swiftconstvalues -emit-reference-dependencies-path /Users/admin/builder/spi-builder-workspace/.derivedData/Build/Intermediates.noindex/OpenAIKit.build/Debug-xros/OpenAIKitTester-p.build/Objects-normal/arm64/BatchTests.swiftdeps -serialize-diagnostics-path /Users/admin/builder/spi-builder-workspace/.derivedData/Build/Intermediates.noindex/OpenAIKit.build/Debug-xros/OpenAIKitTester-p.build/Objects-normal/arm64/BatchTests.dia -target arm64-apple-xros1.0 -disable-cross-import-overlay-search -load-resolved-plugin /Applications/Xcode-27.0.0-Release.Candidate.app/Contents/Developer/Platforms/XROS.platform/Developer/usr/lib/swift/host/plugins/libFoundationMacros.dylib\#/Applications/Xcode-27.0.0-Release.Candidate.app/Contents/Developer/Platforms/XROS.platform/Developer/usr/bin/swift-plugin-server\#FoundationMacros -load-resolved-plugin /Applications/Xcode-27.0.0-Release.Candidate.app/Contents/Developer/Platforms/XROS.platform/Developer/usr/lib/swift/host/plugins/libObservationMacros.dylib\#/Applications/Xcode-27.0.0-Release.Candidate.app/Contents/Developer/Platforms/XROS.platform/Developer/usr/bin/swift-plugin-server\#ObservationMacros -load-resolved-plugin /Applications/Xcode-27.0.0-Release.Candidate.app/Contents/Developer/Platforms/XROS.platform/Developer/usr/lib/swift/host/plugins/libSwiftMacros.dylib\#/Applications/Xcode-27.0.0-Release.Candidate.app/Contents/Developer/Platforms/XROS.platform/Developer/usr/bin/swift-plugin-server\#SwiftMacros -disable-implicit-swift-modules -Xcc -fno-implicit-modules -Xcc -fno-implicit-module-maps -explicit-swift-module-map-file /Users/admin/builder/spi-builder-workspace/.derivedData/Build/Intermediates.noindex/OpenAIKit.build/Debug-xros/OpenAIKitTester-p.build/Objects-normal/arm64/OpenAIKitTester-dependencies-1.json -Xllvm -aarch64-use-tbi -enable-objc-interop -stack-check -sdk /Applications/Xcode-27.0.0-Release.Candidate.app/Contents/Developer/Platforms/XROS.platform/Developer/SDKs/XROS27.0.sdk -I /Users/admin/builder/spi-builder-workspace/.derivedData/Build/Products/Debug-xros -Isystem /Applications/Xcode-27.0.0-Release.Candidate.app/Contents/Developer/Platforms/XROS.platform/Developer/usr/lib -F /Users/admin/builder/spi-builder-workspace/.derivedData/Build/Products/Debug-xros/PackageFrameworks -F /Users/admin/builder/spi-builder-workspace/.derivedData/Build/Products/Debug-xros -F /Applications/Xcode-27.0.0-Release.Candidate.app/Contents/Developer/Platforms/XROS.platform/Developer/Library/Frameworks -F /Applications/Xcode-27.0.0-Release.Candidate.app/Contents/Developer/Platforms/XROS.platform/Developer/SDKs/XROS27.0.sdk/Developer/Library/Frameworks -module-cache-path /Users/admin/builder/spi-builder-workspace/.derivedData/Build/Intermediates.noindex/SwiftExplicitPrecompiledModules -no-color-diagnostics -Xcc -fno-color-diagnostics -enable-testing -g -debug-info-format\=dwarf -dwarf-version\=4 -profile-generate -profile-coverage-mapping -swift-version 5 -Onone -D SWIFT_PACKAGE -D DEBUG -D Xcode -serialize-debugging-options -enable-experimental-feature DebugDescriptionMacro -empty-abi-descriptor -validate-clang-modules-once -clang-build-session-file /Users/admin/builder/spi-builder-workspace/.derivedData/ModuleCache.noindex/Session.modulevalidation -Xcc -working-directory -Xcc /Users/admin/builder/spi-builder-workspace/.swiftpm/xcode -enable-anonymous-context-mangled-names -file-compilation-dir /Users/admin/builder/spi-builder-workspace/.swiftpm/xcode -Xcc -D_LIBCPP_HARDENING_MODE\=_LIBCPP_HARDENING_MODE_DEBUG -Xcc -ivfsstatcache -Xcc /Users/admin/builder/spi-builder-workspace/.derivedData/SDKStatCaches.noindex/xros27.0-24M361-e829b21a6f8c9b70876ba0858053c044735bd543db762f57723cac368afd1ce4.sdkstatcache -Xcc -fmodules-prune-interval\=86400 -Xcc -fmodules-prune-after\=345600 -Xcc -I/Users/admin/builder/spi-builder-workspace/.derivedData/Build/Products/Debug-xros/include -Xcc -I/Users/admin/builder/spi-builder-workspace/.derivedData/Build/Intermediates.noindex/OpenAIKit.build/Debug-xros/OpenAIKitTester-p.build/DerivedSources-normal/arm64 -Xcc -I/Users/admin/builder/spi-builder-workspace/.derivedData/Build/Intermediates.noindex/OpenAIKit.build/Debug-xros/OpenAIKitTester-p.build/DerivedSources/arm64 -Xcc -I/Users/admin/builder/spi-builder-workspace/.derivedData/Build/Intermediates.noindex/OpenAIKit.build/Debug-xros/OpenAIKitTester-p.build/DerivedSources -Xcc -DSWIFT_PACKAGE -Xcc -DDEBUG\=1 -no-auto-bridging-header-chaining -module-name OpenAIKitTester -package-name spi_builder_workspace -const-gather-protocols-file /Users/admin/builder/spi-builder-workspace/.derivedData/Build/Intermediates.noindex/OpenAIKit.build/Debug-xros/OpenAIKitTester-p.build/Objects-normal/arm64/OpenAIKitTester_const_extract_protocols.json -disable-clang-spi -clang-target arm64-apple-xros27.0 -target-sdk-version 27.0 -target-sdk-name xros27.0 -in-process-plugin-server-path /Applications/Xcode-27.0.0-Release.Candidate.app/Contents/Developer/Toolchains/XcodeDefault.xctoolchain/usr/lib/swift/host/libSwiftInProcPluginServer.dylib -parse-as-library -o /Users/admin/builder/spi-builder-workspace/.derivedData/Build/Intermediates.noindex/OpenAIKit.build/Debug-xros/OpenAIKitTester-p.build/Objects-normal/arm64/AudioTests.o -o /Users/admin/builder/spi-builder-workspace/.derivedData/Build/Intermediates.noindex/OpenAIKit.build/Debug-xros/OpenAIKitTester-p.build/Objects-normal/arm64/BatchTests.o -debug-module-path /Users/admin/builder/spi-builder-workspace/.derivedData/Build/Intermediates.noindex/OpenAIKit.build/Debug-xros/OpenAIKitTester-p.build/Objects-normal/arm64/OpenAIKitTester.swiftmodule -index-unit-output-path /OpenAIKit.build/Debug-xros/OpenAIKitTester-p.build/Objects-normal/arm64/AudioTests.o -index-unit-output-path /OpenAIKit.build/Debug-xros/OpenAIKitTester-p.build/Objects-normal/arm64/BatchTests.o -index-store-path /Users/admin/builder/spi-builder-workspace/.derivedData/Index.noindex/DataStore -index-system-modules
SwiftCompile normal arm64 /Users/admin/builder/spi-builder-workspace/Sources/OpenAIKitTester/Tests/AudioTests.swift (in target 'OpenAIKitTester-product' from project 'OpenAIKit')
cd /Users/admin/builder/spi-builder-workspace/.swiftpm/xcode
builtin-SwiftPerFileCompile AudioTests.swift
SwiftCompile normal arm64 /Users/admin/builder/spi-builder-workspace/Sources/OpenAIKitTester/Tests/BatchTests.swift (in target 'OpenAIKitTester-product' from project 'OpenAIKit')
cd /Users/admin/builder/spi-builder-workspace/.swiftpm/xcode
builtin-SwiftPerFileCompile BatchTests.swift
SwiftCompile normal arm64 Compiling\ TestConfiguration.swift,\ OpenAIKitTester.swift /Users/admin/builder/spi-builder-workspace/Sources/OpenAIKitTester/Configuration/TestConfiguration.swift /Users/admin/builder/spi-builder-workspace/Sources/OpenAIKitTester/OpenAIKitTester.swift (in target 'OpenAIKitTester-product' from project 'OpenAIKit')
SwiftCompile normal arm64 /Users/admin/builder/spi-builder-workspace/Sources/OpenAIKitTester/Configuration/TestConfiguration.swift (in target 'OpenAIKitTester-product' from project 'OpenAIKit')
cd /Users/admin/builder/spi-builder-workspace/.swiftpm/xcode
builtin-SwiftPerFileCompile TestConfiguration.swift
SwiftCompile normal arm64 /Users/admin/builder/spi-builder-workspace/Sources/OpenAIKitTester/OpenAIKitTester.swift (in target 'OpenAIKitTester-product' from project 'OpenAIKit')
cd /Users/admin/builder/spi-builder-workspace/.swiftpm/xcode
builtin-SwiftPerFileCompile OpenAIKitTester.swift
SwiftCompile normal arm64 Compiling\ ModelTests.swift /Users/admin/builder/spi-builder-workspace/Sources/OpenAIKitTester/Tests/ModelTests.swift (in target 'OpenAIKitTester-product' from project 'OpenAIKit')
SwiftCompile normal arm64 /Users/admin/builder/spi-builder-workspace/Sources/OpenAIKitTester/Tests/ModelTests.swift (in target 'OpenAIKitTester-product' from project 'OpenAIKit')
cd /Users/admin/builder/spi-builder-workspace/.swiftpm/xcode
builtin-SwiftPerFileCompile ModelTests.swift
SwiftEmitModule normal arm64 Emitting\ module\ for\ OpenAIKitTester (in target 'OpenAIKitTester-product' from project 'OpenAIKit')
SwiftCompile normal arm64 (in target 'OpenAIKitTester-product' from project 'OpenAIKit')
cd /Users/admin/builder/spi-builder-workspace/.swiftpm/xcode
SwiftCompile normal arm64 Compiling\ EdgeCaseTests.swift,\ EmbeddingTests.swift /Users/admin/builder/spi-builder-workspace/Sources/OpenAIKitTester/Tests/EdgeCaseTests.swift /Users/admin/builder/spi-builder-workspace/Sources/OpenAIKitTester/Tests/EmbeddingTests.swift (in target 'OpenAIKitTester-product' from project 'OpenAIKit')
SwiftCompile normal arm64 /Users/admin/builder/spi-builder-workspace/Sources/OpenAIKitTester/Tests/EdgeCaseTests.swift (in target 'OpenAIKitTester-product' from project 'OpenAIKit')
cd /Users/admin/builder/spi-builder-workspace/.swiftpm/xcode
builtin-SwiftPerFileCompile EdgeCaseTests.swift
SwiftCompile normal arm64 /Users/admin/builder/spi-builder-workspace/Sources/OpenAIKitTester/Tests/EmbeddingTests.swift (in target 'OpenAIKitTester-product' from project 'OpenAIKit')
cd /Users/admin/builder/spi-builder-workspace/.swiftpm/xcode
builtin-SwiftPerFileCompile EmbeddingTests.swift
SwiftDriverJobDiscovery normal arm64 Compiling TestProtocol.swift (in target 'OpenAIKitTester-product' from project 'OpenAIKit')
SwiftCompile normal arm64 Compiling\ ModerationTests.swift /Users/admin/builder/spi-builder-workspace/Sources/OpenAIKitTester/Tests/ModerationTests.swift (in target 'OpenAIKitTester-product' from project 'OpenAIKit')
SwiftCompile normal arm64 /Users/admin/builder/spi-builder-workspace/Sources/OpenAIKitTester/Tests/ModerationTests.swift (in target 'OpenAIKitTester-product' from project 'OpenAIKit')
cd /Users/admin/builder/spi-builder-workspace/.swiftpm/xcode
builtin-SwiftPerFileCompile ModerationTests.swift
PruneExplicitPrecompiledModules /Users/admin/builder/spi-builder-workspace/.derivedData/SDKExplicitPrecompiledModules
PruneExplicitPrecompiledModules /Users/admin/builder/spi-builder-workspace/.derivedData/Build/Intermediates.noindex/SwiftExplicitPrecompiledModules
PruneExplicitPrecompiledModules /Users/admin/builder/spi-builder-workspace/.derivedData/Build/Intermediates.noindex/ExplicitPrecompiledModules
2026-09-22 12:23:53.585 xcodebuild[1342:8310] [MT] IDERunDestination: Supported platforms for the buildables in the current scheme is empty.
** BUILD FAILED **
The following build commands failed:
SwiftCompile normal arm64 Compiling\ AudioTests.swift,\ BatchTests.swift /Users/admin/builder/spi-builder-workspace/Sources/OpenAIKitTester/Tests/AudioTests.swift /Users/admin/builder/spi-builder-workspace/Sources/OpenAIKitTester/Tests/BatchTests.swift (in target 'OpenAIKitTester-product' from project 'OpenAIKit')
SwiftCompile normal arm64 /Users/admin/builder/spi-builder-workspace/Sources/OpenAIKitTester/Tests/AudioTests.swift (in target 'OpenAIKitTester-product' from project 'OpenAIKit')
Building workspace OpenAIKit with scheme OpenAIKit-Package
(3 failures)
BUILD FAILURE 6.4 visionOS