Build Information
Failed to build Brightroom, reference main (13b379), with Swift 6.2 for tvOS using Xcode 26.3 on 30 Oct 2026 02:19:43 UTC.
Build Command
No build command. This typically means the build failed at an early stage where we determine the build command.Build Log
========================================
RunAll
========================================
Builder version: 5.1.4
Interrupt handler set up.
========================================
Checkout
========================================
Clone URL: https://github.com/FluidGroup/Brightroom.git
Reference: main
Initialized empty Git repository in /Users/admin/builder/spi-builder-workspace/.git/
From https://github.com/FluidGroup/Brightroom
* branch main -> FETCH_HEAD
* [new branch] main -> origin/main
HEAD is now at 13b3797 Add ImageEditorFeature.Effects.custom for a host's own effects (#352)
Submodule path 'submodules/muukii/Reveal-SDK': checked out '039bf6b6f75ef67b5a8678b8caaa1b01e6708745'
Submodule 'submodules/muukii/Reveal-SDK' (https://github.com/muukii/Reveal-SDK.git) registered for path 'submodules/muukii/Reveal-SDK'
Cloning into '/Users/admin/builder/spi-builder-workspace/submodules/muukii/Reveal-SDK'...
Cloned https://github.com/FluidGroup/Brightroom.git
Revision (git rev-parse @):
13b3797d69be30c0bc56f3322585b015d489d39d
SUCCESS checkout https://github.com/FluidGroup/Brightroom.git at main
========================================
Build
========================================
Selected platform: tvOS
Swift version: 6.2
Building package at path: $PWD
https://github.com/FluidGroup/Brightroom.git
Command line invocation:
/Applications/Xcode-26.3.0.app/Contents/Developer/usr/bin/xcodebuild -IDEClonedSourcePackagesDirPathOverride=/Users/admin/builder/spi-builder-workspace/.dependencies -resolvePackageDependencies
Resolve Package Graph
package 'spi-builder-workspace' is using Swift tools version 6.3.0 but the installed version is 6.2.4
Resolved source packages:
spi-builder-workspace: (null)
2026-10-29 22:19:42.426 xcodebuild[627:3924] Writing error result bundle to /var/folders/xq/y_g06wb113726d38xsyx71_h0000gn/T/ResultBundle_2026-29-10_22-19-0042.xcresult
xcodebuild: error: Could not resolve package dependencies:
package 'spi-builder-workspace' is using Swift tools version 6.3.0 but the installed version is 6.2.4
Command line invocation:
/Applications/Xcode-26.3.0.app/Contents/Developer/usr/bin/xcodebuild -IDEClonedSourcePackagesDirPathOverride=/Users/admin/builder/spi-builder-workspace/.dependencies -resolvePackageDependencies
Resolve Package Graph
package 'spi-builder-workspace' is using Swift tools version 6.3.0 but the installed version is 6.2.4
Resolved source packages:
spi-builder-workspace: (null)
2026-10-29 22:19:43.355 xcodebuild[689:4458] Writing error result bundle to /var/folders/xq/y_g06wb113726d38xsyx71_h0000gn/T/ResultBundle_2026-29-10_22-19-0043.xcresult
xcodebuild: error: Could not resolve package dependencies:
package 'spi-builder-workspace' is using Swift tools version 6.3.0 but the installed version is 6.2.4
BUILD FAILURE 6.2 tvOS