The Swift Package Index logo.Swift Package Index

Build Information

Failed to build CellKit, reference 1.0.0 (a6f457), with Swift 6.2 for watchOS using Xcode 26.3 on 7 Sep 2026 18:31:44 UTC.

Build Command

env DEVELOPER_DIR=/Applications/Xcode-26.3.0.app xcrun xcodebuild -IDEClonedSourcePackagesDirPathOverride=$PWD/.dependencies -skipMacroValidation -skipPackagePluginValidation -derivedDataPath $PWD/.derivedData build -scheme CellKit-Package -destination generic/platform=watchOS

Build Log

SwiftCompile normal arm64_32 /Users/admin/builder/spi-builder-workspace/.dependencies/checkouts/DifferenceKit/Sources/ElementPath.swift (in target 'DifferenceKit' from project 'DifferenceKit')
    cd /Users/admin/builder/spi-builder-workspace/.swiftpm/xcode

SwiftCompile normal arm64_32 Compiling\ DifferentiableSection.swift /Users/admin/builder/spi-builder-workspace/.dependencies/checkouts/DifferenceKit/Sources/DifferentiableSection.swift (in target 'DifferenceKit' from project 'DifferenceKit')
SwiftCompile normal arm64_32 /Users/admin/builder/spi-builder-workspace/.dependencies/checkouts/DifferenceKit/Sources/DifferentiableSection.swift (in target 'DifferenceKit' from project 'DifferenceKit')
    cd /Users/admin/builder/spi-builder-workspace/.swiftpm/xcode

SwiftCompile normal arm64_32 Compiling\ UIKitExtension.swift /Users/admin/builder/spi-builder-workspace/.dependencies/checkouts/DifferenceKit/Sources/Extensions/UIKitExtension.swift (in target 'DifferenceKit' from project 'DifferenceKit')
SwiftCompile normal arm64_32 /Users/admin/builder/spi-builder-workspace/.dependencies/checkouts/DifferenceKit/Sources/Extensions/UIKitExtension.swift (in target 'DifferenceKit' from project 'DifferenceKit')
    cd /Users/admin/builder/spi-builder-workspace/.swiftpm/xcode

SwiftCompile normal arm64_32 Compiling\ Differentiable.swift /Users/admin/builder/spi-builder-workspace/.dependencies/checkouts/DifferenceKit/Sources/Differentiable.swift (in target 'DifferenceKit' from project 'DifferenceKit')
SwiftCompile normal arm64_32 /Users/admin/builder/spi-builder-workspace/.dependencies/checkouts/DifferenceKit/Sources/Differentiable.swift (in target 'DifferenceKit' from project 'DifferenceKit')
    cd /Users/admin/builder/spi-builder-workspace/.swiftpm/xcode

SwiftEmitModule normal arm64_32 Emitting\ module\ for\ DifferenceKit (in target 'DifferenceKit' from project 'DifferenceKit')
EmitSwiftModule normal arm64_32 (in target 'DifferenceKit' from project 'DifferenceKit')
    cd /Users/admin/builder/spi-builder-workspace/.swiftpm/xcode

SwiftEmitModule normal arm64 Emitting\ module\ for\ DifferenceKit (in target 'DifferenceKit' from project 'DifferenceKit')
EmitSwiftModule normal arm64 (in target 'DifferenceKit' from project 'DifferenceKit')
    cd /Users/admin/builder/spi-builder-workspace/.swiftpm/xcode

SwiftEmitModule normal armv7k Emitting\ module\ for\ DifferenceKit (in target 'DifferenceKit' from project 'DifferenceKit')
EmitSwiftModule normal armv7k (in target 'DifferenceKit' from project 'DifferenceKit')
    cd /Users/admin/builder/spi-builder-workspace/.swiftpm/xcode

SwiftDriverJobDiscovery normal arm64_32 Emitting module for DifferenceKit (in target 'DifferenceKit' from project 'DifferenceKit')
SwiftDriver\ Compilation\ Requirements DifferenceKit normal arm64_32 com.apple.xcode.tools.swift.compiler (in target 'DifferenceKit' from project 'DifferenceKit')
    cd /Users/admin/builder/spi-builder-workspace/.swiftpm/xcode
    builtin-Swift-Compilation-Requirements -- /Applications/Xcode-26.3.0.app/Contents/Developer/Toolchains/XcodeDefault.xctoolchain/usr/bin/swiftc -module-name DifferenceKit -Onone -enforce-exclusivity\=checked @/Users/admin/builder/spi-builder-workspace/.derivedData/Build/Intermediates.noindex/DifferenceKit.build/Debug-watchos/DifferenceKit.build/Objects-normal/arm64_32/DifferenceKit.SwiftFileList -DSWIFT_PACKAGE -DDEBUG -DSWIFT_MODULE_RESOURCE_BUNDLE_UNAVAILABLE -DXcode -plugin-path /Applications/Xcode-26.3.0.app/Contents/Developer/Toolchains/XcodeDefault.xctoolchain/usr/lib/swift/host/plugins/testing -enable-experimental-feature DebugDescriptionMacro -sdk /Applications/Xcode-26.3.0.app/Contents/Developer/Platforms/WatchOS.platform/Developer/SDKs/WatchOS26.2.sdk -target arm64_32-apple-watchos4.0 -g -module-cache-path /Users/admin/builder/spi-builder-workspace/.derivedData/ModuleCache.noindex -Xfrontend -serialize-debugging-options -enable-testing -suppress-warnings -index-store-path /Users/admin/builder/spi-builder-workspace/.derivedData/Index.noindex/DataStore -Xcc -D_LIBCPP_HARDENING_MODE\=_LIBCPP_HARDENING_MODE_DEBUG -swift-version 5 -I /Users/admin/builder/spi-builder-workspace/.derivedData/Build/Products/Debug-watchos -Isystem /Applications/Xcode-26.3.0.app/Contents/Developer/Platforms/WatchOS.platform/Developer/usr/lib -F /Users/admin/builder/spi-builder-workspace/.derivedData/Build/Products/Debug-watchos -F /Applications/Xcode-26.3.0.app/Contents/Developer/Platforms/WatchOS.platform/Developer/Library/Frameworks -F /Applications/Xcode-26.3.0.app/Contents/Developer/Platforms/WatchOS.platform/Developer/SDKs/WatchOS26.2.sdk/Developer/Library/Frameworks -c -j10 -enable-batch-mode -incremental -Xcc -ivfsstatcache -Xcc /Users/admin/builder/spi-builder-workspace/.derivedData/SDKStatCaches.noindex/watchos26.2-23S303-dc75598d0054f22ec865fa860f139d721753b489057de6bda919edfa1c59a62b.sdkstatcache -output-file-map /Users/admin/builder/spi-builder-workspace/.derivedData/Build/Intermediates.noindex/DifferenceKit.build/Debug-watchos/DifferenceKit.build/Objects-normal/arm64_32/DifferenceKit-OutputFileMap.json -use-frontend-parseable-output -save-temps -no-color-diagnostics -explicit-module-build -module-cache-path /Users/admin/builder/spi-builder-workspace/.derivedData/Build/Intermediates.noindex/SwiftExplicitPrecompiledModules -clang-scanner-module-cache-path /Users/admin/builder/spi-builder-workspace/.derivedData/ModuleCache.noindex -sdk-module-cache-path /Users/admin/builder/spi-builder-workspace/.derivedData/ModuleCache.noindex -serialize-diagnostics -emit-dependencies -emit-module -emit-module-path /Users/admin/builder/spi-builder-workspace/.derivedData/Build/Intermediates.noindex/DifferenceKit.build/Debug-watchos/DifferenceKit.build/Objects-normal/arm64_32/DifferenceKit.swiftmodule -validate-clang-modules-once -clang-build-session-file /Users/admin/builder/spi-builder-workspace/.derivedData/ModuleCache.noindex/Session.modulevalidation -Xcc -I/Users/admin/builder/spi-builder-workspace/.derivedData/Build/Intermediates.noindex/DifferenceKit.build/Debug-watchos/DifferenceKit.build/swift-overrides.hmap -emit-const-values -Xfrontend -const-gather-protocols-file -Xfrontend /Users/admin/builder/spi-builder-workspace/.derivedData/Build/Intermediates.noindex/DifferenceKit.build/Debug-watchos/DifferenceKit.build/Objects-normal/arm64_32/DifferenceKit_const_extract_protocols.json -Xcc -I/Users/admin/builder/spi-builder-workspace/.derivedData/Build/Products/Debug-watchos/include -Xcc -I/Users/admin/builder/spi-builder-workspace/.derivedData/Build/Intermediates.noindex/DifferenceKit.build/Debug-watchos/DifferenceKit.build/DerivedSources-normal/arm64_32 -Xcc -I/Users/admin/builder/spi-builder-workspace/.derivedData/Build/Intermediates.noindex/DifferenceKit.build/Debug-watchos/DifferenceKit.build/DerivedSources/arm64_32 -Xcc -I/Users/admin/builder/spi-builder-workspace/.derivedData/Build/Intermediates.noindex/DifferenceKit.build/Debug-watchos/DifferenceKit.build/DerivedSources -Xcc -DSWIFT_PACKAGE -Xcc -DDEBUG\=1 -emit-objc-header -emit-objc-header-path /Users/admin/builder/spi-builder-workspace/.derivedData/Build/Intermediates.noindex/DifferenceKit.build/Debug-watchos/DifferenceKit.build/Objects-normal/arm64_32/DifferenceKit-Swift.h -working-directory /Users/admin/builder/spi-builder-workspace/.swiftpm/xcode -experimental-emit-module-separately -disable-cmo
SwiftDriverJobDiscovery normal arm64 Emitting module for DifferenceKit (in target 'DifferenceKit' from project 'DifferenceKit')
SwiftDriver\ Compilation\ Requirements DifferenceKit normal arm64 com.apple.xcode.tools.swift.compiler (in target 'DifferenceKit' from project 'DifferenceKit')
    cd /Users/admin/builder/spi-builder-workspace/.swiftpm/xcode
    builtin-Swift-Compilation-Requirements -- /Applications/Xcode-26.3.0.app/Contents/Developer/Toolchains/XcodeDefault.xctoolchain/usr/bin/swiftc -module-name DifferenceKit -Onone -enforce-exclusivity\=checked @/Users/admin/builder/spi-builder-workspace/.derivedData/Build/Intermediates.noindex/DifferenceKit.build/Debug-watchos/DifferenceKit.build/Objects-normal/arm64/DifferenceKit.SwiftFileList -DSWIFT_PACKAGE -DDEBUG -DSWIFT_MODULE_RESOURCE_BUNDLE_UNAVAILABLE -DXcode -plugin-path /Applications/Xcode-26.3.0.app/Contents/Developer/Toolchains/XcodeDefault.xctoolchain/usr/lib/swift/host/plugins/testing -enable-experimental-feature DebugDescriptionMacro -sdk /Applications/Xcode-26.3.0.app/Contents/Developer/Platforms/WatchOS.platform/Developer/SDKs/WatchOS26.2.sdk -target arm64-apple-watchos4.0 -g -module-cache-path /Users/admin/builder/spi-builder-workspace/.derivedData/ModuleCache.noindex -Xfrontend -serialize-debugging-options -enable-testing -suppress-warnings -index-store-path /Users/admin/builder/spi-builder-workspace/.derivedData/Index.noindex/DataStore -Xcc -D_LIBCPP_HARDENING_MODE\=_LIBCPP_HARDENING_MODE_DEBUG -swift-version 5 -I /Users/admin/builder/spi-builder-workspace/.derivedData/Build/Products/Debug-watchos -Isystem /Applications/Xcode-26.3.0.app/Contents/Developer/Platforms/WatchOS.platform/Developer/usr/lib -F /Users/admin/builder/spi-builder-workspace/.derivedData/Build/Products/Debug-watchos -F /Applications/Xcode-26.3.0.app/Contents/Developer/Platforms/WatchOS.platform/Developer/Library/Frameworks -F /Applications/Xcode-26.3.0.app/Contents/Developer/Platforms/WatchOS.platform/Developer/SDKs/WatchOS26.2.sdk/Developer/Library/Frameworks -c -j10 -enable-batch-mode -incremental -Xcc -ivfsstatcache -Xcc /Users/admin/builder/spi-builder-workspace/.derivedData/SDKStatCaches.noindex/watchos26.2-23S303-dc75598d0054f22ec865fa860f139d721753b489057de6bda919edfa1c59a62b.sdkstatcache -output-file-map /Users/admin/builder/spi-builder-workspace/.derivedData/Build/Intermediates.noindex/DifferenceKit.build/Debug-watchos/DifferenceKit.build/Objects-normal/arm64/DifferenceKit-OutputFileMap.json -use-frontend-parseable-output -save-temps -no-color-diagnostics -explicit-module-build -module-cache-path /Users/admin/builder/spi-builder-workspace/.derivedData/Build/Intermediates.noindex/SwiftExplicitPrecompiledModules -clang-scanner-module-cache-path /Users/admin/builder/spi-builder-workspace/.derivedData/ModuleCache.noindex -sdk-module-cache-path /Users/admin/builder/spi-builder-workspace/.derivedData/ModuleCache.noindex -serialize-diagnostics -emit-dependencies -emit-module -emit-module-path /Users/admin/builder/spi-builder-workspace/.derivedData/Build/Intermediates.noindex/DifferenceKit.build/Debug-watchos/DifferenceKit.build/Objects-normal/arm64/DifferenceKit.swiftmodule -validate-clang-modules-once -clang-build-session-file /Users/admin/builder/spi-builder-workspace/.derivedData/ModuleCache.noindex/Session.modulevalidation -Xcc -I/Users/admin/builder/spi-builder-workspace/.derivedData/Build/Intermediates.noindex/DifferenceKit.build/Debug-watchos/DifferenceKit.build/swift-overrides.hmap -emit-const-values -Xfrontend -const-gather-protocols-file -Xfrontend /Users/admin/builder/spi-builder-workspace/.derivedData/Build/Intermediates.noindex/DifferenceKit.build/Debug-watchos/DifferenceKit.build/Objects-normal/arm64/DifferenceKit_const_extract_protocols.json -Xcc -I/Users/admin/builder/spi-builder-workspace/.derivedData/Build/Products/Debug-watchos/include -Xcc -I/Users/admin/builder/spi-builder-workspace/.derivedData/Build/Intermediates.noindex/DifferenceKit.build/Debug-watchos/DifferenceKit.build/DerivedSources-normal/arm64 -Xcc -I/Users/admin/builder/spi-builder-workspace/.derivedData/Build/Intermediates.noindex/DifferenceKit.build/Debug-watchos/DifferenceKit.build/DerivedSources/arm64 -Xcc -I/Users/admin/builder/spi-builder-workspace/.derivedData/Build/Intermediates.noindex/DifferenceKit.build/Debug-watchos/DifferenceKit.build/DerivedSources -Xcc -DSWIFT_PACKAGE -Xcc -DDEBUG\=1 -emit-objc-header -emit-objc-header-path /Users/admin/builder/spi-builder-workspace/.derivedData/Build/Intermediates.noindex/DifferenceKit.build/Debug-watchos/DifferenceKit.build/Objects-normal/arm64/DifferenceKit-Swift.h -working-directory /Users/admin/builder/spi-builder-workspace/.swiftpm/xcode -experimental-emit-module-separately -disable-cmo
Copy /Users/admin/builder/spi-builder-workspace/.derivedData/Build/Products/Debug-watchos/DifferenceKit.swiftmodule/arm64_32-apple-watchos.swiftmodule /Users/admin/builder/spi-builder-workspace/.derivedData/Build/Intermediates.noindex/DifferenceKit.build/Debug-watchos/DifferenceKit.build/Objects-normal/arm64_32/DifferenceKit.swiftmodule (in target 'DifferenceKit' from project 'DifferenceKit')
    cd /Users/admin/builder/spi-builder-workspace/.dependencies/checkouts/DifferenceKit
    builtin-copy -exclude .DS_Store -exclude CVS -exclude .svn -exclude .git -exclude .hg -resolve-src-symlinks -rename /Users/admin/builder/spi-builder-workspace/.derivedData/Build/Intermediates.noindex/DifferenceKit.build/Debug-watchos/DifferenceKit.build/Objects-normal/arm64_32/DifferenceKit.swiftmodule /Users/admin/builder/spi-builder-workspace/.derivedData/Build/Products/Debug-watchos/DifferenceKit.swiftmodule/arm64_32-apple-watchos.swiftmodule
Copy /Users/admin/builder/spi-builder-workspace/.derivedData/Build/Products/Debug-watchos/DifferenceKit.swiftmodule/arm64_32-apple-watchos.swiftdoc /Users/admin/builder/spi-builder-workspace/.derivedData/Build/Intermediates.noindex/DifferenceKit.build/Debug-watchos/DifferenceKit.build/Objects-normal/arm64_32/DifferenceKit.swiftdoc (in target 'DifferenceKit' from project 'DifferenceKit')
    cd /Users/admin/builder/spi-builder-workspace/.dependencies/checkouts/DifferenceKit
    builtin-copy -exclude .DS_Store -exclude CVS -exclude .svn -exclude .git -exclude .hg -resolve-src-symlinks -rename /Users/admin/builder/spi-builder-workspace/.derivedData/Build/Intermediates.noindex/DifferenceKit.build/Debug-watchos/DifferenceKit.build/Objects-normal/arm64_32/DifferenceKit.swiftdoc /Users/admin/builder/spi-builder-workspace/.derivedData/Build/Products/Debug-watchos/DifferenceKit.swiftmodule/arm64_32-apple-watchos.swiftdoc
Copy /Users/admin/builder/spi-builder-workspace/.derivedData/Build/Products/Debug-watchos/DifferenceKit.swiftmodule/arm64_32-apple-watchos.abi.json /Users/admin/builder/spi-builder-workspace/.derivedData/Build/Intermediates.noindex/DifferenceKit.build/Debug-watchos/DifferenceKit.build/Objects-normal/arm64_32/DifferenceKit.abi.json (in target 'DifferenceKit' from project 'DifferenceKit')
    cd /Users/admin/builder/spi-builder-workspace/.dependencies/checkouts/DifferenceKit
    builtin-copy -exclude .DS_Store -exclude CVS -exclude .svn -exclude .git -exclude .hg -resolve-src-symlinks -rename /Users/admin/builder/spi-builder-workspace/.derivedData/Build/Intermediates.noindex/DifferenceKit.build/Debug-watchos/DifferenceKit.build/Objects-normal/arm64_32/DifferenceKit.abi.json /Users/admin/builder/spi-builder-workspace/.derivedData/Build/Products/Debug-watchos/DifferenceKit.swiftmodule/arm64_32-apple-watchos.abi.json
Copy /Users/admin/builder/spi-builder-workspace/.derivedData/Build/Products/Debug-watchos/DifferenceKit.swiftmodule/arm64-apple-watchos.swiftmodule /Users/admin/builder/spi-builder-workspace/.derivedData/Build/Intermediates.noindex/DifferenceKit.build/Debug-watchos/DifferenceKit.build/Objects-normal/arm64/DifferenceKit.swiftmodule (in target 'DifferenceKit' from project 'DifferenceKit')
    cd /Users/admin/builder/spi-builder-workspace/.dependencies/checkouts/DifferenceKit
    builtin-copy -exclude .DS_Store -exclude CVS -exclude .svn -exclude .git -exclude .hg -resolve-src-symlinks -rename /Users/admin/builder/spi-builder-workspace/.derivedData/Build/Intermediates.noindex/DifferenceKit.build/Debug-watchos/DifferenceKit.build/Objects-normal/arm64/DifferenceKit.swiftmodule /Users/admin/builder/spi-builder-workspace/.derivedData/Build/Products/Debug-watchos/DifferenceKit.swiftmodule/arm64-apple-watchos.swiftmodule
Copy /Users/admin/builder/spi-builder-workspace/.derivedData/Build/Products/Debug-watchos/DifferenceKit.swiftmodule/arm64-apple-watchos.swiftdoc /Users/admin/builder/spi-builder-workspace/.derivedData/Build/Intermediates.noindex/DifferenceKit.build/Debug-watchos/DifferenceKit.build/Objects-normal/arm64/DifferenceKit.swiftdoc (in target 'DifferenceKit' from project 'DifferenceKit')
    cd /Users/admin/builder/spi-builder-workspace/.dependencies/checkouts/DifferenceKit
    builtin-copy -exclude .DS_Store -exclude CVS -exclude .svn -exclude .git -exclude .hg -resolve-src-symlinks -rename /Users/admin/builder/spi-builder-workspace/.derivedData/Build/Intermediates.noindex/DifferenceKit.build/Debug-watchos/DifferenceKit.build/Objects-normal/arm64/DifferenceKit.swiftdoc /Users/admin/builder/spi-builder-workspace/.derivedData/Build/Products/Debug-watchos/DifferenceKit.swiftmodule/arm64-apple-watchos.swiftdoc
Copy /Users/admin/builder/spi-builder-workspace/.derivedData/Build/Products/Debug-watchos/DifferenceKit.swiftmodule/arm64-apple-watchos.abi.json /Users/admin/builder/spi-builder-workspace/.derivedData/Build/Intermediates.noindex/DifferenceKit.build/Debug-watchos/DifferenceKit.build/Objects-normal/arm64/DifferenceKit.abi.json (in target 'DifferenceKit' from project 'DifferenceKit')
    cd /Users/admin/builder/spi-builder-workspace/.dependencies/checkouts/DifferenceKit
    builtin-copy -exclude .DS_Store -exclude CVS -exclude .svn -exclude .git -exclude .hg -resolve-src-symlinks -rename /Users/admin/builder/spi-builder-workspace/.derivedData/Build/Intermediates.noindex/DifferenceKit.build/Debug-watchos/DifferenceKit.build/Objects-normal/arm64/DifferenceKit.abi.json /Users/admin/builder/spi-builder-workspace/.derivedData/Build/Products/Debug-watchos/DifferenceKit.swiftmodule/arm64-apple-watchos.abi.json
Copy /Users/admin/builder/spi-builder-workspace/.derivedData/Build/Products/Debug-watchos/DifferenceKit.swiftmodule/Project/arm64_32-apple-watchos.swiftsourceinfo /Users/admin/builder/spi-builder-workspace/.derivedData/Build/Intermediates.noindex/DifferenceKit.build/Debug-watchos/DifferenceKit.build/Objects-normal/arm64_32/DifferenceKit.swiftsourceinfo (in target 'DifferenceKit' from project 'DifferenceKit')
    cd /Users/admin/builder/spi-builder-workspace/.dependencies/checkouts/DifferenceKit
    builtin-copy -exclude .DS_Store -exclude CVS -exclude .svn -exclude .git -exclude .hg -resolve-src-symlinks -rename /Users/admin/builder/spi-builder-workspace/.derivedData/Build/Intermediates.noindex/DifferenceKit.build/Debug-watchos/DifferenceKit.build/Objects-normal/arm64_32/DifferenceKit.swiftsourceinfo /Users/admin/builder/spi-builder-workspace/.derivedData/Build/Products/Debug-watchos/DifferenceKit.swiftmodule/Project/arm64_32-apple-watchos.swiftsourceinfo
Copy /Users/admin/builder/spi-builder-workspace/.derivedData/Build/Products/Debug-watchos/DifferenceKit.swiftmodule/Project/arm64-apple-watchos.swiftsourceinfo /Users/admin/builder/spi-builder-workspace/.derivedData/Build/Intermediates.noindex/DifferenceKit.build/Debug-watchos/DifferenceKit.build/Objects-normal/arm64/DifferenceKit.swiftsourceinfo (in target 'DifferenceKit' from project 'DifferenceKit')
    cd /Users/admin/builder/spi-builder-workspace/.dependencies/checkouts/DifferenceKit
    builtin-copy -exclude .DS_Store -exclude CVS -exclude .svn -exclude .git -exclude .hg -resolve-src-symlinks -rename /Users/admin/builder/spi-builder-workspace/.derivedData/Build/Intermediates.noindex/DifferenceKit.build/Debug-watchos/DifferenceKit.build/Objects-normal/arm64/DifferenceKit.swiftsourceinfo /Users/admin/builder/spi-builder-workspace/.derivedData/Build/Products/Debug-watchos/DifferenceKit.swiftmodule/Project/arm64-apple-watchos.swiftsourceinfo
SwiftCompile normal arm64 Compiling\ DifferentiableSection.swift /Users/admin/builder/spi-builder-workspace/.dependencies/checkouts/DifferenceKit/Sources/DifferentiableSection.swift (in target 'DifferenceKit' from project 'DifferenceKit')
SwiftCompile normal arm64 /Users/admin/builder/spi-builder-workspace/.dependencies/checkouts/DifferenceKit/Sources/DifferentiableSection.swift (in target 'DifferenceKit' from project 'DifferenceKit')
    cd /Users/admin/builder/spi-builder-workspace/.swiftpm/xcode

SwiftCompile normal armv7k Compiling\ Algorithm.swift,\ AnyDifferentiable.swift /Users/admin/builder/spi-builder-workspace/.dependencies/checkouts/DifferenceKit/Sources/Algorithm.swift /Users/admin/builder/spi-builder-workspace/.dependencies/checkouts/DifferenceKit/Sources/AnyDifferentiable.swift (in target 'DifferenceKit' from project 'DifferenceKit')
SwiftCompile normal armv7k /Users/admin/builder/spi-builder-workspace/.dependencies/checkouts/DifferenceKit/Sources/Algorithm.swift (in target 'DifferenceKit' from project 'DifferenceKit')
    cd /Users/admin/builder/spi-builder-workspace/.swiftpm/xcode

SwiftCompile normal armv7k /Users/admin/builder/spi-builder-workspace/.dependencies/checkouts/DifferenceKit/Sources/AnyDifferentiable.swift (in target 'DifferenceKit' from project 'DifferenceKit')
    cd /Users/admin/builder/spi-builder-workspace/.swiftpm/xcode

SwiftDriverJobDiscovery normal arm64_32 Compiling AppKitExtension.swift (in target 'DifferenceKit' from project 'DifferenceKit')
SwiftCompile normal arm64 Compiling\ ElementPath.swift /Users/admin/builder/spi-builder-workspace/.dependencies/checkouts/DifferenceKit/Sources/ElementPath.swift (in target 'DifferenceKit' from project 'DifferenceKit')
SwiftCompile normal arm64 /Users/admin/builder/spi-builder-workspace/.dependencies/checkouts/DifferenceKit/Sources/ElementPath.swift (in target 'DifferenceKit' from project 'DifferenceKit')
    cd /Users/admin/builder/spi-builder-workspace/.swiftpm/xcode

SwiftDriverJobDiscovery normal arm64_32 Compiling UIKitExtension.swift (in target 'DifferenceKit' from project 'DifferenceKit')
SwiftCompile normal armv7k Compiling\ ContentEquatable.swift /Users/admin/builder/spi-builder-workspace/.dependencies/checkouts/DifferenceKit/Sources/ContentEquatable.swift (in target 'DifferenceKit' from project 'DifferenceKit')
SwiftCompile normal armv7k /Users/admin/builder/spi-builder-workspace/.dependencies/checkouts/DifferenceKit/Sources/ContentEquatable.swift (in target 'DifferenceKit' from project 'DifferenceKit')
    cd /Users/admin/builder/spi-builder-workspace/.swiftpm/xcode

SwiftDriverJobDiscovery normal arm64_32 Compiling Differentiable.swift (in target 'DifferenceKit' from project 'DifferenceKit')
SwiftCompile normal arm64_32 Compiling\ Algorithm.swift,\ AnyDifferentiable.swift /Users/admin/builder/spi-builder-workspace/.dependencies/checkouts/DifferenceKit/Sources/Algorithm.swift /Users/admin/builder/spi-builder-workspace/.dependencies/checkouts/DifferenceKit/Sources/AnyDifferentiable.swift (in target 'DifferenceKit' from project 'DifferenceKit')
SwiftCompile normal arm64_32 /Users/admin/builder/spi-builder-workspace/.dependencies/checkouts/DifferenceKit/Sources/Algorithm.swift (in target 'DifferenceKit' from project 'DifferenceKit')
    cd /Users/admin/builder/spi-builder-workspace/.swiftpm/xcode

SwiftCompile normal arm64_32 /Users/admin/builder/spi-builder-workspace/.dependencies/checkouts/DifferenceKit/Sources/AnyDifferentiable.swift (in target 'DifferenceKit' from project 'DifferenceKit')
    cd /Users/admin/builder/spi-builder-workspace/.swiftpm/xcode

SwiftDriverJobDiscovery normal arm64_32 Compiling DifferentiableSection.swift (in target 'DifferenceKit' from project 'DifferenceKit')
SwiftCompile normal arm64 Compiling\ UIKitExtension.swift /Users/admin/builder/spi-builder-workspace/.dependencies/checkouts/DifferenceKit/Sources/Extensions/UIKitExtension.swift (in target 'DifferenceKit' from project 'DifferenceKit')
SwiftCompile normal arm64 /Users/admin/builder/spi-builder-workspace/.dependencies/checkouts/DifferenceKit/Sources/Extensions/UIKitExtension.swift (in target 'DifferenceKit' from project 'DifferenceKit')
    cd /Users/admin/builder/spi-builder-workspace/.swiftpm/xcode

SwiftDriverJobDiscovery normal arm64_32 Compiling ElementPath.swift (in target 'DifferenceKit' from project 'DifferenceKit')
SwiftCompile normal arm64_32 Compiling\ ArraySection.swift,\ Changeset.swift /Users/admin/builder/spi-builder-workspace/.dependencies/checkouts/DifferenceKit/Sources/ArraySection.swift /Users/admin/builder/spi-builder-workspace/.dependencies/checkouts/DifferenceKit/Sources/Changeset.swift (in target 'DifferenceKit' from project 'DifferenceKit')
SwiftCompile normal arm64_32 /Users/admin/builder/spi-builder-workspace/.dependencies/checkouts/DifferenceKit/Sources/ArraySection.swift (in target 'DifferenceKit' from project 'DifferenceKit')
    cd /Users/admin/builder/spi-builder-workspace/.swiftpm/xcode

SwiftCompile normal arm64_32 /Users/admin/builder/spi-builder-workspace/.dependencies/checkouts/DifferenceKit/Sources/Changeset.swift (in target 'DifferenceKit' from project 'DifferenceKit')
    cd /Users/admin/builder/spi-builder-workspace/.swiftpm/xcode

SwiftDriverJobDiscovery normal armv7k Emitting module for DifferenceKit (in target 'DifferenceKit' from project 'DifferenceKit')
SwiftDriver\ Compilation\ Requirements DifferenceKit normal armv7k com.apple.xcode.tools.swift.compiler (in target 'DifferenceKit' from project 'DifferenceKit')
    cd /Users/admin/builder/spi-builder-workspace/.swiftpm/xcode
    builtin-Swift-Compilation-Requirements -- /Applications/Xcode-26.3.0.app/Contents/Developer/Toolchains/XcodeDefault.xctoolchain/usr/bin/swiftc -module-name DifferenceKit -Onone -enforce-exclusivity\=checked @/Users/admin/builder/spi-builder-workspace/.derivedData/Build/Intermediates.noindex/DifferenceKit.build/Debug-watchos/DifferenceKit.build/Objects-normal/armv7k/DifferenceKit.SwiftFileList -DSWIFT_PACKAGE -DDEBUG -DSWIFT_MODULE_RESOURCE_BUNDLE_UNAVAILABLE -DXcode -plugin-path /Applications/Xcode-26.3.0.app/Contents/Developer/Toolchains/XcodeDefault.xctoolchain/usr/lib/swift/host/plugins/testing -enable-experimental-feature DebugDescriptionMacro -sdk /Applications/Xcode-26.3.0.app/Contents/Developer/Platforms/WatchOS.platform/Developer/SDKs/WatchOS26.2.sdk -target armv7k-apple-watchos4.0 -g -module-cache-path /Users/admin/builder/spi-builder-workspace/.derivedData/ModuleCache.noindex -Xfrontend -serialize-debugging-options -enable-testing -suppress-warnings -index-store-path /Users/admin/builder/spi-builder-workspace/.derivedData/Index.noindex/DataStore -Xcc -D_LIBCPP_HARDENING_MODE\=_LIBCPP_HARDENING_MODE_DEBUG -swift-version 5 -I /Users/admin/builder/spi-builder-workspace/.derivedData/Build/Products/Debug-watchos -Isystem /Applications/Xcode-26.3.0.app/Contents/Developer/Platforms/WatchOS.platform/Developer/usr/lib -F /Users/admin/builder/spi-builder-workspace/.derivedData/Build/Products/Debug-watchos -F /Applications/Xcode-26.3.0.app/Contents/Developer/Platforms/WatchOS.platform/Developer/Library/Frameworks -F /Applications/Xcode-26.3.0.app/Contents/Developer/Platforms/WatchOS.platform/Developer/SDKs/WatchOS26.2.sdk/Developer/Library/Frameworks -c -j10 -enable-batch-mode -incremental -Xcc -ivfsstatcache -Xcc /Users/admin/builder/spi-builder-workspace/.derivedData/SDKStatCaches.noindex/watchos26.2-23S303-dc75598d0054f22ec865fa860f139d721753b489057de6bda919edfa1c59a62b.sdkstatcache -output-file-map /Users/admin/builder/spi-builder-workspace/.derivedData/Build/Intermediates.noindex/DifferenceKit.build/Debug-watchos/DifferenceKit.build/Objects-normal/armv7k/DifferenceKit-OutputFileMap.json -use-frontend-parseable-output -save-temps -no-color-diagnostics -explicit-module-build -module-cache-path /Users/admin/builder/spi-builder-workspace/.derivedData/Build/Intermediates.noindex/SwiftExplicitPrecompiledModules -clang-scanner-module-cache-path /Users/admin/builder/spi-builder-workspace/.derivedData/ModuleCache.noindex -sdk-module-cache-path /Users/admin/builder/spi-builder-workspace/.derivedData/ModuleCache.noindex -serialize-diagnostics -emit-dependencies -emit-module -emit-module-path /Users/admin/builder/spi-builder-workspace/.derivedData/Build/Intermediates.noindex/DifferenceKit.build/Debug-watchos/DifferenceKit.build/Objects-normal/armv7k/DifferenceKit.swiftmodule -validate-clang-modules-once -clang-build-session-file /Users/admin/builder/spi-builder-workspace/.derivedData/ModuleCache.noindex/Session.modulevalidation -Xcc -I/Users/admin/builder/spi-builder-workspace/.derivedData/Build/Intermediates.noindex/DifferenceKit.build/Debug-watchos/DifferenceKit.build/swift-overrides.hmap -emit-const-values -Xfrontend -const-gather-protocols-file -Xfrontend /Users/admin/builder/spi-builder-workspace/.derivedData/Build/Intermediates.noindex/DifferenceKit.build/Debug-watchos/DifferenceKit.build/Objects-normal/armv7k/DifferenceKit_const_extract_protocols.json -Xcc -I/Users/admin/builder/spi-builder-workspace/.derivedData/Build/Products/Debug-watchos/include -Xcc -I/Users/admin/builder/spi-builder-workspace/.derivedData/Build/Intermediates.noindex/DifferenceKit.build/Debug-watchos/DifferenceKit.build/DerivedSources-normal/armv7k -Xcc -I/Users/admin/builder/spi-builder-workspace/.derivedData/Build/Intermediates.noindex/DifferenceKit.build/Debug-watchos/DifferenceKit.build/DerivedSources/armv7k -Xcc -I/Users/admin/builder/spi-builder-workspace/.derivedData/Build/Intermediates.noindex/DifferenceKit.build/Debug-watchos/DifferenceKit.build/DerivedSources -Xcc -DSWIFT_PACKAGE -Xcc -DDEBUG\=1 -emit-objc-header -emit-objc-header-path /Users/admin/builder/spi-builder-workspace/.derivedData/Build/Intermediates.noindex/DifferenceKit.build/Debug-watchos/DifferenceKit.build/Objects-normal/armv7k/DifferenceKit-Swift.h -working-directory /Users/admin/builder/spi-builder-workspace/.swiftpm/xcode -experimental-emit-module-separately -disable-cmo
SwiftCompile normal arm64 Compiling\ Differentiable.swift /Users/admin/builder/spi-builder-workspace/.dependencies/checkouts/DifferenceKit/Sources/Differentiable.swift (in target 'DifferenceKit' from project 'DifferenceKit')
SwiftCompile normal arm64 /Users/admin/builder/spi-builder-workspace/.dependencies/checkouts/DifferenceKit/Sources/Differentiable.swift (in target 'DifferenceKit' from project 'DifferenceKit')
    cd /Users/admin/builder/spi-builder-workspace/.swiftpm/xcode

SwiftCompile normal armv7k Compiling\ AppKitExtension.swift /Users/admin/builder/spi-builder-workspace/.dependencies/checkouts/DifferenceKit/Sources/Extensions/AppKitExtension.swift (in target 'DifferenceKit' from project 'DifferenceKit')
SwiftCompile normal armv7k /Users/admin/builder/spi-builder-workspace/.dependencies/checkouts/DifferenceKit/Sources/Extensions/AppKitExtension.swift (in target 'DifferenceKit' from project 'DifferenceKit')
    cd /Users/admin/builder/spi-builder-workspace/.swiftpm/xcode

SwiftCompile normal arm64 Compiling\ Algorithm.swift,\ AnyDifferentiable.swift /Users/admin/builder/spi-builder-workspace/.dependencies/checkouts/DifferenceKit/Sources/Algorithm.swift /Users/admin/builder/spi-builder-workspace/.dependencies/checkouts/DifferenceKit/Sources/AnyDifferentiable.swift (in target 'DifferenceKit' from project 'DifferenceKit')
SwiftCompile normal arm64 /Users/admin/builder/spi-builder-workspace/.dependencies/checkouts/DifferenceKit/Sources/Algorithm.swift (in target 'DifferenceKit' from project 'DifferenceKit')
    cd /Users/admin/builder/spi-builder-workspace/.swiftpm/xcode

SwiftCompile normal arm64 /Users/admin/builder/spi-builder-workspace/.dependencies/checkouts/DifferenceKit/Sources/AnyDifferentiable.swift (in target 'DifferenceKit' from project 'DifferenceKit')
    cd /Users/admin/builder/spi-builder-workspace/.swiftpm/xcode

SwiftExplicitDependencyGeneratePcm arm64_32 /Users/admin/builder/spi-builder-workspace/.derivedData/ModuleCache.noindex/_Builtin_float-57NF6Z0LMY2BSAMQJ9NJ49CVA.pcm
SwiftExplicitDependencyGeneratePcm arm64_32 /Users/admin/builder/spi-builder-workspace/.derivedData/ModuleCache.noindex/_AvailabilityInternal-2P7I2A0IHHWZTWSQ7YWZKAXBX.pcm
SwiftExplicitDependencyGeneratePcm arm64_32 /Users/admin/builder/spi-builder-workspace/.derivedData/ModuleCache.noindex/_SwiftConcurrencyShims-BE6OCM46C4HZFNWL8BR101QWH.pcm
SwiftDriverJobDiscovery normal arm64 Compiling DifferentiableSection.swift (in target 'DifferenceKit' from project 'DifferenceKit')
SwiftDriverJobDiscovery normal arm64 Compiling Differentiable.swift (in target 'DifferenceKit' from project 'DifferenceKit')
SwiftMergeGeneratedHeaders /Users/admin/builder/spi-builder-workspace/.derivedData/Build/Intermediates.noindex/GeneratedModuleMaps-watchos/DifferenceKit-Swift.h /Users/admin/builder/spi-builder-workspace/.derivedData/Build/Intermediates.noindex/DifferenceKit.build/Debug-watchos/DifferenceKit.build/Objects-normal/arm64/DifferenceKit-Swift.h /Users/admin/builder/spi-builder-workspace/.derivedData/Build/Intermediates.noindex/DifferenceKit.build/Debug-watchos/DifferenceKit.build/Objects-normal/arm64_32/DifferenceKit-Swift.h /Users/admin/builder/spi-builder-workspace/.derivedData/Build/Intermediates.noindex/DifferenceKit.build/Debug-watchos/DifferenceKit.build/Objects-normal/armv7k/DifferenceKit-Swift.h (in target 'DifferenceKit' from project 'DifferenceKit')
    cd /Users/admin/builder/spi-builder-workspace/.dependencies/checkouts/DifferenceKit
    builtin-swiftHeaderTool -arch arm64 /Users/admin/builder/spi-builder-workspace/.derivedData/Build/Intermediates.noindex/DifferenceKit.build/Debug-watchos/DifferenceKit.build/Objects-normal/arm64/DifferenceKit-Swift.h -arch arm64_32 /Users/admin/builder/spi-builder-workspace/.derivedData/Build/Intermediates.noindex/DifferenceKit.build/Debug-watchos/DifferenceKit.build/Objects-normal/arm64_32/DifferenceKit-Swift.h -arch armv7k /Users/admin/builder/spi-builder-workspace/.derivedData/Build/Intermediates.noindex/DifferenceKit.build/Debug-watchos/DifferenceKit.build/Objects-normal/armv7k/DifferenceKit-Swift.h -o /Users/admin/builder/spi-builder-workspace/.derivedData/Build/Intermediates.noindex/GeneratedModuleMaps-watchos/DifferenceKit-Swift.h
Copy /Users/admin/builder/spi-builder-workspace/.derivedData/Build/Products/Debug-watchos/DifferenceKit.swiftmodule/armv7k-apple-watchos.swiftmodule /Users/admin/builder/spi-builder-workspace/.derivedData/Build/Intermediates.noindex/DifferenceKit.build/Debug-watchos/DifferenceKit.build/Objects-normal/armv7k/DifferenceKit.swiftmodule (in target 'DifferenceKit' from project 'DifferenceKit')
    cd /Users/admin/builder/spi-builder-workspace/.dependencies/checkouts/DifferenceKit
    builtin-copy -exclude .DS_Store -exclude CVS -exclude .svn -exclude .git -exclude .hg -resolve-src-symlinks -rename /Users/admin/builder/spi-builder-workspace/.derivedData/Build/Intermediates.noindex/DifferenceKit.build/Debug-watchos/DifferenceKit.build/Objects-normal/armv7k/DifferenceKit.swiftmodule /Users/admin/builder/spi-builder-workspace/.derivedData/Build/Products/Debug-watchos/DifferenceKit.swiftmodule/armv7k-apple-watchos.swiftmodule
Copy /Users/admin/builder/spi-builder-workspace/.derivedData/Build/Products/Debug-watchos/DifferenceKit.swiftmodule/armv7k-apple-watchos.swiftdoc /Users/admin/builder/spi-builder-workspace/.derivedData/Build/Intermediates.noindex/DifferenceKit.build/Debug-watchos/DifferenceKit.build/Objects-normal/armv7k/DifferenceKit.swiftdoc (in target 'DifferenceKit' from project 'DifferenceKit')
    cd /Users/admin/builder/spi-builder-workspace/.dependencies/checkouts/DifferenceKit
    builtin-copy -exclude .DS_Store -exclude CVS -exclude .svn -exclude .git -exclude .hg -resolve-src-symlinks -rename /Users/admin/builder/spi-builder-workspace/.derivedData/Build/Intermediates.noindex/DifferenceKit.build/Debug-watchos/DifferenceKit.build/Objects-normal/armv7k/DifferenceKit.swiftdoc /Users/admin/builder/spi-builder-workspace/.derivedData/Build/Products/Debug-watchos/DifferenceKit.swiftmodule/armv7k-apple-watchos.swiftdoc
Copy /Users/admin/builder/spi-builder-workspace/.derivedData/Build/Products/Debug-watchos/DifferenceKit.swiftmodule/armv7k-apple-watchos.abi.json /Users/admin/builder/spi-builder-workspace/.derivedData/Build/Intermediates.noindex/DifferenceKit.build/Debug-watchos/DifferenceKit.build/Objects-normal/armv7k/DifferenceKit.abi.json (in target 'DifferenceKit' from project 'DifferenceKit')
    cd /Users/admin/builder/spi-builder-workspace/.dependencies/checkouts/DifferenceKit
    builtin-copy -exclude .DS_Store -exclude CVS -exclude .svn -exclude .git -exclude .hg -resolve-src-symlinks -rename /Users/admin/builder/spi-builder-workspace/.derivedData/Build/Intermediates.noindex/DifferenceKit.build/Debug-watchos/DifferenceKit.build/Objects-normal/armv7k/DifferenceKit.abi.json /Users/admin/builder/spi-builder-workspace/.derivedData/Build/Products/Debug-watchos/DifferenceKit.swiftmodule/armv7k-apple-watchos.abi.json
Copy /Users/admin/builder/spi-builder-workspace/.derivedData/Build/Products/Debug-watchos/DifferenceKit.swiftmodule/Project/armv7k-apple-watchos.swiftsourceinfo /Users/admin/builder/spi-builder-workspace/.derivedData/Build/Intermediates.noindex/DifferenceKit.build/Debug-watchos/DifferenceKit.build/Objects-normal/armv7k/DifferenceKit.swiftsourceinfo (in target 'DifferenceKit' from project 'DifferenceKit')
    cd /Users/admin/builder/spi-builder-workspace/.dependencies/checkouts/DifferenceKit
    builtin-copy -exclude .DS_Store -exclude CVS -exclude .svn -exclude .git -exclude .hg -resolve-src-symlinks -rename /Users/admin/builder/spi-builder-workspace/.derivedData/Build/Intermediates.noindex/DifferenceKit.build/Debug-watchos/DifferenceKit.build/Objects-normal/armv7k/DifferenceKit.swiftsourceinfo /Users/admin/builder/spi-builder-workspace/.derivedData/Build/Products/Debug-watchos/DifferenceKit.swiftmodule/Project/armv7k-apple-watchos.swiftsourceinfo
SwiftDriverJobDiscovery normal arm64_32 Compiling Algorithm.swift, AnyDifferentiable.swift (in target 'DifferenceKit' from project 'DifferenceKit')
SwiftExplicitDependencyGeneratePcm armv7k /Users/admin/builder/spi-builder-workspace/.derivedData/ModuleCache.noindex/_Builtin_stdbool-9VD2M4BTLIJY98N0LN8FWE4LY.pcm
SwiftExplicitDependencyGeneratePcm armv7k /Users/admin/builder/spi-builder-workspace/.derivedData/ModuleCache.noindex/DeveloperToolsSupport-1N5GDP20GIN90VPW8LLCD3R3Q.pcm
SwiftExplicitDependencyGeneratePcm armv7k /Users/admin/builder/spi-builder-workspace/.derivedData/ModuleCache.noindex/_Builtin_stddef-ASXQGX4KRKJUJ254CBG2Q4QKU.pcm
SwiftExplicitDependencyGeneratePcm armv7k /Users/admin/builder/spi-builder-workspace/.derivedData/ModuleCache.noindex/_SwiftConcurrencyShims-D59HA2377K7NIHYDPWEQNNSGA.pcm
SwiftDriverJobDiscovery normal arm64_32 Compiling ArraySection.swift, Changeset.swift (in target 'DifferenceKit' from project 'DifferenceKit')
SwiftExplicitDependencyGeneratePcm arm64 /Users/admin/builder/spi-builder-workspace/.derivedData/ModuleCache.noindex/ptrauth-23V973HP08H1G8HHZ6OAJWG6Z.pcm
SwiftDriverJobDiscovery normal arm64 Compiling UIKitExtension.swift (in target 'DifferenceKit' from project 'DifferenceKit')
SwiftExplicitDependencyGeneratePcm arm64 /Users/admin/builder/spi-builder-workspace/.derivedData/ModuleCache.noindex/ptrcheck-4YU0IIP3FXMEGKRFTVKLD8FLA.pcm
SwiftExplicitDependencyGeneratePcm arm64 /Users/admin/builder/spi-builder-workspace/.derivedData/ModuleCache.noindex/_Builtin_float-5QRDZB35Y522CLCFL7NT2LPUF.pcm
SwiftExplicitDependencyGeneratePcm arm64 /Users/admin/builder/spi-builder-workspace/.derivedData/ModuleCache.noindex/_SwiftConcurrencyShims-6I3LH2ITNOZQ7GZSIWV3YFHI2.pcm
SwiftExplicitDependencyGeneratePcm arm64_32 /Users/admin/builder/spi-builder-workspace/.derivedData/ModuleCache.noindex/DeveloperToolsSupport-5Q1NLQJRRPLABYGN6NVKFXWY0.pcm
SwiftDriverJobDiscovery normal arm64 Compiling ElementPath.swift (in target 'DifferenceKit' from project 'DifferenceKit')
SwiftExplicitDependencyGeneratePcm arm64_32 /Users/admin/builder/spi-builder-workspace/.derivedData/ModuleCache.noindex/ptrcheck-9AZUY5IS5PCZJH0IGF6KZ1CS4.pcm
SwiftExplicitDependencyGeneratePcm arm64_32 /Users/admin/builder/spi-builder-workspace/.derivedData/ModuleCache.noindex/_Builtin_stdbool-5P7XRQ5AQ02CJZQOFJGPCI3TD.pcm
SwiftExplicitDependencyGeneratePcm arm64 /Users/admin/builder/spi-builder-workspace/.derivedData/ModuleCache.noindex/_AvailabilityInternal-2O3RFBUGA1RPVNII2XIZ3QNC3.pcm
SwiftDriverJobDiscovery normal armv7k Compiling ContentEquatable.swift (in target 'DifferenceKit' from project 'DifferenceKit')
SwiftExplicitDependencyGeneratePcm arm64 /Users/admin/builder/spi-builder-workspace/.derivedData/ModuleCache.noindex/SwiftShims-7I20DMCTK17Q8T32LA04FWAMX.pcm
SwiftExplicitDependencyGeneratePcm arm64 /Users/admin/builder/spi-builder-workspace/.derivedData/ModuleCache.noindex/_Builtin_stdarg-RZPX1L7HC0FE24QDJB88HMGH.pcm
SwiftExplicitDependencyGeneratePcm armv7k /Users/admin/builder/spi-builder-workspace/.derivedData/ModuleCache.noindex/ptrcheck-CULRGIKD1ZM2RCD4ZIFL67KIW.pcm
SwiftExplicitDependencyGeneratePcm armv7k /Users/admin/builder/spi-builder-workspace/.derivedData/ModuleCache.noindex/ptrauth-7MU8I6LYCX6DS0BM6VQWB61QK.pcm
SwiftExplicitDependencyGeneratePcm arm64 /Users/admin/builder/spi-builder-workspace/.derivedData/ModuleCache.noindex/_Builtin_stdbool-6XT6P5XUZWCFLZBIHXXS8S9EV.pcm
SwiftExplicitDependencyGeneratePcm arm64_32 /Users/admin/builder/spi-builder-workspace/.derivedData/ModuleCache.noindex/ptrauth-625I4K1NIQYS1FZEGD4TBZD97.pcm
SwiftExplicitDependencyGeneratePcm arm64_32 /Users/admin/builder/spi-builder-workspace/.derivedData/ModuleCache.noindex/_DarwinFoundation1-B5IP3NLVAB98PUH6026E7IU3Z.pcm
SwiftExplicitDependencyGeneratePcm arm64_32 /Users/admin/builder/spi-builder-workspace/.derivedData/ModuleCache.noindex/SwiftShims-1KDDRF0T4GF3KEVBC8BQQ0CZ5.pcm
SwiftExplicitDependencyGeneratePcm armv7k /Users/admin/builder/spi-builder-workspace/.derivedData/ModuleCache.noindex/_Builtin_stdarg-4MJ6H5HQOFMFBOLMH3S73T33Z.pcm
SwiftExplicitDependencyGeneratePcm arm64 /Users/admin/builder/spi-builder-workspace/.derivedData/ModuleCache.noindex/_DarwinFoundation1-9CHGZVG6Q11ZVI9VKIOS0DH8R.pcm
SwiftExplicitDependencyGeneratePcm armv7k /Users/admin/builder/spi-builder-workspace/.derivedData/ModuleCache.noindex/SwiftShims-611RDAXOTFU5KRIC5DOC9GTGD.pcm
SwiftExplicitDependencyGeneratePcm arm64_32 /Users/admin/builder/spi-builder-workspace/.derivedData/ModuleCache.noindex/_Builtin_stddef-CVMDFD2LRC6J8Y1G2VDJIK5XT.pcm
SwiftExplicitDependencyGeneratePcm arm64 /Users/admin/builder/spi-builder-workspace/.derivedData/ModuleCache.noindex/DeveloperToolsSupport-4T92GXF0UX8LAOR19MDAZQ5FJ.pcm
SwiftExplicitDependencyGeneratePcm armv7k /Users/admin/builder/spi-builder-workspace/.derivedData/ModuleCache.noindex/_Builtin_float-2BHPKKW0FQMYF431GLJ1850BD.pcm
SwiftExplicitDependencyGeneratePcm arm64 /Users/admin/builder/spi-builder-workspace/.derivedData/ModuleCache.noindex/_Builtin_stddef-85JH2ZGWLM4WGGJWD7P19JNV6.pcm
SwiftDriverJobDiscovery normal arm64 Compiling Algorithm.swift, AnyDifferentiable.swift (in target 'DifferenceKit' from project 'DifferenceKit')
SwiftExplicitDependencyGeneratePcm armv7k /Users/admin/builder/spi-builder-workspace/.derivedData/ModuleCache.noindex/_AvailabilityInternal-83RE8IZZCM0LEI18OBRCG6MQA.pcm
SwiftExplicitDependencyGeneratePcm arm64_32 /Users/admin/builder/spi-builder-workspace/.derivedData/ModuleCache.noindex/_Builtin_stdarg-D40VS4Q2KALO38V4FLA1GBDYO.pcm
SwiftCompile normal arm64 Compiling\ ContentEquatable.swift /Users/admin/builder/spi-builder-workspace/.dependencies/checkouts/DifferenceKit/Sources/ContentEquatable.swift (in target 'DifferenceKit' from project 'DifferenceKit')
SwiftCompile normal arm64 /Users/admin/builder/spi-builder-workspace/.dependencies/checkouts/DifferenceKit/Sources/ContentEquatable.swift (in target 'DifferenceKit' from project 'DifferenceKit')
    cd /Users/admin/builder/spi-builder-workspace/.swiftpm/xcode

SwiftCompile normal armv7k Compiling\ ContentIdentifiable.swift /Users/admin/builder/spi-builder-workspace/.dependencies/checkouts/DifferenceKit/Sources/ContentIdentifiable.swift (in target 'DifferenceKit' from project 'DifferenceKit')
SwiftCompile normal armv7k /Users/admin/builder/spi-builder-workspace/.dependencies/checkouts/DifferenceKit/Sources/ContentIdentifiable.swift (in target 'DifferenceKit' from project 'DifferenceKit')
    cd /Users/admin/builder/spi-builder-workspace/.swiftpm/xcode

SwiftExplicitDependencyGeneratePcm arm64_32 /Users/admin/builder/spi-builder-workspace/.derivedData/ModuleCache.noindex/_Builtin_limits-85C3GEXRWK1KZJSJYR1SLAHJZ.pcm
SwiftExplicitDependencyGeneratePcm arm64 /Users/admin/builder/spi-builder-workspace/.derivedData/ModuleCache.noindex/_Builtin_limits-DDBVG65V69EW9COVSML9AW08G.pcm
SwiftCompile normal armv7k Compiling\ Differentiable.swift /Users/admin/builder/spi-builder-workspace/.dependencies/checkouts/DifferenceKit/Sources/Differentiable.swift (in target 'DifferenceKit' from project 'DifferenceKit')
SwiftCompile normal armv7k /Users/admin/builder/spi-builder-workspace/.dependencies/checkouts/DifferenceKit/Sources/Differentiable.swift (in target 'DifferenceKit' from project 'DifferenceKit')
    cd /Users/admin/builder/spi-builder-workspace/.swiftpm/xcode

SwiftDriverJobDiscovery normal armv7k Compiling AppKitExtension.swift (in target 'DifferenceKit' from project 'DifferenceKit')
SwiftCompile normal arm64 Compiling\ StagedChangeset.swift /Users/admin/builder/spi-builder-workspace/.dependencies/checkouts/DifferenceKit/Sources/StagedChangeset.swift (in target 'DifferenceKit' from project 'DifferenceKit')
SwiftCompile normal arm64 /Users/admin/builder/spi-builder-workspace/.dependencies/checkouts/DifferenceKit/Sources/StagedChangeset.swift (in target 'DifferenceKit' from project 'DifferenceKit')
    cd /Users/admin/builder/spi-builder-workspace/.swiftpm/xcode

SwiftCompile normal armv7k Compiling\ UIKitExtension.swift /Users/admin/builder/spi-builder-workspace/.dependencies/checkouts/DifferenceKit/Sources/Extensions/UIKitExtension.swift (in target 'DifferenceKit' from project 'DifferenceKit')
SwiftCompile normal armv7k /Users/admin/builder/spi-builder-workspace/.dependencies/checkouts/DifferenceKit/Sources/Extensions/UIKitExtension.swift (in target 'DifferenceKit' from project 'DifferenceKit')
    cd /Users/admin/builder/spi-builder-workspace/.swiftpm/xcode

SwiftExplicitDependencyGeneratePcm arm64 /Users/admin/builder/spi-builder-workspace/.derivedData/ModuleCache.noindex/_DarwinFoundation2-91AUNY1B00JVZZS04EHZ5P78E.pcm
SwiftExplicitDependencyGeneratePcm arm64_32 /Users/admin/builder/spi-builder-workspace/.derivedData/ModuleCache.noindex/_DarwinFoundation2-BE53KZ13PGS3ADMTR162NWOT8.pcm
SwiftExplicitDependencyGeneratePcm armv7k /Users/admin/builder/spi-builder-workspace/.derivedData/ModuleCache.noindex/_DarwinFoundation1-JSBDA50WKR2C9RJB07QWI42B.pcm
SwiftDriverJobDiscovery normal armv7k Compiling Algorithm.swift, AnyDifferentiable.swift (in target 'DifferenceKit' from project 'DifferenceKit')
SwiftCompile normal armv7k Compiling\ ElementPath.swift /Users/admin/builder/spi-builder-workspace/.dependencies/checkouts/DifferenceKit/Sources/ElementPath.swift (in target 'DifferenceKit' from project 'DifferenceKit')
SwiftCompile normal armv7k /Users/admin/builder/spi-builder-workspace/.dependencies/checkouts/DifferenceKit/Sources/ElementPath.swift (in target 'DifferenceKit' from project 'DifferenceKit')
    cd /Users/admin/builder/spi-builder-workspace/.swiftpm/xcode

SwiftCompile normal armv7k Compiling\ DifferentiableSection.swift /Users/admin/builder/spi-builder-workspace/.dependencies/checkouts/DifferenceKit/Sources/DifferentiableSection.swift (in target 'DifferenceKit' from project 'DifferenceKit')
SwiftCompile normal armv7k /Users/admin/builder/spi-builder-workspace/.dependencies/checkouts/DifferenceKit/Sources/DifferentiableSection.swift (in target 'DifferenceKit' from project 'DifferenceKit')
    cd /Users/admin/builder/spi-builder-workspace/.swiftpm/xcode

SwiftDriverJobDiscovery normal armv7k Compiling ContentIdentifiable.swift (in target 'DifferenceKit' from project 'DifferenceKit')
SwiftCompile normal armv7k Compiling\ ArraySection.swift,\ Changeset.swift /Users/admin/builder/spi-builder-workspace/.dependencies/checkouts/DifferenceKit/Sources/ArraySection.swift /Users/admin/builder/spi-builder-workspace/.dependencies/checkouts/DifferenceKit/Sources/Changeset.swift (in target 'DifferenceKit' from project 'DifferenceKit')
SwiftCompile normal armv7k /Users/admin/builder/spi-builder-workspace/.dependencies/checkouts/DifferenceKit/Sources/ArraySection.swift (in target 'DifferenceKit' from project 'DifferenceKit')
    cd /Users/admin/builder/spi-builder-workspace/.swiftpm/xcode

SwiftCompile normal armv7k /Users/admin/builder/spi-builder-workspace/.dependencies/checkouts/DifferenceKit/Sources/Changeset.swift (in target 'DifferenceKit' from project 'DifferenceKit')
    cd /Users/admin/builder/spi-builder-workspace/.swiftpm/xcode

SwiftCompile normal arm64 Compiling\ ContentIdentifiable.swift /Users/admin/builder/spi-builder-workspace/.dependencies/checkouts/DifferenceKit/Sources/ContentIdentifiable.swift (in target 'DifferenceKit' from project 'DifferenceKit')
SwiftCompile normal arm64 /Users/admin/builder/spi-builder-workspace/.dependencies/checkouts/DifferenceKit/Sources/ContentIdentifiable.swift (in target 'DifferenceKit' from project 'DifferenceKit')
    cd /Users/admin/builder/spi-builder-workspace/.swiftpm/xcode

SwiftDriverJobDiscovery normal arm64 Compiling ContentEquatable.swift (in target 'DifferenceKit' from project 'DifferenceKit')
SwiftCompile normal arm64_32 Compiling\ ContentIdentifiable.swift /Users/admin/builder/spi-builder-workspace/.dependencies/checkouts/DifferenceKit/Sources/ContentIdentifiable.swift (in target 'DifferenceKit' from project 'DifferenceKit')
SwiftCompile normal arm64_32 /Users/admin/builder/spi-builder-workspace/.dependencies/checkouts/DifferenceKit/Sources/ContentIdentifiable.swift (in target 'DifferenceKit' from project 'DifferenceKit')
    cd /Users/admin/builder/spi-builder-workspace/.swiftpm/xcode

SwiftDriverJobDiscovery normal armv7k Compiling Differentiable.swift (in target 'DifferenceKit' from project 'DifferenceKit')
SwiftCompile normal armv7k Compiling\ StagedChangeset.swift /Users/admin/builder/spi-builder-workspace/.dependencies/checkouts/DifferenceKit/Sources/StagedChangeset.swift (in target 'DifferenceKit' from project 'DifferenceKit')
SwiftCompile normal armv7k /Users/admin/builder/spi-builder-workspace/.dependencies/checkouts/DifferenceKit/Sources/StagedChangeset.swift (in target 'DifferenceKit' from project 'DifferenceKit')
    cd /Users/admin/builder/spi-builder-workspace/.swiftpm/xcode

SwiftDriverJobDiscovery normal armv7k Compiling UIKitExtension.swift (in target 'DifferenceKit' from project 'DifferenceKit')
SwiftCompile normal arm64_32 Compiling\ StagedChangeset.swift /Users/admin/builder/spi-builder-workspace/.dependencies/checkouts/DifferenceKit/Sources/StagedChangeset.swift (in target 'DifferenceKit' from project 'DifferenceKit')
SwiftCompile normal arm64_32 /Users/admin/builder/spi-builder-workspace/.dependencies/checkouts/DifferenceKit/Sources/StagedChangeset.swift (in target 'DifferenceKit' from project 'DifferenceKit')
    cd /Users/admin/builder/spi-builder-workspace/.swiftpm/xcode

SwiftExplicitDependencyGeneratePcm armv7k /Users/admin/builder/spi-builder-workspace/.derivedData/ModuleCache.noindex/_DarwinFoundation2-E23B9LA0LZRKKI4M3H0N6KKNS.pcm
SwiftDriverJobDiscovery normal armv7k Compiling DifferentiableSection.swift (in target 'DifferenceKit' from project 'DifferenceKit')
SwiftExplicitDependencyGeneratePcm armv7k /Users/admin/builder/spi-builder-workspace/.derivedData/ModuleCache.noindex/_Builtin_limits-XPKP09P1F6KF9ETBIU03GJWN.pcm
SwiftExplicitDependencyGeneratePcm arm64 /Users/admin/builder/spi-builder-workspace/.derivedData/ModuleCache.noindex/sys_types-3UK4M66LJG7B93KMPGCYXJLGJ.pcm
SwiftExplicitDependencyGeneratePcm arm64_32 /Users/admin/builder/spi-builder-workspace/.derivedData/ModuleCache.noindex/sys_types-5220JAOP6QAKP1ZZSQXQIGT3N.pcm
SwiftDriverJobDiscovery normal arm64 Compiling ContentIdentifiable.swift (in target 'DifferenceKit' from project 'DifferenceKit')
SwiftExplicitDependencyGeneratePcm arm64_32 /Users/admin/builder/spi-builder-workspace/.derivedData/ModuleCache.noindex/_Builtin_stdint-DHK9W4154W1VADFICW26EF51A.pcm
SwiftDriverJobDiscovery normal arm64_32 Compiling ContentIdentifiable.swift (in target 'DifferenceKit' from project 'DifferenceKit')
SwiftExplicitDependencyGeneratePcm arm64 /Users/admin/builder/spi-builder-workspace/.derivedData/ModuleCache.noindex/_Builtin_stdint-BFTPAV7DTJR0UZMVITWJ89G3Z.pcm
SwiftDriverJobDiscovery normal armv7k Compiling ElementPath.swift (in target 'DifferenceKit' from project 'DifferenceKit')
SwiftCompile normal arm64 Compiling\ ArraySection.swift,\ Changeset.swift /Users/admin/builder/spi-builder-workspace/.dependencies/checkouts/DifferenceKit/Sources/ArraySection.swift /Users/admin/builder/spi-builder-workspace/.dependencies/checkouts/DifferenceKit/Sources/Changeset.swift (in target 'DifferenceKit' from project 'DifferenceKit')
SwiftCompile normal arm64 /Users/admin/builder/spi-builder-workspace/.dependencies/checkouts/DifferenceKit/Sources/ArraySection.swift (in target 'DifferenceKit' from project 'DifferenceKit')
    cd /Users/admin/builder/spi-builder-workspace/.swiftpm/xcode

SwiftCompile normal arm64 /Users/admin/builder/spi-builder-workspace/.dependencies/checkouts/DifferenceKit/Sources/Changeset.swift (in target 'DifferenceKit' from project 'DifferenceKit')
    cd /Users/admin/builder/spi-builder-workspace/.swiftpm/xcode

SwiftCompile normal arm64_32 Compiling\ ContentEquatable.swift /Users/admin/builder/spi-builder-workspace/.dependencies/checkouts/DifferenceKit/Sources/ContentEquatable.swift (in target 'DifferenceKit' from project 'DifferenceKit')
SwiftCompile normal arm64_32 /Users/admin/builder/spi-builder-workspace/.dependencies/checkouts/DifferenceKit/Sources/ContentEquatable.swift (in target 'DifferenceKit' from project 'DifferenceKit')
    cd /Users/admin/builder/spi-builder-workspace/.swiftpm/xcode

SwiftCompile normal arm64 Compiling\ AppKitExtension.swift /Users/admin/builder/spi-builder-workspace/.dependencies/checkouts/DifferenceKit/Sources/Extensions/AppKitExtension.swift (in target 'DifferenceKit' from project 'DifferenceKit')
SwiftCompile normal arm64 /Users/admin/builder/spi-builder-workspace/.dependencies/checkouts/DifferenceKit/Sources/Extensions/AppKitExtension.swift (in target 'DifferenceKit' from project 'DifferenceKit')
    cd /Users/admin/builder/spi-builder-workspace/.swiftpm/xcode

SwiftDriverJobDiscovery normal arm64 Compiling StagedChangeset.swift (in target 'DifferenceKit' from project 'DifferenceKit')
SwiftExplicitDependencyGeneratePcm arm64 /Users/admin/builder/spi-builder-workspace/.derivedData/ModuleCache.noindex/_DarwinFoundation3-5VMZVD9RI030DGKFFW74MIHMQ.pcm
SwiftExplicitDependencyGeneratePcm arm64 /Users/admin/builder/spi-builder-workspace/.derivedData/ModuleCache.noindex/_Builtin_stdatomic-54VXVKINWJDUKUF1QQV7ZSY2R.pcm
SwiftExplicitDependencyGeneratePcm arm64_32 /Users/admin/builder/spi-builder-workspace/.derivedData/ModuleCache.noindex/_Builtin_stdatomic-PGCTE6MX7UMTDPK5E7L1WO9G.pcm
SwiftExplicitDependencyGeneratePcm arm64_32 /Users/admin/builder/spi-builder-workspace/.derivedData/ModuleCache.noindex/_DarwinFoundation3-ECPZQXPEKKE17FVBYD1POXRMU.pcm
SwiftExplicitDependencyGeneratePcm armv7k /Users/admin/builder/spi-builder-workspace/.derivedData/ModuleCache.noindex/_Builtin_stdint-6N6B8EKB7NHM6T7WWL1PDEA92.pcm
SwiftDriverJobDiscovery normal arm64 Compiling AppKitExtension.swift (in target 'DifferenceKit' from project 'DifferenceKit')
SwiftExplicitDependencyGeneratePcm armv7k /Users/admin/builder/spi-builder-workspace/.derivedData/ModuleCache.noindex/sys_types-3GFPKPXLY1P6X1P0NITR0P4C4.pcm
SwiftDriverJobDiscovery normal armv7k Compiling StagedChangeset.swift (in target 'DifferenceKit' from project 'DifferenceKit')
SwiftDriverJobDiscovery normal arm64_32 Compiling ContentEquatable.swift (in target 'DifferenceKit' from project 'DifferenceKit')
SwiftDriverJobDiscovery normal arm64_32 Compiling StagedChangeset.swift (in target 'DifferenceKit' from project 'DifferenceKit')
SwiftDriver\ Compilation DifferenceKit normal arm64_32 com.apple.xcode.tools.swift.compiler (in target 'DifferenceKit' from project 'DifferenceKit')
    cd /Users/admin/builder/spi-builder-workspace/.swiftpm/xcode
    builtin-Swift-Compilation -- /Applications/Xcode-26.3.0.app/Contents/Developer/Toolchains/XcodeDefault.xctoolchain/usr/bin/swiftc -module-name DifferenceKit -Onone -enforce-exclusivity\=checked @/Users/admin/builder/spi-builder-workspace/.derivedData/Build/Intermediates.noindex/DifferenceKit.build/Debug-watchos/DifferenceKit.build/Objects-normal/arm64_32/DifferenceKit.SwiftFileList -DSWIFT_PACKAGE -DDEBUG -DSWIFT_MODULE_RESOURCE_BUNDLE_UNAVAILABLE -DXcode -plugin-path /Applications/Xcode-26.3.0.app/Contents/Developer/Toolchains/XcodeDefault.xctoolchain/usr/lib/swift/host/plugins/testing -enable-experimental-feature DebugDescriptionMacro -sdk /Applications/Xcode-26.3.0.app/Contents/Developer/Platforms/WatchOS.platform/Developer/SDKs/WatchOS26.2.sdk -target arm64_32-apple-watchos4.0 -g -module-cache-path /Users/admin/builder/spi-builder-workspace/.derivedData/ModuleCache.noindex -Xfrontend -serialize-debugging-options -enable-testing -suppress-warnings -index-store-path /Users/admin/builder/spi-builder-workspace/.derivedData/Index.noindex/DataStore -Xcc -D_LIBCPP_HARDENING_MODE\=_LIBCPP_HARDENING_MODE_DEBUG -swift-version 5 -I /Users/admin/builder/spi-builder-workspace/.derivedData/Build/Products/Debug-watchos -Isystem /Applications/Xcode-26.3.0.app/Contents/Developer/Platforms/WatchOS.platform/Developer/usr/lib -F /Users/admin/builder/spi-builder-workspace/.derivedData/Build/Products/Debug-watchos -F /Applications/Xcode-26.3.0.app/Contents/Developer/Platforms/WatchOS.platform/Developer/Library/Frameworks -F /Applications/Xcode-26.3.0.app/Contents/Developer/Platforms/WatchOS.platform/Developer/SDKs/WatchOS26.2.sdk/Developer/Library/Frameworks -c -j10 -enable-batch-mode -incremental -Xcc -ivfsstatcache -Xcc /Users/admin/builder/spi-builder-workspace/.derivedData/SDKStatCaches.noindex/watchos26.2-23S303-dc75598d0054f22ec865fa860f139d721753b489057de6bda919edfa1c59a62b.sdkstatcache -output-file-map /Users/admin/builder/spi-builder-workspace/.derivedData/Build/Intermediates.noindex/DifferenceKit.build/Debug-watchos/DifferenceKit.build/Objects-normal/arm64_32/DifferenceKit-OutputFileMap.json -use-frontend-parseable-output -save-temps -no-color-diagnostics -explicit-module-build -module-cache-path /Users/admin/builder/spi-builder-workspace/.derivedData/Build/Intermediates.noindex/SwiftExplicitPrecompiledModules -clang-scanner-module-cache-path /Users/admin/builder/spi-builder-workspace/.derivedData/ModuleCache.noindex -sdk-module-cache-path /Users/admin/builder/spi-builder-workspace/.derivedData/ModuleCache.noindex -serialize-diagnostics -emit-dependencies -emit-module -emit-module-path /Users/admin/builder/spi-builder-workspace/.derivedData/Build/Intermediates.noindex/DifferenceKit.build/Debug-watchos/DifferenceKit.build/Objects-normal/arm64_32/DifferenceKit.swiftmodule -validate-clang-modules-once -clang-build-session-file /Users/admin/builder/spi-builder-workspace/.derivedData/ModuleCache.noindex/Session.modulevalidation -Xcc -I/Users/admin/builder/spi-builder-workspace/.derivedData/Build/Intermediates.noindex/DifferenceKit.build/Debug-watchos/DifferenceKit.build/swift-overrides.hmap -emit-const-values -Xfrontend -const-gather-protocols-file -Xfrontend /Users/admin/builder/spi-builder-workspace/.derivedData/Build/Intermediates.noindex/DifferenceKit.build/Debug-watchos/DifferenceKit.build/Objects-normal/arm64_32/DifferenceKit_const_extract_protocols.json -Xcc -I/Users/admin/builder/spi-builder-workspace/.derivedData/Build/Products/Debug-watchos/include -Xcc -I/Users/admin/builder/spi-builder-workspace/.derivedData/Build/Intermediates.noindex/DifferenceKit.build/Debug-watchos/DifferenceKit.build/DerivedSources-normal/arm64_32 -Xcc -I/Users/admin/builder/spi-builder-workspace/.derivedData/Build/Intermediates.noindex/DifferenceKit.build/Debug-watchos/DifferenceKit.build/DerivedSources/arm64_32 -Xcc -I/Users/admin/builder/spi-builder-workspace/.derivedData/Build/Intermediates.noindex/DifferenceKit.build/Debug-watchos/DifferenceKit.build/DerivedSources -Xcc -DSWIFT_PACKAGE -Xcc -DDEBUG\=1 -emit-objc-header -emit-objc-header-path /Users/admin/builder/spi-builder-workspace/.derivedData/Build/Intermediates.noindex/DifferenceKit.build/Debug-watchos/DifferenceKit.build/Objects-normal/arm64_32/DifferenceKit-Swift.h -working-directory /Users/admin/builder/spi-builder-workspace/.swiftpm/xcode -experimental-emit-module-separately -disable-cmo
Ld /Users/admin/builder/spi-builder-workspace/.derivedData/Build/Intermediates.noindex/DifferenceKit.build/Debug-watchos/DifferenceKit.build/Objects-normal/arm64_32/Binary/DifferenceKit.o normal arm64_32 (in target 'DifferenceKit' from project 'DifferenceKit')
    cd /Users/admin/builder/spi-builder-workspace/.dependencies/checkouts/DifferenceKit
    /Applications/Xcode-26.3.0.app/Contents/Developer/Toolchains/XcodeDefault.xctoolchain/usr/bin/clang -Xlinker -reproducible -target arm64_32-apple-watchos4.0 -r -isysroot /Applications/Xcode-26.3.0.app/Contents/Developer/Platforms/WatchOS.platform/Developer/SDKs/WatchOS26.2.sdk -O0 -w -L/Users/admin/builder/spi-builder-workspace/.derivedData/Build/Intermediates.noindex/EagerLinkingTBDs/Debug-watchos -L/Users/admin/builder/spi-builder-workspace/.derivedData/Build/Products/Debug-watchos -L/Applications/Xcode-26.3.0.app/Contents/Developer/Platforms/WatchOS.platform/Developer/usr/lib -F/Users/admin/builder/spi-builder-workspace/.derivedData/Build/Intermediates.noindex/EagerLinkingTBDs/Debug-watchos -F/Users/admin/builder/spi-builder-workspace/.derivedData/Build/Products/Debug-watchos -iframework /Applications/Xcode-26.3.0.app/Contents/Developer/Platforms/WatchOS.platform/Developer/Library/Frameworks -iframework /Applications/Xcode-26.3.0.app/Contents/Developer/Platforms/WatchOS.platform/Developer/SDKs/WatchOS26.2.sdk/Developer/Library/Frameworks -filelist /Users/admin/builder/spi-builder-workspace/.derivedData/Build/Intermediates.noindex/DifferenceKit.build/Debug-watchos/DifferenceKit.build/Objects-normal/arm64_32/DifferenceKit.LinkFileList -nostdlib -Xlinker -object_path_lto -Xlinker /Users/admin/builder/spi-builder-workspace/.derivedData/Build/Intermediates.noindex/DifferenceKit.build/Debug-watchos/DifferenceKit.build/Objects-normal/arm64_32/DifferenceKit_lto.o -rdynamic -Xlinker -no_deduplicate -Xlinker -dependency_info -Xlinker /Users/admin/builder/spi-builder-workspace/.derivedData/Build/Intermediates.noindex/DifferenceKit.build/Debug-watchos/DifferenceKit.build/Objects-normal/arm64_32/DifferenceKit_dependency_info.dat -fobjc-link-runtime -L/Applications/Xcode-26.3.0.app/Contents/Developer/Toolchains/XcodeDefault.xctoolchain/usr/lib/swift/watchos -L/usr/lib/swift -Xlinker -add_ast_path -Xlinker /Users/admin/builder/spi-builder-workspace/.derivedData/Build/Intermediates.noindex/DifferenceKit.build/Debug-watchos/DifferenceKit.build/Objects-normal/arm64_32/DifferenceKit.swiftmodule @/Users/admin/builder/spi-builder-workspace/.derivedData/Build/Intermediates.noindex/DifferenceKit.build/Debug-watchos/DifferenceKit.build/Objects-normal/arm64_32/DifferenceKit-linker-args.resp -o /Users/admin/builder/spi-builder-workspace/.derivedData/Build/Intermediates.noindex/DifferenceKit.build/Debug-watchos/DifferenceKit.build/Objects-normal/arm64_32/Binary/DifferenceKit.o
SwiftDriverJobDiscovery normal armv7k Compiling ArraySection.swift, Changeset.swift (in target 'DifferenceKit' from project 'DifferenceKit')
SwiftExplicitDependencyGeneratePcm arm64 /Users/admin/builder/spi-builder-workspace/.derivedData/ModuleCache.noindex/_Builtin_inttypes-EAYG1OYRDQ7HO6J9WI6WA5Y2M.pcm
SwiftDriver\ Compilation DifferenceKit normal armv7k com.apple.xcode.tools.swift.compiler (in target 'DifferenceKit' from project 'DifferenceKit')
    cd /Users/admin/builder/spi-builder-workspace/.swiftpm/xcode
    builtin-Swift-Compilation -- /Applications/Xcode-26.3.0.app/Contents/Developer/Toolchains/XcodeDefault.xctoolchain/usr/bin/swiftc -module-name DifferenceKit -Onone -enforce-exclusivity\=checked @/Users/admin/builder/spi-builder-workspace/.derivedData/Build/Intermediates.noindex/DifferenceKit.build/Debug-watchos/DifferenceKit.build/Objects-normal/armv7k/DifferenceKit.SwiftFileList -DSWIFT_PACKAGE -DDEBUG -DSWIFT_MODULE_RESOURCE_BUNDLE_UNAVAILABLE -DXcode -plugin-path /Applications/Xcode-26.3.0.app/Contents/Developer/Toolchains/XcodeDefault.xctoolchain/usr/lib/swift/host/plugins/testing -enable-experimental-feature DebugDescriptionMacro -sdk /Applications/Xcode-26.3.0.app/Contents/Developer/Platforms/WatchOS.platform/Developer/SDKs/WatchOS26.2.sdk -target armv7k-apple-watchos4.0 -g -module-cache-path /Users/admin/builder/spi-builder-workspace/.derivedData/ModuleCache.noindex -Xfrontend -serialize-debugging-options -enable-testing -suppress-warnings -index-store-path /Users/admin/builder/spi-builder-workspace/.derivedData/Index.noindex/DataStore -Xcc -D_LIBCPP_HARDENING_MODE\=_LIBCPP_HARDENING_MODE_DEBUG -swift-version 5 -I /Users/admin/builder/spi-builder-workspace/.derivedData/Build/Products/Debug-watchos -Isystem /Applications/Xcode-26.3.0.app/Contents/Developer/Platforms/WatchOS.platform/Developer/usr/lib -F /Users/admin/builder/spi-builder-workspace/.derivedData/Build/Products/Debug-watchos -F /Applications/Xcode-26.3.0.app/Contents/Developer/Platforms/WatchOS.platform/Developer/Library/Frameworks -F /Applications/Xcode-26.3.0.app/Contents/Developer/Platforms/WatchOS.platform/Developer/SDKs/WatchOS26.2.sdk/Developer/Library/Frameworks -c -j10 -enable-batch-mode -incremental -Xcc -ivfsstatcache -Xcc /Users/admin/builder/spi-builder-workspace/.derivedData/SDKStatCaches.noindex/watchos26.2-23S303-dc75598d0054f22ec865fa860f139d721753b489057de6bda919edfa1c59a62b.sdkstatcache -output-file-map /Users/admin/builder/spi-builder-workspace/.derivedData/Build/Intermediates.noindex/DifferenceKit.build/Debug-watchos/DifferenceKit.build/Objects-normal/armv7k/DifferenceKit-OutputFileMap.json -use-frontend-parseable-output -save-temps -no-color-diagnostics -explicit-module-build -module-cache-path /Users/admin/builder/spi-builder-workspace/.derivedData/Build/Intermediates.noindex/SwiftExplicitPrecompiledModules -clang-scanner-module-cache-path /Users/admin/builder/spi-builder-workspace/.derivedData/ModuleCache.noindex -sdk-module-cache-path /Users/admin/builder/spi-builder-workspace/.derivedData/ModuleCache.noindex -serialize-diagnostics -emit-dependencies -emit-module -emit-module-path /Users/admin/builder/spi-builder-workspace/.derivedData/Build/Intermediates.noindex/DifferenceKit.build/Debug-watchos/DifferenceKit.build/Objects-normal/armv7k/DifferenceKit.swiftmodule -validate-clang-modules-once -clang-build-session-file /Users/admin/builder/spi-builder-workspace/.derivedData/ModuleCache.noindex/Session.modulevalidation -Xcc -I/Users/admin/builder/spi-builder-workspace/.derivedData/Build/Intermediates.noindex/DifferenceKit.build/Debug-watchos/DifferenceKit.build/swift-overrides.hmap -emit-const-values -Xfrontend -const-gather-protocols-file -Xfrontend /Users/admin/builder/spi-builder-workspace/.derivedData/Build/Intermediates.noindex/DifferenceKit.build/Debug-watchos/DifferenceKit.build/Objects-normal/armv7k/DifferenceKit_const_extract_protocols.json -Xcc -I/Users/admin/builder/spi-builder-workspace/.derivedData/Build/Products/Debug-watchos/include -Xcc -I/Users/admin/builder/spi-builder-workspace/.derivedData/Build/Intermediates.noindex/DifferenceKit.build/Debug-watchos/DifferenceKit.build/DerivedSources-normal/armv7k -Xcc -I/Users/admin/builder/spi-builder-workspace/.derivedData/Build/Intermediates.noindex/DifferenceKit.build/Debug-watchos/DifferenceKit.build/DerivedSources/armv7k -Xcc -I/Users/admin/builder/spi-builder-workspace/.derivedData/Build/Intermediates.noindex/DifferenceKit.build/Debug-watchos/DifferenceKit.build/DerivedSources -Xcc -DSWIFT_PACKAGE -Xcc -DDEBUG\=1 -emit-objc-header -emit-objc-header-path /Users/admin/builder/spi-builder-workspace/.derivedData/Build/Intermediates.noindex/DifferenceKit.build/Debug-watchos/DifferenceKit.build/Objects-normal/armv7k/DifferenceKit-Swift.h -working-directory /Users/admin/builder/spi-builder-workspace/.swiftpm/xcode -experimental-emit-module-separately -disable-cmo
SwiftExplicitDependencyGeneratePcm armv7k /Users/admin/builder/spi-builder-workspace/.derivedData/ModuleCache.noindex/_Builtin_stdatomic-7JS1PDY0232U9G2Z0HPRE7N09.pcm
SwiftExplicitDependencyGeneratePcm armv7k /Users/admin/builder/spi-builder-workspace/.derivedData/ModuleCache.noindex/_DarwinFoundation3-60ZZ0LKXFK73H5B3FVK2CIR1Q.pcm
Ld /Users/admin/builder/spi-builder-workspace/.derivedData/Build/Intermediates.noindex/DifferenceKit.build/Debug-watchos/DifferenceKit.build/Objects-normal/armv7k/Binary/DifferenceKit.o normal armv7k (in target 'DifferenceKit' from project 'DifferenceKit')
    cd /Users/admin/builder/spi-builder-workspace/.dependencies/checkouts/DifferenceKit
    /Applications/Xcode-26.3.0.app/Contents/Developer/Toolchains/XcodeDefault.xctoolchain/usr/bin/clang -Xlinker -reproducible -target armv7k-apple-watchos4.0 -r -isysroot /Applications/Xcode-26.3.0.app/Contents/Developer/Platforms/WatchOS.platform/Developer/SDKs/WatchOS26.2.sdk -O0 -w -L/Users/admin/builder/spi-builder-workspace/.derivedData/Build/Intermediates.noindex/EagerLinkingTBDs/Debug-watchos -L/Users/admin/builder/spi-builder-workspace/.derivedData/Build/Products/Debug-watchos -L/Applications/Xcode-26.3.0.app/Contents/Developer/Platforms/WatchOS.platform/Developer/usr/lib -F/Users/admin/builder/spi-builder-workspace/.derivedData/Build/Intermediates.noindex/EagerLinkingTBDs/Debug-watchos -F/Users/admin/builder/spi-builder-workspace/.derivedData/Build/Products/Debug-watchos -iframework /Applications/Xcode-26.3.0.app/Contents/Developer/Platforms/WatchOS.platform/Developer/Library/Frameworks -iframework /Applications/Xcode-26.3.0.app/Contents/Developer/Platforms/WatchOS.platform/Developer/SDKs/WatchOS26.2.sdk/Developer/Library/Frameworks -filelist /Users/admin/builder/spi-builder-workspace/.derivedData/Build/Intermediates.noindex/DifferenceKit.build/Debug-watchos/DifferenceKit.build/Objects-normal/armv7k/DifferenceKit.LinkFileList -nostdlib -Xlinker -object_path_lto -Xlinker /Users/admin/builder/spi-builder-workspace/.derivedData/Build/Intermediates.noindex/DifferenceKit.build/Debug-watchos/DifferenceKit.build/Objects-normal/armv7k/DifferenceKit_lto.o -rdynamic -Xlinker -no_deduplicate -Xlinker -dependency_info -Xlinker /Users/admin/builder/spi-builder-workspace/.derivedData/Build/Intermediates.noindex/DifferenceKit.build/Debug-watchos/DifferenceKit.build/Objects-normal/armv7k/DifferenceKit_dependency_info.dat -fobjc-link-runtime -L/Applications/Xcode-26.3.0.app/Contents/Developer/Toolchains/XcodeDefault.xctoolchain/usr/lib/swift/watchos -L/usr/lib/swift -Xlinker -add_ast_path -Xlinker /Users/admin/builder/spi-builder-workspace/.derivedData/Build/Intermediates.noindex/DifferenceKit.build/Debug-watchos/DifferenceKit.build/Objects-normal/armv7k/DifferenceKit.swiftmodule @/Users/admin/builder/spi-builder-workspace/.derivedData/Build/Intermediates.noindex/DifferenceKit.build/Debug-watchos/DifferenceKit.build/Objects-normal/armv7k/DifferenceKit-linker-args.resp -o /Users/admin/builder/spi-builder-workspace/.derivedData/Build/Intermediates.noindex/DifferenceKit.build/Debug-watchos/DifferenceKit.build/Objects-normal/armv7k/Binary/DifferenceKit.o
SwiftExplicitDependencyGeneratePcm arm64_32 /Users/admin/builder/spi-builder-workspace/.derivedData/ModuleCache.noindex/_Builtin_inttypes-DVW4DAGN9X56OUK4E1BD9DBZ7.pcm
SwiftExplicitDependencyGeneratePcm arm64 /Users/admin/builder/spi-builder-workspace/.derivedData/ModuleCache.noindex/Darwin-E1ZCMHXYOAUQKSA4QO0SMGPXA.pcm
SwiftExplicitDependencyGeneratePcm arm64_32 /Users/admin/builder/spi-builder-workspace/.derivedData/ModuleCache.noindex/Darwin-C8WYVRDE1BASWGOHXGC15GM9F.pcm
SwiftExplicitDependencyGeneratePcm armv7k /Users/admin/builder/spi-builder-workspace/.derivedData/ModuleCache.noindex/_Builtin_inttypes-3JDG6ZXZGG8E2RCJLIRCCAV3E.pcm
SwiftDriverJobDiscovery normal arm64 Compiling ArraySection.swift, Changeset.swift (in target 'DifferenceKit' from project 'DifferenceKit')
SwiftDriver\ Compilation DifferenceKit normal arm64 com.apple.xcode.tools.swift.compiler (in target 'DifferenceKit' from project 'DifferenceKit')
    cd /Users/admin/builder/spi-builder-workspace/.swiftpm/xcode
    builtin-Swift-Compilation -- /Applications/Xcode-26.3.0.app/Contents/Developer/Toolchains/XcodeDefault.xctoolchain/usr/bin/swiftc -module-name DifferenceKit -Onone -enforce-exclusivity\=checked @/Users/admin/builder/spi-builder-workspace/.derivedData/Build/Intermediates.noindex/DifferenceKit.build/Debug-watchos/DifferenceKit.build/Objects-normal/arm64/DifferenceKit.SwiftFileList -DSWIFT_PACKAGE -DDEBUG -DSWIFT_MODULE_RESOURCE_BUNDLE_UNAVAILABLE -DXcode -plugin-path /Applications/Xcode-26.3.0.app/Contents/Developer/Toolchains/XcodeDefault.xctoolchain/usr/lib/swift/host/plugins/testing -enable-experimental-feature DebugDescriptionMacro -sdk /Applications/Xcode-26.3.0.app/Contents/Developer/Platforms/WatchOS.platform/Developer/SDKs/WatchOS26.2.sdk -target arm64-apple-watchos4.0 -g -module-cache-path /Users/admin/builder/spi-builder-workspace/.derivedData/ModuleCache.noindex -Xfrontend -serialize-debugging-options -enable-testing -suppress-warnings -index-store-path /Users/admin/builder/spi-builder-workspace/.derivedData/Index.noindex/DataStore -Xcc -D_LIBCPP_HARDENING_MODE\=_LIBCPP_HARDENING_MODE_DEBUG -swift-version 5 -I /Users/admin/builder/spi-builder-workspace/.derivedData/Build/Products/Debug-watchos -Isystem /Applications/Xcode-26.3.0.app/Contents/Developer/Platforms/WatchOS.platform/Developer/usr/lib -F /Users/admin/builder/spi-builder-workspace/.derivedData/Build/Products/Debug-watchos -F /Applications/Xcode-26.3.0.app/Contents/Developer/Platforms/WatchOS.platform/Developer/Library/Frameworks -F /Applications/Xcode-26.3.0.app/Contents/Developer/Platforms/WatchOS.platform/Developer/SDKs/WatchOS26.2.sdk/Developer/Library/Frameworks -c -j10 -enable-batch-mode -incremental -Xcc -ivfsstatcache -Xcc /Users/admin/builder/spi-builder-workspace/.derivedData/SDKStatCaches.noindex/watchos26.2-23S303-dc75598d0054f22ec865fa860f139d721753b489057de6bda919edfa1c59a62b.sdkstatcache -output-file-map /Users/admin/builder/spi-builder-workspace/.derivedData/Build/Intermediates.noindex/DifferenceKit.build/Debug-watchos/DifferenceKit.build/Objects-normal/arm64/DifferenceKit-OutputFileMap.json -use-frontend-parseable-output -save-temps -no-color-diagnostics -explicit-module-build -module-cache-path /Users/admin/builder/spi-builder-workspace/.derivedData/Build/Intermediates.noindex/SwiftExplicitPrecompiledModules -clang-scanner-module-cache-path /Users/admin/builder/spi-builder-workspace/.derivedData/ModuleCache.noindex -sdk-module-cache-path /Users/admin/builder/spi-builder-workspace/.derivedData/ModuleCache.noindex -serialize-diagnostics -emit-dependencies -emit-module -emit-module-path /Users/admin/builder/spi-builder-workspace/.derivedData/Build/Intermediates.noindex/DifferenceKit.build/Debug-watchos/DifferenceKit.build/Objects-normal/arm64/DifferenceKit.swiftmodule -validate-clang-modules-once -clang-build-session-file /Users/admin/builder/spi-builder-workspace/.derivedData/ModuleCache.noindex/Session.modulevalidation -Xcc -I/Users/admin/builder/spi-builder-workspace/.derivedData/Build/Intermediates.noindex/DifferenceKit.build/Debug-watchos/DifferenceKit.build/swift-overrides.hmap -emit-const-values -Xfrontend -const-gather-protocols-file -Xfrontend /Users/admin/builder/spi-builder-workspace/.derivedData/Build/Intermediates.noindex/DifferenceKit.build/Debug-watchos/DifferenceKit.build/Objects-normal/arm64/DifferenceKit_const_extract_protocols.json -Xcc -I/Users/admin/builder/spi-builder-workspace/.derivedData/Build/Products/Debug-watchos/include -Xcc -I/Users/admin/builder/spi-builder-workspace/.derivedData/Build/Intermediates.noindex/DifferenceKit.build/Debug-watchos/DifferenceKit.build/DerivedSources-normal/arm64 -Xcc -I/Users/admin/builder/spi-builder-workspace/.derivedData/Build/Intermediates.noindex/DifferenceKit.build/Debug-watchos/DifferenceKit.build/DerivedSources/arm64 -Xcc -I/Users/admin/builder/spi-builder-workspace/.derivedData/Build/Intermediates.noindex/DifferenceKit.build/Debug-watchos/DifferenceKit.build/DerivedSources -Xcc -DSWIFT_PACKAGE -Xcc -DDEBUG\=1 -emit-objc-header -emit-objc-header-path /Users/admin/builder/spi-builder-workspace/.derivedData/Build/Intermediates.noindex/DifferenceKit.build/Debug-watchos/DifferenceKit.build/Objects-normal/arm64/DifferenceKit-Swift.h -working-directory /Users/admin/builder/spi-builder-workspace/.swiftpm/xcode -experimental-emit-module-separately -disable-cmo
Ld /Users/admin/builder/spi-builder-workspace/.derivedData/Build/Intermediates.noindex/DifferenceKit.build/Debug-watchos/DifferenceKit.build/Objects-normal/arm64/Binary/DifferenceKit.o normal arm64 (in target 'DifferenceKit' from project 'DifferenceKit')
    cd /Users/admin/builder/spi-builder-workspace/.dependencies/checkouts/DifferenceKit
    /Applications/Xcode-26.3.0.app/Contents/Developer/Toolchains/XcodeDefault.xctoolchain/usr/bin/clang -Xlinker -reproducible -target arm64-apple-watchos4.0 -r -isysroot /Applications/Xcode-26.3.0.app/Contents/Developer/Platforms/WatchOS.platform/Developer/SDKs/WatchOS26.2.sdk -O0 -w -L/Users/admin/builder/spi-builder-workspace/.derivedData/Build/Intermediates.noindex/EagerLinkingTBDs/Debug-watchos -L/Users/admin/builder/spi-builder-workspace/.derivedData/Build/Products/Debug-watchos -L/Applications/Xcode-26.3.0.app/Contents/Developer/Platforms/WatchOS.platform/Developer/usr/lib -F/Users/admin/builder/spi-builder-workspace/.derivedData/Build/Intermediates.noindex/EagerLinkingTBDs/Debug-watchos -F/Users/admin/builder/spi-builder-workspace/.derivedData/Build/Products/Debug-watchos -iframework /Applications/Xcode-26.3.0.app/Contents/Developer/Platforms/WatchOS.platform/Developer/Library/Frameworks -iframework /Applications/Xcode-26.3.0.app/Contents/Developer/Platforms/WatchOS.platform/Developer/SDKs/WatchOS26.2.sdk/Developer/Library/Frameworks -filelist /Users/admin/builder/spi-builder-workspace/.derivedData/Build/Intermediates.noindex/DifferenceKit.build/Debug-watchos/DifferenceKit.build/Objects-normal/arm64/DifferenceKit.LinkFileList -nostdlib -Xlinker -object_path_lto -Xlinker /Users/admin/builder/spi-builder-workspace/.derivedData/Build/Intermediates.noindex/DifferenceKit.build/Debug-watchos/DifferenceKit.build/Objects-normal/arm64/DifferenceKit_lto.o -rdynamic -Xlinker -no_deduplicate -Xlinker -dependency_info -Xlinker /Users/admin/builder/spi-builder-workspace/.derivedData/Build/Intermediates.noindex/DifferenceKit.build/Debug-watchos/DifferenceKit.build/Objects-normal/arm64/DifferenceKit_dependency_info.dat -fobjc-link-runtime -L/Applications/Xcode-26.3.0.app/Contents/Developer/Toolchains/XcodeDefault.xctoolchain/usr/lib/swift/watchos -L/usr/lib/swift -Xlinker -add_ast_path -Xlinker /Users/admin/builder/spi-builder-workspace/.derivedData/Build/Intermediates.noindex/DifferenceKit.build/Debug-watchos/DifferenceKit.build/Objects-normal/arm64/DifferenceKit.swiftmodule @/Users/admin/builder/spi-builder-workspace/.derivedData/Build/Intermediates.noindex/DifferenceKit.build/Debug-watchos/DifferenceKit.build/Objects-normal/arm64/DifferenceKit-linker-args.resp -o /Users/admin/builder/spi-builder-workspace/.derivedData/Build/Intermediates.noindex/DifferenceKit.build/Debug-watchos/DifferenceKit.build/Objects-normal/arm64/Binary/DifferenceKit.o
SwiftExplicitDependencyGeneratePcm armv7k /Users/admin/builder/spi-builder-workspace/.derivedData/ModuleCache.noindex/Darwin-C5UUQBFEDAP6QHSMO866342FZ.pcm
SwiftExplicitDependencyGeneratePcm arm64 /Users/admin/builder/spi-builder-workspace/.derivedData/ModuleCache.noindex/MachO-CBB7CDJCGLJ1KAOBMESQJ6HN0.pcm
SwiftExplicitDependencyGeneratePcm arm64 /Users/admin/builder/spi-builder-workspace/.derivedData/ModuleCache.noindex/ObjectiveC-2PU9OT47G6RBOHSXQR2STMWWR.pcm
SwiftExplicitDependencyGeneratePcm arm64_32 /Users/admin/builder/spi-builder-workspace/.derivedData/ModuleCache.noindex/MachO-7QHSINQMXX9UYJSOISDF3NS24.pcm
SwiftExplicitDependencyGeneratePcm arm64_32 /Users/admin/builder/spi-builder-workspace/.derivedData/ModuleCache.noindex/ObjectiveC-AVYBQYXS0QCLOEQGWXNFUFJ0V.pcm
SwiftExplicitDependencyGeneratePcm arm64 /Users/admin/builder/spi-builder-workspace/.derivedData/ModuleCache.noindex/os_object-CIUJ5N1V1HWSGEK024IV96R1M.pcm
SwiftExplicitDependencyGeneratePcm arm64_32 /Users/admin/builder/spi-builder-workspace/.derivedData/ModuleCache.noindex/os_object-8N6RR4J5VVS62U9VXHR1297AW.pcm
SwiftExplicitDependencyGeneratePcm armv7k /Users/admin/builder/spi-builder-workspace/.derivedData/ModuleCache.noindex/ObjectiveC-ACM927XFRCK5MLNYU4TDJPUI9.pcm
SwiftExplicitDependencyGeneratePcm armv7k /Users/admin/builder/spi-builder-workspace/.derivedData/ModuleCache.noindex/MachO-9NTCA756NLTMLRH8VERKJ0BNM.pcm
SwiftExplicitDependencyGeneratePcm arm64 /Users/admin/builder/spi-builder-workspace/.derivedData/ModuleCache.noindex/os_workgroup-5S02ISLSMHO6BA5HLY5UNJ6A3.pcm
SwiftExplicitDependencyGeneratePcm arm64_32 /Users/admin/builder/spi-builder-workspace/.derivedData/ModuleCache.noindex/os_workgroup-EGGSTWNSSUGG124AQRBUF2J85.pcm
SwiftExplicitDependencyGeneratePcm armv7k /Users/admin/builder/spi-builder-workspace/.derivedData/ModuleCache.noindex/os_object-CTAU3YFP52X3B3RQNJKXAB0S2.pcm
SwiftExplicitDependencyGeneratePcm arm64 /Users/admin/builder/spi-builder-workspace/.derivedData/ModuleCache.noindex/Dispatch-4KQN7RRX0L9C07MGTWHYRJGYM.pcm
SwiftExplicitDependencyGeneratePcm arm64 /Users/admin/builder/spi-builder-workspace/.derivedData/ModuleCache.noindex/os-AOK4LQ23MW2NBBUH2N8QOP52R.pcm
SwiftExplicitDependencyGeneratePcm arm64_32 /Users/admin/builder/spi-builder-workspace/.derivedData/ModuleCache.noindex/Dispatch-DV1SP0JEXVJ6MTIWZ3XCJTXSW.pcm
SwiftExplicitDependencyGeneratePcm arm64_32 /Users/admin/builder/spi-builder-workspace/.derivedData/ModuleCache.noindex/os-1GWCV6O27DHF8WQFPLJNCFKK4.pcm
SwiftExplicitDependencyGeneratePcm armv7k /Users/admin/builder/spi-builder-workspace/.derivedData/ModuleCache.noindex/os_workgroup-5XIFNOMVKG500RY054IJSXA0A.pcm
SwiftExplicitDependencyGeneratePcm armv7k /Users/admin/builder/spi-builder-workspace/.derivedData/ModuleCache.noindex/os-A2KV5OCYYGX3ATHV3DI40T7XB.pcm
SwiftExplicitDependencyGeneratePcm armv7k /Users/admin/builder/spi-builder-workspace/.derivedData/ModuleCache.noindex/Dispatch-CDWEQAFJBASNR6ZVDOK5OXT4V.pcm
SwiftExplicitDependencyGeneratePcm arm64 /Users/admin/builder/spi-builder-workspace/.derivedData/ModuleCache.noindex/CoreFoundation-C0JIKJUNM7J0IFUIZ8S5RWP5A.pcm
SwiftExplicitDependencyGeneratePcm arm64_32 /Users/admin/builder/spi-builder-workspace/.derivedData/ModuleCache.noindex/CoreFoundation-EN8GNA4ERP0UOK1XPZ1YRZKGF.pcm
SwiftExplicitDependencyGeneratePcm armv7k /Users/admin/builder/spi-builder-workspace/.derivedData/ModuleCache.noindex/CoreFoundation-RUCL80CI9TRWFFLKE600Z06O.pcm
CreateUniversalBinary /Users/admin/builder/spi-builder-workspace/.derivedData/Build/Products/Debug-watchos/DifferenceKit.o normal arm64\ armv7k\ arm64_32 (in target 'DifferenceKit' from project 'DifferenceKit')
    cd /Users/admin/builder/spi-builder-workspace/.dependencies/checkouts/DifferenceKit
    /Applications/Xcode-26.3.0.app/Contents/Developer/Toolchains/XcodeDefault.xctoolchain/usr/bin/lipo -create /Users/admin/builder/spi-builder-workspace/.derivedData/Build/Intermediates.noindex/DifferenceKit.build/Debug-watchos/DifferenceKit.build/Objects-normal/arm64/Binary/DifferenceKit.o /Users/admin/builder/spi-builder-workspace/.derivedData/Build/Intermediates.noindex/DifferenceKit.build/Debug-watchos/DifferenceKit.build/Objects-normal/armv7k/Binary/DifferenceKit.o /Users/admin/builder/spi-builder-workspace/.derivedData/Build/Intermediates.noindex/DifferenceKit.build/Debug-watchos/DifferenceKit.build/Objects-normal/arm64_32/Binary/DifferenceKit.o -output /Users/admin/builder/spi-builder-workspace/.derivedData/Build/Products/Debug-watchos/DifferenceKit.o
ExtractAppIntentsMetadata (in target 'DifferenceKit' from project 'DifferenceKit')
    cd /Users/admin/builder/spi-builder-workspace/.dependencies/checkouts/DifferenceKit
    /Applications/Xcode-26.3.0.app/Contents/Developer/Toolchains/XcodeDefault.xctoolchain/usr/bin/appintentsmetadataprocessor --toolchain-dir /var/run/com.apple.security.cryptexd/mnt/com.apple.MobileAsset.MetalToolchain-v17.3.7003.10.CcP43X/Metal.xctoolchain --module-name DifferenceKit --sdk-root /Applications/Xcode-26.3.0.app/Contents/Developer/Platforms/WatchOS.platform/Developer/SDKs/WatchOS26.2.sdk --xcode-version 17C529 --platform-family watchOS --deployment-target 4.0 --bundle-identifier differencekit.DifferenceKit --output /Users/admin/builder/spi-builder-workspace/.derivedData/Build/Products/Debug-watchos/DifferenceKit.appintents --target-triple arm64-apple-watchos4.0 --target-triple armv7k-apple-watchos4.0 --target-triple arm64_32-apple-watchos4.0 --binary-file /Users/admin/builder/spi-builder-workspace/.derivedData/Build/Products/Debug-watchos/DifferenceKit.o --dependency-file /Users/admin/builder/spi-builder-workspace/.derivedData/Build/Intermediates.noindex/DifferenceKit.build/Debug-watchos/DifferenceKit.build/Objects-normal/arm64/DifferenceKit_dependency_info.dat --dependency-file /Users/admin/builder/spi-builder-workspace/.derivedData/Build/Intermediates.noindex/DifferenceKit.build/Debug-watchos/DifferenceKit.build/Objects-normal/armv7k/DifferenceKit_dependency_info.dat --dependency-file /Users/admin/builder/spi-builder-workspace/.derivedData/Build/Intermediates.noindex/DifferenceKit.build/Debug-watchos/DifferenceKit.build/Objects-normal/arm64_32/DifferenceKit_dependency_info.dat --stringsdata-file /Users/admin/builder/spi-builder-workspace/.derivedData/Build/Intermediates.noindex/DifferenceKit.build/Debug-watchos/DifferenceKit.build/Objects-normal/arm64/ExtractedAppShortcutsMetadata.stringsdata --stringsdata-file /Users/admin/builder/spi-builder-workspace/.derivedData/Build/Intermediates.noindex/DifferenceKit.build/Debug-watchos/DifferenceKit.build/Objects-normal/armv7k/ExtractedAppShortcutsMetadata.stringsdata --stringsdata-file /Users/admin/builder/spi-builder-workspace/.derivedData/Build/Intermediates.noindex/DifferenceKit.build/Debug-watchos/DifferenceKit.build/Objects-normal/arm64_32/ExtractedAppShortcutsMetadata.stringsdata --source-file-list /Users/admin/builder/spi-builder-workspace/.derivedData/Build/Intermediates.noindex/DifferenceKit.build/Debug-watchos/DifferenceKit.build/Objects-normal/arm64/DifferenceKit.SwiftFileList --source-file-list /Users/admin/builder/spi-builder-workspace/.derivedData/Build/Intermediates.noindex/DifferenceKit.build/Debug-watchos/DifferenceKit.build/Objects-normal/armv7k/DifferenceKit.SwiftFileList --source-file-list /Users/admin/builder/spi-builder-workspace/.derivedData/Build/Intermediates.noindex/DifferenceKit.build/Debug-watchos/DifferenceKit.build/Objects-normal/arm64_32/DifferenceKit.SwiftFileList --metadata-file-list /Users/admin/builder/spi-builder-workspace/.derivedData/Build/Intermediates.noindex/DifferenceKit.build/Debug-watchos/DifferenceKit.build/DifferenceKit.DependencyMetadataFileList --static-metadata-file-list /Users/admin/builder/spi-builder-workspace/.derivedData/Build/Intermediates.noindex/DifferenceKit.build/Debug-watchos/DifferenceKit.build/DifferenceKit.DependencyStaticMetadataFileList --swift-const-vals-list /Users/admin/builder/spi-builder-workspace/.derivedData/Build/Intermediates.noindex/DifferenceKit.build/Debug-watchos/DifferenceKit.build/Objects-normal/arm64/DifferenceKit.SwiftConstValuesFileList --swift-const-vals-list /Users/admin/builder/spi-builder-workspace/.derivedData/Build/Intermediates.noindex/DifferenceKit.build/Debug-watchos/DifferenceKit.build/Objects-normal/armv7k/DifferenceKit.SwiftConstValuesFileList --swift-const-vals-list /Users/admin/builder/spi-builder-workspace/.derivedData/Build/Intermediates.noindex/DifferenceKit.build/Debug-watchos/DifferenceKit.build/Objects-normal/arm64_32/DifferenceKit.SwiftConstValuesFileList --force --compile-time-extraction --deployment-aware-processing --validate-assistant-intents --no-app-shortcuts-localization
2026-09-07 14:31:39.691 appintentsmetadataprocessor[907:5156] Starting appintentsmetadataprocessor export
2026-09-07 14:31:39.822 appintentsmetadataprocessor[907:5156] Extracted no relevant App Intents symbols, skipping writing output
SwiftExplicitDependencyGeneratePcm arm64 /Users/admin/builder/spi-builder-workspace/.derivedData/ModuleCache.noindex/CoreGraphics-2FMIK8L6NJMCE0PUQH3KNMGI3.pcm
SwiftExplicitDependencyGeneratePcm arm64 /Users/admin/builder/spi-builder-workspace/.derivedData/ModuleCache.noindex/Security-8WXKZYCC8N3IYZ7GEEYK1LTTC.pcm
SwiftExplicitDependencyGeneratePcm arm64_32 /Users/admin/builder/spi-builder-workspace/.derivedData/ModuleCache.noindex/Security-8KJEGVX0ECINJU374GLCNITFA.pcm
SwiftExplicitDependencyGeneratePcm arm64_32 /Users/admin/builder/spi-builder-workspace/.derivedData/ModuleCache.noindex/CoreGraphics-54WAF0IQ8H82D87XJZCFRIVTY.pcm
SwiftExplicitDependencyGeneratePcm armv7k /Users/admin/builder/spi-builder-workspace/.derivedData/ModuleCache.noindex/CoreGraphics-A230YT8VVJ0UP5GJNZGB054RH.pcm
SwiftExplicitDependencyGeneratePcm armv7k /Users/admin/builder/spi-builder-workspace/.derivedData/ModuleCache.noindex/Security-C9A0B26R2UIADBXLVBKU1FJV1.pcm
SwiftExplicitDependencyGeneratePcm arm64 /Users/admin/builder/spi-builder-workspace/.derivedData/ModuleCache.noindex/Foundation-188QGUU7PNEMS0JL2JNA4L9D.pcm
SwiftExplicitDependencyGeneratePcm arm64_32 /Users/admin/builder/spi-builder-workspace/.derivedData/ModuleCache.noindex/Foundation-1ZQJQ54U4TUPUQFY2U9YK0983.pcm
SwiftExplicitDependencyGeneratePcm arm64 /Users/admin/builder/spi-builder-workspace/.derivedData/ModuleCache.noindex/CoreText-2GN9EZ4ZQV3RJTZAUM2RAP0C5.pcm
SwiftExplicitDependencyGeneratePcm arm64 /Users/admin/builder/spi-builder-workspace/.derivedData/ModuleCache.noindex/CoreVideo-15AO69LNM8QYOGDN9W7HMBMTS.pcm
SwiftExplicitDependencyGeneratePcm arm64_32 /Users/admin/builder/spi-builder-workspace/.derivedData/ModuleCache.noindex/CoreVideo-DAFM97GFIP18A85P7GYKWGVKF.pcm
SwiftExplicitDependencyGeneratePcm arm64_32 /Users/admin/builder/spi-builder-workspace/.derivedData/ModuleCache.noindex/CoreText-69WFEC62YDTCXQEGLBFA7KKF1.pcm
SwiftExplicitDependencyGeneratePcm armv7k /Users/admin/builder/spi-builder-workspace/.derivedData/ModuleCache.noindex/Foundation-BFCHXYDNJGNDW2FA1JATYZ9KO.pcm
SwiftExplicitDependencyGeneratePcm armv7k /Users/admin/builder/spi-builder-workspace/.derivedData/ModuleCache.noindex/CoreVideo-9LJSZ98GBQC0NW896CIQW0UEV.pcm
SwiftExplicitDependencyGeneratePcm armv7k /Users/admin/builder/spi-builder-workspace/.derivedData/ModuleCache.noindex/CoreText-DCPN7X6HQXY78VOK12DIFINRJ.pcm
SwiftExplicitDependencyGeneratePcm arm64_32 /Users/admin/builder/spi-builder-workspace/.derivedData/ModuleCache.noindex/DataDetection-9RZALVH3Q8QWPGVOXLJMRIMNJ.pcm
SwiftExplicitDependencyGeneratePcm arm64_32 /Users/admin/builder/spi-builder-workspace/.derivedData/ModuleCache.noindex/Symbols-A1BAQZRA0IPQ1BAQPBXB0XLK.pcm
SwiftExplicitDependencyGeneratePcm arm64_32 /Users/admin/builder/spi-builder-workspace/.derivedData/ModuleCache.noindex/QuartzCore-5EU9GG539SM7NV65MHB043EPG.pcm
SwiftExplicitDependencyGeneratePcm arm64_32 /Users/admin/builder/spi-builder-workspace/.derivedData/ModuleCache.noindex/CoreTransferable-2CVORFL3L1ZOPK3KZBFUQTSQZ.pcm
SwiftExplicitDependencyGeneratePcm arm64_32 /Users/admin/builder/spi-builder-workspace/.derivedData/ModuleCache.noindex/Accessibility-869BJBZ6Y0GHCSU4LZ2MMOG62.pcm
SwiftExplicitDependencyGeneratePcm arm64_32 /Users/admin/builder/spi-builder-workspace/.derivedData/ModuleCache.noindex/OSLog-BBMJB65CZBEAD54GKEVKN32T5.pcm
SwiftExplicitDependencyGeneratePcm arm64_32 /Users/admin/builder/spi-builder-workspace/.derivedData/ModuleCache.noindex/UIUtilities-CPB7RV7T2CQM4IT41KNK8WEPF.pcm
SwiftExplicitDependencyGeneratePcm arm64_32 /Users/admin/builder/spi-builder-workspace/.derivedData/ModuleCache.noindex/UniformTypeIdentifiers-6VZH7JUQRBGXCIXRY267O4LKC.pcm
SwiftExplicitDependencyGeneratePcm arm64 /Users/admin/builder/spi-builder-workspace/.derivedData/ModuleCache.noindex/CoreTransferable-8REPBA8E7O6DTYSXERNLF5EVF.pcm
SwiftExplicitDependencyGeneratePcm armv7k /Users/admin/builder/spi-builder-workspace/.derivedData/ModuleCache.noindex/DataDetection-5A88L7N08ADBUP44SKGFLKLDG.pcm
SwiftExplicitDependencyGeneratePcm arm64 /Users/admin/builder/spi-builder-workspace/.derivedData/ModuleCache.noindex/UIUtilities-2AT70EV9YA6Z5O1GGD8GO52CG.pcm
SwiftExplicitDependencyGeneratePcm arm64 /Users/admin/builder/spi-builder-workspace/.derivedData/ModuleCache.noindex/QuartzCore-4KHS4Y6YPAFSDDCY9RNZPJHA3.pcm
SwiftExplicitDependencyGeneratePcm armv7k /Users/admin/builder/spi-builder-workspace/.derivedData/ModuleCache.noindex/Symbols-4VO7DDKC0KZH0J59PHASYUCD7.pcm
SwiftExplicitDependencyGeneratePcm arm64 /Users/admin/builder/spi-builder-workspace/.derivedData/ModuleCache.noindex/DataDetection-DGEIPFEY2NNDNAFGCE7B6ZZG5.pcm
SwiftExplicitDependencyGeneratePcm arm64 /Users/admin/builder/spi-builder-workspace/.derivedData/ModuleCache.noindex/Accessibility-4HTSNVYGF3VC9YDCPC2MNOPN4.pcm
SwiftExplicitDependencyGeneratePcm armv7k /Users/admin/builder/spi-builder-workspace/.derivedData/ModuleCache.noindex/Accessibility-12JU0I443ZEPF4RTH0JWTSNRI.pcm
SwiftExplicitDependencyGeneratePcm armv7k /Users/admin/builder/spi-builder-workspace/.derivedData/ModuleCache.noindex/OSLog-5A0L0MW8SO3QFDNRLJSQPI59Y.pcm
SwiftExplicitDependencyGeneratePcm armv7k /Users/admin/builder/spi-builder-workspace/.derivedData/ModuleCache.noindex/UniformTypeIdentifiers-574XQDS9Z0VG0613D2YZQXOZ5.pcm
SwiftExplicitDependencyGeneratePcm arm64_32 /Users/admin/builder/spi-builder-workspace/.derivedData/ModuleCache.noindex/SwiftUICore-8ANRRAIL34VOSEU0OQX19CRW1.pcm
SwiftExplicitDependencyGeneratePcm armv7k /Users/admin/builder/spi-builder-workspace/.derivedData/ModuleCache.noindex/QuartzCore-E5DSOST36XGNVVQHZIS419UFC.pcm
SwiftExplicitDependencyGeneratePcm arm64 /Users/admin/builder/spi-builder-workspace/.derivedData/ModuleCache.noindex/UserNotifications-57VYXICVMN3EV36XAB1WHJZ2C.pcm
SwiftExplicitDependencyGeneratePcm armv7k /Users/admin/builder/spi-builder-workspace/.derivedData/ModuleCache.noindex/CoreTransferable-3GDQ7JUXXEYCW5AE0M4K5JN6P.pcm
SwiftExplicitDependencyGeneratePcm armv7k /Users/admin/builder/spi-builder-workspace/.derivedData/ModuleCache.noindex/UIUtilities-3L6BZV1EK7T0DMR10S63VG17H.pcm
SwiftExplicitDependencyGeneratePcm arm64 /Users/admin/builder/spi-builder-workspace/.derivedData/ModuleCache.noindex/OSLog-15I59UMBV6CMH7II4GT8R5JED.pcm
SwiftExplicitDependencyGeneratePcm arm64 /Users/admin/builder/spi-builder-workspace/.derivedData/ModuleCache.noindex/UniformTypeIdentifiers-458KAXK374TXBBN52PBPJYRSJ.pcm
SwiftExplicitDependencyGeneratePcm arm64_32 /Users/admin/builder/spi-builder-workspace/.derivedData/ModuleCache.noindex/UserNotifications-CY8CZNOA4HZ4NXF0NT757OY1I.pcm
SwiftExplicitDependencyGeneratePcm arm64 /Users/admin/builder/spi-builder-workspace/.derivedData/ModuleCache.noindex/Symbols-2U9Y3ZW48EA4WDS5V00VYWP77.pcm
SwiftExplicitDependencyGeneratePcm arm64 /Users/admin/builder/spi-builder-workspace/.derivedData/ModuleCache.noindex/SwiftUICore-21H2UE8E2AZCB7ZNBBCK88V6B.pcm
SwiftExplicitDependencyGeneratePcm armv7k /Users/admin/builder/spi-builder-workspace/.derivedData/ModuleCache.noindex/UserNotifications-CL55GGUF3EY5ZD9C91CWRQTIO.pcm
SwiftExplicitDependencyGeneratePcm armv7k /Users/admin/builder/spi-builder-workspace/.derivedData/ModuleCache.noindex/SwiftUICore-DDOCCMECRVCFO0U3NLSLEABPC.pcm
SwiftExplicitDependencyGeneratePcm arm64 /Users/admin/builder/spi-builder-workspace/.derivedData/ModuleCache.noindex/UIKit-8SKRF6O0G9HZH553M3C9EWWAU.pcm
SwiftExplicitDependencyGeneratePcm arm64_32 /Users/admin/builder/spi-builder-workspace/.derivedData/ModuleCache.noindex/UIKit-1I38H26G25LVQJZB353WOWH6.pcm
SwiftExplicitDependencyGeneratePcm armv7k /Users/admin/builder/spi-builder-workspace/.derivedData/ModuleCache.noindex/UIKit-D1VYH5ZMVKWMCB6QIOECFJAU9.pcm
RegisterExecutionPolicyException /Users/admin/builder/spi-builder-workspace/.derivedData/Build/Products/Debug-watchos/DifferenceKit.o (in target 'DifferenceKit' from project 'DifferenceKit')
    cd /Users/admin/builder/spi-builder-workspace/.dependencies/checkouts/DifferenceKit
    builtin-RegisterExecutionPolicyException /Users/admin/builder/spi-builder-workspace/.derivedData/Build/Products/Debug-watchos/DifferenceKit.o
SwiftEmitModule normal arm64 Emitting\ module\ for\ CellKit (in target 'CellKit' from project 'CellKit')
EmitSwiftModule normal arm64 (in target 'CellKit' from project 'CellKit')
    cd /Users/admin/builder/spi-builder-workspace/.swiftpm/xcode

/Users/admin/builder/spi-builder-workspace/Sources/CellKit/CollectionReusableView.swift:3:44: error: 'UICollectionReusableView' is unavailable in watchOS
public final class CollectionReusableView: UICollectionReusableView, CellConfigurable {
                                           ^~~~~~~~~~~~~~~~~~~~~~~~
/Applications/Xcode-26.3.0.app/Contents/Developer/Platforms/WatchOS.platform/Developer/SDKs/WatchOS26.2.sdk/System/Library/Frameworks/UIKit.framework/Headers/UICollectionViewCell.h:38:12: note: 'UICollectionReusableView' has been explicitly marked unavailable here
@interface UICollectionReusableView : UIView
           ^
/Users/admin/builder/spi-builder-workspace/Sources/CellKit/DataSource.swift:40:69: error: 'UITableView' is unavailable in watchOS
    private func registerLazily(cellModel: CellModel, to tableView: UITableView) {
                                                                    ^~~~~~~~~~~
/Applications/Xcode-26.3.0.app/Contents/Developer/Platforms/WatchOS.platform/Developer/SDKs/WatchOS26.2.sdk/System/Library/Frameworks/UIKit.framework/Headers/UITableView.h:347:12: note: 'UITableView' has been explicitly marked unavailable here
@interface UITableView : UIScrollView <NSCoding, UIDataSourceTranslating>
           ^
/Users/admin/builder/spi-builder-workspace/Sources/CellKit/DataSource.swift:53:74: error: 'UICollectionView' is unavailable in watchOS
    private func registerLazily(cellModel: CellModel, to collectionView: UICollectionView) {
                                                                         ^~~~~~~~~~~~~~~~
/Applications/Xcode-26.3.0.app/Contents/Developer/Platforms/WatchOS.platform/Developer/SDKs/WatchOS26.2.sdk/System/Library/Frameworks/UIKit.framework/Headers/UICollectionView.h:362:12: note: 'UICollectionView' has been explicitly marked unavailable here
@interface UICollectionView : UIScrollView <UIDataSourceTranslating>
           ^
/Users/admin/builder/spi-builder-workspace/Sources/CellKit/DataSource.swift:66:85: error: 'UITableView' is unavailable in watchOS
    private func registerLazily(headerFooter: SupplementaryViewModel, to tableView: UITableView) {
                                                                                    ^~~~~~~~~~~
/Applications/Xcode-26.3.0.app/Contents/Developer/Platforms/WatchOS.platform/Developer/SDKs/WatchOS26.2.sdk/System/Library/Frameworks/UIKit.framework/Headers/UITableView.h:347:12: note: 'UITableView' has been explicitly marked unavailable here
@interface UITableView : UIScrollView <NSCoding, UIDataSourceTranslating>
           ^
/Users/admin/builder/spi-builder-workspace/Sources/CellKit/DataSource.swift:79:109: error: 'UICollectionView' is unavailable in watchOS
    private func registerLazily(supplementaryView: SupplementaryViewModel, kind: String, to collectionView: UICollectionView) {
                                                                                                            ^~~~~~~~~~~~~~~~
/Applications/Xcode-26.3.0.app/Contents/Developer/Platforms/WatchOS.platform/Developer/SDKs/WatchOS26.2.sdk/System/Library/Frameworks/UIKit.framework/Headers/UICollectionView.h:362:12: note: 'UICollectionView' has been explicitly marked unavailable here
@interface UICollectionView : UIScrollView <UIDataSourceTranslating>
           ^
/Users/admin/builder/spi-builder-workspace/Sources/CellKit/DataSource.swift:105:80: error: 'UITableView' is unavailable in watchOS
    private func view(for headerFooter: SupplementaryViewModel?, in tableView: UITableView) -> UIView? {
                                                                               ^~~~~~~~~~~
/Applications/Xcode-26.3.0.app/Contents/Developer/Platforms/WatchOS.platform/Developer/SDKs/WatchOS26.2.sdk/System/Library/Frameworks/UIKit.framework/Headers/UITableView.h:347:12: note: 'UITableView' has been explicitly marked unavailable here
@interface UITableView : UIScrollView <NSCoding, UIDataSourceTranslating>
           ^
/Users/admin/builder/spi-builder-workspace/Sources/CellKit/DataSource.swift:105:96: error: 'UIView' is unavailable in watchOS
    private func view(for headerFooter: SupplementaryViewModel?, in tableView: UITableView) -> UIView? {
                                                                                               ^~~~~~
/Applications/Xcode-26.3.0.app/Contents/Developer/Platforms/WatchOS.platform/Developer/SDKs/WatchOS26.2.sdk/System/Library/Frameworks/UIKit.framework/Headers/UIView.h:148:12: note: 'UIView' has been explicitly marked unavailable here
@interface UIView : UIResponder <NSCoding, UIAppearance, UIAppearanceContainer, UIDynamicItem, UITraitEnvironment, UICoordinateSpace, UIFocusItem, UIFocusItemContainer, CALayerDelegate>
           ^
/Users/admin/builder/spi-builder-workspace/Sources/CellKit/DataSource.swift:116:134: error: 'UICollectionView' is unavailable in watchOS
    private func view(for supplementaryViewModel: SupplementaryViewModel?, kind: String, at indexPath: IndexPath, in collectionView: UICollectionView) -> UICollectionReusableView? {
                                                                                                                                     ^~~~~~~~~~~~~~~~
/Applications/Xcode-26.3.0.app/Contents/Developer/Platforms/WatchOS.platform/Developer/SDKs/WatchOS26.2.sdk/System/Library/Frameworks/UIKit.framework/Headers/UICollectionView.h:362:12: note: 'UICollectionView' has been explicitly marked unavailable here
@interface UICollectionView : UIScrollView <UIDataSourceTranslating>
           ^
/Users/admin/builder/spi-builder-workspace/Sources/CellKit/DataSource.swift:116:155: error: 'UICollectionReusableView' is unavailable in watchOS
    private func view(for supplementaryViewModel: SupplementaryViewModel?, kind: String, at indexPath: IndexPath, in collectionView: UICollectionView) -> UICollectionReusableView? {
                                                                                                                                                          ^~~~~~~~~~~~~~~~~~~~~~~~
/Applications/Xcode-26.3.0.app/Contents/Developer/Platforms/WatchOS.platform/Developer/SDKs/WatchOS26.2.sdk/System/Library/Frameworks/UIKit.framework/Headers/UICollectionViewCell.h:38:12: note: 'UICollectionReusableView' has been explicitly marked unavailable here
@interface UICollectionReusableView : UIView
           ^
/Users/admin/builder/spi-builder-workspace/Sources/CellKit/DataSource.swift:126:48: error: 'UITableView' is unavailable in watchOS
    public func numberOfSections(in tableView: UITableView) -> Int {
                                               ^~~~~~~~~~~
/Applications/Xcode-26.3.0.app/Contents/Developer/Platforms/WatchOS.platform/Developer/SDKs/WatchOS26.2.sdk/System/Library/Frameworks/UIKit.framework/Headers/UITableView.h:347:12: note: 'UITableView' has been explicitly marked unavailable here
@interface UITableView : UIScrollView <NSCoding, UIDataSourceTranslating>
           ^
/Users/admin/builder/spi-builder-workspace/Sources/CellKit/DataSource.swift:130:40: error: 'UITableView' is unavailable in watchOS
    public func tableView(_ tableView: UITableView, numberOfRowsInSection section: Int) -> Int {
                                       ^~~~~~~~~~~
/Applications/Xcode-26.3.0.app/Contents/Developer/Platforms/WatchOS.platform/Developer/SDKs/WatchOS26.2.sdk/System/Library/Frameworks/UIKit.framework/Headers/UITableView.h:347:12: note: 'UITableView' has been explicitly marked unavailable here
@interface UITableView : UIScrollView <NSCoding, UIDataSourceTranslating>
           ^
/Users/admin/builder/spi-builder-workspace/Sources/CellKit/DataSource.swift:134:40: error: 'UITableView' is unavailable in watchOS
    public func tableView(_ tableView: UITableView, cellForRowAt indexPath: IndexPath) -> UITableViewCell {
                                       ^~~~~~~~~~~
/Applications/Xcode-26.3.0.app/Contents/Developer/Platforms/WatchOS.platform/Developer/SDKs/WatchOS26.2.sdk/System/Library/Frameworks/UIKit.framework/Headers/UITableView.h:347:12: note: 'UITableView' has been explicitly marked unavailable here
@interface UITableView : UIScrollView <NSCoding, UIDataSourceTranslating>
           ^
/Users/admin/builder/spi-builder-workspace/Sources/CellKit/DataSource.swift:134:91: error: 'UITableViewCell' is unavailable in watchOS
    public func tableView(_ tableView: UITableView, cellForRowAt indexPath: IndexPath) -> UITableViewCell {
                                                                                          ^~~~~~~~~~~~~~~
/Applications/Xcode-26.3.0.app/Contents/Developer/Platforms/WatchOS.platform/Developer/SDKs/WatchOS26.2.sdk/System/Library/Frameworks/UIKit.framework/Headers/UITableViewCell.h:81:12: note: 'UITableViewCell' has been explicitly marked unavailable here
@interface UITableViewCell : UIView <NSCoding, UIGestureRecognizerDelegate>
           ^
/Users/admin/builder/spi-builder-workspace/Sources/CellKit/DataSource.swift:142:40: error: 'UITableView' is unavailable in watchOS
    public func tableView(_ tableView: UITableView, shouldHighlightRowAt indexPath: IndexPath) -> Bool {
                                       ^~~~~~~~~~~
/Applications/Xcode-26.3.0.app/Contents/Developer/Platforms/WatchOS.platform/Developer/SDKs/WatchOS26.2.sdk/System/Library/Frameworks/UIKit.framework/Headers/UITableView.h:347:12: note: 'UITableView' has been explicitly marked unavailable here
@interface UITableView : UIScrollView <NSCoding, UIDataSourceTranslating>
           ^
/Users/admin/builder/spi-builder-workspace/Sources/CellKit/DataSource.swift:146:40: error: 'UITableView' is unavailable in watchOS
    public func tableView(_ tableView: UITableView, viewForHeaderInSection section: Int) -> UIView? {
                                       ^~~~~~~~~~~
/Applications/Xcode-26.3.0.app/Contents/Developer/Platforms/WatchOS.platform/Developer/SDKs/WatchOS26.2.sdk/System/Library/Frameworks/UIKit.framework/Headers/UITableView.h:347:12: note: 'UITableView' has been explicitly marked unavailable here
@interface UITableView : UIScrollView <NSCoding, UIDataSourceTranslating>
           ^
/Users/admin/builder/spi-builder-workspace/Sources/CellKit/DataSource.swift:146:93: error: 'UIView' is unavailable in watchOS
    public func tableView(_ tableView: UITableView, viewForHeaderInSection section: Int) -> UIView? {
                                                                                            ^~~~~~
/Applications/Xcode-26.3.0.app/Contents/Developer/Platforms/WatchOS.platform/Developer/SDKs/WatchOS26.2.sdk/System/Library/Frameworks/UIKit.framework/Headers/UIView.h:148:12: note: 'UIView' has been explicitly marked unavailable here
@interface UIView : UIResponder <NSCoding, UIAppearance, UIAppearanceContainer, UIDynamicItem, UITraitEnvironment, UICoordinateSpace, UIFocusItem, UIFocusItemContainer, CALayerDelegate>
           ^
/Users/admin/builder/spi-builder-workspace/Sources/CellKit/DataSource.swift:153:40: error: 'UITableView' is unavailable in watchOS
    public func tableView(_ tableView: UITableView, heightForHeaderInSection section: Int) -> CGFloat {
                                       ^~~~~~~~~~~
/Applications/Xcode-26.3.0.app/Contents/Developer/Platforms/WatchOS.platform/Developer/SDKs/WatchOS26.2.sdk/System/Library/Frameworks/UIKit.framework/Headers/UITableView.h:347:12: note: 'UITableView' has been explicitly marked unavailable here
@interface UITableView : UIScrollView <NSCoding, UIDataSourceTranslating>
           ^
/Users/admin/builder/spi-builder-workspace/Sources/CellKit/DataSource.swift:158:40: error: 'UITableView' is unavailable in watchOS
    public func tableView(_ tableView: UITableView, viewForFooterInSection section: Int) -> UIView? {
                                       ^~~~~~~~~~~
/Applications/Xcode-26.3.0.app/Contents/Developer/Platforms/WatchOS.platform/Developer/SDKs/WatchOS26.2.sdk/System/Library/Frameworks/UIKit.framework/Headers/UITableView.h:347:12: note: 'UITableView' has been explicitly marked unavailable here
@interface UITableView : UIScrollView <NSCoding, UIDataSourceTranslating>
           ^
/Users/admin/builder/spi-builder-workspace/Sources/CellKit/DataSource.swift:158:93: error: 'UIView' is unavailable in watchOS
    public func tableView(_ tableView: UITableView, viewForFooterInSection section: Int) -> UIView? {
                                                                                            ^~~~~~
/Applications/Xcode-26.3.0.app/Contents/Developer/Platforms/WatchOS.platform/Developer/SDKs/WatchOS26.2.sdk/System/Library/Frameworks/UIKit.framework/Headers/UIView.h:148:12: note: 'UIView' has been explicitly marked unavailable here
@interface UIView : UIResponder <NSCoding, UIAppearance, UIAppearanceContainer, UIDynamicItem, UITraitEnvironment, UICoordinateSpace, UIFocusItem, UIFocusItemContainer, CALayerDelegate>
           ^
/Users/admin/builder/spi-builder-workspace/Sources/CellKit/DataSource.swift:165:40: error: 'UITableView' is unavailable in watchOS
    public func tableView(_ tableView: UITableView, heightForFooterInSection section: Int) -> CGFloat {
                                       ^~~~~~~~~~~
/Applications/Xcode-26.3.0.app/Contents/Developer/Platforms/WatchOS.platform/Developer/SDKs/WatchOS26.2.sdk/System/Library/Frameworks/UIKit.framework/Headers/UITableView.h:347:12: note: 'UITableView' has been explicitly marked unavailable here
@interface UITableView : UIScrollView <NSCoding, UIDataSourceTranslating>
           ^
/Users/admin/builder/spi-builder-workspace/Sources/CellKit/DataSource.swift:125:31: error: 'UITableViewDataSource' is unavailable in watchOS
extension AbstractDataSource: UITableViewDataSource {
                              ^~~~~~~~~~~~~~~~~~~~~
/Applications/Xcode-26.3.0.app/Contents/Developer/Platforms/WatchOS.platform/Developer/SDKs/WatchOS26.2.sdk/System/Library/Frameworks/UIKit.framework/Headers/UITableView.h:539:11: note: 'UITableViewDataSource' has been explicitly marked unavailable here
@protocol UITableViewDataSource<NSObject>
          ^
/Users/admin/builder/spi-builder-workspace/Sources/CellKit/DataSource.swift:172:53: error: 'UICollectionView' is unavailable in watchOS
    public func numberOfSections(in collectionView: UICollectionView) -> Int {
                                                    ^~~~~~~~~~~~~~~~
/Applications/Xcode-26.3.0.app/Contents/Developer/Platforms/WatchOS.platform/Developer/SDKs/WatchOS26.2.sdk/System/Library/Frameworks/UIKit.framework/Headers/UICollectionView.h:362:12: note: 'UICollectionView' has been explicitly marked unavailable here
@interface UICollectionView : UIScrollView <UIDataSourceTranslating>
           ^
/Users/admin/builder/spi-builder-workspace/Sources/CellKit/DataSource.swift:176:50: error: 'UICollectionView' is unavailable in watchOS
    public func collectionView(_ collectionView: UICollectionView, numberOfItemsInSection section: Int) -> Int {
                                                 ^~~~~~~~~~~~~~~~
/Applications/Xcode-26.3.0.app/Contents/Developer/Platforms/WatchOS.platform/Developer/SDKs/WatchOS26.2.sdk/System/Library/Frameworks/UIKit.framework/Headers/UICollectionView.h:362:12: note: 'UICollectionView' has been explicitly marked unavailable here
@interface UICollectionView : UIScrollView <UIDataSourceTranslating>
           ^
/Users/admin/builder/spi-builder-workspace/Sources/CellKit/DataSource.swift:180:50: error: 'UICollectionView' is unavailable in watchOS
    public func collectionView(_ collectionView: UICollectionView, cellForItemAt indexPath: IndexPath) -> UICollectionViewCell {
                                                 ^~~~~~~~~~~~~~~~
/Applications/Xcode-26.3.0.app/Contents/Developer/Platforms/WatchOS.platform/Developer/SDKs/WatchOS26.2.sdk/System/Library/Frameworks/UIKit.framework/Headers/UICollectionView.h:362:12: note: 'UICollectionView' has been explicitly marked unavailable here
@interface UICollectionView : UIScrollView <UIDataSourceTranslating>
           ^
/Users/admin/builder/spi-builder-workspace/Sources/CellKit/DataSource.swift:180:107: error: 'UICollectionViewCell' is unavailable in watchOS
    public func collectionView(_ collectionView: UICollectionView, cellForItemAt indexPath: IndexPath) -> UICollectionViewCell {
                                                                                                          ^~~~~~~~~~~~~~~~~~~~
/Applications/Xcode-26.3.0.app/Contents/Developer/Platforms/WatchOS.platform/Developer/SDKs/WatchOS26.2.sdk/System/Library/Frameworks/UIKit.framework/Headers/UICollectionViewCell.h:65:12: note: 'UICollectionViewCell' has been explicitly marked unavailable here
@interface UICollectionViewCell : UICollectionReusableView
           ^
/Users/admin/builder/spi-builder-workspace/Sources/CellKit/DataSource.swift:188:50: error: 'UICollectionView' is unavailable in watchOS
    public func collectionView(_ collectionView: UICollectionView, viewForSupplementaryElementOfKind kind: String, at indexPath: IndexPath) -> UICollectionReusableView {
                                                 ^~~~~~~~~~~~~~~~
/Applications/Xcode-26.3.0.app/Contents/Developer/Platforms/WatchOS.platform/Developer/SDKs/WatchOS26.2.sdk/System/Library/Frameworks/UIKit.framework/Headers/UICollectionView.h:362:12: note: 'UICollectionView' has been explicitly marked unavailable here
@interface UICollectionView : UIScrollView <UIDataSourceTranslating>
           ^
/Users/admin/builder/spi-builder-workspace/Sources/CellKit/DataSource.swift:188:144: error: 'UICollectionReusableView' is unavailable in watchOS
    public func collectionView(_ collectionView: UICollectionView, viewForSupplementaryElementOfKind kind: String, at indexPath: IndexPath) -> UICollectionReusableView {
                                                                                                                                               ^~~~~~~~~~~~~~~~~~~~~~~~
/Applications/Xcode-26.3.0.app/Contents/Developer/Platforms/WatchOS.platform/Developer/SDKs/WatchOS26.2.sdk/System/Library/Frameworks/UIKit.framework/Headers/UICollectionViewCell.h:38:12: note: 'UICollectionReusableView' has been explicitly marked unavailable here
@interface UICollectionReusableView : UIView
           ^
/Users/admin/builder/spi-builder-workspace/Sources/CellKit/DataSource.swift:171:31: error: 'UICollectionViewDataSource' is unavailable in watchOS
extension AbstractDataSource: UICollectionViewDataSource {
                              ^~~~~~~~~~~~~~~~~~~~~~~~~~
/Applications/Xcode-26.3.0.app/Contents/Developer/Platforms/WatchOS.platform/Developer/SDKs/WatchOS26.2.sdk/System/Library/Frameworks/UIKit.framework/Headers/UICollectionView.h:73:11: note: 'UICollectionViewDataSource' has been explicitly marked unavailable here
@protocol UICollectionViewDataSource <NSObject>
          ^
/Users/admin/builder/spi-builder-workspace/Sources/CellKit/DataSource.swift:199:40: error: 'UITableView' is unavailable in watchOS
    public func tableView(_ tableView: UITableView, heightForRowAt indexPath: IndexPath) -> CGFloat {
                                       ^~~~~~~~~~~
/Applications/Xcode-26.3.0.app/Contents/Developer/Platforms/WatchOS.platform/Developer/SDKs/WatchOS26.2.sdk/System/Library/Frameworks/UIKit.framework/Headers/UITableView.h:347:12: note: 'UITableView' has been explicitly marked unavailable here
@interface UITableView : UIScrollView <NSCoding, UIDataSourceTranslating>
           ^
/Users/admin/builder/spi-builder-workspace/Sources/CellKit/DataSource.swift:203:40: error: 'UITableView' is unavailable in watchOS
    public func tableView(_ tableView: UITableView, didSelectRowAt indexPath: IndexPath) {
                                       ^~~~~~~~~~~
/Applications/Xcode-26.3.0.app/Contents/Developer/Platforms/WatchOS.platform/Developer/SDKs/WatchOS26.2.sdk/System/Library/Frameworks/UIKit.framework/Headers/UITableView.h:347:12: note: 'UITableView' has been explicitly marked unavailable here
@interface UITableView : UIScrollView <NSCoding, UIDataSourceTranslating>
           ^
/Users/admin/builder/spi-builder-workspace/Sources/CellKit/DataSource.swift:198:31: error: 'UITableViewDelegate' is unavailable in watchOS
extension AbstractDataSource: UITableViewDelegate {
                              ^~~~~~~~~~~~~~~~~~~
/Applications/Xcode-26.3.0.app/Contents/Developer/Platforms/WatchOS.platform/Developer/SDKs/WatchOS26.2.sdk/System/Library/Frameworks/UIKit.framework/Headers/UITableView.h:100:11: note: 'UITableViewDelegate' has been explicitly marked unavailable here
@protocol UITableViewDelegate<NSObject, UIScrollViewDelegate>
          ^
/Users/admin/builder/spi-builder-workspace/Sources/CellKit/DataSource.swift:213:50: error: 'UICollectionView' is unavailable in watchOS
    public func collectionView(_ collectionView: UICollectionView, didSelectItemAt indexPath: IndexPath) {
                                                 ^~~~~~~~~~~~~~~~
/Applications/Xcode-26.3.0.app/Contents/Developer/Platforms/WatchOS.platform/Developer/SDKs/WatchOS26.2.sdk/System/Library/Frameworks/UIKit.framework/Headers/UICollectionView.h:362:12: note: 'UICollectionView' has been explicitly marked unavailable here
@interface UICollectionView : UIScrollView <UIDataSourceTranslating>
           ^
/Users/admin/builder/spi-builder-workspace/Sources/CellKit/DataSource.swift:212:31: error: 'UICollectionViewDelegateFlowLayout' is unavailable in watchOS
extension AbstractDataSource: UICollectionViewDelegateFlowLayout {
                              ^~~~~~~~~~~~~~~~~~~~~~~~~~~~~~~~~~
/Applications/Xcode-26.3.0.app/Contents/Developer/Platforms/WatchOS.platform/Developer/SDKs/WatchOS26.2.sdk/System/Library/Frameworks/UIKit.framework/Headers/UICollectionViewFlowLayout.h:33:11: note: 'UICollectionViewDelegateFlowLayout' has been explicitly marked unavailable here
@protocol UICollectionViewDelegateFlowLayout <UICollectionViewDelegate>
          ^
/Users/admin/builder/spi-builder-workspace/Sources/CellKit/DiffableDataSources/LazyCellProvider.swift:10:58: error: 'UICollectionView' is unavailable in watchOS
    public func provide<Item: CellModel>(collectionView: UICollectionView, indexPath: IndexPath, item: Item) -> UICollectionViewCell? {
                                                         ^~~~~~~~~~~~~~~~
/Applications/Xcode-26.3.0.app/Contents/Developer/Platforms/WatchOS.platform/Developer/SDKs/WatchOS26.2.sdk/System/Library/Frameworks/UIKit.framework/Headers/UICollectionView.h:362:12: note: 'UICollectionView' has been explicitly marked unavailable here
@interface UICollectionView : UIScrollView <UIDataSourceTranslating>
           ^
/Users/admin/builder/spi-builder-workspace/Sources/CellKit/DiffableDataSources/LazyCellProvider.swift:10:113: error: 'UICollectionViewCell' is unavailable in watchOS
    public func provide<Item: CellModel>(collectionView: UICollectionView, indexPath: IndexPath, item: Item) -> UICollectionViewCell? {
                                                                                                                ^~~~~~~~~~~~~~~~~~~~
/Applications/Xcode-26.3.0.app/Contents/Developer/Platforms/WatchOS.platform/Developer/SDKs/WatchOS26.2.sdk/System/Library/Frameworks/UIKit.framework/Headers/UICollectionViewCell.h:65:12: note: 'UICollectionViewCell' has been explicitly marked unavailable here
@interface UICollectionViewCell : UICollectionReusableView
           ^
/Users/admin/builder/spi-builder-workspace/Sources/CellKit/DiffableDataSources/LazyCellProvider.swift:21:53: error: 'UITableView' is unavailable in watchOS
    public func provide<Item: CellModel>(tableView: UITableView, indexPath: IndexPath, item: Item) -> UITableViewCell? {
                                                    ^~~~~~~~~~~
/Applications/Xcode-26.3.0.app/Contents/Developer/Platforms/WatchOS.platform/Developer/SDKs/WatchOS26.2.sdk/System/Library/Frameworks/UIKit.framework/Headers/UITableView.h:347:12: note: 'UITableView' has been explicitly marked unavailable here
@interface UITableView : UIScrollView <NSCoding, UIDataSourceTranslating>
           ^
/Users/admin/builder/spi-builder-workspace/Sources/CellKit/DiffableDataSources/LazyCellProvider.swift:21:103: error: 'UITableViewCell' is unavailable in watchOS
    public func provide<Item: CellModel>(tableView: UITableView, indexPath: IndexPath, item: Item) -> UITableViewCell? {
                                                                                                      ^~~~~~~~~~~~~~~
/Applications/Xcode-26.3.0.app/Contents/Developer/Platforms/WatchOS.platform/Developer/SDKs/WatchOS26.2.sdk/System/Library/Frameworks/UIKit.framework/Headers/UITableViewCell.h:81:12: note: 'UITableViewCell' has been explicitly marked unavailable here
@interface UITableViewCell : UIView <NSCoding, UIGestureRecognizerDelegate>
           ^
/Users/admin/builder/spi-builder-workspace/Sources/CellKit/DiffableDataSources/LazyCellProvider.swift:32:56: error: 'UICollectionView' is unavailable in watchOS
    func register(model: CellModel, to collectionView: UICollectionView) {
                                                       ^~~~~~~~~~~~~~~~
/Applications/Xcode-26.3.0.app/Contents/Developer/Platforms/WatchOS.platform/Developer/SDKs/WatchOS26.2.sdk/System/Library/Frameworks/UIKit.framework/Headers/UICollectionView.h:362:12: note: 'UICollectionView' has been explicitly marked unavailable here
@interface UICollectionView : UIScrollView <UIDataSourceTranslating>
           ^
/Users/admin/builder/spi-builder-workspace/Sources/CellKit/DiffableDataSources/LazyCellProvider.swift:40:51: error: 'UITableView' is unavailable in watchOS
    func register(model: CellModel, to tableView: UITableView) {
                                                  ^~~~~~~~~~~
/Applications/Xcode-26.3.0.app/Contents/Developer/Platforms/WatchOS.platform/Developer/SDKs/WatchOS26.2.sdk/System/Library/Frameworks/UIKit.framework/Headers/UITableView.h:347:12: note: 'UITableView' has been explicitly marked unavailable here
@interface UITableView : UIScrollView <NSCoding, UIDataSourceTranslating>
           ^
/Users/admin/builder/spi-builder-workspace/Sources/CellKit/DiffableDataSources/LazySupplementaryViewProvider.swift:13:41: error: 'UICollectionView' is unavailable in watchOS
    public func provide(collectionView: UICollectionView, kind: String, indexPath: IndexPath) -> UICollectionReusableView? {
                                        ^~~~~~~~~~~~~~~~
/Applications/Xcode-26.3.0.app/Contents/Developer/Platforms/WatchOS.platform/Developer/SDKs/WatchOS26.2.sdk/System/Library/Frameworks/UIKit.framework/Headers/UICollectionView.h:362:12: note: 'UICollectionView' has been explicitly marked unavailable here
@interface UICollectionView : UIScrollView <UIDataSourceTranslating>
           ^
/Users/admin/builder/spi-builder-workspace/Sources/CellKit/DiffableDataSources/LazySupplementaryViewProvider.swift:13:98: error: 'UICollectionReusableView' is unavailable in watchOS
    public func provide(collectionView: UICollectionView, kind: String, indexPath: IndexPath) -> UICollectionReusableView? {
                                                                                                 ^~~~~~~~~~~~~~~~~~~~~~~~
/Applications/Xcode-26.3.0.app/Contents/Developer/Platforms/WatchOS.platform/Developer/SDKs/WatchOS26.2.sdk/System/Library/Frameworks/UIKit.framework/Headers/UICollectionViewCell.h:38:12: note: 'UICollectionReusableView' has been explicitly marked unavailable here
@interface UICollectionReusableView : UIView
           ^
/Users/admin/builder/spi-builder-workspace/Sources/CellKit/ReusableView.swift:8:14: error: 'UINib' is unavailable in watchOS
    var nib: UINib? { get }
             ^~~~~
/Applications/Xcode-26.3.0.app/Contents/Developer/Platforms/WatchOS.platform/Developer/SDKs/WatchOS26.2.sdk/System/Library/Frameworks/UIKit.framework/Headers/UINib.h:16:12: note: 'UINib' has been explicitly marked unavailable here
@interface UINib : NSObject
           ^
/Users/admin/builder/spi-builder-workspace/Sources/CellKit/ReusableView.swift:27:14: error: 'UINib' is unavailable in watchOS
    var nib: UINib? {
             ^~~~~
/Applications/Xcode-26.3.0.app/Contents/Developer/Platforms/WatchOS.platform/Developer/SDKs/WatchOS26.2.sdk/System/Library/Frameworks/UIKit.framework/Headers/UINib.h:16:12: note: 'UINib' has been explicitly marked unavailable here
@interface UINib : NSObject
           ^
Failed frontend command:
/Applications/Xcode-26.3.0.app/Contents/Developer/Toolchains/XcodeDefault.xctoolchain/usr/bin/swift-frontend -frontend -emit-module -experimental-skip-non-inlinable-function-bodies-without-types /Users/admin/builder/spi-builder-workspace/Sources/CellKit/CellConfigurable.swift /Users/admin/builder/spi-builder-workspace/Sources/CellKit/CellConvertible.swift /Users/admin/builder/spi-builder-workspace/Sources/CellKit/CellModel.swift /Users/admin/builder/spi-builder-workspace/Sources/CellKit/CellModelDataSource.swift /Users/admin/builder/spi-builder-workspace/Sources/CellKit/CellModelSection.swift /Users/admin/builder/spi-builder-workspace/Sources/CellKit/CellModelSelectable.swift /Users/admin/builder/spi-builder-workspace/Sources/CellKit/CollectionReusableView.swift /Users/admin/builder/spi-builder-workspace/Sources/CellKit/DataSource.swift /Users/admin/builder/spi-builder-workspace/Sources/CellKit/DiffableDataSources/CollectionSupplementaryViewModel.swift /Users/admin/builder/spi-builder-workspace/Sources/CellKit/DiffableDataSources/LazyCellProvider.swift /Users/admin/builder/spi-builder-workspace/Sources/CellKit/DiffableDataSources/LazySupplementaryViewProvider.swift /Users/admin/builder/spi-builder-workspace/Sources/CellKit/DiffableDataSources/SupplementaryElementKind.swift /Users/admin/builder/spi-builder-workspace/Sources/CellKit/ReusableView.swift -target arm64-apple-watchos8.0 -load-resolved-plugin /Applications/Xcode-26.3.0.app/Contents/Developer/Platforms/WatchOS.platform/Developer/usr/lib/swift/host/plugins/libFoundationMacros.dylib\#/Applications/Xcode-26.3.0.app/Contents/Developer/Platforms/WatchOS.platform/Developer/usr/bin/swift-plugin-server\#FoundationMacros -load-resolved-plugin /Applications/Xcode-26.3.0.app/Contents/Developer/Platforms/WatchOS.platform/Developer/usr/lib/swift/host/plugins/libObservationMacros.dylib\#/Applications/Xcode-26.3.0.app/Contents/Developer/Platforms/WatchOS.platform/Developer/usr/bin/swift-plugin-server\#ObservationMacros -load-resolved-plugin /Applications/Xcode-26.3.0.app/Contents/Developer/Platforms/WatchOS.platform/Developer/usr/lib/swift/host/plugins/libSwiftMacros.dylib\#/Applications/Xcode-26.3.0.app/Contents/Developer/Platforms/WatchOS.platform/Developer/usr/bin/swift-plugin-server\#SwiftMacros -load-resolved-plugin /Applications/Xcode-26.3.0.app/Contents/Developer/Platforms/WatchOS.platform/Developer/usr/lib/swift/host/plugins/libSwiftUIMacros.dylib\#/Applications/Xcode-26.3.0.app/Contents/Developer/Platforms/WatchOS.platform/Developer/usr/bin/swift-plugin-server\#SwiftUIMacros -disable-implicit-swift-modules -Xcc -fno-implicit-modules -Xcc -fno-implicit-module-maps -explicit-swift-module-map-file /Users/admin/builder/spi-builder-workspace/.derivedData/Build/Intermediates.noindex/CellKit.build/Debug-watchos/CellKit.build/Objects-normal/arm64/CellKit-dependencies-1.json -Xllvm -aarch64-use-tbi -enable-objc-interop -stack-check -sdk /Applications/Xcode-26.3.0.app/Contents/Developer/Platforms/WatchOS.platform/Developer/SDKs/WatchOS26.2.sdk -I /Users/admin/builder/spi-builder-workspace/.derivedData/Build/Products/Debug-watchos -Isystem /Applications/Xcode-26.3.0.app/Contents/Developer/Platforms/WatchOS.platform/Developer/usr/lib -F /Users/admin/builder/spi-builder-workspace/.derivedData/Build/Products/Debug-watchos -F /Applications/Xcode-26.3.0.app/Contents/Developer/Platforms/WatchOS.platform/Developer/Library/Frameworks -F /Applications/Xcode-26.3.0.app/Contents/Developer/Platforms/WatchOS.platform/Developer/SDKs/WatchOS26.2.sdk/Developer/Library/Frameworks -no-color-diagnostics -Xcc -fno-color-diagnostics -enable-testing -g -debug-info-format\=dwarf -dwarf-version\=4 -module-cache-path /Users/admin/builder/spi-builder-workspace/.derivedData/Build/Intermediates.noindex/SwiftExplicitPrecompiledModules -swift-version 6 -enforce-exclusivity\=checked -Onone -D SWIFT_PACKAGE -D DEBUG -D SWIFT_MODULE_RESOURCE_BUNDLE_UNAVAILABLE -D Xcode -serialize-debugging-options -const-gather-protocols-file /Users/admin/builder/spi-builder-workspace/.derivedData/Build/Intermediates.noindex/CellKit.build/Debug-watchos/CellKit.build/Objects-normal/arm64/CellKit_const_extract_protocols.json -enable-upcoming-feature NonisolatedNonsendingByDefault -enable-upcoming-feature InferIsolatedConformances -enable-experimental-feature DebugDescriptionMacro -default-isolation MainActor -empty-abi-descriptor -validate-clang-modules-once -clang-build-session-file /Users/admin/builder/spi-builder-workspace/.derivedData/ModuleCache.noindex/Session.modulevalidation -Xcc -working-directory -Xcc /Users/admin/builder/spi-builder-workspace/.swiftpm/xcode -enable-anonymous-context-mangled-names -file-compilation-dir /Users/admin/builder/spi-builder-workspace/.swiftpm/xcode -Xcc -D_LIBCPP_HARDENING_MODE\=_LIBCPP_HARDENING_MODE_DEBUG -Xcc -ivfsstatcache -Xcc /Users/admin/builder/spi-builder-workspace/.derivedData/SDKStatCaches.noindex/watchos26.2-23S303-dc75598d0054f22ec865fa860f139d721753b489057de6bda919edfa1c59a62b.sdkstatcache -Xcc -I/Users/admin/builder/spi-builder-workspace/.derivedData/Build/Intermediates.noindex/CellKit.build/Debug-watchos/CellKit.build/swift-overrides.hmap -Xcc -I/Users/admin/builder/spi-builder-workspace/.derivedData/Build/Products/Debug-watchos/include -Xcc -I/Users/admin/builder/spi-builder-workspace/.derivedData/Build/Intermediates.noindex/CellKit.build/Debug-watchos/CellKit.build/DerivedSources-normal/arm64 -Xcc -I/Users/admin/builder/spi-builder-workspace/.derivedData/Build/Intermediates.noindex/CellKit.build/Debug-watchos/CellKit.build/DerivedSources/arm64 -Xcc -I/Users/admin/builder/spi-builder-workspace/.derivedData/Build/Intermediates.noindex/CellKit.build/Debug-watchos/CellKit.build/DerivedSources -Xcc -DSWIFT_PACKAGE -Xcc -DDEBUG\=1 -no-auto-bridging-header-chaining -module-name CellKit -package-name spi_builder_workspace -frontend-parseable-output -disable-clang-spi -target-sdk-version 26.2 -target-sdk-name watchos26.2 -clang-target arm64-apple-watchos26.2 -in-process-plugin-server-path /Applications/Xcode-26.3.0.app/Contents/Developer/Toolchains/XcodeDefault.xctoolchain/usr/lib/swift/host/libSwiftInProcPluginServer.dylib -emit-module-doc-path /Users/admin/builder/spi-builder-workspace/.derivedData/Build/Intermediates.noindex/CellKit.build/Debug-watchos/CellKit.build/Objects-normal/arm64/CellKit.swiftdoc -emit-module-source-info-path /Users/admin/builder/spi-builder-workspace/.derivedData/Build/Intermediates.noindex/CellKit.build/Debug-watchos/CellKit.build/Objects-normal/arm64/CellKit.swiftsourceinfo -emit-objc-header-path /Users/admin/builder/spi-builder-workspace/.derivedData/Build/Intermediates.noindex/CellKit.build/Debug-watchos/CellKit.build/Objects-normal/arm64/CellKit-Swift.h -serialize-diagnostics-path /Users/admin/builder/spi-builder-workspace/.derivedData/Build/Intermediates.noindex/CellKit.build/Debug-watchos/CellKit.build/Objects-normal/arm64/CellKit-primary-emit-module.dia -emit-dependencies-path /Users/admin/builder/spi-builder-workspace/.derivedData/Build/Intermediates.noindex/CellKit.build/Debug-watchos/CellKit.build/Objects-normal/arm64/CellKit-primary-emit-module.d -o /Users/admin/builder/spi-builder-workspace/.derivedData/Build/Intermediates.noindex/CellKit.build/Debug-watchos/CellKit.build/Objects-normal/arm64/CellKit.swiftmodule -emit-abi-descriptor-path /Users/admin/builder/spi-builder-workspace/.derivedData/Build/Intermediates.noindex/CellKit.build/Debug-watchos/CellKit.build/Objects-normal/arm64/CellKit.abi.json
SwiftCompile normal arm64 Compiling\ ReusableView.swift /Users/admin/builder/spi-builder-workspace/Sources/CellKit/ReusableView.swift (in target 'CellKit' from project 'CellKit')
SwiftCompile normal arm64 /Users/admin/builder/spi-builder-workspace/Sources/CellKit/ReusableView.swift (in target 'CellKit' from project 'CellKit')
    cd /Users/admin/builder/spi-builder-workspace/.swiftpm/xcode

SwiftCompile normal arm64 Compiling\ SupplementaryElementKind.swift /Users/admin/builder/spi-builder-workspace/Sources/CellKit/DiffableDataSources/SupplementaryElementKind.swift (in target 'CellKit' from project 'CellKit')
SwiftCompile normal arm64 /Users/admin/builder/spi-builder-workspace/Sources/CellKit/DiffableDataSources/SupplementaryElementKind.swift (in target 'CellKit' from project 'CellKit')
    cd /Users/admin/builder/spi-builder-workspace/.swiftpm/xcode

SwiftCompile normal arm64 Compiling\ LazyCellProvider.swift /Users/admin/builder/spi-builder-workspace/Sources/CellKit/DiffableDataSources/LazyCellProvider.swift (in target 'CellKit' from project 'CellKit')
SwiftCompile normal arm64 /Users/admin/builder/spi-builder-workspace/Sources/CellKit/DiffableDataSources/LazyCellProvider.swift (in target 'CellKit' from project 'CellKit')
    cd /Users/admin/builder/spi-builder-workspace/.swiftpm/xcode

SwiftCompile normal arm64 Compiling\ CollectionReusableView.swift /Users/admin/builder/spi-builder-workspace/Sources/CellKit/CollectionReusableView.swift (in target 'CellKit' from project 'CellKit')
SwiftCompile normal arm64 /Users/admin/builder/spi-builder-workspace/Sources/CellKit/CollectionReusableView.swift (in target 'CellKit' from project 'CellKit')
    cd /Users/admin/builder/spi-builder-workspace/.swiftpm/xcode

SwiftCompile normal arm64 Compiling\ CellModelSection.swift,\ CellModelSelectable.swift /Users/admin/builder/spi-builder-workspace/Sources/CellKit/CellModelSection.swift /Users/admin/builder/spi-builder-workspace/Sources/CellKit/CellModelSelectable.swift (in target 'CellKit' from project 'CellKit')
SwiftCompile normal arm64 /Users/admin/builder/spi-builder-workspace/Sources/CellKit/CellModelSection.swift (in target 'CellKit' from project 'CellKit')
    cd /Users/admin/builder/spi-builder-workspace/.swiftpm/xcode

SwiftCompile normal arm64 /Users/admin/builder/spi-builder-workspace/Sources/CellKit/CellModelSelectable.swift (in target 'CellKit' from project 'CellKit')
    cd /Users/admin/builder/spi-builder-workspace/.swiftpm/xcode

SwiftCompile normal arm64 Compiling\ CellConfigurable.swift,\ CellConvertible.swift /Users/admin/builder/spi-builder-workspace/Sources/CellKit/CellConfigurable.swift /Users/admin/builder/spi-builder-workspace/Sources/CellKit/CellConvertible.swift (in target 'CellKit' from project 'CellKit')
SwiftCompile normal arm64 /Users/admin/builder/spi-builder-workspace/Sources/CellKit/CellConfigurable.swift (in target 'CellKit' from project 'CellKit')
    cd /Users/admin/builder/spi-builder-workspace/.swiftpm/xcode

SwiftCompile normal arm64 /Users/admin/builder/spi-builder-workspace/Sources/CellKit/CellConvertible.swift (in target 'CellKit' from project 'CellKit')
    cd /Users/admin/builder/spi-builder-workspace/.swiftpm/xcode

SwiftCompile normal arm64 Compiling\ CellModel.swift,\ CellModelDataSource.swift /Users/admin/builder/spi-builder-workspace/Sources/CellKit/CellModel.swift /Users/admin/builder/spi-builder-workspace/Sources/CellKit/CellModelDataSource.swift (in target 'CellKit' from project 'CellKit')
SwiftCompile normal arm64 /Users/admin/builder/spi-builder-workspace/Sources/CellKit/CellModel.swift (in target 'CellKit' from project 'CellKit')
    cd /Users/admin/builder/spi-builder-workspace/.swiftpm/xcode

SwiftCompile normal arm64 /Users/admin/builder/spi-builder-workspace/Sources/CellKit/CellModelDataSource.swift (in target 'CellKit' from project 'CellKit')
    cd /Users/admin/builder/spi-builder-workspace/.swiftpm/xcode

SwiftCompile normal arm64 Compiling\ DataSource.swift /Users/admin/builder/spi-builder-workspace/Sources/CellKit/DataSource.swift (in target 'CellKit' from project 'CellKit')
SwiftCompile normal arm64 /Users/admin/builder/spi-builder-workspace/Sources/CellKit/DataSource.swift (in target 'CellKit' from project 'CellKit')
    cd /Users/admin/builder/spi-builder-workspace/.swiftpm/xcode

SwiftEmitModule normal arm64_32 Emitting\ module\ for\ CellKit (in target 'CellKit' from project 'CellKit')
EmitSwiftModule normal arm64_32 (in target 'CellKit' from project 'CellKit')
    cd /Users/admin/builder/spi-builder-workspace/.swiftpm/xcode

SwiftEmitModule normal armv7k Emitting\ module\ for\ CellKit (in target 'CellKit' from project 'CellKit')
2026-09-07 14:31:33.626 xcodebuild[753:4491] [MT] IDERunDestination: Supported platforms for the buildables in the current scheme is empty.
** BUILD FAILED **
The following build commands failed:
	EmitSwiftModule normal arm64 (in target 'CellKit' from project 'CellKit')
	SwiftEmitModule normal arm64 Emitting\ module\ for\ CellKit (in target 'CellKit' from project 'CellKit')
	Building workspace spi-builder-workspace with scheme CellKit-Package
(3 failures)
Command line invocation:
    /Applications/Xcode-26.3.0.app/Contents/Developer/usr/bin/xcodebuild -IDEClonedSourcePackagesDirPathOverride=/Users/admin/builder/spi-builder-workspace/.dependencies -resolvePackageDependencies
Resolve Package Graph
Resolved source packages:
  DifferenceKit: https://github.com/ra1028/DifferenceKit.git @ 1.3.0
  CellKit: /Users/admin/builder/spi-builder-workspace
resolved source packages: DifferenceKit, CellKit
2026-09-07 14:31:41.315 xcodebuild[966:5308] [MT] IDERunDestination: Supported platforms for the buildables in the current scheme is empty.
{
  "dependencies" : [
    {
      "identity" : "differencekit",
      "requirement" : {
        "range" : [
          {
            "lower_bound" : "1.3.0",
            "upper_bound" : "2.0.0"
          }
        ]
      },
      "type" : "sourceControl",
      "url" : "https://github.com/ra1028/DifferenceKit.git"
    }
  ],
  "manifest_display_name" : "CellKit",
  "name" : "CellKit",
  "path" : "/Users/admin/builder/spi-builder-workspace",
  "platforms" : [
    {
      "name" : "ios",
      "version" : "15.0"
    },
    {
      "name" : "tvos",
      "version" : "15.0"
    }
  ],
  "products" : [
    {
      "name" : "CellKit",
      "targets" : [
        "CellKit"
      ],
      "type" : {
        "library" : [
          "automatic"
        ]
      }
    },
    {
      "name" : "DiffableCellKit",
      "targets" : [
        "DiffableCellKit"
      ],
      "type" : {
        "library" : [
          "automatic"
        ]
      }
    }
  ],
  "targets" : [
    {
      "c99name" : "DiffableCellKit",
      "module_type" : "SwiftTarget",
      "name" : "DiffableCellKit",
      "path" : "Sources/DiffableCellKit",
      "product_dependencies" : [
        "DifferenceKit"
      ],
      "product_memberships" : [
        "DiffableCellKit"
      ],
      "sources" : [
        "DifferentiableCellModel.swift",
        "DifferentiableCellModelDataSource.swift",
        "DifferentiableCellModelSection.swift"
      ],
      "target_dependencies" : [
        "CellKit"
      ],
      "type" : "library"
    },
    {
      "c99name" : "CellKit",
      "module_type" : "SwiftTarget",
      "name" : "CellKit",
      "path" : "Sources/CellKit",
      "product_memberships" : [
        "CellKit",
        "DiffableCellKit"
      ],
      "sources" : [
        "CellConfigurable.swift",
        "CellConvertible.swift",
        "CellModel.swift",
        "CellModelDataSource.swift",
        "CellModelSection.swift",
        "CellModelSelectable.swift",
        "CollectionReusableView.swift",
        "DataSource.swift",
        "DiffableDataSources/CollectionSupplementaryViewModel.swift",
        "DiffableDataSources/LazyCellProvider.swift",
        "DiffableDataSources/LazySupplementaryViewProvider.swift",
        "DiffableDataSources/SupplementaryElementKind.swift",
        "ReusableView.swift"
      ],
      "type" : "library"
    }
  ],
  "tools_version" : "6.2"
}
{
  "workspace" : {
    "name" : "spi-builder-workspace",
    "schemes" : [
      "CellKit",
      "CellKit-Package",
      "DiffableCellKit"
    ]
  }
}
2026-09-07 14:31:42.460 xcodebuild[977:5388] [MT] IDERunDestination: Supported platforms for the buildables in the current scheme is empty.
Running build ...
env DEVELOPER_DIR=/Applications/Xcode-26.3.0.app xcrun xcodebuild -IDEClonedSourcePackagesDirPathOverride=$PWD/.dependencies -skipMacroValidation -skipPackagePluginValidation -derivedDataPath $PWD/.derivedData build -scheme CellKit-Package -destination generic/platform=watchOS
Command line invocation:
    /Applications/Xcode-26.3.0.app/Contents/Developer/usr/bin/xcodebuild -IDEClonedSourcePackagesDirPathOverride=/Users/admin/builder/spi-builder-workspace/.dependencies -skipMacroValidation -skipPackagePluginValidation -derivedDataPath /Users/admin/builder/spi-builder-workspace/.derivedData build -scheme CellKit-Package -destination generic/platform=watchOS
Resolve Package Graph
Resolved source packages:
  DifferenceKit: https://github.com/ra1028/DifferenceKit.git @ 1.3.0
  CellKit: /Users/admin/builder/spi-builder-workspace
ComputePackagePrebuildTargetDependencyGraph
Prepare packages
CreateBuildRequest
SendProjectDescription
CreateBuildOperation
ComputeTargetDependencyGraph
note: Building targets in dependency order
note: Target dependency graph (6 targets)
    Target 'DiffableCellKit' in project 'CellKit'
        ➜ Explicit dependency on target 'DiffableCellKit' in project 'CellKit'
        ➜ Explicit dependency on target 'CellKit' in project 'CellKit'
        ➜ Explicit dependency on target 'DifferenceKit' in project 'DifferenceKit'
    Target 'DiffableCellKit' in project 'CellKit'
        ➜ Explicit dependency on target 'CellKit' in project 'CellKit'
        ➜ Explicit dependency on target 'DifferenceKit' in project 'DifferenceKit'
    Target 'DifferenceKit' in project 'DifferenceKit'
        ➜ Explicit dependency on target 'DifferenceKit' in project 'DifferenceKit'
    Target 'DifferenceKit' in project 'DifferenceKit' (no dependencies)
    Target 'CellKit' in project 'CellKit'
        ➜ Explicit dependency on target 'CellKit' in project 'CellKit'
    Target 'CellKit' in project 'CellKit' (no dependencies)
GatherProvisioningInputs
CreateBuildDescription
ClangStatCache /Applications/Xcode-26.3.0.app/Contents/Developer/Toolchains/XcodeDefault.xctoolchain/usr/bin/clang-stat-cache /Applications/Xcode-26.3.0.app/Contents/Developer/Platforms/WatchOS.platform/Developer/SDKs/WatchOS26.2.sdk /Users/admin/builder/spi-builder-workspace/.derivedData/SDKStatCaches.noindex/watchos26.2-23S303-dc75598d0054f22ec865fa860f139d721753b489057de6bda919edfa1c59a62b.sdkstatcache
    cd /Users/admin/builder/spi-builder-workspace/.swiftpm/xcode
    /Applications/Xcode-26.3.0.app/Contents/Developer/Toolchains/XcodeDefault.xctoolchain/usr/bin/clang-stat-cache /Applications/Xcode-26.3.0.app/Contents/Developer/Platforms/WatchOS.platform/Developer/SDKs/WatchOS26.2.sdk -o /Users/admin/builder/spi-builder-workspace/.derivedData/SDKStatCaches.noindex/watchos26.2-23S303-dc75598d0054f22ec865fa860f139d721753b489057de6bda919edfa1c59a62b.sdkstatcache
SwiftDriver CellKit normal arm64 com.apple.xcode.tools.swift.compiler (in target 'CellKit' from project 'CellKit')
    cd /Users/admin/builder/spi-builder-workspace/.swiftpm/xcode
    builtin-SwiftDriver -- /Applications/Xcode-26.3.0.app/Contents/Developer/Toolchains/XcodeDefault.xctoolchain/usr/bin/swiftc -module-name CellKit -Onone -enforce-exclusivity\=checked @/Users/admin/builder/spi-builder-workspace/.derivedData/Build/Intermediates.noindex/CellKit.build/Debug-watchos/CellKit.build/Objects-normal/arm64/CellKit.SwiftFileList -DSWIFT_PACKAGE -DDEBUG -DSWIFT_MODULE_RESOURCE_BUNDLE_UNAVAILABLE -DXcode -default-isolation MainActor -enable-upcoming-feature NonisolatedNonsendingByDefault -enable-upcoming-feature InferIsolatedConformances -plugin-path /Applications/Xcode-26.3.0.app/Contents/Developer/Toolchains/XcodeDefault.xctoolchain/usr/lib/swift/host/plugins/testing -enable-experimental-feature DebugDescriptionMacro -sdk /Applications/Xcode-26.3.0.app/Contents/Developer/Platforms/WatchOS.platform/Developer/SDKs/WatchOS26.2.sdk -target arm64-apple-watchos8.0 -g -module-cache-path /Users/admin/builder/spi-builder-workspace/.derivedData/ModuleCache.noindex -Xfrontend -serialize-debugging-options -enable-testing -index-store-path /Users/admin/builder/spi-builder-workspace/.derivedData/Index.noindex/DataStore -Xcc -D_LIBCPP_HARDENING_MODE\=_LIBCPP_HARDENING_MODE_DEBUG -swift-version 6 -I /Users/admin/builder/spi-builder-workspace/.derivedData/Build/Products/Debug-watchos -Isystem /Applications/Xcode-26.3.0.app/Contents/Developer/Platforms/WatchOS.platform/Developer/usr/lib -F /Users/admin/builder/spi-builder-workspace/.derivedData/Build/Products/Debug-watchos -F /Applications/Xcode-26.3.0.app/Contents/Developer/Platforms/WatchOS.platform/Developer/Library/Frameworks -F /Applications/Xcode-26.3.0.app/Contents/Developer/Platforms/WatchOS.platform/Developer/SDKs/WatchOS26.2.sdk/Developer/Library/Frameworks -c -j10 -enable-batch-mode -incremental -Xcc -ivfsstatcache -Xcc /Users/admin/builder/spi-builder-workspace/.derivedData/SDKStatCaches.noindex/watchos26.2-23S303-dc75598d0054f22ec865fa860f139d721753b489057de6bda919edfa1c59a62b.sdkstatcache -output-file-map /Users/admin/builder/spi-builder-workspace/.derivedData/Build/Intermediates.noindex/CellKit.build/Debug-watchos/CellKit.build/Objects-normal/arm64/CellKit-OutputFileMap.json -use-frontend-parseable-output -save-temps -no-color-diagnostics -explicit-module-build -module-cache-path /Users/admin/builder/spi-builder-workspace/.derivedData/Build/Intermediates.noindex/SwiftExplicitPrecompiledModules -clang-scanner-module-cache-path /Users/admin/builder/spi-builder-workspace/.derivedData/ModuleCache.noindex -sdk-module-cache-path /Users/admin/builder/spi-builder-workspace/.derivedData/ModuleCache.noindex -serialize-diagnostics -emit-dependencies -emit-module -emit-module-path /Users/admin/builder/spi-builder-workspace/.derivedData/Build/Intermediates.noindex/CellKit.build/Debug-watchos/CellKit.build/Objects-normal/arm64/CellKit.swiftmodule -validate-clang-modules-once -clang-build-session-file /Users/admin/builder/spi-builder-workspace/.derivedData/ModuleCache.noindex/Session.modulevalidation -package-name spi_builder_workspace -Xcc -I/Users/admin/builder/spi-builder-workspace/.derivedData/Build/Intermediates.noindex/CellKit.build/Debug-watchos/CellKit.build/swift-overrides.hmap -emit-const-values -Xfrontend -const-gather-protocols-file -Xfrontend /Users/admin/builder/spi-builder-workspace/.derivedData/Build/Intermediates.noindex/CellKit.build/Debug-watchos/CellKit.build/Objects-normal/arm64/CellKit_const_extract_protocols.json -Xcc -I/Users/admin/builder/spi-builder-workspace/.derivedData/Build/Products/Debug-watchos/include -Xcc -I/Users/admin/builder/spi-builder-workspace/.derivedData/Build/Intermediates.noindex/CellKit.build/Debug-watchos/CellKit.build/DerivedSources-normal/arm64 -Xcc -I/Users/admin/builder/spi-builder-workspace/.derivedData/Build/Intermediates.noindex/CellKit.build/Debug-watchos/CellKit.build/DerivedSources/arm64 -Xcc -I/Users/admin/builder/spi-builder-workspace/.derivedData/Build/Intermediates.noindex/CellKit.build/Debug-watchos/CellKit.build/DerivedSources -Xcc -DSWIFT_PACKAGE -Xcc -DDEBUG\=1 -emit-objc-header -emit-objc-header-path /Users/admin/builder/spi-builder-workspace/.derivedData/Build/Intermediates.noindex/CellKit.build/Debug-watchos/CellKit.build/Objects-normal/arm64/CellKit-Swift.h -working-directory /Users/admin/builder/spi-builder-workspace/.swiftpm/xcode -experimental-emit-module-separately -disable-cmo
SwiftDriver CellKit normal armv7k com.apple.xcode.tools.swift.compiler (in target 'CellKit' from project 'CellKit')
    cd /Users/admin/builder/spi-builder-workspace/.swiftpm/xcode
    builtin-SwiftDriver -- /Applications/Xcode-26.3.0.app/Contents/Developer/Toolchains/XcodeDefault.xctoolchain/usr/bin/swiftc -module-name CellKit -Onone -enforce-exclusivity\=checked @/Users/admin/builder/spi-builder-workspace/.derivedData/Build/Intermediates.noindex/CellKit.build/Debug-watchos/CellKit.build/Objects-normal/armv7k/CellKit.SwiftFileList -DSWIFT_PACKAGE -DDEBUG -DSWIFT_MODULE_RESOURCE_BUNDLE_UNAVAILABLE -DXcode -default-isolation MainActor -enable-upcoming-feature NonisolatedNonsendingByDefault -enable-upcoming-feature InferIsolatedConformances -plugin-path /Applications/Xcode-26.3.0.app/Contents/Developer/Toolchains/XcodeDefault.xctoolchain/usr/lib/swift/host/plugins/testing -enable-experimental-feature DebugDescriptionMacro -sdk /Applications/Xcode-26.3.0.app/Contents/Developer/Platforms/WatchOS.platform/Developer/SDKs/WatchOS26.2.sdk -target armv7k-apple-watchos8.0 -g -module-cache-path /Users/admin/builder/spi-builder-workspace/.derivedData/ModuleCache.noindex -Xfrontend -serialize-debugging-options -enable-testing -index-store-path /Users/admin/builder/spi-builder-workspace/.derivedData/Index.noindex/DataStore -Xcc -D_LIBCPP_HARDENING_MODE\=_LIBCPP_HARDENING_MODE_DEBUG -swift-version 6 -I /Users/admin/builder/spi-builder-workspace/.derivedData/Build/Products/Debug-watchos -Isystem /Applications/Xcode-26.3.0.app/Contents/Developer/Platforms/WatchOS.platform/Developer/usr/lib -F /Users/admin/builder/spi-builder-workspace/.derivedData/Build/Products/Debug-watchos -F /Applications/Xcode-26.3.0.app/Contents/Developer/Platforms/WatchOS.platform/Developer/Library/Frameworks -F /Applications/Xcode-26.3.0.app/Contents/Developer/Platforms/WatchOS.platform/Developer/SDKs/WatchOS26.2.sdk/Developer/Library/Frameworks -c -j10 -enable-batch-mode -incremental -Xcc -ivfsstatcache -Xcc /Users/admin/builder/spi-builder-workspace/.derivedData/SDKStatCaches.noindex/watchos26.2-23S303-dc75598d0054f22ec865fa860f139d721753b489057de6bda919edfa1c59a62b.sdkstatcache -output-file-map /Users/admin/builder/spi-builder-workspace/.derivedData/Build/Intermediates.noindex/CellKit.build/Debug-watchos/CellKit.build/Objects-normal/armv7k/CellKit-OutputFileMap.json -use-frontend-parseable-output -save-temps -no-color-diagnostics -explicit-module-build -module-cache-path /Users/admin/builder/spi-builder-workspace/.derivedData/Build/Intermediates.noindex/SwiftExplicitPrecompiledModules -clang-scanner-module-cache-path /Users/admin/builder/spi-builder-workspace/.derivedData/ModuleCache.noindex -sdk-module-cache-path /Users/admin/builder/spi-builder-workspace/.derivedData/ModuleCache.noindex -serialize-diagnostics -emit-dependencies -emit-module -emit-module-path /Users/admin/builder/spi-builder-workspace/.derivedData/Build/Intermediates.noindex/CellKit.build/Debug-watchos/CellKit.build/Objects-normal/armv7k/CellKit.swiftmodule -validate-clang-modules-once -clang-build-session-file /Users/admin/builder/spi-builder-workspace/.derivedData/ModuleCache.noindex/Session.modulevalidation -package-name spi_builder_workspace -Xcc -I/Users/admin/builder/spi-builder-workspace/.derivedData/Build/Intermediates.noindex/CellKit.build/Debug-watchos/CellKit.build/swift-overrides.hmap -emit-const-values -Xfrontend -const-gather-protocols-file -Xfrontend /Users/admin/builder/spi-builder-workspace/.derivedData/Build/Intermediates.noindex/CellKit.build/Debug-watchos/CellKit.build/Objects-normal/armv7k/CellKit_const_extract_protocols.json -Xcc -I/Users/admin/builder/spi-builder-workspace/.derivedData/Build/Products/Debug-watchos/include -Xcc -I/Users/admin/builder/spi-builder-workspace/.derivedData/Build/Intermediates.noindex/CellKit.build/Debug-watchos/CellKit.build/DerivedSources-normal/armv7k -Xcc -I/Users/admin/builder/spi-builder-workspace/.derivedData/Build/Intermediates.noindex/CellKit.build/Debug-watchos/CellKit.build/DerivedSources/armv7k -Xcc -I/Users/admin/builder/spi-builder-workspace/.derivedData/Build/Intermediates.noindex/CellKit.build/Debug-watchos/CellKit.build/DerivedSources -Xcc -DSWIFT_PACKAGE -Xcc -DDEBUG\=1 -emit-objc-header -emit-objc-header-path /Users/admin/builder/spi-builder-workspace/.derivedData/Build/Intermediates.noindex/CellKit.build/Debug-watchos/CellKit.build/Objects-normal/armv7k/CellKit-Swift.h -working-directory /Users/admin/builder/spi-builder-workspace/.swiftpm/xcode -experimental-emit-module-separately -disable-cmo
SwiftDriver CellKit normal arm64_32 com.apple.xcode.tools.swift.compiler (in target 'CellKit' from project 'CellKit')
    cd /Users/admin/builder/spi-builder-workspace/.swiftpm/xcode
    builtin-SwiftDriver -- /Applications/Xcode-26.3.0.app/Contents/Developer/Toolchains/XcodeDefault.xctoolchain/usr/bin/swiftc -module-name CellKit -Onone -enforce-exclusivity\=checked @/Users/admin/builder/spi-builder-workspace/.derivedData/Build/Intermediates.noindex/CellKit.build/Debug-watchos/CellKit.build/Objects-normal/arm64_32/CellKit.SwiftFileList -DSWIFT_PACKAGE -DDEBUG -DSWIFT_MODULE_RESOURCE_BUNDLE_UNAVAILABLE -DXcode -default-isolation MainActor -enable-upcoming-feature NonisolatedNonsendingByDefault -enable-upcoming-feature InferIsolatedConformances -plugin-path /Applications/Xcode-26.3.0.app/Contents/Developer/Toolchains/XcodeDefault.xctoolchain/usr/lib/swift/host/plugins/testing -enable-experimental-feature DebugDescriptionMacro -sdk /Applications/Xcode-26.3.0.app/Contents/Developer/Platforms/WatchOS.platform/Developer/SDKs/WatchOS26.2.sdk -target arm64_32-apple-watchos8.0 -g -module-cache-path /Users/admin/builder/spi-builder-workspace/.derivedData/ModuleCache.noindex -Xfrontend -serialize-debugging-options -enable-testing -index-store-path /Users/admin/builder/spi-builder-workspace/.derivedData/Index.noindex/DataStore -Xcc -D_LIBCPP_HARDENING_MODE\=_LIBCPP_HARDENING_MODE_DEBUG -swift-version 6 -I /Users/admin/builder/spi-builder-workspace/.derivedData/Build/Products/Debug-watchos -Isystem /Applications/Xcode-26.3.0.app/Contents/Developer/Platforms/WatchOS.platform/Developer/usr/lib -F /Users/admin/builder/spi-builder-workspace/.derivedData/Build/Products/Debug-watchos -F /Applications/Xcode-26.3.0.app/Contents/Developer/Platforms/WatchOS.platform/Developer/Library/Frameworks -F /Applications/Xcode-26.3.0.app/Contents/Developer/Platforms/WatchOS.platform/Developer/SDKs/WatchOS26.2.sdk/Developer/Library/Frameworks -c -j10 -enable-batch-mode -incremental -Xcc -ivfsstatcache -Xcc /Users/admin/builder/spi-builder-workspace/.derivedData/SDKStatCaches.noindex/watchos26.2-23S303-dc75598d0054f22ec865fa860f139d721753b489057de6bda919edfa1c59a62b.sdkstatcache -output-file-map /Users/admin/builder/spi-builder-workspace/.derivedData/Build/Intermediates.noindex/CellKit.build/Debug-watchos/CellKit.build/Objects-normal/arm64_32/CellKit-OutputFileMap.json -use-frontend-parseable-output -save-temps -no-color-diagnostics -explicit-module-build -module-cache-path /Users/admin/builder/spi-builder-workspace/.derivedData/Build/Intermediates.noindex/SwiftExplicitPrecompiledModules -clang-scanner-module-cache-path /Users/admin/builder/spi-builder-workspace/.derivedData/ModuleCache.noindex -sdk-module-cache-path /Users/admin/builder/spi-builder-workspace/.derivedData/ModuleCache.noindex -serialize-diagnostics -emit-dependencies -emit-module -emit-module-path /Users/admin/builder/spi-builder-workspace/.derivedData/Build/Intermediates.noindex/CellKit.build/Debug-watchos/CellKit.build/Objects-normal/arm64_32/CellKit.swiftmodule -validate-clang-modules-once -clang-build-session-file /Users/admin/builder/spi-builder-workspace/.derivedData/ModuleCache.noindex/Session.modulevalidation -package-name spi_builder_workspace -Xcc -I/Users/admin/builder/spi-builder-workspace/.derivedData/Build/Intermediates.noindex/CellKit.build/Debug-watchos/CellKit.build/swift-overrides.hmap -emit-const-values -Xfrontend -const-gather-protocols-file -Xfrontend /Users/admin/builder/spi-builder-workspace/.derivedData/Build/Intermediates.noindex/CellKit.build/Debug-watchos/CellKit.build/Objects-normal/arm64_32/CellKit_const_extract_protocols.json -Xcc -I/Users/admin/builder/spi-builder-workspace/.derivedData/Build/Products/Debug-watchos/include -Xcc -I/Users/admin/builder/spi-builder-workspace/.derivedData/Build/Intermediates.noindex/CellKit.build/Debug-watchos/CellKit.build/DerivedSources-normal/arm64_32 -Xcc -I/Users/admin/builder/spi-builder-workspace/.derivedData/Build/Intermediates.noindex/CellKit.build/Debug-watchos/CellKit.build/DerivedSources/arm64_32 -Xcc -I/Users/admin/builder/spi-builder-workspace/.derivedData/Build/Intermediates.noindex/CellKit.build/Debug-watchos/CellKit.build/DerivedSources -Xcc -DSWIFT_PACKAGE -Xcc -DDEBUG\=1 -emit-objc-header -emit-objc-header-path /Users/admin/builder/spi-builder-workspace/.derivedData/Build/Intermediates.noindex/CellKit.build/Debug-watchos/CellKit.build/Objects-normal/arm64_32/CellKit-Swift.h -working-directory /Users/admin/builder/spi-builder-workspace/.swiftpm/xcode -experimental-emit-module-separately -disable-cmo
SwiftEmitModule normal arm64_32 Emitting\ module\ for\ CellKit (in target 'CellKit' from project 'CellKit')
EmitSwiftModule normal arm64_32 (in target 'CellKit' from project 'CellKit')
    cd /Users/admin/builder/spi-builder-workspace/.swiftpm/xcode

/Users/admin/builder/spi-builder-workspace/Sources/CellKit/CollectionReusableView.swift:3:44: error: 'UICollectionReusableView' is unavailable in watchOS
public final class CollectionReusableView: UICollectionReusableView, CellConfigurable {
                                           ^~~~~~~~~~~~~~~~~~~~~~~~
/Applications/Xcode-26.3.0.app/Contents/Developer/Platforms/WatchOS.platform/Developer/SDKs/WatchOS26.2.sdk/System/Library/Frameworks/UIKit.framework/Headers/UICollectionViewCell.h:38:12: note: 'UICollectionReusableView' has been explicitly marked unavailable here
@interface UICollectionReusableView : UIView
           ^
/Users/admin/builder/spi-builder-workspace/Sources/CellKit/DataSource.swift:40:69: error: 'UITableView' is unavailable in watchOS
    private func registerLazily(cellModel: CellModel, to tableView: UITableView) {
                                                                    ^~~~~~~~~~~
/Applications/Xcode-26.3.0.app/Contents/Developer/Platforms/WatchOS.platform/Developer/SDKs/WatchOS26.2.sdk/System/Library/Frameworks/UIKit.framework/Headers/UITableView.h:347:12: note: 'UITableView' has been explicitly marked unavailable here
@interface UITableView : UIScrollView <NSCoding, UIDataSourceTranslating>
           ^
/Users/admin/builder/spi-builder-workspace/Sources/CellKit/DataSource.swift:53:74: error: 'UICollectionView' is unavailable in watchOS
    private func registerLazily(cellModel: CellModel, to collectionView: UICollectionView) {
                                                                         ^~~~~~~~~~~~~~~~
/Applications/Xcode-26.3.0.app/Contents/Developer/Platforms/WatchOS.platform/Developer/SDKs/WatchOS26.2.sdk/System/Library/Frameworks/UIKit.framework/Headers/UICollectionView.h:362:12: note: 'UICollectionView' has been explicitly marked unavailable here
@interface UICollectionView : UIScrollView <UIDataSourceTranslating>
           ^
/Users/admin/builder/spi-builder-workspace/Sources/CellKit/DataSource.swift:66:85: error: 'UITableView' is unavailable in watchOS
    private func registerLazily(headerFooter: SupplementaryViewModel, to tableView: UITableView) {
                                                                                    ^~~~~~~~~~~
/Applications/Xcode-26.3.0.app/Contents/Developer/Platforms/WatchOS.platform/Developer/SDKs/WatchOS26.2.sdk/System/Library/Frameworks/UIKit.framework/Headers/UITableView.h:347:12: note: 'UITableView' has been explicitly marked unavailable here
@interface UITableView : UIScrollView <NSCoding, UIDataSourceTranslating>
           ^
/Users/admin/builder/spi-builder-workspace/Sources/CellKit/DataSource.swift:79:109: error: 'UICollectionView' is unavailable in watchOS
    private func registerLazily(supplementaryView: SupplementaryViewModel, kind: String, to collectionView: UICollectionView) {
                                                                                                            ^~~~~~~~~~~~~~~~
/Applications/Xcode-26.3.0.app/Contents/Developer/Platforms/WatchOS.platform/Developer/SDKs/WatchOS26.2.sdk/System/Library/Frameworks/UIKit.framework/Headers/UICollectionView.h:362:12: note: 'UICollectionView' has been explicitly marked unavailable here
@interface UICollectionView : UIScrollView <UIDataSourceTranslating>
           ^
/Users/admin/builder/spi-builder-workspace/Sources/CellKit/DataSource.swift:105:80: error: 'UITableView' is unavailable in watchOS
    private func view(for headerFooter: SupplementaryViewModel?, in tableView: UITableView) -> UIView? {
                                                                               ^~~~~~~~~~~
/Applications/Xcode-26.3.0.app/Contents/Developer/Platforms/WatchOS.platform/Developer/SDKs/WatchOS26.2.sdk/System/Library/Frameworks/UIKit.framework/Headers/UITableView.h:347:12: note: 'UITableView' has been explicitly marked unavailable here
@interface UITableView : UIScrollView <NSCoding, UIDataSourceTranslating>
           ^
/Users/admin/builder/spi-builder-workspace/Sources/CellKit/DataSource.swift:105:96: error: 'UIView' is unavailable in watchOS
    private func view(for headerFooter: SupplementaryViewModel?, in tableView: UITableView) -> UIView? {
                                                                                               ^~~~~~
/Applications/Xcode-26.3.0.app/Contents/Developer/Platforms/WatchOS.platform/Developer/SDKs/WatchOS26.2.sdk/System/Library/Frameworks/UIKit.framework/Headers/UIView.h:148:12: note: 'UIView' has been explicitly marked unavailable here
@interface UIView : UIResponder <NSCoding, UIAppearance, UIAppearanceContainer, UIDynamicItem, UITraitEnvironment, UICoordinateSpace, UIFocusItem, UIFocusItemContainer, CALayerDelegate>
           ^
/Users/admin/builder/spi-builder-workspace/Sources/CellKit/DataSource.swift:116:134: error: 'UICollectionView' is unavailable in watchOS
    private func view(for supplementaryViewModel: SupplementaryViewModel?, kind: String, at indexPath: IndexPath, in collectionView: UICollectionView) -> UICollectionReusableView? {
                                                                                                                                     ^~~~~~~~~~~~~~~~
/Applications/Xcode-26.3.0.app/Contents/Developer/Platforms/WatchOS.platform/Developer/SDKs/WatchOS26.2.sdk/System/Library/Frameworks/UIKit.framework/Headers/UICollectionView.h:362:12: note: 'UICollectionView' has been explicitly marked unavailable here
@interface UICollectionView : UIScrollView <UIDataSourceTranslating>
           ^
/Users/admin/builder/spi-builder-workspace/Sources/CellKit/DataSource.swift:116:155: error: 'UICollectionReusableView' is unavailable in watchOS
    private func view(for supplementaryViewModel: SupplementaryViewModel?, kind: String, at indexPath: IndexPath, in collectionView: UICollectionView) -> UICollectionReusableView? {
                                                                                                                                                          ^~~~~~~~~~~~~~~~~~~~~~~~
/Applications/Xcode-26.3.0.app/Contents/Developer/Platforms/WatchOS.platform/Developer/SDKs/WatchOS26.2.sdk/System/Library/Frameworks/UIKit.framework/Headers/UICollectionViewCell.h:38:12: note: 'UICollectionReusableView' has been explicitly marked unavailable here
@interface UICollectionReusableView : UIView
           ^
/Users/admin/builder/spi-builder-workspace/Sources/CellKit/DataSource.swift:126:48: error: 'UITableView' is unavailable in watchOS
    public func numberOfSections(in tableView: UITableView) -> Int {
                                               ^~~~~~~~~~~
/Applications/Xcode-26.3.0.app/Contents/Developer/Platforms/WatchOS.platform/Developer/SDKs/WatchOS26.2.sdk/System/Library/Frameworks/UIKit.framework/Headers/UITableView.h:347:12: note: 'UITableView' has been explicitly marked unavailable here
@interface UITableView : UIScrollView <NSCoding, UIDataSourceTranslating>
           ^
/Users/admin/builder/spi-builder-workspace/Sources/CellKit/DataSource.swift:130:40: error: 'UITableView' is unavailable in watchOS
    public func tableView(_ tableView: UITableView, numberOfRowsInSection section: Int) -> Int {
                                       ^~~~~~~~~~~
/Applications/Xcode-26.3.0.app/Contents/Developer/Platforms/WatchOS.platform/Developer/SDKs/WatchOS26.2.sdk/System/Library/Frameworks/UIKit.framework/Headers/UITableView.h:347:12: note: 'UITableView' has been explicitly marked unavailable here
@interface UITableView : UIScrollView <NSCoding, UIDataSourceTranslating>
           ^
/Users/admin/builder/spi-builder-workspace/Sources/CellKit/DataSource.swift:134:40: error: 'UITableView' is unavailable in watchOS
    public func tableView(_ tableView: UITableView, cellForRowAt indexPath: IndexPath) -> UITableViewCell {
                                       ^~~~~~~~~~~
/Applications/Xcode-26.3.0.app/Contents/Developer/Platforms/WatchOS.platform/Developer/SDKs/WatchOS26.2.sdk/System/Library/Frameworks/UIKit.framework/Headers/UITableView.h:347:12: note: 'UITableView' has been explicitly marked unavailable here
@interface UITableView : UIScrollView <NSCoding, UIDataSourceTranslating>
           ^
/Users/admin/builder/spi-builder-workspace/Sources/CellKit/DataSource.swift:134:91: error: 'UITableViewCell' is unavailable in watchOS
    public func tableView(_ tableView: UITableView, cellForRowAt indexPath: IndexPath) -> UITableViewCell {
                                                                                          ^~~~~~~~~~~~~~~
/Applications/Xcode-26.3.0.app/Contents/Developer/Platforms/WatchOS.platform/Developer/SDKs/WatchOS26.2.sdk/System/Library/Frameworks/UIKit.framework/Headers/UITableViewCell.h:81:12: note: 'UITableViewCell' has been explicitly marked unavailable here
@interface UITableViewCell : UIView <NSCoding, UIGestureRecognizerDelegate>
           ^
/Users/admin/builder/spi-builder-workspace/Sources/CellKit/DataSource.swift:142:40: error: 'UITableView' is unavailable in watchOS
    public func tableView(_ tableView: UITableView, shouldHighlightRowAt indexPath: IndexPath) -> Bool {
                                       ^~~~~~~~~~~
/Applications/Xcode-26.3.0.app/Contents/Developer/Platforms/WatchOS.platform/Developer/SDKs/WatchOS26.2.sdk/System/Library/Frameworks/UIKit.framework/Headers/UITableView.h:347:12: note: 'UITableView' has been explicitly marked unavailable here
@interface UITableView : UIScrollView <NSCoding, UIDataSourceTranslating>
           ^
/Users/admin/builder/spi-builder-workspace/Sources/CellKit/DataSource.swift:146:40: error: 'UITableView' is unavailable in watchOS
    public func tableView(_ tableView: UITableView, viewForHeaderInSection section: Int) -> UIView? {
                                       ^~~~~~~~~~~
/Applications/Xcode-26.3.0.app/Contents/Developer/Platforms/WatchOS.platform/Developer/SDKs/WatchOS26.2.sdk/System/Library/Frameworks/UIKit.framework/Headers/UITableView.h:347:12: note: 'UITableView' has been explicitly marked unavailable here
@interface UITableView : UIScrollView <NSCoding, UIDataSourceTranslating>
           ^
/Users/admin/builder/spi-builder-workspace/Sources/CellKit/DataSource.swift:146:93: error: 'UIView' is unavailable in watchOS
    public func tableView(_ tableView: UITableView, viewForHeaderInSection section: Int) -> UIView? {
                                                                                            ^~~~~~
/Applications/Xcode-26.3.0.app/Contents/Developer/Platforms/WatchOS.platform/Developer/SDKs/WatchOS26.2.sdk/System/Library/Frameworks/UIKit.framework/Headers/UIView.h:148:12: note: 'UIView' has been explicitly marked unavailable here
@interface UIView : UIResponder <NSCoding, UIAppearance, UIAppearanceContainer, UIDynamicItem, UITraitEnvironment, UICoordinateSpace, UIFocusItem, UIFocusItemContainer, CALayerDelegate>
           ^
/Users/admin/builder/spi-builder-workspace/Sources/CellKit/DataSource.swift:153:40: error: 'UITableView' is unavailable in watchOS
    public func tableView(_ tableView: UITableView, heightForHeaderInSection section: Int) -> CGFloat {
                                       ^~~~~~~~~~~
/Applications/Xcode-26.3.0.app/Contents/Developer/Platforms/WatchOS.platform/Developer/SDKs/WatchOS26.2.sdk/System/Library/Frameworks/UIKit.framework/Headers/UITableView.h:347:12: note: 'UITableView' has been explicitly marked unavailable here
@interface UITableView : UIScrollView <NSCoding, UIDataSourceTranslating>
           ^
/Users/admin/builder/spi-builder-workspace/Sources/CellKit/DataSource.swift:158:40: error: 'UITableView' is unavailable in watchOS
    public func tableView(_ tableView: UITableView, viewForFooterInSection section: Int) -> UIView? {
                                       ^~~~~~~~~~~
/Applications/Xcode-26.3.0.app/Contents/Developer/Platforms/WatchOS.platform/Developer/SDKs/WatchOS26.2.sdk/System/Library/Frameworks/UIKit.framework/Headers/UITableView.h:347:12: note: 'UITableView' has been explicitly marked unavailable here
@interface UITableView : UIScrollView <NSCoding, UIDataSourceTranslating>
           ^
/Users/admin/builder/spi-builder-workspace/Sources/CellKit/DataSource.swift:158:93: error: 'UIView' is unavailable in watchOS
    public func tableView(_ tableView: UITableView, viewForFooterInSection section: Int) -> UIView? {
                                                                                            ^~~~~~
/Applications/Xcode-26.3.0.app/Contents/Developer/Platforms/WatchOS.platform/Developer/SDKs/WatchOS26.2.sdk/System/Library/Frameworks/UIKit.framework/Headers/UIView.h:148:12: note: 'UIView' has been explicitly marked unavailable here
@interface UIView : UIResponder <NSCoding, UIAppearance, UIAppearanceContainer, UIDynamicItem, UITraitEnvironment, UICoordinateSpace, UIFocusItem, UIFocusItemContainer, CALayerDelegate>
           ^
/Users/admin/builder/spi-builder-workspace/Sources/CellKit/DataSource.swift:165:40: error: 'UITableView' is unavailable in watchOS
    public func tableView(_ tableView: UITableView, heightForFooterInSection section: Int) -> CGFloat {
                                       ^~~~~~~~~~~
/Applications/Xcode-26.3.0.app/Contents/Developer/Platforms/WatchOS.platform/Developer/SDKs/WatchOS26.2.sdk/System/Library/Frameworks/UIKit.framework/Headers/UITableView.h:347:12: note: 'UITableView' has been explicitly marked unavailable here
@interface UITableView : UIScrollView <NSCoding, UIDataSourceTranslating>
           ^
/Users/admin/builder/spi-builder-workspace/Sources/CellKit/DataSource.swift:125:31: error: 'UITableViewDataSource' is unavailable in watchOS
extension AbstractDataSource: UITableViewDataSource {
                              ^~~~~~~~~~~~~~~~~~~~~
/Applications/Xcode-26.3.0.app/Contents/Developer/Platforms/WatchOS.platform/Developer/SDKs/WatchOS26.2.sdk/System/Library/Frameworks/UIKit.framework/Headers/UITableView.h:539:11: note: 'UITableViewDataSource' has been explicitly marked unavailable here
@protocol UITableViewDataSource<NSObject>
          ^
/Users/admin/builder/spi-builder-workspace/Sources/CellKit/DataSource.swift:172:53: error: 'UICollectionView' is unavailable in watchOS
    public func numberOfSections(in collectionView: UICollectionView) -> Int {
                                                    ^~~~~~~~~~~~~~~~
/Applications/Xcode-26.3.0.app/Contents/Developer/Platforms/WatchOS.platform/Developer/SDKs/WatchOS26.2.sdk/System/Library/Frameworks/UIKit.framework/Headers/UICollectionView.h:362:12: note: 'UICollectionView' has been explicitly marked unavailable here
@interface UICollectionView : UIScrollView <UIDataSourceTranslating>
           ^
/Users/admin/builder/spi-builder-workspace/Sources/CellKit/DataSource.swift:176:50: error: 'UICollectionView' is unavailable in watchOS
    public func collectionView(_ collectionView: UICollectionView, numberOfItemsInSection section: Int) -> Int {
                                                 ^~~~~~~~~~~~~~~~
/Applications/Xcode-26.3.0.app/Contents/Developer/Platforms/WatchOS.platform/Developer/SDKs/WatchOS26.2.sdk/System/Library/Frameworks/UIKit.framework/Headers/UICollectionView.h:362:12: note: 'UICollectionView' has been explicitly marked unavailable here
@interface UICollectionView : UIScrollView <UIDataSourceTranslating>
           ^
/Users/admin/builder/spi-builder-workspace/Sources/CellKit/DataSource.swift:180:50: error: 'UICollectionView' is unavailable in watchOS
    public func collectionView(_ collectionView: UICollectionView, cellForItemAt indexPath: IndexPath) -> UICollectionViewCell {
                                                 ^~~~~~~~~~~~~~~~
/Applications/Xcode-26.3.0.app/Contents/Developer/Platforms/WatchOS.platform/Developer/SDKs/WatchOS26.2.sdk/System/Library/Frameworks/UIKit.framework/Headers/UICollectionView.h:362:12: note: 'UICollectionView' has been explicitly marked unavailable here
@interface UICollectionView : UIScrollView <UIDataSourceTranslating>
           ^
/Users/admin/builder/spi-builder-workspace/Sources/CellKit/DataSource.swift:180:107: error: 'UICollectionViewCell' is unavailable in watchOS
    public func collectionView(_ collectionView: UICollectionView, cellForItemAt indexPath: IndexPath) -> UICollectionViewCell {
                                                                                                          ^~~~~~~~~~~~~~~~~~~~
/Applications/Xcode-26.3.0.app/Contents/Developer/Platforms/WatchOS.platform/Developer/SDKs/WatchOS26.2.sdk/System/Library/Frameworks/UIKit.framework/Headers/UICollectionViewCell.h:65:12: note: 'UICollectionViewCell' has been explicitly marked unavailable here
@interface UICollectionViewCell : UICollectionReusableView
           ^
/Users/admin/builder/spi-builder-workspace/Sources/CellKit/DataSource.swift:188:50: error: 'UICollectionView' is unavailable in watchOS
    public func collectionView(_ collectionView: UICollectionView, viewForSupplementaryElementOfKind kind: String, at indexPath: IndexPath) -> UICollectionReusableView {
                                                 ^~~~~~~~~~~~~~~~
/Applications/Xcode-26.3.0.app/Contents/Developer/Platforms/WatchOS.platform/Developer/SDKs/WatchOS26.2.sdk/System/Library/Frameworks/UIKit.framework/Headers/UICollectionView.h:362:12: note: 'UICollectionView' has been explicitly marked unavailable here
@interface UICollectionView : UIScrollView <UIDataSourceTranslating>
           ^
/Users/admin/builder/spi-builder-workspace/Sources/CellKit/DataSource.swift:188:144: error: 'UICollectionReusableView' is unavailable in watchOS
    public func collectionView(_ collectionView: UICollectionView, viewForSupplementaryElementOfKind kind: String, at indexPath: IndexPath) -> UICollectionReusableView {
                                                                                                                                               ^~~~~~~~~~~~~~~~~~~~~~~~
/Applications/Xcode-26.3.0.app/Contents/Developer/Platforms/WatchOS.platform/Developer/SDKs/WatchOS26.2.sdk/System/Library/Frameworks/UIKit.framework/Headers/UICollectionViewCell.h:38:12: note: 'UICollectionReusableView' has been explicitly marked unavailable here
@interface UICollectionReusableView : UIView
           ^
/Users/admin/builder/spi-builder-workspace/Sources/CellKit/DataSource.swift:171:31: error: 'UICollectionViewDataSource' is unavailable in watchOS
extension AbstractDataSource: UICollectionViewDataSource {
                              ^~~~~~~~~~~~~~~~~~~~~~~~~~
/Applications/Xcode-26.3.0.app/Contents/Developer/Platforms/WatchOS.platform/Developer/SDKs/WatchOS26.2.sdk/System/Library/Frameworks/UIKit.framework/Headers/UICollectionView.h:73:11: note: 'UICollectionViewDataSource' has been explicitly marked unavailable here
@protocol UICollectionViewDataSource <NSObject>
          ^
/Users/admin/builder/spi-builder-workspace/Sources/CellKit/DataSource.swift:199:40: error: 'UITableView' is unavailable in watchOS
    public func tableView(_ tableView: UITableView, heightForRowAt indexPath: IndexPath) -> CGFloat {
                                       ^~~~~~~~~~~
/Applications/Xcode-26.3.0.app/Contents/Developer/Platforms/WatchOS.platform/Developer/SDKs/WatchOS26.2.sdk/System/Library/Frameworks/UIKit.framework/Headers/UITableView.h:347:12: note: 'UITableView' has been explicitly marked unavailable here
@interface UITableView : UIScrollView <NSCoding, UIDataSourceTranslating>
           ^
/Users/admin/builder/spi-builder-workspace/Sources/CellKit/DataSource.swift:203:40: error: 'UITableView' is unavailable in watchOS
    public func tableView(_ tableView: UITableView, didSelectRowAt indexPath: IndexPath) {
                                       ^~~~~~~~~~~
/Applications/Xcode-26.3.0.app/Contents/Developer/Platforms/WatchOS.platform/Developer/SDKs/WatchOS26.2.sdk/System/Library/Frameworks/UIKit.framework/Headers/UITableView.h:347:12: note: 'UITableView' has been explicitly marked unavailable here
@interface UITableView : UIScrollView <NSCoding, UIDataSourceTranslating>
           ^
/Users/admin/builder/spi-builder-workspace/Sources/CellKit/DataSource.swift:198:31: error: 'UITableViewDelegate' is unavailable in watchOS
extension AbstractDataSource: UITableViewDelegate {
                              ^~~~~~~~~~~~~~~~~~~
/Applications/Xcode-26.3.0.app/Contents/Developer/Platforms/WatchOS.platform/Developer/SDKs/WatchOS26.2.sdk/System/Library/Frameworks/UIKit.framework/Headers/UITableView.h:100:11: note: 'UITableViewDelegate' has been explicitly marked unavailable here
@protocol UITableViewDelegate<NSObject, UIScrollViewDelegate>
          ^
/Users/admin/builder/spi-builder-workspace/Sources/CellKit/DataSource.swift:213:50: error: 'UICollectionView' is unavailable in watchOS
    public func collectionView(_ collectionView: UICollectionView, didSelectItemAt indexPath: IndexPath) {
                                                 ^~~~~~~~~~~~~~~~
/Applications/Xcode-26.3.0.app/Contents/Developer/Platforms/WatchOS.platform/Developer/SDKs/WatchOS26.2.sdk/System/Library/Frameworks/UIKit.framework/Headers/UICollectionView.h:362:12: note: 'UICollectionView' has been explicitly marked unavailable here
@interface UICollectionView : UIScrollView <UIDataSourceTranslating>
           ^
/Users/admin/builder/spi-builder-workspace/Sources/CellKit/DataSource.swift:212:31: error: 'UICollectionViewDelegateFlowLayout' is unavailable in watchOS
extension AbstractDataSource: UICollectionViewDelegateFlowLayout {
                              ^~~~~~~~~~~~~~~~~~~~~~~~~~~~~~~~~~
/Applications/Xcode-26.3.0.app/Contents/Developer/Platforms/WatchOS.platform/Developer/SDKs/WatchOS26.2.sdk/System/Library/Frameworks/UIKit.framework/Headers/UICollectionViewFlowLayout.h:33:11: note: 'UICollectionViewDelegateFlowLayout' has been explicitly marked unavailable here
@protocol UICollectionViewDelegateFlowLayout <UICollectionViewDelegate>
          ^
/Users/admin/builder/spi-builder-workspace/Sources/CellKit/DiffableDataSources/LazyCellProvider.swift:10:58: error: 'UICollectionView' is unavailable in watchOS
    public func provide<Item: CellModel>(collectionView: UICollectionView, indexPath: IndexPath, item: Item) -> UICollectionViewCell? {
                                                         ^~~~~~~~~~~~~~~~
/Applications/Xcode-26.3.0.app/Contents/Developer/Platforms/WatchOS.platform/Developer/SDKs/WatchOS26.2.sdk/System/Library/Frameworks/UIKit.framework/Headers/UICollectionView.h:362:12: note: 'UICollectionView' has been explicitly marked unavailable here
@interface UICollectionView : UIScrollView <UIDataSourceTranslating>
           ^
/Users/admin/builder/spi-builder-workspace/Sources/CellKit/DiffableDataSources/LazyCellProvider.swift:10:113: error: 'UICollectionViewCell' is unavailable in watchOS
    public func provide<Item: CellModel>(collectionView: UICollectionView, indexPath: IndexPath, item: Item) -> UICollectionViewCell? {
                                                                                                                ^~~~~~~~~~~~~~~~~~~~
/Applications/Xcode-26.3.0.app/Contents/Developer/Platforms/WatchOS.platform/Developer/SDKs/WatchOS26.2.sdk/System/Library/Frameworks/UIKit.framework/Headers/UICollectionViewCell.h:65:12: note: 'UICollectionViewCell' has been explicitly marked unavailable here
@interface UICollectionViewCell : UICollectionReusableView
           ^
/Users/admin/builder/spi-builder-workspace/Sources/CellKit/DiffableDataSources/LazyCellProvider.swift:21:53: error: 'UITableView' is unavailable in watchOS
    public func provide<Item: CellModel>(tableView: UITableView, indexPath: IndexPath, item: Item) -> UITableViewCell? {
                                                    ^~~~~~~~~~~
/Applications/Xcode-26.3.0.app/Contents/Developer/Platforms/WatchOS.platform/Developer/SDKs/WatchOS26.2.sdk/System/Library/Frameworks/UIKit.framework/Headers/UITableView.h:347:12: note: 'UITableView' has been explicitly marked unavailable here
@interface UITableView : UIScrollView <NSCoding, UIDataSourceTranslating>
           ^
/Users/admin/builder/spi-builder-workspace/Sources/CellKit/DiffableDataSources/LazyCellProvider.swift:21:103: error: 'UITableViewCell' is unavailable in watchOS
    public func provide<Item: CellModel>(tableView: UITableView, indexPath: IndexPath, item: Item) -> UITableViewCell? {
                                                                                                      ^~~~~~~~~~~~~~~
/Applications/Xcode-26.3.0.app/Contents/Developer/Platforms/WatchOS.platform/Developer/SDKs/WatchOS26.2.sdk/System/Library/Frameworks/UIKit.framework/Headers/UITableViewCell.h:81:12: note: 'UITableViewCell' has been explicitly marked unavailable here
@interface UITableViewCell : UIView <NSCoding, UIGestureRecognizerDelegate>
           ^
/Users/admin/builder/spi-builder-workspace/Sources/CellKit/DiffableDataSources/LazyCellProvider.swift:32:56: error: 'UICollectionView' is unavailable in watchOS
    func register(model: CellModel, to collectionView: UICollectionView) {
                                                       ^~~~~~~~~~~~~~~~
/Applications/Xcode-26.3.0.app/Contents/Developer/Platforms/WatchOS.platform/Developer/SDKs/WatchOS26.2.sdk/System/Library/Frameworks/UIKit.framework/Headers/UICollectionView.h:362:12: note: 'UICollectionView' has been explicitly marked unavailable here
@interface UICollectionView : UIScrollView <UIDataSourceTranslating>
           ^
/Users/admin/builder/spi-builder-workspace/Sources/CellKit/DiffableDataSources/LazyCellProvider.swift:40:51: error: 'UITableView' is unavailable in watchOS
    func register(model: CellModel, to tableView: UITableView) {
                                                  ^~~~~~~~~~~
/Applications/Xcode-26.3.0.app/Contents/Developer/Platforms/WatchOS.platform/Developer/SDKs/WatchOS26.2.sdk/System/Library/Frameworks/UIKit.framework/Headers/UITableView.h:347:12: note: 'UITableView' has been explicitly marked unavailable here
@interface UITableView : UIScrollView <NSCoding, UIDataSourceTranslating>
           ^
/Users/admin/builder/spi-builder-workspace/Sources/CellKit/DiffableDataSources/LazySupplementaryViewProvider.swift:13:41: error: 'UICollectionView' is unavailable in watchOS
    public func provide(collectionView: UICollectionView, kind: String, indexPath: IndexPath) -> UICollectionReusableView? {
                                        ^~~~~~~~~~~~~~~~
/Applications/Xcode-26.3.0.app/Contents/Developer/Platforms/WatchOS.platform/Developer/SDKs/WatchOS26.2.sdk/System/Library/Frameworks/UIKit.framework/Headers/UICollectionView.h:362:12: note: 'UICollectionView' has been explicitly marked unavailable here
@interface UICollectionView : UIScrollView <UIDataSourceTranslating>
           ^
/Users/admin/builder/spi-builder-workspace/Sources/CellKit/DiffableDataSources/LazySupplementaryViewProvider.swift:13:98: error: 'UICollectionReusableView' is unavailable in watchOS
    public func provide(collectionView: UICollectionView, kind: String, indexPath: IndexPath) -> UICollectionReusableView? {
                                                                                                 ^~~~~~~~~~~~~~~~~~~~~~~~
/Applications/Xcode-26.3.0.app/Contents/Developer/Platforms/WatchOS.platform/Developer/SDKs/WatchOS26.2.sdk/System/Library/Frameworks/UIKit.framework/Headers/UICollectionViewCell.h:38:12: note: 'UICollectionReusableView' has been explicitly marked unavailable here
@interface UICollectionReusableView : UIView
           ^
/Users/admin/builder/spi-builder-workspace/Sources/CellKit/ReusableView.swift:8:14: error: 'UINib' is unavailable in watchOS
    var nib: UINib? { get }
             ^~~~~
/Applications/Xcode-26.3.0.app/Contents/Developer/Platforms/WatchOS.platform/Developer/SDKs/WatchOS26.2.sdk/System/Library/Frameworks/UIKit.framework/Headers/UINib.h:16:12: note: 'UINib' has been explicitly marked unavailable here
@interface UINib : NSObject
           ^
/Users/admin/builder/spi-builder-workspace/Sources/CellKit/ReusableView.swift:27:14: error: 'UINib' is unavailable in watchOS
    var nib: UINib? {
             ^~~~~
/Applications/Xcode-26.3.0.app/Contents/Developer/Platforms/WatchOS.platform/Developer/SDKs/WatchOS26.2.sdk/System/Library/Frameworks/UIKit.framework/Headers/UINib.h:16:12: note: 'UINib' has been explicitly marked unavailable here
@interface UINib : NSObject
           ^
Failed frontend command:
/Applications/Xcode-26.3.0.app/Contents/Developer/Toolchains/XcodeDefault.xctoolchain/usr/bin/swift-frontend -frontend -emit-module -experimental-skip-non-inlinable-function-bodies-without-types /Users/admin/builder/spi-builder-workspace/Sources/CellKit/CellConfigurable.swift /Users/admin/builder/spi-builder-workspace/Sources/CellKit/CellConvertible.swift /Users/admin/builder/spi-builder-workspace/Sources/CellKit/CellModel.swift /Users/admin/builder/spi-builder-workspace/Sources/CellKit/CellModelDataSource.swift /Users/admin/builder/spi-builder-workspace/Sources/CellKit/CellModelSection.swift /Users/admin/builder/spi-builder-workspace/Sources/CellKit/CellModelSelectable.swift /Users/admin/builder/spi-builder-workspace/Sources/CellKit/CollectionReusableView.swift /Users/admin/builder/spi-builder-workspace/Sources/CellKit/DataSource.swift /Users/admin/builder/spi-builder-workspace/Sources/CellKit/DiffableDataSources/CollectionSupplementaryViewModel.swift /Users/admin/builder/spi-builder-workspace/Sources/CellKit/DiffableDataSources/LazyCellProvider.swift /Users/admin/builder/spi-builder-workspace/Sources/CellKit/DiffableDataSources/LazySupplementaryViewProvider.swift /Users/admin/builder/spi-builder-workspace/Sources/CellKit/DiffableDataSources/SupplementaryElementKind.swift /Users/admin/builder/spi-builder-workspace/Sources/CellKit/ReusableView.swift -target arm64_32-apple-watchos8.0 -load-resolved-plugin /Applications/Xcode-26.3.0.app/Contents/Developer/Platforms/WatchOS.platform/Developer/usr/lib/swift/host/plugins/libFoundationMacros.dylib\#/Applications/Xcode-26.3.0.app/Contents/Developer/Platforms/WatchOS.platform/Developer/usr/bin/swift-plugin-server\#FoundationMacros -load-resolved-plugin /Applications/Xcode-26.3.0.app/Contents/Developer/Platforms/WatchOS.platform/Developer/usr/lib/swift/host/plugins/libObservationMacros.dylib\#/Applications/Xcode-26.3.0.app/Contents/Developer/Platforms/WatchOS.platform/Developer/usr/bin/swift-plugin-server\#ObservationMacros -load-resolved-plugin /Applications/Xcode-26.3.0.app/Contents/Developer/Platforms/WatchOS.platform/Developer/usr/lib/swift/host/plugins/libSwiftMacros.dylib\#/Applications/Xcode-26.3.0.app/Contents/Developer/Platforms/WatchOS.platform/Developer/usr/bin/swift-plugin-server\#SwiftMacros -load-resolved-plugin /Applications/Xcode-26.3.0.app/Contents/Developer/Platforms/WatchOS.platform/Developer/usr/lib/swift/host/plugins/libSwiftUIMacros.dylib\#/Applications/Xcode-26.3.0.app/Contents/Developer/Platforms/WatchOS.platform/Developer/usr/bin/swift-plugin-server\#SwiftUIMacros -disable-implicit-swift-modules -Xcc -fno-implicit-modules -Xcc -fno-implicit-module-maps -explicit-swift-module-map-file /Users/admin/builder/spi-builder-workspace/.derivedData/Build/Intermediates.noindex/CellKit.build/Debug-watchos/CellKit.build/Objects-normal/arm64_32/CellKit-dependencies-3.json -enable-objc-interop -sdk /Applications/Xcode-26.3.0.app/Contents/Developer/Platforms/WatchOS.platform/Developer/SDKs/WatchOS26.2.sdk -I /Users/admin/builder/spi-builder-workspace/.derivedData/Build/Products/Debug-watchos -Isystem /Applications/Xcode-26.3.0.app/Contents/Developer/Platforms/WatchOS.platform/Developer/usr/lib -F /Users/admin/builder/spi-builder-workspace/.derivedData/Build/Products/Debug-watchos -F /Applications/Xcode-26.3.0.app/Contents/Developer/Platforms/WatchOS.platform/Developer/Library/Frameworks -F /Applications/Xcode-26.3.0.app/Contents/Developer/Platforms/WatchOS.platform/Developer/SDKs/WatchOS26.2.sdk/Developer/Library/Frameworks -no-color-diagnostics -Xcc -fno-color-diagnostics -enable-testing -g -debug-info-format\=dwarf -dwarf-version\=4 -module-cache-path /Users/admin/builder/spi-builder-workspace/.derivedData/Build/Intermediates.noindex/SwiftExplicitPrecompiledModules -swift-version 6 -enforce-exclusivity\=checked -Onone -D SWIFT_PACKAGE -D DEBUG -D SWIFT_MODULE_RESOURCE_BUNDLE_UNAVAILABLE -D Xcode -serialize-debugging-options -const-gather-protocols-file /Users/admin/builder/spi-builder-workspace/.derivedData/Build/Intermediates.noindex/CellKit.build/Debug-watchos/CellKit.build/Objects-normal/arm64_32/CellKit_const_extract_protocols.json -enable-upcoming-feature NonisolatedNonsendingByDefault -enable-upcoming-feature InferIsolatedConformances -enable-experimental-feature DebugDescriptionMacro -default-isolation MainActor -empty-abi-descriptor -validate-clang-modules-once -clang-build-session-file /Users/admin/builder/spi-builder-workspace/.derivedData/ModuleCache.noindex/Session.modulevalidation -Xcc -working-directory -Xcc /Users/admin/builder/spi-builder-workspace/.swiftpm/xcode -enable-anonymous-context-mangled-names -file-compilation-dir /Users/admin/builder/spi-builder-workspace/.swiftpm/xcode -Xcc -D_LIBCPP_HARDENING_MODE\=_LIBCPP_HARDENING_MODE_DEBUG -Xcc -ivfsstatcache -Xcc /Users/admin/builder/spi-builder-workspace/.derivedData/SDKStatCaches.noindex/watchos26.2-23S303-dc75598d0054f22ec865fa860f139d721753b489057de6bda919edfa1c59a62b.sdkstatcache -Xcc -I/Users/admin/builder/spi-builder-workspace/.derivedData/Build/Intermediates.noindex/CellKit.build/Debug-watchos/CellKit.build/swift-overrides.hmap -Xcc -I/Users/admin/builder/spi-builder-workspace/.derivedData/Build/Products/Debug-watchos/include -Xcc -I/Users/admin/builder/spi-builder-workspace/.derivedData/Build/Intermediates.noindex/CellKit.build/Debug-watchos/CellKit.build/DerivedSources-normal/arm64_32 -Xcc -I/Users/admin/builder/spi-builder-workspace/.derivedData/Build/Intermediates.noindex/CellKit.build/Debug-watchos/CellKit.build/DerivedSources/arm64_32 -Xcc -I/Users/admin/builder/spi-builder-workspace/.derivedData/Build/Intermediates.noindex/CellKit.build/Debug-watchos/CellKit.build/DerivedSources -Xcc -DSWIFT_PACKAGE -Xcc -DDEBUG\=1 -no-auto-bridging-header-chaining -module-name CellKit -package-name spi_builder_workspace -frontend-parseable-output -disable-clang-spi -target-sdk-version 26.2 -target-sdk-name watchos26.2 -clang-target arm64_32-apple-watchos26.2 -in-process-plugin-server-path /Applications/Xcode-26.3.0.app/Contents/Developer/Toolchains/XcodeDefault.xctoolchain/usr/lib/swift/host/libSwiftInProcPluginServer.dylib -emit-module-doc-path /Users/admin/builder/spi-builder-workspace/.derivedData/Build/Intermediates.noindex/CellKit.build/Debug-watchos/CellKit.build/Objects-normal/arm64_32/CellKit.swiftdoc -emit-module-source-info-path /Users/admin/builder/spi-builder-workspace/.derivedData/Build/Intermediates.noindex/CellKit.build/Debug-watchos/CellKit.build/Objects-normal/arm64_32/CellKit.swiftsourceinfo -emit-objc-header-path /Users/admin/builder/spi-builder-workspace/.derivedData/Build/Intermediates.noindex/CellKit.build/Debug-watchos/CellKit.build/Objects-normal/arm64_32/CellKit-Swift.h -serialize-diagnostics-path /Users/admin/builder/spi-builder-workspace/.derivedData/Build/Intermediates.noindex/CellKit.build/Debug-watchos/CellKit.build/Objects-normal/arm64_32/CellKit-primary-emit-module.dia -emit-dependencies-path /Users/admin/builder/spi-builder-workspace/.derivedData/Build/Intermediates.noindex/CellKit.build/Debug-watchos/CellKit.build/Objects-normal/arm64_32/CellKit-primary-emit-module.d -o /Users/admin/builder/spi-builder-workspace/.derivedData/Build/Intermediates.noindex/CellKit.build/Debug-watchos/CellKit.build/Objects-normal/arm64_32/CellKit.swiftmodule -emit-abi-descriptor-path /Users/admin/builder/spi-builder-workspace/.derivedData/Build/Intermediates.noindex/CellKit.build/Debug-watchos/CellKit.build/Objects-normal/arm64_32/CellKit.abi.json
SwiftCompile normal arm64_32 Compiling\ CellModelSection.swift,\ CellModelSelectable.swift /Users/admin/builder/spi-builder-workspace/Sources/CellKit/CellModelSection.swift /Users/admin/builder/spi-builder-workspace/Sources/CellKit/CellModelSelectable.swift (in target 'CellKit' from project 'CellKit')
SwiftCompile normal arm64_32 /Users/admin/builder/spi-builder-workspace/Sources/CellKit/CellModelSection.swift (in target 'CellKit' from project 'CellKit')
    cd /Users/admin/builder/spi-builder-workspace/.swiftpm/xcode

SwiftCompile normal arm64_32 /Users/admin/builder/spi-builder-workspace/Sources/CellKit/CellModelSelectable.swift (in target 'CellKit' from project 'CellKit')
    cd /Users/admin/builder/spi-builder-workspace/.swiftpm/xcode

SwiftCompile normal arm64_32 Compiling\ CellModel.swift,\ CellModelDataSource.swift /Users/admin/builder/spi-builder-workspace/Sources/CellKit/CellModel.swift /Users/admin/builder/spi-builder-workspace/Sources/CellKit/CellModelDataSource.swift (in target 'CellKit' from project 'CellKit')
SwiftCompile normal arm64_32 /Users/admin/builder/spi-builder-workspace/Sources/CellKit/CellModel.swift (in target 'CellKit' from project 'CellKit')
    cd /Users/admin/builder/spi-builder-workspace/.swiftpm/xcode

SwiftCompile normal arm64_32 /Users/admin/builder/spi-builder-workspace/Sources/CellKit/CellModelDataSource.swift (in target 'CellKit' from project 'CellKit')
    cd /Users/admin/builder/spi-builder-workspace/.swiftpm/xcode

SwiftCompile normal arm64_32 Compiling\ CollectionReusableView.swift /Users/admin/builder/spi-builder-workspace/Sources/CellKit/CollectionReusableView.swift (in target 'CellKit' from project 'CellKit')
SwiftCompile normal arm64_32 /Users/admin/builder/spi-builder-workspace/Sources/CellKit/CollectionReusableView.swift (in target 'CellKit' from project 'CellKit')
    cd /Users/admin/builder/spi-builder-workspace/.swiftpm/xcode

SwiftCompile normal arm64_32 Compiling\ DataSource.swift /Users/admin/builder/spi-builder-workspace/Sources/CellKit/DataSource.swift (in target 'CellKit' from project 'CellKit')
SwiftCompile normal arm64_32 /Users/admin/builder/spi-builder-workspace/Sources/CellKit/DataSource.swift (in target 'CellKit' from project 'CellKit')
    cd /Users/admin/builder/spi-builder-workspace/.swiftpm/xcode

SwiftCompile normal arm64_32 Compiling\ CellConfigurable.swift,\ CellConvertible.swift /Users/admin/builder/spi-builder-workspace/Sources/CellKit/CellConfigurable.swift /Users/admin/builder/spi-builder-workspace/Sources/CellKit/CellConvertible.swift (in target 'CellKit' from project 'CellKit')
SwiftCompile normal arm64_32 /Users/admin/builder/spi-builder-workspace/Sources/CellKit/CellConfigurable.swift (in target 'CellKit' from project 'CellKit')
    cd /Users/admin/builder/spi-builder-workspace/.swiftpm/xcode

SwiftCompile normal arm64_32 /Users/admin/builder/spi-builder-workspace/Sources/CellKit/CellConvertible.swift (in target 'CellKit' from project 'CellKit')
    cd /Users/admin/builder/spi-builder-workspace/.swiftpm/xcode

SwiftCompile normal arm64_32 Compiling\ CollectionSupplementaryViewModel.swift /Users/admin/builder/spi-builder-workspace/Sources/CellKit/DiffableDataSources/CollectionSupplementaryViewModel.swift (in target 'CellKit' from project 'CellKit')
SwiftCompile normal arm64_32 /Users/admin/builder/spi-builder-workspace/Sources/CellKit/DiffableDataSources/CollectionSupplementaryViewModel.swift (in target 'CellKit' from project 'CellKit')
    cd /Users/admin/builder/spi-builder-workspace/.swiftpm/xcode

SwiftCompile normal arm64_32 Compiling\ LazyCellProvider.swift /Users/admin/builder/spi-builder-workspace/Sources/CellKit/DiffableDataSources/LazyCellProvider.swift (in target 'CellKit' from project 'CellKit')
SwiftCompile normal arm64_32 /Users/admin/builder/spi-builder-workspace/Sources/CellKit/DiffableDataSources/LazyCellProvider.swift (in target 'CellKit' from project 'CellKit')
    cd /Users/admin/builder/spi-builder-workspace/.swiftpm/xcode

SwiftCompile normal arm64_32 Compiling\ LazySupplementaryViewProvider.swift /Users/admin/builder/spi-builder-workspace/Sources/CellKit/DiffableDataSources/LazySupplementaryViewProvider.swift (in target 'CellKit' from project 'CellKit')
SwiftCompile normal arm64_32 /Users/admin/builder/spi-builder-workspace/Sources/CellKit/DiffableDataSources/LazySupplementaryViewProvider.swift (in target 'CellKit' from project 'CellKit')
    cd /Users/admin/builder/spi-builder-workspace/.swiftpm/xcode

SwiftCompile normal arm64_32 Compiling\ ReusableView.swift /Users/admin/builder/spi-builder-workspace/Sources/CellKit/ReusableView.swift (in target 'CellKit' from project 'CellKit')
SwiftCompile normal arm64_32 /Users/admin/builder/spi-builder-workspace/Sources/CellKit/ReusableView.swift (in target 'CellKit' from project 'CellKit')
    cd /Users/admin/builder/spi-builder-workspace/.swiftpm/xcode

SwiftEmitModule normal armv7k Emitting\ module\ for\ CellKit (in target 'CellKit' from project 'CellKit')
SwiftDriverJobDiscovery normal arm64_32 Compiling CollectionSupplementaryViewModel.swift (in target 'CellKit' from project 'CellKit')
SwiftEmitModule normal arm64 Emitting\ module\ for\ CellKit (in target 'CellKit' from project 'CellKit')
2026-09-07 14:31:43.373 xcodebuild[982:5433] [MT] IDERunDestination: Supported platforms for the buildables in the current scheme is empty.
** BUILD FAILED **
The following build commands failed:
	EmitSwiftModule normal arm64_32 (in target 'CellKit' from project 'CellKit')
	SwiftEmitModule normal arm64_32 Emitting\ module\ for\ CellKit (in target 'CellKit' from project 'CellKit')
	Building workspace spi-builder-workspace with scheme CellKit-Package
(3 failures)
BUILD FAILURE 6.2 watchOS