The Swift Package Index logo.Swift Package Index

Build Information

Failed to build BluKit, reference 2.0.6 (2c59e1), with Swift 6.4 for tvOS using Xcode 27.0 on 23 Sep 2026 01:26:48 UTC.

Build Command

env DEVELOPER_DIR=/Applications/Xcode-27.0.0-Release.Candidate.app xcrun xcodebuild -IDEClonedSourcePackagesDirPathOverride=$PWD/.dependencies -skipMacroValidation -skipPackagePluginValidation -derivedDataPath $PWD/.derivedData build -scheme BluKit -destination generic/platform=tvOS

Build Log

========================================
RunAll
========================================
Builder version: 5.1.0
Interrupt handler set up.
========================================
Checkout
========================================
Clone URL: https://github.com/Zion-Software-LLC/BluKitPackage.git
Reference: 2.0.6
Initialized empty Git repository in /Users/admin/builder/spi-builder-workspace/.git/
From https://github.com/Zion-Software-LLC/BluKitPackage
 * tag               2.0.6      -> FETCH_HEAD
HEAD is now at 2c59e14 BluKit Package 2.0.6
Cloned https://github.com/Zion-Software-LLC/BluKitPackage.git
Revision (git rev-parse @):
2c59e14451f53ede3666feaf920a730e88262698
SUCCESS checkout https://github.com/Zion-Software-LLC/BluKitPackage.git at 2.0.6
========================================
Build
========================================
Selected platform:         tvOS
Swift version:             6.4
Building package at path:  $PWD
https://github.com/Zion-Software-LLC/BluKitPackage.git
Command line invocation:
    /Applications/Xcode-27.0.0-Release.Candidate.app/Contents/Developer/usr/bin/xcodebuild -IDEClonedSourcePackagesDirPathOverride=/Users/admin/builder/spi-builder-workspace/.dependencies -resolvePackageDependencies
Resolve Package Graph
Resolve Package Graph
Resolved source packages:
  BluKit: /Users/admin/builder/spi-builder-workspace
resolved source packages: BluKit
2026-09-22 21:25:48.955 xcodebuild[529:3027] [MT] IDERunDestination: Supported platforms for the buildables in the current scheme is empty.
2026-09-22 21:25:49.101 xcodebuild[529:3027] [MT] IDERunDestination: Supported platforms for the buildables in the current scheme is empty.
2026-09-22 21:25:50.720 xcodebuild[529:3027] [MT] IDERunDestination: Supported platforms for the buildables in the current scheme is empty.
{
  "dependencies" : [
  ],
  "manifest_display_name" : "BluKit",
  "name" : "BluKit",
  "path" : "/Users/admin/builder/spi-builder-workspace",
  "platforms" : [
    {
      "name" : "ios",
      "version" : "13.0"
    },
    {
      "name" : "macos",
      "version" : "10.15"
    },
    {
      "name" : "maccatalyst",
      "version" : "13.0"
    }
  ],
  "products" : [
    {
      "name" : "BluKit",
      "targets" : [
        "BluKit"
      ],
      "type" : {
        "library" : [
          "automatic"
        ]
      }
    }
  ],
  "targets" : [
    {
      "c99name" : "BluKitPackage",
      "module_type" : "SwiftTarget",
      "name" : "BluKitPackage",
      "path" : "Sources/BluKitPackage",
      "sources" : [
        "BluKitPackage.swift"
      ],
      "target_dependencies" : [
        "BluKit"
      ],
      "type" : "library"
    },
    {
      "c99name" : "BluKit",
      "module_type" : "BinaryTarget",
      "name" : "BluKit",
      "path" : "remote/archive/BluKit.xcframework.2.0.6.zip",
      "product_memberships" : [
        "BluKit"
      ],
      "sources" : [
      ],
      "type" : "binary"
    }
  ],
  "tools_version" : "5.5"
}
{
  "workspace" : {
    "name" : "BluKit",
    "schemes" : [
      "BluKit"
    ]
  }
}
2026-09-22 21:26:42.275 xcodebuild[659:4196] [MT] IDERunDestination: Supported platforms for the buildables in the current scheme is empty.
2026-09-22 21:26:42.423 xcodebuild[659:4196] [MT] IDERunDestination: Supported platforms for the buildables in the current scheme is empty.
Running build ...
env DEVELOPER_DIR=/Applications/Xcode-27.0.0-Release.Candidate.app xcrun xcodebuild -IDEClonedSourcePackagesDirPathOverride=$PWD/.dependencies -skipMacroValidation -skipPackagePluginValidation -derivedDataPath $PWD/.derivedData build -scheme BluKit -destination generic/platform=tvOS
Command line invocation:
    /Applications/Xcode-27.0.0-Release.Candidate.app/Contents/Developer/usr/bin/xcodebuild -IDEClonedSourcePackagesDirPathOverride=/Users/admin/builder/spi-builder-workspace/.dependencies -skipMacroValidation -skipPackagePluginValidation -derivedDataPath /Users/admin/builder/spi-builder-workspace/.derivedData build -scheme BluKit -destination generic/platform=tvOS
Resolve Package Graph
Resolved source packages:
  BluKit: /Users/admin/builder/spi-builder-workspace
ComputePackagePrebuildTargetDependencyGraph
Prepare packages
CreateBuildRequest
SendProjectDescription
CreateBuildOperation
ComputeTargetDependencyGraph
note: Building targets in dependency order
note: Target dependency graph (1 target)
    Target 'BluKit-product' in project 'BluKit' (no dependencies)
GatherProvisioningInputs
CreateBuildDescription
ExecuteExternalTool /Applications/Xcode-27.0.0-Release.Candidate.app/Contents/Developer/Toolchains/XcodeDefault.xctoolchain/usr/bin/clang -v -E -dM -isysroot /Applications/Xcode-27.0.0-Release.Candidate.app/Contents/Developer/Platforms/AppleTVOS.platform/Developer/SDKs/AppleTVOS27.0.sdk -x c -c /dev/null
Build description signature: 342cb9c8fcdd32a470a99f27c3525545
Build description path: /Users/admin/builder/spi-builder-workspace/.derivedData/Build/Intermediates.noindex/XCBuildData/342cb9c8fcdd32a470a99f27c3525545.xcbuilddata
/Users/admin/builder/spi-builder-workspace/.dependencies/artifacts/spi-builder-workspace/BluKit/BluKit.xcframework:1:1: error: While building for tvOS, no library for this platform was found in '/Users/admin/builder/spi-builder-workspace/.dependencies/artifacts/spi-builder-workspace/BluKit/BluKit.xcframework'. (in target 'BluKit-product' from project 'BluKit')
2026-09-22 21:26:43.239 xcodebuild[660:4239] [MT] IDERunDestination: Supported platforms for the buildables in the current scheme is empty.
2026-09-22 21:26:43.387 xcodebuild[660:4239] [MT] IDERunDestination: Supported platforms for the buildables in the current scheme is empty.
** BUILD FAILED **
The following build commands failed:
	Building workspace BluKit with scheme BluKit
(1 failure)
Command line invocation:
    /Applications/Xcode-27.0.0-Release.Candidate.app/Contents/Developer/usr/bin/xcodebuild -IDEClonedSourcePackagesDirPathOverride=/Users/admin/builder/spi-builder-workspace/.dependencies -resolvePackageDependencies
Resolve Package Graph
Resolved source packages:
  BluKit: /Users/admin/builder/spi-builder-workspace
resolved source packages: BluKit
2026-09-22 21:26:45.411 xcodebuild[672:4332] [MT] IDERunDestination: Supported platforms for the buildables in the current scheme is empty.
2026-09-22 21:26:45.556 xcodebuild[672:4332] [MT] IDERunDestination: Supported platforms for the buildables in the current scheme is empty.
{
  "dependencies" : [
  ],
  "manifest_display_name" : "BluKit",
  "name" : "BluKit",
  "path" : "/Users/admin/builder/spi-builder-workspace",
  "platforms" : [
    {
      "name" : "ios",
      "version" : "13.0"
    },
    {
      "name" : "macos",
      "version" : "10.15"
    },
    {
      "name" : "maccatalyst",
      "version" : "13.0"
    }
  ],
  "products" : [
    {
      "name" : "BluKit",
      "targets" : [
        "BluKit"
      ],
      "type" : {
        "library" : [
          "automatic"
        ]
      }
    }
  ],
  "targets" : [
    {
      "c99name" : "BluKitPackage",
      "module_type" : "SwiftTarget",
      "name" : "BluKitPackage",
      "path" : "Sources/BluKitPackage",
      "sources" : [
        "BluKitPackage.swift"
      ],
      "target_dependencies" : [
        "BluKit"
      ],
      "type" : "library"
    },
    {
      "c99name" : "BluKit",
      "module_type" : "BinaryTarget",
      "name" : "BluKit",
      "path" : "remote/archive/BluKit.xcframework.2.0.6.zip",
      "product_memberships" : [
        "BluKit"
      ],
      "sources" : [
      ],
      "type" : "binary"
    }
  ],
  "tools_version" : "5.5"
}
{
  "workspace" : {
    "name" : "BluKit",
    "schemes" : [
      "BluKit"
    ]
  }
}
2026-09-22 21:26:46.617 xcodebuild[680:4393] [MT] IDERunDestination: Supported platforms for the buildables in the current scheme is empty.
2026-09-22 21:26:46.763 xcodebuild[680:4393] [MT] IDERunDestination: Supported platforms for the buildables in the current scheme is empty.
Running build ...
env DEVELOPER_DIR=/Applications/Xcode-27.0.0-Release.Candidate.app xcrun xcodebuild -IDEClonedSourcePackagesDirPathOverride=$PWD/.dependencies -skipMacroValidation -skipPackagePluginValidation -derivedDataPath $PWD/.derivedData build -scheme BluKit -destination generic/platform=tvOS
Command line invocation:
    /Applications/Xcode-27.0.0-Release.Candidate.app/Contents/Developer/usr/bin/xcodebuild -IDEClonedSourcePackagesDirPathOverride=/Users/admin/builder/spi-builder-workspace/.dependencies -skipMacroValidation -skipPackagePluginValidation -derivedDataPath /Users/admin/builder/spi-builder-workspace/.derivedData build -scheme BluKit -destination generic/platform=tvOS
Resolve Package Graph
Resolved source packages:
  BluKit: /Users/admin/builder/spi-builder-workspace
ComputePackagePrebuildTargetDependencyGraph
Prepare packages
CreateBuildRequest
SendProjectDescription
CreateBuildOperation
ComputeTargetDependencyGraph
note: Building targets in dependency order
note: Target dependency graph (1 target)
    Target 'BluKit-product' in project 'BluKit' (no dependencies)
GatherProvisioningInputs
CreateBuildDescription
/Users/admin/builder/spi-builder-workspace/.dependencies/artifacts/spi-builder-workspace/BluKit/BluKit.xcframework:1:1: error: While building for tvOS, no library for this platform was found in '/Users/admin/builder/spi-builder-workspace/.dependencies/artifacts/spi-builder-workspace/BluKit/BluKit.xcframework'. (in target 'BluKit-product' from project 'BluKit')
2026-09-22 21:26:47.569 xcodebuild[681:4417] [MT] IDERunDestination: Supported platforms for the buildables in the current scheme is empty.
2026-09-22 21:26:47.715 xcodebuild[681:4417] [MT] IDERunDestination: Supported platforms for the buildables in the current scheme is empty.
** BUILD FAILED **
The following build commands failed:
	Building workspace BluKit with scheme BluKit
(1 failure)
BUILD FAILURE 6.4 tvOS