Build Information
Failed to build GraphQLTransportWS, reference main (8bbc15), with Swift 6.1 for tvOS using Xcode 16.3 on 27 Jun 2026 17:26:17 UTC.
Build Command
env DEVELOPER_DIR=/Applications/Xcode-16.3.0.app xcrun xcodebuild -IDEClonedSourcePackagesDirPathOverride=$PWD/.dependencies -skipMacroValidation -skipPackagePluginValidation -derivedDataPath $PWD/.derivedData build -scheme GraphQLTransportWS -destination generic/platform=tvOSBuild Log
========================================
RunAll
========================================
Builder version: undefined version: run 'make version' to update
Interrupt handler set up.
========================================
Checkout
========================================
Clone URL: https://github.com/GraphQLSwift/GraphQLTransportWS.git
Reference: main
Initialized empty Git repository in /Users/admin/builder/spi-builder-workspace/.git/
From https://github.com/GraphQLSwift/GraphQLTransportWS
* branch main -> FETCH_HEAD
* [new branch] main -> origin/main
HEAD is now at 8bbc15d Merge pull request #13 from GraphQLSwift/experiment/parallel-execution
Cloned https://github.com/GraphQLSwift/GraphQLTransportWS.git
Revision (git rev-parse @):
8bbc15d0db4b92170604490d65cd6f7503e08385
SUCCESS checkout https://github.com/GraphQLSwift/GraphQLTransportWS.git at main
========================================
Build
========================================
Selected platform: tvOS
Swift version: 6.1
Building package at path: $PWD
https://github.com/GraphQLSwift/GraphQLTransportWS.git
https://github.com/GraphQLSwift/GraphQLTransportWS.git
{
"dependencies" : [
{
"identity" : "graphiti",
"requirement" : {
"range" : [
{
"lower_bound" : "3.0.0",
"upper_bound" : "4.0.0"
}
]
},
"type" : "sourceControl",
"url" : "https://github.com/GraphQLSwift/Graphiti.git"
},
{
"identity" : "graphql",
"requirement" : {
"range" : [
{
"lower_bound" : "4.0.1",
"upper_bound" : "5.0.0"
}
]
},
"type" : "sourceControl",
"url" : "https://github.com/GraphQLSwift/GraphQL.git"
}
],
"manifest_display_name" : "GraphQLTransportWS",
"name" : "GraphQLTransportWS",
"path" : "/Users/admin/builder/spi-builder-workspace",
"platforms" : [
{
"name" : "macos",
"version" : "10.15"
}
],
"products" : [
{
"name" : "GraphQLTransportWS",
"targets" : [
"GraphQLTransportWS"
],
"type" : {
"library" : [
"automatic"
]
}
}
],
"swift_languages_versions" : [
"5",
"6"
],
"targets" : [
{
"c99name" : "GraphQLTransportWSTests",
"module_type" : "SwiftTarget",
"name" : "GraphQLTransportWSTests",
"path" : "Tests/GraphQLTransportWSTests",
"sources" : [
"GraphQLTransportWSTests.swift",
"Utils/TestAPI.swift",
"Utils/TestMessenger.swift"
],
"target_dependencies" : [
"GraphQLTransportWS"
],
"type" : "test"
},
{
"c99name" : "GraphQLTransportWS",
"module_type" : "SwiftTarget",
"name" : "GraphQLTransportWS",
"path" : "Sources/GraphQLTransportWS",
"product_dependencies" : [
"Graphiti",
"GraphQL"
],
"product_memberships" : [
"GraphQLTransportWS"
],
"sources" : [
"Client.swift",
"GraphqlTransportWSError.swift",
"InitPayloads.swift",
"Messenger.swift",
"Requests.swift",
"Responses.swift",
"Server.swift"
],
"type" : "library"
}
],
"tools_version" : "5.5"
}
Command line invocation:
/Applications/Xcode-16.3.0.app/Contents/Developer/usr/bin/xcodebuild -IDEClonedSourcePackagesDirPathOverride=/Users/admin/builder/spi-builder-workspace/.dependencies -resolvePackageDependencies
Resolve Package Graph
Fetching from https://github.com/GraphQLSwift/Graphiti.git
Fetching from https://github.com/GraphQLSwift/GraphQL.git
Fetching from https://github.com/apple/swift-collections (cached)
Creating working copy of package ‘GraphQL’
Checking out 4.1.2 of package ‘GraphQL’
Creating working copy of package ‘Graphiti’
Checking out 3.1.0 of package ‘Graphiti’
Creating working copy of package ‘swift-collections’
Checking out 1.6.0 of package ‘swift-collections’
Resolve Package Graph
Resolved source packages:
swift-collections: https://github.com/apple/swift-collections @ 1.6.0
GraphQL: https://github.com/GraphQLSwift/GraphQL.git @ 4.1.2
GraphQLTransportWS: /Users/admin/builder/spi-builder-workspace
Graphiti: https://github.com/GraphQLSwift/Graphiti.git @ 3.1.0
resolved source packages: swift-collections, GraphQL, GraphQLTransportWS, Graphiti
{
"dependencies" : [
{
"identity" : "graphiti",
"requirement" : {
"range" : [
{
"lower_bound" : "3.0.0",
"upper_bound" : "4.0.0"
}
]
},
"type" : "sourceControl",
"url" : "https://github.com/GraphQLSwift/Graphiti.git"
},
{
"identity" : "graphql",
"requirement" : {
"range" : [
{
"lower_bound" : "4.0.1",
"upper_bound" : "5.0.0"
}
]
},
"type" : "sourceControl",
"url" : "https://github.com/GraphQLSwift/GraphQL.git"
}
],
"manifest_display_name" : "GraphQLTransportWS",
"name" : "GraphQLTransportWS",
"path" : "/Users/admin/builder/spi-builder-workspace",
"platforms" : [
{
"name" : "macos",
"version" : "10.15"
}
],
"products" : [
{
"name" : "GraphQLTransportWS",
"targets" : [
"GraphQLTransportWS"
],
"type" : {
"library" : [
"automatic"
]
}
}
],
"swift_languages_versions" : [
"5",
"6"
],
"targets" : [
{
"c99name" : "GraphQLTransportWSTests",
"module_type" : "SwiftTarget",
"name" : "GraphQLTransportWSTests",
"path" : "Tests/GraphQLTransportWSTests",
"sources" : [
"GraphQLTransportWSTests.swift",
"Utils/TestAPI.swift",
"Utils/TestMessenger.swift"
],
"target_dependencies" : [
"GraphQLTransportWS"
],
"type" : "test"
},
{
"c99name" : "GraphQLTransportWS",
"module_type" : "SwiftTarget",
"name" : "GraphQLTransportWS",
"path" : "Sources/GraphQLTransportWS",
"product_dependencies" : [
"Graphiti",
"GraphQL"
],
"product_memberships" : [
"GraphQLTransportWS"
],
"sources" : [
"Client.swift",
"GraphqlTransportWSError.swift",
"InitPayloads.swift",
"Messenger.swift",
"Requests.swift",
"Responses.swift",
"Server.swift"
],
"type" : "library"
}
],
"tools_version" : "5.5"
}
{
"workspace" : {
"name" : "spi-builder-workspace",
"schemes" : [
"GraphQLTransportWS"
]
}
}
Running build ...
env DEVELOPER_DIR=/Applications/Xcode-16.3.0.app xcrun xcodebuild -IDEClonedSourcePackagesDirPathOverride=$PWD/.dependencies -skipMacroValidation -skipPackagePluginValidation -derivedDataPath $PWD/.derivedData build -scheme GraphQLTransportWS -destination generic/platform=tvOS OTHER_SWIFT_FLAGS=-stats-output-dir .stats
Command line invocation:
/Applications/Xcode-16.3.0.app/Contents/Developer/usr/bin/xcodebuild -IDEClonedSourcePackagesDirPathOverride=/Users/admin/builder/spi-builder-workspace/.dependencies -skipMacroValidation -skipPackagePluginValidation -derivedDataPath /Users/admin/builder/spi-builder-workspace/.derivedData build -scheme GraphQLTransportWS -destination generic/platform=tvOS "OTHER_SWIFT_FLAGS=-stats-output-dir .stats"
Build settings from command line:
OTHER_SWIFT_FLAGS = -stats-output-dir .stats
Resolve Package Graph
Resolve Package Graph
Resolved source packages:
Graphiti: https://github.com/GraphQLSwift/Graphiti.git @ 3.1.0
swift-collections: https://github.com/apple/swift-collections @ 1.6.0
GraphQLTransportWS: /Users/admin/builder/spi-builder-workspace
GraphQL: https://github.com/GraphQLSwift/GraphQL.git @ 4.1.2
ComputePackagePrebuildTargetDependencyGraph
Prepare packages
CreateBuildRequest
SendProjectDescription
CreateBuildOperation
ComputeTargetDependencyGraph
note: Building targets in dependency order
note: Target dependency graph (9 targets)
Target 'GraphQLTransportWS' in project 'GraphQLTransportWS'
➜ Explicit dependency on target 'GraphQLTransportWS' in project 'GraphQLTransportWS'
➜ Explicit dependency on target 'Graphiti' in project 'Graphiti'
➜ Explicit dependency on target 'GraphQL' in project 'GraphQL'
Target 'GraphQLTransportWS' in project 'GraphQLTransportWS'
➜ Explicit dependency on target 'Graphiti' in project 'Graphiti'
➜ Explicit dependency on target 'GraphQL' in project 'GraphQL'
Target 'Graphiti' in project 'Graphiti'
➜ Explicit dependency on target 'Graphiti' in project 'Graphiti'
➜ Explicit dependency on target 'GraphQL' in project 'GraphQL'
Target 'Graphiti' in project 'Graphiti'
➜ Explicit dependency on target 'GraphQL' in project 'GraphQL'
Target 'GraphQL' in project 'GraphQL'
➜ Explicit dependency on target 'GraphQL' in project 'GraphQL'
➜ Explicit dependency on target 'OrderedCollections' in project 'swift-collections'
Target 'GraphQL' in project 'GraphQL'
➜ Explicit dependency on target 'OrderedCollections' in project 'swift-collections'
Target 'OrderedCollections' in project 'swift-collections'
➜ Explicit dependency on target 'OrderedCollections' in project 'swift-collections'
➜ Explicit dependency on target 'InternalCollectionsUtilities' in project 'swift-collections'
Target 'OrderedCollections' in project 'swift-collections'
➜ Explicit dependency on target 'InternalCollectionsUtilities' in project 'swift-collections'
Target 'InternalCollectionsUtilities' in project 'swift-collections' (no dependencies)
GatherProvisioningInputs
CreateBuildDescription
ExecuteExternalTool /Applications/Xcode-16.3.0.app/Contents/Developer/Toolchains/XcodeDefault.xctoolchain/usr/bin/swiftc --version
ExecuteExternalTool /Applications/Xcode-16.3.0.app/Contents/Developer/Toolchains/XcodeDefault.xctoolchain/usr/bin/clang -v -E -dM -isysroot /Applications/Xcode-16.3.0.app/Contents/Developer/Platforms/AppleTVOS.platform/Developer/SDKs/AppleTVOS18.4.sdk -x c -c /dev/null
ExecuteExternalTool /Applications/Xcode-16.3.0.app/Contents/Developer/Toolchains/XcodeDefault.xctoolchain/usr/bin/ld -version_details
ReadFileContents /Applications/Xcode-16.3.0.app/Contents/Developer/Toolchains/XcodeDefault.xctoolchain/usr/share/docc/features.json
Build description signature: 7d6eb3ec3bdad7014643d30015314178
Build description path: /Users/admin/builder/spi-builder-workspace/.derivedData/Build/Intermediates.noindex/XCBuildData/7d6eb3ec3bdad7014643d30015314178.xcbuilddata
error: The package product 'Graphiti' requires minimum platform version 13.0 for the tvOS platform, but this target supports 12.0 (in target 'GraphQLTransportWS' from project 'GraphQLTransportWS')
error: The package product 'GraphQL' requires minimum platform version 13.0 for the tvOS platform, but this target supports 12.0 (in target 'GraphQLTransportWS' from project 'GraphQLTransportWS')
** BUILD FAILED **
The following build commands failed:
Building workspace spi-builder-workspace with scheme GraphQLTransportWS
(1 failure)
Command line invocation:
/Applications/Xcode-16.3.0.app/Contents/Developer/usr/bin/xcodebuild -IDEClonedSourcePackagesDirPathOverride=/Users/admin/builder/spi-builder-workspace/.dependencies -resolvePackageDependencies
Resolve Package Graph
Resolved source packages:
GraphQLTransportWS: /Users/admin/builder/spi-builder-workspace
swift-collections: https://github.com/apple/swift-collections @ 1.6.0
GraphQL: https://github.com/GraphQLSwift/GraphQL.git @ 4.1.2
Graphiti: https://github.com/GraphQLSwift/Graphiti.git @ 3.1.0
resolved source packages: GraphQLTransportWS, swift-collections, GraphQL, Graphiti
{
"dependencies" : [
{
"identity" : "graphiti",
"requirement" : {
"range" : [
{
"lower_bound" : "3.0.0",
"upper_bound" : "4.0.0"
}
]
},
"type" : "sourceControl",
"url" : "https://github.com/GraphQLSwift/Graphiti.git"
},
{
"identity" : "graphql",
"requirement" : {
"range" : [
{
"lower_bound" : "4.0.1",
"upper_bound" : "5.0.0"
}
]
},
"type" : "sourceControl",
"url" : "https://github.com/GraphQLSwift/GraphQL.git"
}
],
"manifest_display_name" : "GraphQLTransportWS",
"name" : "GraphQLTransportWS",
"path" : "/Users/admin/builder/spi-builder-workspace",
"platforms" : [
{
"name" : "macos",
"version" : "10.15"
}
],
"products" : [
{
"name" : "GraphQLTransportWS",
"targets" : [
"GraphQLTransportWS"
],
"type" : {
"library" : [
"automatic"
]
}
}
],
"swift_languages_versions" : [
"5",
"6"
],
"targets" : [
{
"c99name" : "GraphQLTransportWSTests",
"module_type" : "SwiftTarget",
"name" : "GraphQLTransportWSTests",
"path" : "Tests/GraphQLTransportWSTests",
"sources" : [
"GraphQLTransportWSTests.swift",
"Utils/TestAPI.swift",
"Utils/TestMessenger.swift"
],
"target_dependencies" : [
"GraphQLTransportWS"
],
"type" : "test"
},
{
"c99name" : "GraphQLTransportWS",
"module_type" : "SwiftTarget",
"name" : "GraphQLTransportWS",
"path" : "Sources/GraphQLTransportWS",
"product_dependencies" : [
"Graphiti",
"GraphQL"
],
"product_memberships" : [
"GraphQLTransportWS"
],
"sources" : [
"Client.swift",
"GraphqlTransportWSError.swift",
"InitPayloads.swift",
"Messenger.swift",
"Requests.swift",
"Responses.swift",
"Server.swift"
],
"type" : "library"
}
],
"tools_version" : "5.5"
}
{
"workspace" : {
"name" : "spi-builder-workspace",
"schemes" : [
"GraphQLTransportWS"
]
}
}
Running build ...
env DEVELOPER_DIR=/Applications/Xcode-16.3.0.app xcrun xcodebuild -IDEClonedSourcePackagesDirPathOverride=$PWD/.dependencies -skipMacroValidation -skipPackagePluginValidation -derivedDataPath $PWD/.derivedData build -scheme GraphQLTransportWS -destination generic/platform=tvOS
Command line invocation:
/Applications/Xcode-16.3.0.app/Contents/Developer/usr/bin/xcodebuild -IDEClonedSourcePackagesDirPathOverride=/Users/admin/builder/spi-builder-workspace/.dependencies -skipMacroValidation -skipPackagePluginValidation -derivedDataPath /Users/admin/builder/spi-builder-workspace/.derivedData build -scheme GraphQLTransportWS -destination generic/platform=tvOS
Resolve Package Graph
Resolved source packages:
swift-collections: https://github.com/apple/swift-collections @ 1.6.0
Graphiti: https://github.com/GraphQLSwift/Graphiti.git @ 3.1.0
GraphQLTransportWS: /Users/admin/builder/spi-builder-workspace
GraphQL: https://github.com/GraphQLSwift/GraphQL.git @ 4.1.2
ComputePackagePrebuildTargetDependencyGraph
Prepare packages
CreateBuildRequest
SendProjectDescription
CreateBuildOperation
ComputeTargetDependencyGraph
note: Building targets in dependency order
note: Target dependency graph (9 targets)
Target 'GraphQLTransportWS' in project 'GraphQLTransportWS'
➜ Explicit dependency on target 'GraphQLTransportWS' in project 'GraphQLTransportWS'
➜ Explicit dependency on target 'Graphiti' in project 'Graphiti'
➜ Explicit dependency on target 'GraphQL' in project 'GraphQL'
Target 'GraphQLTransportWS' in project 'GraphQLTransportWS'
➜ Explicit dependency on target 'Graphiti' in project 'Graphiti'
➜ Explicit dependency on target 'GraphQL' in project 'GraphQL'
Target 'Graphiti' in project 'Graphiti'
➜ Explicit dependency on target 'Graphiti' in project 'Graphiti'
➜ Explicit dependency on target 'GraphQL' in project 'GraphQL'
Target 'Graphiti' in project 'Graphiti'
➜ Explicit dependency on target 'GraphQL' in project 'GraphQL'
Target 'GraphQL' in project 'GraphQL'
➜ Explicit dependency on target 'GraphQL' in project 'GraphQL'
➜ Explicit dependency on target 'OrderedCollections' in project 'swift-collections'
Target 'GraphQL' in project 'GraphQL'
➜ Explicit dependency on target 'OrderedCollections' in project 'swift-collections'
Target 'OrderedCollections' in project 'swift-collections'
➜ Explicit dependency on target 'OrderedCollections' in project 'swift-collections'
➜ Explicit dependency on target 'InternalCollectionsUtilities' in project 'swift-collections'
Target 'OrderedCollections' in project 'swift-collections'
➜ Explicit dependency on target 'InternalCollectionsUtilities' in project 'swift-collections'
Target 'InternalCollectionsUtilities' in project 'swift-collections' (no dependencies)
GatherProvisioningInputs
CreateBuildDescription
ExecuteExternalTool /Applications/Xcode-16.3.0.app/Contents/Developer/Toolchains/XcodeDefault.xctoolchain/usr/bin/swiftc --version
ExecuteExternalTool /Applications/Xcode-16.3.0.app/Contents/Developer/Toolchains/XcodeDefault.xctoolchain/usr/bin/clang -v -E -dM -isysroot /Applications/Xcode-16.3.0.app/Contents/Developer/Platforms/AppleTVOS.platform/Developer/SDKs/AppleTVOS18.4.sdk -x c -c /dev/null
ExecuteExternalTool /Applications/Xcode-16.3.0.app/Contents/Developer/Toolchains/XcodeDefault.xctoolchain/usr/bin/ld -version_details
ReadFileContents /Applications/Xcode-16.3.0.app/Contents/Developer/Toolchains/XcodeDefault.xctoolchain/usr/share/docc/features.json
Build description signature: 43adbe110ddc67e097de43da2f3d2ae5
Build description path: /Users/admin/builder/spi-builder-workspace/.derivedData/Build/Intermediates.noindex/XCBuildData/43adbe110ddc67e097de43da2f3d2ae5.xcbuilddata
error: The package product 'Graphiti' requires minimum platform version 13.0 for the tvOS platform, but this target supports 12.0 (in target 'GraphQLTransportWS' from project 'GraphQLTransportWS')
error: The package product 'GraphQL' requires minimum platform version 13.0 for the tvOS platform, but this target supports 12.0 (in target 'GraphQLTransportWS' from project 'GraphQLTransportWS')
** BUILD FAILED **
The following build commands failed:
Building workspace spi-builder-workspace with scheme GraphQLTransportWS
(1 failure)
BUILD FAILURE 6.1 tvOS