Build Information
Failed to build Professional_SwiftPM, reference main (ea38f8), with Swift 6.3 for watchOS using Xcode 26.4 on 18 Oct 2026 05:17:57 UTC.
Build Command
env DEVELOPER_DIR=/Applications/Xcode-26.5.0.app xcrun xcodebuild -IDEClonedSourcePackagesDirPathOverride=$PWD/.dependencies -skipMacroValidation -skipPackagePluginValidation -derivedDataPath $PWD/.derivedData build -scheme Professional_SwiftPM-Package -destination generic/platform=watchOSBuild Log
========================================
RunAll
========================================
Builder version: 5.1.3
Interrupt handler set up.
========================================
Checkout
========================================
Clone URL: https://github.com/Tencent-RTC/Professional_SwiftPM.git
Reference: main
Initialized empty Git repository in /Users/admin/builder/spi-builder-workspace/.git/
From https://github.com/Tencent-RTC/Professional_SwiftPM
* branch main -> FETCH_HEAD
* [new branch] main -> origin/main
HEAD is now at ea38f82 TXLiteAVSDK_Professional 13.5.21355
Cloned https://github.com/Tencent-RTC/Professional_SwiftPM.git
Revision (git rev-parse @):
ea38f822637629b84ae7ab33251c3557843cc1e5
SUCCESS checkout https://github.com/Tencent-RTC/Professional_SwiftPM.git at main
========================================
Build
========================================
Selected platform: watchOS
Swift version: 6.3
Building package at path: $PWD
https://github.com/Tencent-RTC/Professional_SwiftPM.git
Command line invocation:
/Applications/Xcode-26.5.0.app/Contents/Developer/usr/bin/xcodebuild -IDEClonedSourcePackagesDirPathOverride=/Users/admin/builder/spi-builder-workspace/.dependencies -resolvePackageDependencies
Resolve Package Graph
Resolve Package Graph
Resolved source packages:
Professional_SwiftPM: /Users/admin/builder/spi-builder-workspace
resolved source packages: Professional_SwiftPM
2026-10-18 01:17:44.257 xcodebuild[536:3065] [MT] IDERunDestination: Supported platforms for the buildables in the current scheme is empty.
2026-10-18 01:17:44.433 xcodebuild[536:3065] [MT] DVTAssertions: Warning in IDEFrameworks/IDEFoundation/Execution/RunContextManager/IDERunContextManager.m:926
Details: Error deleting scheme: Cannot modify data because the process disallows saving.
Object: <IDERunContextManager: 0xb0d8a6940>
Method: -deleteRunContexts:completionQueue:completionBlock:
Thread: <_NSMainThread: 0x104fa15e0>{number = 1, name = main}
Please file a bug at https://feedbackassistant.apple.com with this warning message and any useful information you can provide.
2026-10-18 01:17:44.434 xcodebuild[536:3065] could not delete old scheme: Error Domain=DVTCustomDataStoringErrors Code=0 "Cannot modify data because the process disallows saving." UserInfo={NSLocalizedDescription=Cannot modify data because the process disallows saving.}
2026-10-18 01:17:44.434 xcodebuild[536:3065] [MT] DVTAssertions: Warning in IDEFrameworks/IDEFoundation/Execution/RunContextManager/IDERunContextManager.m:926
Details: Error deleting scheme: Cannot modify data because the process disallows saving.
Object: <IDERunContextManager: 0xb0d8a6940>
Method: -deleteRunContexts:completionQueue:completionBlock:
Thread: <_NSMainThread: 0x104fa15e0>{number = 1, name = main}
Please file a bug at https://feedbackassistant.apple.com with this warning message and any useful information you can provide.
2026-10-18 01:17:44.434 xcodebuild[536:3065] could not delete old scheme: Error Domain=DVTCustomDataStoringErrors Code=0 "Cannot modify data because the process disallows saving." UserInfo={NSLocalizedDescription=Cannot modify data because the process disallows saving.}
2026-10-18 01:17:44.434 xcodebuild[536:3065] [MT] DVTAssertions: Warning in IDEFrameworks/IDEFoundation/Execution/RunContextManager/IDERunContextManager.m:926
Details: Error deleting scheme: Cannot modify data because the process disallows saving.
Object: <IDERunContextManager: 0xb0d8a6940>
Method: -deleteRunContexts:completionQueue:completionBlock:
Thread: <_NSMainThread: 0x104fa15e0>{number = 1, name = main}
Please file a bug at https://feedbackassistant.apple.com with this warning message and any useful information you can provide.
2026-10-18 01:17:44.434 xcodebuild[536:3065] could not delete old scheme: Error Domain=DVTCustomDataStoringErrors Code=0 "Cannot modify data because the process disallows saving." UserInfo={NSLocalizedDescription=Cannot modify data because the process disallows saving.}
{
"dependencies" : [
],
"manifest_display_name" : "Professional_SwiftPM",
"name" : "Professional_SwiftPM",
"path" : "/Users/admin/builder/spi-builder-workspace",
"platforms" : [
{
"name" : "ios",
"version" : "12.0"
}
],
"products" : [
{
"name" : "Professional_SwiftPM",
"targets" : [
"Professional_SwiftPM"
],
"type" : {
"library" : [
"automatic"
]
}
},
{
"name" : "TXLiteAVSDK_ReplayKit",
"targets" : [
"TXLiteAVSDK_ReplayKitExt"
],
"type" : {
"library" : [
"automatic"
]
}
}
],
"targets" : [
{
"c99name" : "TXSoundTouch",
"module_type" : "BinaryTarget",
"name" : "TXSoundTouch",
"path" : "remote/archive/TXSoundTouch.xcframework.zip",
"product_memberships" : [
"Professional_SwiftPM"
],
"sources" : [
],
"type" : "binary"
},
{
"c99name" : "TXLiteAVSDK_ReplayKitExt",
"module_type" : "BinaryTarget",
"name" : "TXLiteAVSDK_ReplayKitExt",
"path" : "remote/archive/TXLiteAVSDK_ReplayKitExt.xcframework.zip",
"product_memberships" : [
"TXLiteAVSDK_ReplayKit"
],
"sources" : [
],
"type" : "binary"
},
{
"c99name" : "TXLiteAVSDK_ReplayKit",
"module_type" : "SwiftTarget",
"name" : "TXLiteAVSDK_ReplayKit",
"path" : "Sources/TXLiteAVSDK_ReplayKit",
"sources" : [
"TXLiteAVSDK_ReplayKitExt.swift"
],
"target_dependencies" : [
"TXLiteAVSDK_ReplayKitExt"
],
"type" : "library"
},
{
"c99name" : "TXLiteAVSDK_Professional",
"module_type" : "BinaryTarget",
"name" : "TXLiteAVSDK_Professional",
"path" : "remote/archive/TXLiteAVSDK_Professional.xcframework.zip",
"product_memberships" : [
"Professional_SwiftPM"
],
"sources" : [
],
"type" : "binary"
},
{
"c99name" : "TXFFmpeg",
"module_type" : "BinaryTarget",
"name" : "TXFFmpeg",
"path" : "remote/archive/TXFFmpeg.xcframework.zip",
"product_memberships" : [
"Professional_SwiftPM"
],
"sources" : [
],
"type" : "binary"
},
{
"c99name" : "Professional_SwiftPM",
"module_type" : "SwiftTarget",
"name" : "Professional_SwiftPM",
"path" : "Sources/Professional_SwiftPM",
"product_memberships" : [
"Professional_SwiftPM"
],
"sources" : [
"Professional_SwiftPM.swift"
],
"target_dependencies" : [
"TXLiteAVSDK_Professional",
"TXFFmpeg",
"TXSoundTouch"
],
"type" : "library"
}
],
"tools_version" : "6.0"
}
{
"workspace" : {
"name" : "spi-builder-workspace",
"schemes" : [
"Professional_SwiftPM",
"Professional_SwiftPM-Package",
"TXLiteAVSDK_ReplayKit"
]
}
}
2026-10-18 01:17:52.080 xcodebuild[703:4003] [MT] IDERunDestination: Supported platforms for the buildables in the current scheme is empty.
Running build ...
env DEVELOPER_DIR=/Applications/Xcode-26.5.0.app xcrun xcodebuild -IDEClonedSourcePackagesDirPathOverride=$PWD/.dependencies -skipMacroValidation -skipPackagePluginValidation -derivedDataPath $PWD/.derivedData build -scheme Professional_SwiftPM-Package -destination generic/platform=watchOS
Command line invocation:
/Applications/Xcode-26.5.0.app/Contents/Developer/usr/bin/xcodebuild -IDEClonedSourcePackagesDirPathOverride=/Users/admin/builder/spi-builder-workspace/.dependencies -skipMacroValidation -skipPackagePluginValidation -derivedDataPath /Users/admin/builder/spi-builder-workspace/.derivedData build -scheme Professional_SwiftPM-Package -destination generic/platform=watchOS
Resolve Package Graph
Resolved source packages:
Professional_SwiftPM: /Users/admin/builder/spi-builder-workspace
ComputePackagePrebuildTargetDependencyGraph
Prepare packages
CreateBuildRequest
SendProjectDescription
CreateBuildOperation
ComputeTargetDependencyGraph
note: Building targets in dependency order
note: Target dependency graph (3 targets)
Target 'TXLiteAVSDK_ReplayKit' in project 'Professional_SwiftPM' (no dependencies)
Target 'Professional_SwiftPM' in project 'Professional_SwiftPM'
➜ Explicit dependency on target 'Professional_SwiftPM' in project 'Professional_SwiftPM'
Target 'Professional_SwiftPM' in project 'Professional_SwiftPM' (no dependencies)
GatherProvisioningInputs
CreateBuildDescription
ExecuteExternalTool /Applications/Xcode-26.5.0.app/Contents/Developer/Toolchains/XcodeDefault.xctoolchain/usr/bin/clang -v -E -dM -isysroot /Applications/Xcode-26.5.0.app/Contents/Developer/Platforms/WatchOS.platform/Developer/SDKs/WatchOS26.5.sdk -x c -c /dev/null
ExecuteExternalTool /Applications/Xcode-26.5.0.app/Contents/Developer/Toolchains/XcodeDefault.xctoolchain/usr/bin/swiftc --version
ExecuteExternalTool /Applications/Xcode-26.5.0.app/Contents/Developer/Toolchains/XcodeDefault.xctoolchain/usr/bin/ld -version_details
Build description signature: 1cab1b1926f556997fd49c1fc055b2b0
Build description path: /Users/admin/builder/spi-builder-workspace/.derivedData/Build/Intermediates.noindex/XCBuildData/1cab1b1926f556997fd49c1fc055b2b0.xcbuilddata
/Users/admin/builder/spi-builder-workspace/.dependencies/artifacts/spi-builder-workspace/TXLiteAVSDK_Professional/TXLiteAVSDK_Professional.xcframework:1:1: error: While building for watchOS, no library for this platform was found in '/Users/admin/builder/spi-builder-workspace/.dependencies/artifacts/spi-builder-workspace/TXLiteAVSDK_Professional/TXLiteAVSDK_Professional.xcframework'. (in target 'Professional_SwiftPM' from project 'Professional_SwiftPM')
/Users/admin/builder/spi-builder-workspace/.dependencies/artifacts/spi-builder-workspace/TXFFmpeg/TXFFmpeg.xcframework:1:1: error: While building for watchOS, no library for this platform was found in '/Users/admin/builder/spi-builder-workspace/.dependencies/artifacts/spi-builder-workspace/TXFFmpeg/TXFFmpeg.xcframework'. (in target 'Professional_SwiftPM' from project 'Professional_SwiftPM')
/Users/admin/builder/spi-builder-workspace/.dependencies/artifacts/spi-builder-workspace/TXSoundTouch/TXSoundTouch.xcframework:1:1: error: While building for watchOS, no library for this platform was found in '/Users/admin/builder/spi-builder-workspace/.dependencies/artifacts/spi-builder-workspace/TXSoundTouch/TXSoundTouch.xcframework'. (in target 'Professional_SwiftPM' from project 'Professional_SwiftPM')
/Users/admin/builder/spi-builder-workspace/.dependencies/artifacts/spi-builder-workspace/TXLiteAVSDK_ReplayKitExt/TXLiteAVSDK_ReplayKitExt.xcframework:1:1: error: While building for watchOS, no library for this platform was found in '/Users/admin/builder/spi-builder-workspace/.dependencies/artifacts/spi-builder-workspace/TXLiteAVSDK_ReplayKitExt/TXLiteAVSDK_ReplayKitExt.xcframework'. (in target 'TXLiteAVSDK_ReplayKit' from project 'Professional_SwiftPM')
/Users/admin/builder/spi-builder-workspace/.dependencies/artifacts/spi-builder-workspace/TXLiteAVSDK_Professional/TXLiteAVSDK_Professional.xcframework:1:1: error: While building for watchOS, no library for this platform was found in '/Users/admin/builder/spi-builder-workspace/.dependencies/artifacts/spi-builder-workspace/TXLiteAVSDK_Professional/TXLiteAVSDK_Professional.xcframework'. (in target 'Professional_SwiftPM' from project 'Professional_SwiftPM')
/Users/admin/builder/spi-builder-workspace/.dependencies/artifacts/spi-builder-workspace/TXFFmpeg/TXFFmpeg.xcframework:1:1: error: While building for watchOS, no library for this platform was found in '/Users/admin/builder/spi-builder-workspace/.dependencies/artifacts/spi-builder-workspace/TXFFmpeg/TXFFmpeg.xcframework'. (in target 'Professional_SwiftPM' from project 'Professional_SwiftPM')
/Users/admin/builder/spi-builder-workspace/.dependencies/artifacts/spi-builder-workspace/TXSoundTouch/TXSoundTouch.xcframework:1:1: error: While building for watchOS, no library for this platform was found in '/Users/admin/builder/spi-builder-workspace/.dependencies/artifacts/spi-builder-workspace/TXSoundTouch/TXSoundTouch.xcframework'. (in target 'Professional_SwiftPM' from project 'Professional_SwiftPM')
2026-10-18 01:17:53.490 xcodebuild[710:4071] [MT] IDERunDestination: Supported platforms for the buildables in the current scheme is empty.
** BUILD FAILED **
The following build commands failed:
Building workspace spi-builder-workspace with scheme Professional_SwiftPM-Package
(1 failure)
Command line invocation:
/Applications/Xcode-26.5.0.app/Contents/Developer/usr/bin/xcodebuild -IDEClonedSourcePackagesDirPathOverride=/Users/admin/builder/spi-builder-workspace/.dependencies -resolvePackageDependencies
Resolve Package Graph
Resolved source packages:
Professional_SwiftPM: /Users/admin/builder/spi-builder-workspace
resolved source packages: Professional_SwiftPM
2026-10-18 01:17:55.386 xcodebuild[726:4180] [MT] IDERunDestination: Supported platforms for the buildables in the current scheme is empty.
{
"dependencies" : [
],
"manifest_display_name" : "Professional_SwiftPM",
"name" : "Professional_SwiftPM",
"path" : "/Users/admin/builder/spi-builder-workspace",
"platforms" : [
{
"name" : "ios",
"version" : "12.0"
}
],
"products" : [
{
"name" : "Professional_SwiftPM",
"targets" : [
"Professional_SwiftPM"
],
"type" : {
"library" : [
"automatic"
]
}
},
{
"name" : "TXLiteAVSDK_ReplayKit",
"targets" : [
"TXLiteAVSDK_ReplayKitExt"
],
"type" : {
"library" : [
"automatic"
]
}
}
],
"targets" : [
{
"c99name" : "TXSoundTouch",
"module_type" : "BinaryTarget",
"name" : "TXSoundTouch",
"path" : "remote/archive/TXSoundTouch.xcframework.zip",
"product_memberships" : [
"Professional_SwiftPM"
],
"sources" : [
],
"type" : "binary"
},
{
"c99name" : "TXLiteAVSDK_ReplayKitExt",
"module_type" : "BinaryTarget",
"name" : "TXLiteAVSDK_ReplayKitExt",
"path" : "remote/archive/TXLiteAVSDK_ReplayKitExt.xcframework.zip",
"product_memberships" : [
"TXLiteAVSDK_ReplayKit"
],
"sources" : [
],
"type" : "binary"
},
{
"c99name" : "TXLiteAVSDK_ReplayKit",
"module_type" : "SwiftTarget",
"name" : "TXLiteAVSDK_ReplayKit",
"path" : "Sources/TXLiteAVSDK_ReplayKit",
"sources" : [
"TXLiteAVSDK_ReplayKitExt.swift"
],
"target_dependencies" : [
"TXLiteAVSDK_ReplayKitExt"
],
"type" : "library"
},
{
"c99name" : "TXLiteAVSDK_Professional",
"module_type" : "BinaryTarget",
"name" : "TXLiteAVSDK_Professional",
"path" : "remote/archive/TXLiteAVSDK_Professional.xcframework.zip",
"product_memberships" : [
"Professional_SwiftPM"
],
"sources" : [
],
"type" : "binary"
},
{
"c99name" : "TXFFmpeg",
"module_type" : "BinaryTarget",
"name" : "TXFFmpeg",
"path" : "remote/archive/TXFFmpeg.xcframework.zip",
"product_memberships" : [
"Professional_SwiftPM"
],
"sources" : [
],
"type" : "binary"
},
{
"c99name" : "Professional_SwiftPM",
"module_type" : "SwiftTarget",
"name" : "Professional_SwiftPM",
"path" : "Sources/Professional_SwiftPM",
"product_memberships" : [
"Professional_SwiftPM"
],
"sources" : [
"Professional_SwiftPM.swift"
],
"target_dependencies" : [
"TXLiteAVSDK_Professional",
"TXFFmpeg",
"TXSoundTouch"
],
"type" : "library"
}
],
"tools_version" : "6.0"
}
{
"workspace" : {
"name" : "spi-builder-workspace",
"schemes" : [
"Professional_SwiftPM",
"Professional_SwiftPM-Package",
"TXLiteAVSDK_ReplayKit"
]
}
}
2026-10-18 01:17:56.482 xcodebuild[736:4244] [MT] IDERunDestination: Supported platforms for the buildables in the current scheme is empty.
Running build ...
env DEVELOPER_DIR=/Applications/Xcode-26.5.0.app xcrun xcodebuild -IDEClonedSourcePackagesDirPathOverride=$PWD/.dependencies -skipMacroValidation -skipPackagePluginValidation -derivedDataPath $PWD/.derivedData build -scheme Professional_SwiftPM-Package -destination generic/platform=watchOS
Command line invocation:
/Applications/Xcode-26.5.0.app/Contents/Developer/usr/bin/xcodebuild -IDEClonedSourcePackagesDirPathOverride=/Users/admin/builder/spi-builder-workspace/.dependencies -skipMacroValidation -skipPackagePluginValidation -derivedDataPath /Users/admin/builder/spi-builder-workspace/.derivedData build -scheme Professional_SwiftPM-Package -destination generic/platform=watchOS
Resolve Package Graph
Resolved source packages:
Professional_SwiftPM: /Users/admin/builder/spi-builder-workspace
ComputePackagePrebuildTargetDependencyGraph
Prepare packages
CreateBuildRequest
SendProjectDescription
CreateBuildOperation
ComputeTargetDependencyGraph
note: Building targets in dependency order
note: Target dependency graph (3 targets)
Target 'TXLiteAVSDK_ReplayKit' in project 'Professional_SwiftPM' (no dependencies)
Target 'Professional_SwiftPM' in project 'Professional_SwiftPM'
➜ Explicit dependency on target 'Professional_SwiftPM' in project 'Professional_SwiftPM'
Target 'Professional_SwiftPM' in project 'Professional_SwiftPM' (no dependencies)
GatherProvisioningInputs
CreateBuildDescription
ExecuteExternalTool /Applications/Xcode-26.5.0.app/Contents/Developer/Toolchains/XcodeDefault.xctoolchain/usr/bin/clang -v -E -dM -isysroot /Applications/Xcode-26.5.0.app/Contents/Developer/Platforms/WatchOS.platform/Developer/SDKs/WatchOS26.5.sdk -x c -c /dev/null
ExecuteExternalTool /Applications/Xcode-26.5.0.app/Contents/Developer/Toolchains/XcodeDefault.xctoolchain/usr/bin/swiftc --version
ExecuteExternalTool /Applications/Xcode-26.5.0.app/Contents/Developer/Toolchains/XcodeDefault.xctoolchain/usr/bin/ld -version_details
Build description signature: 1cab1b1926f556997fd49c1fc055b2b0
Build description path: /Users/admin/builder/spi-builder-workspace/.derivedData/Build/Intermediates.noindex/XCBuildData/1cab1b1926f556997fd49c1fc055b2b0.xcbuilddata
/Users/admin/builder/spi-builder-workspace/.dependencies/artifacts/spi-builder-workspace/TXLiteAVSDK_Professional/TXLiteAVSDK_Professional.xcframework:1:1: error: While building for watchOS, no library for this platform was found in '/Users/admin/builder/spi-builder-workspace/.dependencies/artifacts/spi-builder-workspace/TXLiteAVSDK_Professional/TXLiteAVSDK_Professional.xcframework'. (in target 'Professional_SwiftPM' from project 'Professional_SwiftPM')
/Users/admin/builder/spi-builder-workspace/.dependencies/artifacts/spi-builder-workspace/TXFFmpeg/TXFFmpeg.xcframework:1:1: error: While building for watchOS, no library for this platform was found in '/Users/admin/builder/spi-builder-workspace/.dependencies/artifacts/spi-builder-workspace/TXFFmpeg/TXFFmpeg.xcframework'. (in target 'Professional_SwiftPM' from project 'Professional_SwiftPM')
/Users/admin/builder/spi-builder-workspace/.dependencies/artifacts/spi-builder-workspace/TXSoundTouch/TXSoundTouch.xcframework:1:1: error: While building for watchOS, no library for this platform was found in '/Users/admin/builder/spi-builder-workspace/.dependencies/artifacts/spi-builder-workspace/TXSoundTouch/TXSoundTouch.xcframework'. (in target 'Professional_SwiftPM' from project 'Professional_SwiftPM')
/Users/admin/builder/spi-builder-workspace/.dependencies/artifacts/spi-builder-workspace/TXLiteAVSDK_ReplayKitExt/TXLiteAVSDK_ReplayKitExt.xcframework:1:1: error: While building for watchOS, no library for this platform was found in '/Users/admin/builder/spi-builder-workspace/.dependencies/artifacts/spi-builder-workspace/TXLiteAVSDK_ReplayKitExt/TXLiteAVSDK_ReplayKitExt.xcframework'. (in target 'TXLiteAVSDK_ReplayKit' from project 'Professional_SwiftPM')
/Users/admin/builder/spi-builder-workspace/.dependencies/artifacts/spi-builder-workspace/TXLiteAVSDK_Professional/TXLiteAVSDK_Professional.xcframework:1:1: error: While building for watchOS, no library for this platform was found in '/Users/admin/builder/spi-builder-workspace/.dependencies/artifacts/spi-builder-workspace/TXLiteAVSDK_Professional/TXLiteAVSDK_Professional.xcframework'. (in target 'Professional_SwiftPM' from project 'Professional_SwiftPM')
/Users/admin/builder/spi-builder-workspace/.dependencies/artifacts/spi-builder-workspace/TXFFmpeg/TXFFmpeg.xcframework:1:1: error: While building for watchOS, no library for this platform was found in '/Users/admin/builder/spi-builder-workspace/.dependencies/artifacts/spi-builder-workspace/TXFFmpeg/TXFFmpeg.xcframework'. (in target 'Professional_SwiftPM' from project 'Professional_SwiftPM')
/Users/admin/builder/spi-builder-workspace/.dependencies/artifacts/spi-builder-workspace/TXSoundTouch/TXSoundTouch.xcframework:1:1: error: While building for watchOS, no library for this platform was found in '/Users/admin/builder/spi-builder-workspace/.dependencies/artifacts/spi-builder-workspace/TXSoundTouch/TXSoundTouch.xcframework'. (in target 'Professional_SwiftPM' from project 'Professional_SwiftPM')
2026-10-18 01:17:57.302 xcodebuild[739:4276] [MT] IDERunDestination: Supported platforms for the buildables in the current scheme is empty.
** BUILD FAILED **
The following build commands failed:
Building workspace spi-builder-workspace with scheme Professional_SwiftPM-Package
(1 failure)
BUILD FAILURE 6.3 watchOS