The Swift Package Index logo.Swift Package Index

Build Information

Failed to build SBQuickLook, reference main (cf6ab5), with Swift 6.4 for watchOS using Xcode 27.0 on 19 Sep 2026 00:48:32 UTC.

Build Command

env DEVELOPER_DIR=/Applications/Xcode-27.0.0-Release.Candidate.app xcrun xcodebuild -IDEClonedSourcePackagesDirPathOverride=$PWD/.dependencies -skipMacroValidation -skipPackagePluginValidation -derivedDataPath $PWD/.derivedData build -scheme SBQuickLook -destination generic/platform=watchOS

Build Log

========================================
RunAll
========================================
Builder version: 5.1.0
Interrupt handler set up.
========================================
Checkout
========================================
Clone URL: https://github.com/sebastianbaar/SBQuickLook.git
Reference: main
Initialized empty Git repository in /Users/admin/builder/spi-builder-workspace/.git/
From https://github.com/sebastianbaar/SBQuickLook
 * branch            main       -> FETCH_HEAD
 * [new branch]      main       -> origin/main
HEAD is now at cf6ab51 Update README.md
Cloned https://github.com/sebastianbaar/SBQuickLook.git
Revision (git rev-parse @):
cf6ab51c6ad9e1ab79418e8a5c20d5759ae335a3
SPI manifest file found: $PWD/.spi.yml
SUCCESS checkout https://github.com/sebastianbaar/SBQuickLook.git at main
========================================
Build
========================================
Selected platform:         watchOS
Swift version:             6.4
Building package at path:  $PWD
https://github.com/sebastianbaar/SBQuickLook.git
Command line invocation:
    /Applications/Xcode-27.0.0-Release.Candidate.app/Contents/Developer/usr/bin/xcodebuild -IDEClonedSourcePackagesDirPathOverride=/Users/admin/builder/spi-builder-workspace/.dependencies -resolvePackageDependencies
Resolve Package Graph
Resolve Package Graph
Resolved source packages:
  SBQuickLook: /Users/admin/builder/spi-builder-workspace
resolved source packages: SBQuickLook
2026-09-18 20:47:43.014 xcodebuild[528:3032] [MT] IDERunDestination: Supported platforms for the buildables in the current scheme is empty.
{
  "dependencies" : [
  ],
  "manifest_display_name" : "SBQuickLook",
  "name" : "SBQuickLook",
  "path" : "/Users/admin/builder/spi-builder-workspace",
  "platforms" : [
    {
      "name" : "ios",
      "version" : "13.0"
    }
  ],
  "products" : [
    {
      "name" : "SBQuickLook",
      "targets" : [
        "SBQuickLook"
      ],
      "type" : {
        "library" : [
          "automatic"
        ]
      }
    }
  ],
  "targets" : [
    {
      "c99name" : "SBQuickLookTests",
      "module_type" : "SwiftTarget",
      "name" : "SBQuickLookTests",
      "path" : "Tests/SBQuickLookTests",
      "sources" : [
        "SBQuickLookTests.swift"
      ],
      "target_dependencies" : [
        "SBQuickLook"
      ],
      "type" : "test"
    },
    {
      "c99name" : "SBQuickLook",
      "module_type" : "SwiftTarget",
      "name" : "SBQuickLook",
      "path" : "Sources/SBQuickLook",
      "product_memberships" : [
        "SBQuickLook"
      ],
      "sources" : [
        "Models/SBQLConfiguration.swift",
        "Models/SBQLError.swift",
        "Models/SBQLErrorType.swift",
        "Models/SBQLFileItem.swift",
        "Models/SBQLPreviewItem.swift",
        "SBQuickLookView.swift",
        "SBQuickViewController+Delegates.swift",
        "SBQuickViewController.swift"
      ],
      "type" : "library"
    }
  ],
  "tools_version" : "5.7"
}
{
  "workspace" : {
    "name" : "SBQuickLook",
    "schemes" : [
      "SBQuickLook"
    ]
  }
}
2026-09-18 20:48:24.147 xcodebuild[646:4141] [MT] IDERunDestination: Supported platforms for the buildables in the current scheme is empty.
Running build ...
env DEVELOPER_DIR=/Applications/Xcode-27.0.0-Release.Candidate.app xcrun xcodebuild -IDEClonedSourcePackagesDirPathOverride=$PWD/.dependencies -skipMacroValidation -skipPackagePluginValidation -derivedDataPath $PWD/.derivedData build -scheme SBQuickLook -destination generic/platform=watchOS
Command line invocation:
    /Applications/Xcode-27.0.0-Release.Candidate.app/Contents/Developer/usr/bin/xcodebuild -IDEClonedSourcePackagesDirPathOverride=/Users/admin/builder/spi-builder-workspace/.dependencies -skipMacroValidation -skipPackagePluginValidation -derivedDataPath /Users/admin/builder/spi-builder-workspace/.derivedData build -scheme SBQuickLook -destination generic/platform=watchOS
Resolve Package Graph
Resolved source packages:
  SBQuickLook: /Users/admin/builder/spi-builder-workspace
ComputePackagePrebuildTargetDependencyGraph
Prepare packages
CreateBuildRequest
SendProjectDescription
CreateBuildOperation
ComputeTargetDependencyGraph
note: Building targets in dependency order
note: Target dependency graph (2 targets)
    Target 'SBQuickLook-product' in project 'SBQuickLook'
        ➜ Explicit dependency on target 'SBQuickLook' in project 'SBQuickLook'
    Target 'SBQuickLook' in project 'SBQuickLook' (no dependencies)
GatherProvisioningInputs
CreateBuildDescription
ExecuteExternalTool /Applications/Xcode-27.0.0-Release.Candidate.app/Contents/Developer/Toolchains/XcodeDefault.xctoolchain/usr/bin/clang -v -E -dM -isysroot /Applications/Xcode-27.0.0-Release.Candidate.app/Contents/Developer/Platforms/WatchOS.platform/Developer/SDKs/WatchOS27.0.sdk -x c -c /dev/null
ExecuteExternalTool /Applications/Xcode-27.0.0-Release.Candidate.app/Contents/Developer/Toolchains/XcodeDefault.xctoolchain/usr/bin/swiftc --version
ExecuteExternalTool /Applications/Xcode-27.0.0-Release.Candidate.app/Contents/Developer/Toolchains/XcodeDefault.xctoolchain/usr/bin/ld -version_details
Build description signature: 94112390c66b6571cb6814ca3d51e761
Build description path: /Users/admin/builder/spi-builder-workspace/.derivedData/Build/Intermediates.noindex/XCBuildData/94112390c66b6571cb6814ca3d51e761.xcbuilddata
CreateBuildDirectory /Users/admin/builder/spi-builder-workspace/.derivedData/SDKExplicitPrecompiledModules
    cd /Users/admin/builder/spi-builder-workspace/.swiftpm/xcode
    builtin-create-build-directory /Users/admin/builder/spi-builder-workspace/.derivedData/SDKExplicitPrecompiledModules
CreateBuildDirectory /Users/admin/builder/spi-builder-workspace/.derivedData/ModuleCache.noindex
    cd /Users/admin/builder/spi-builder-workspace/.swiftpm/xcode
    builtin-create-build-directory /Users/admin/builder/spi-builder-workspace/.derivedData/ModuleCache.noindex
CreateBuildDirectory /Users/admin/builder/spi-builder-workspace/.derivedData/CompilationCache.noindex
    cd /Users/admin/builder/spi-builder-workspace/.swiftpm/xcode
    builtin-create-build-directory /Users/admin/builder/spi-builder-workspace/.derivedData/CompilationCache.noindex
CreateBuildDirectory /Users/admin/builder/spi-builder-workspace/.derivedData/Build/Intermediates.noindex
    cd /Users/admin/builder/spi-builder-workspace/.swiftpm/xcode
    builtin-create-build-directory /Users/admin/builder/spi-builder-workspace/.derivedData/Build/Intermediates.noindex
CreateBuildDirectory /Users/admin/builder/spi-builder-workspace/.derivedData/Build/Products
    cd /Users/admin/builder/spi-builder-workspace/.swiftpm/xcode
    builtin-create-build-directory /Users/admin/builder/spi-builder-workspace/.derivedData/Build/Products
ClangStatCache /Applications/Xcode-27.0.0-Release.Candidate.app/Contents/Developer/Toolchains/XcodeDefault.xctoolchain/usr/bin/clang-stat-cache /Applications/Xcode-27.0.0-Release.Candidate.app/Contents/Developer/Platforms/WatchOS.platform/Developer/SDKs/WatchOS27.0.sdk /Users/admin/builder/spi-builder-workspace/.derivedData/SDKStatCaches.noindex/watchos27.0-24R360-e829b21a6f8c9b70876ba0858053c04477534ef55a1706bf4c1112bbb242f0a2.sdkstatcache
    cd /Users/admin/builder/spi-builder-workspace/.swiftpm/xcode
    /Applications/Xcode-27.0.0-Release.Candidate.app/Contents/Developer/Toolchains/XcodeDefault.xctoolchain/usr/bin/clang-stat-cache /Applications/Xcode-27.0.0-Release.Candidate.app/Contents/Developer/Platforms/WatchOS.platform/Developer/SDKs/WatchOS27.0.sdk -o /Users/admin/builder/spi-builder-workspace/.derivedData/SDKStatCaches.noindex/watchos27.0-24R360-e829b21a6f8c9b70876ba0858053c04477534ef55a1706bf4c1112bbb242f0a2.sdkstatcache
CreateBuildDirectory /Users/admin/builder/spi-builder-workspace/.derivedData/Build/Intermediates.noindex/SwiftExplicitPrecompiledModules
    cd /Users/admin/builder/spi-builder-workspace/.swiftpm/xcode
    builtin-create-build-directory /Users/admin/builder/spi-builder-workspace/.derivedData/Build/Intermediates.noindex/SwiftExplicitPrecompiledModules
CreateBuildDirectory /Users/admin/builder/spi-builder-workspace/.derivedData/Build/Intermediates.noindex/PrecompiledHeaders
    cd /Users/admin/builder/spi-builder-workspace/.swiftpm/xcode
    builtin-create-build-directory /Users/admin/builder/spi-builder-workspace/.derivedData/Build/Intermediates.noindex/PrecompiledHeaders
CreateBuildDirectory /Users/admin/builder/spi-builder-workspace/.derivedData/Build/Products/Debug-watchos
    cd /Users/admin/builder/spi-builder-workspace/.swiftpm/xcode
    builtin-create-build-directory /Users/admin/builder/spi-builder-workspace/.derivedData/Build/Products/Debug-watchos
CreateBuildDirectory /Users/admin/builder/spi-builder-workspace/.derivedData/Build/Intermediates.noindex/ExplicitPrecompiledModules
    cd /Users/admin/builder/spi-builder-workspace/.swiftpm/xcode
    builtin-create-build-directory /Users/admin/builder/spi-builder-workspace/.derivedData/Build/Intermediates.noindex/ExplicitPrecompiledModules
CreateBuildDirectory /Users/admin/builder/spi-builder-workspace/.derivedData/Build/Intermediates.noindex/EagerLinkingTBDs/Debug-watchos
    cd /Users/admin/builder/spi-builder-workspace/.swiftpm/xcode
    builtin-create-build-directory /Users/admin/builder/spi-builder-workspace/.derivedData/Build/Intermediates.noindex/EagerLinkingTBDs/Debug-watchos
CreateBuildDirectory /Users/admin/builder/spi-builder-workspace/.derivedData/Build/Products/Debug-watchos/PackageFrameworks
    cd /Users/admin/builder/spi-builder-workspace/.swiftpm/xcode
    builtin-create-build-directory /Users/admin/builder/spi-builder-workspace/.derivedData/Build/Products/Debug-watchos/PackageFrameworks
WriteAuxiliaryFile /Users/admin/builder/spi-builder-workspace/.derivedData/Build/Intermediates.noindex/SBQuickLook.build/Debug-watchos/SBQuickLook-t.build/SBQuickLook.modulemap (in target 'SBQuickLook' from project 'SBQuickLook')
    cd /Users/admin/builder/spi-builder-workspace
    write-file /Users/admin/builder/spi-builder-workspace/.derivedData/Build/Intermediates.noindex/SBQuickLook.build/Debug-watchos/SBQuickLook-t.build/SBQuickLook.modulemap
WriteAuxiliaryFile /Users/admin/builder/spi-builder-workspace/.derivedData/Build/Intermediates.noindex/SBQuickLook.build/Debug-watchos/SBQuickLook-t.build/SBQuickLook.DependencyMetadataFileList (in target 'SBQuickLook' from project 'SBQuickLook')
    cd /Users/admin/builder/spi-builder-workspace
    write-file /Users/admin/builder/spi-builder-workspace/.derivedData/Build/Intermediates.noindex/SBQuickLook.build/Debug-watchos/SBQuickLook-t.build/SBQuickLook.DependencyMetadataFileList
WriteAuxiliaryFile /Users/admin/builder/spi-builder-workspace/.derivedData/Build/Intermediates.noindex/SBQuickLook.build/Debug-watchos/SBQuickLook-t.build/SBQuickLook.DependencyStaticMetadataFileList (in target 'SBQuickLook' from project 'SBQuickLook')
    cd /Users/admin/builder/spi-builder-workspace
    write-file /Users/admin/builder/spi-builder-workspace/.derivedData/Build/Intermediates.noindex/SBQuickLook.build/Debug-watchos/SBQuickLook-t.build/SBQuickLook.DependencyStaticMetadataFileList
WriteAuxiliaryFile /Users/admin/builder/spi-builder-workspace/.derivedData/Build/Intermediates.noindex/SBQuickLook.build/Debug-watchos/SBQuickLook-t.build/Objects-normal/arm64_32/SBQuickLook-OutputFileMap.json (in target 'SBQuickLook' from project 'SBQuickLook')
    cd /Users/admin/builder/spi-builder-workspace
    write-file /Users/admin/builder/spi-builder-workspace/.derivedData/Build/Intermediates.noindex/SBQuickLook.build/Debug-watchos/SBQuickLook-t.build/Objects-normal/arm64_32/SBQuickLook-OutputFileMap.json
WriteAuxiliaryFile /Users/admin/builder/spi-builder-workspace/.derivedData/Build/Intermediates.noindex/SBQuickLook.build/Debug-watchos/SBQuickLook-t.build/Objects-normal/arm64_32/SBQuickLook_const_extract_protocols.json (in target 'SBQuickLook' from project 'SBQuickLook')
    cd /Users/admin/builder/spi-builder-workspace
    write-file /Users/admin/builder/spi-builder-workspace/.derivedData/Build/Intermediates.noindex/SBQuickLook.build/Debug-watchos/SBQuickLook-t.build/Objects-normal/arm64_32/SBQuickLook_const_extract_protocols.json
WriteAuxiliaryFile /Users/admin/builder/spi-builder-workspace/.derivedData/Build/Intermediates.noindex/SBQuickLook.build/Debug-watchos/SBQuickLook-t.build/Objects-normal/arm64_32/SBQuickLook.SwiftConstValuesFileList (in target 'SBQuickLook' from project 'SBQuickLook')
    cd /Users/admin/builder/spi-builder-workspace
    write-file /Users/admin/builder/spi-builder-workspace/.derivedData/Build/Intermediates.noindex/SBQuickLook.build/Debug-watchos/SBQuickLook-t.build/Objects-normal/arm64_32/SBQuickLook.SwiftConstValuesFileList
WriteAuxiliaryFile /Users/admin/builder/spi-builder-workspace/.derivedData/Build/Intermediates.noindex/SBQuickLook.build/Debug-watchos/SBQuickLook-t.build/Objects-normal/arm64_32/SBQuickLook.SwiftFileList (in target 'SBQuickLook' from project 'SBQuickLook')
    cd /Users/admin/builder/spi-builder-workspace
    write-file /Users/admin/builder/spi-builder-workspace/.derivedData/Build/Intermediates.noindex/SBQuickLook.build/Debug-watchos/SBQuickLook-t.build/Objects-normal/arm64_32/SBQuickLook.SwiftFileList
WriteAuxiliaryFile /Users/admin/builder/spi-builder-workspace/.derivedData/Build/Intermediates.noindex/SBQuickLook.build/Debug-watchos/SBQuickLook-t.build/Objects-normal/arm64_32/SBQuickLook.LinkFileList (in target 'SBQuickLook' from project 'SBQuickLook')
    cd /Users/admin/builder/spi-builder-workspace
    write-file /Users/admin/builder/spi-builder-workspace/.derivedData/Build/Intermediates.noindex/SBQuickLook.build/Debug-watchos/SBQuickLook-t.build/Objects-normal/arm64_32/SBQuickLook.LinkFileList
WriteAuxiliaryFile /Users/admin/builder/spi-builder-workspace/.derivedData/Build/Intermediates.noindex/SBQuickLook.build/Debug-watchos/SBQuickLook-t.build/Objects-normal/arm64/SBQuickLook_const_extract_protocols.json (in target 'SBQuickLook' from project 'SBQuickLook')
    cd /Users/admin/builder/spi-builder-workspace
    write-file /Users/admin/builder/spi-builder-workspace/.derivedData/Build/Intermediates.noindex/SBQuickLook.build/Debug-watchos/SBQuickLook-t.build/Objects-normal/arm64/SBQuickLook_const_extract_protocols.json
WriteAuxiliaryFile /Users/admin/builder/spi-builder-workspace/.derivedData/Build/Intermediates.noindex/SBQuickLook.build/Debug-watchos/SBQuickLook-t.build/Objects-normal/arm64/SBQuickLook.SwiftFileList (in target 'SBQuickLook' from project 'SBQuickLook')
    cd /Users/admin/builder/spi-builder-workspace
    write-file /Users/admin/builder/spi-builder-workspace/.derivedData/Build/Intermediates.noindex/SBQuickLook.build/Debug-watchos/SBQuickLook-t.build/Objects-normal/arm64/SBQuickLook.SwiftFileList
WriteAuxiliaryFile /Users/admin/builder/spi-builder-workspace/.derivedData/Build/Intermediates.noindex/SBQuickLook.build/Debug-watchos/SBQuickLook-t.build/Objects-normal/arm64/SBQuickLook.SwiftConstValuesFileList (in target 'SBQuickLook' from project 'SBQuickLook')
    cd /Users/admin/builder/spi-builder-workspace
    write-file /Users/admin/builder/spi-builder-workspace/.derivedData/Build/Intermediates.noindex/SBQuickLook.build/Debug-watchos/SBQuickLook-t.build/Objects-normal/arm64/SBQuickLook.SwiftConstValuesFileList
WriteAuxiliaryFile /Users/admin/builder/spi-builder-workspace/.derivedData/Build/Intermediates.noindex/SBQuickLook.build/Debug-watchos/SBQuickLook-t.build/Objects-normal/arm64/SBQuickLook.LinkFileList (in target 'SBQuickLook' from project 'SBQuickLook')
    cd /Users/admin/builder/spi-builder-workspace
    write-file /Users/admin/builder/spi-builder-workspace/.derivedData/Build/Intermediates.noindex/SBQuickLook.build/Debug-watchos/SBQuickLook-t.build/Objects-normal/arm64/SBQuickLook.LinkFileList
WriteAuxiliaryFile /Users/admin/builder/spi-builder-workspace/.derivedData/Build/Intermediates.noindex/SBQuickLook.build/Debug-watchos/SBQuickLook-t.build/Objects-normal/arm64/SBQuickLook-OutputFileMap.json (in target 'SBQuickLook' from project 'SBQuickLook')
    cd /Users/admin/builder/spi-builder-workspace
    write-file /Users/admin/builder/spi-builder-workspace/.derivedData/Build/Intermediates.noindex/SBQuickLook.build/Debug-watchos/SBQuickLook-t.build/Objects-normal/arm64/SBQuickLook-OutputFileMap.json
Copy /Users/admin/builder/spi-builder-workspace/.derivedData/Build/Intermediates.noindex/GeneratedModuleMaps-watchos/SBQuickLook.modulemap /Users/admin/builder/spi-builder-workspace/.derivedData/Build/Intermediates.noindex/SBQuickLook.build/Debug-watchos/SBQuickLook-t.build/SBQuickLook.modulemap (in target 'SBQuickLook' from project 'SBQuickLook')
    cd /Users/admin/builder/spi-builder-workspace
    builtin-copy -exclude .DS_Store -exclude CVS -exclude .svn -exclude .git -exclude .hg -resolve-src-symlinks /Users/admin/builder/spi-builder-workspace/.derivedData/Build/Intermediates.noindex/SBQuickLook.build/Debug-watchos/SBQuickLook-t.build/SBQuickLook.modulemap /Users/admin/builder/spi-builder-workspace/.derivedData/Build/Intermediates.noindex/GeneratedModuleMaps-watchos
SwiftDriver SBQuickLook normal arm64_32 com.apple.xcode.tools.swift.compiler (in target 'SBQuickLook' from project 'SBQuickLook')
    cd /Users/admin/builder/spi-builder-workspace/.swiftpm/xcode
    builtin-SwiftDriver -- /Applications/Xcode-27.0.0-Release.Candidate.app/Contents/Developer/Toolchains/XcodeDefault.xctoolchain/usr/bin/swiftc -parse-as-library -module-name SBQuickLook -Onone @/Users/admin/builder/spi-builder-workspace/.derivedData/Build/Intermediates.noindex/SBQuickLook.build/Debug-watchos/SBQuickLook-t.build/Objects-normal/arm64_32/SBQuickLook.SwiftFileList -DSWIFT_PACKAGE -DDEBUG -DSWIFT_MODULE_RESOURCE_BUNDLE_UNAVAILABLE -DXcode -plugin-path /Applications/Xcode-27.0.0-Release.Candidate.app/Contents/Developer/Toolchains/XcodeDefault.xctoolchain/usr/lib/swift/host/plugins/testing -enable-experimental-feature DebugDescriptionMacro -sdk /Applications/Xcode-27.0.0-Release.Candidate.app/Contents/Developer/Platforms/WatchOS.platform/Developer/SDKs/WatchOS27.0.sdk -target arm64_32-apple-watchos9.0 -g -module-cache-path /Users/admin/builder/spi-builder-workspace/.derivedData/ModuleCache.noindex -Xfrontend -serialize-debugging-options -profile-coverage-mapping -profile-generate -enable-testing -index-store-path /Users/admin/builder/spi-builder-workspace/.derivedData/Index.noindex/DataStore -Xcc -D_LIBCPP_HARDENING_MODE\=_LIBCPP_HARDENING_MODE_DEBUG -swift-version 5 -I /Users/admin/builder/spi-builder-workspace/.derivedData/Build/Products/Debug-watchos -Isystem /Applications/Xcode-27.0.0-Release.Candidate.app/Contents/Developer/Platforms/WatchOS.platform/Developer/usr/lib -F /Users/admin/builder/spi-builder-workspace/.derivedData/Build/Products/Debug-watchos -F /Applications/Xcode-27.0.0-Release.Candidate.app/Contents/Developer/Platforms/WatchOS.platform/Developer/Library/Frameworks -F /Applications/Xcode-27.0.0-Release.Candidate.app/Contents/Developer/Platforms/WatchOS.platform/Developer/SDKs/WatchOS27.0.sdk/Developer/Library/Frameworks -c -j10 -enable-batch-mode -incremental -Xcc -ivfsstatcache -Xcc /Users/admin/builder/spi-builder-workspace/.derivedData/SDKStatCaches.noindex/watchos27.0-24R360-e829b21a6f8c9b70876ba0858053c04477534ef55a1706bf4c1112bbb242f0a2.sdkstatcache -output-file-map /Users/admin/builder/spi-builder-workspace/.derivedData/Build/Intermediates.noindex/SBQuickLook.build/Debug-watchos/SBQuickLook-t.build/Objects-normal/arm64_32/SBQuickLook-OutputFileMap.json -save-temps -no-color-diagnostics -explicit-module-build -module-cache-path /Users/admin/builder/spi-builder-workspace/.derivedData/Build/Intermediates.noindex/SwiftExplicitPrecompiledModules -clang-scanner-module-cache-path /Users/admin/builder/spi-builder-workspace/.derivedData/ModuleCache.noindex -sdk-module-cache-path /Users/admin/builder/spi-builder-workspace/.derivedData/SDKExplicitPrecompiledModules -emit-dependencies -emit-module -emit-module-path /Users/admin/builder/spi-builder-workspace/.derivedData/Build/Intermediates.noindex/SBQuickLook.build/Debug-watchos/SBQuickLook-t.build/Objects-normal/arm64_32/SBQuickLook.swiftmodule -serialize-diagnostics -dependency-scan-serialize-diagnostics-path /Users/admin/builder/spi-builder-workspace/.derivedData/Build/Intermediates.noindex/SBQuickLook.build/Debug-watchos/SBQuickLook-t.build/Objects-normal/arm64_32/SBQuickLook-dependency-scan.dia -validate-clang-modules-once -clang-build-session-file /Users/admin/builder/spi-builder-workspace/.derivedData/ModuleCache.noindex/Session.modulevalidation -Xcc -fmodules-prune-interval\=86400 -Xcc -fmodules-prune-after\=345600 -emit-const-values -const-gather-protocols-list /Users/admin/builder/spi-builder-workspace/.derivedData/Build/Intermediates.noindex/SBQuickLook.build/Debug-watchos/SBQuickLook-t.build/Objects-normal/arm64_32/SBQuickLook_const_extract_protocols.json -Xcc -I/Users/admin/builder/spi-builder-workspace/.derivedData/Build/Products/Debug-watchos/include -Xcc -I/Users/admin/builder/spi-builder-workspace/.derivedData/Build/Intermediates.noindex/SBQuickLook.build/Debug-watchos/SBQuickLook-t.build/DerivedSources-normal/arm64_32 -Xcc -I/Users/admin/builder/spi-builder-workspace/.derivedData/Build/Intermediates.noindex/SBQuickLook.build/Debug-watchos/SBQuickLook-t.build/DerivedSources/arm64_32 -Xcc -I/Users/admin/builder/spi-builder-workspace/.derivedData/Build/Intermediates.noindex/SBQuickLook.build/Debug-watchos/SBQuickLook-t.build/DerivedSources -Xcc -DSWIFT_PACKAGE -Xcc -DDEBUG\=1 -emit-objc-header -emit-objc-header-path /Users/admin/builder/spi-builder-workspace/.derivedData/Build/Intermediates.noindex/SBQuickLook.build/Debug-watchos/SBQuickLook-t.build/Objects-normal/arm64_32/SBQuickLook-Swift.h -working-directory /Users/admin/builder/spi-builder-workspace/.swiftpm/xcode -experimental-emit-module-separately -disable-cmo
/Users/admin/builder/spi-builder-workspace/Sources/SBQuickLook/Models/SBQLPreviewItem.swift:8:8: error: Unable to resolve module dependency: 'QuickLook' (in target 'SBQuickLook' from project 'SBQuickLook')
    note: A dependency of main module 'SBQuickLook'
    /Users/admin/builder/spi-builder-workspace/Sources/SBQuickLook/SBQuickLookView.swift:10:8: note: Also imported here
    /Users/admin/builder/spi-builder-workspace/Sources/SBQuickLook/SBQuickViewController+Delegates.swift:8:8: note: Also imported here
    /Users/admin/builder/spi-builder-workspace/Sources/SBQuickLook/SBQuickViewController.swift:10:8: note: Also imported here
/Users/admin/builder/spi-builder-workspace/Sources/SBQuickLook/Models/SBQLPreviewItem.swift:8:8: note: A dependency of main module 'SBQuickLook'
import QuickLook
       ^ (in target 'SBQuickLook' from project 'SBQuickLook')
/Users/admin/builder/spi-builder-workspace/Sources/SBQuickLook/SBQuickLookView.swift:10:8: note: Also imported here
import QuickLook
       ^ (in target 'SBQuickLook' from project 'SBQuickLook')
/Users/admin/builder/spi-builder-workspace/Sources/SBQuickLook/SBQuickViewController+Delegates.swift:8:8: note: Also imported here
import QuickLook
       ^ (in target 'SBQuickLook' from project 'SBQuickLook')
/Users/admin/builder/spi-builder-workspace/Sources/SBQuickLook/SBQuickViewController.swift:10:8: note: Also imported here
import QuickLook
       ^ (in target 'SBQuickLook' from project 'SBQuickLook')
SwiftDriver SBQuickLook normal arm64 com.apple.xcode.tools.swift.compiler (in target 'SBQuickLook' from project 'SBQuickLook')
    cd /Users/admin/builder/spi-builder-workspace/.swiftpm/xcode
    builtin-SwiftDriver -- /Applications/Xcode-27.0.0-Release.Candidate.app/Contents/Developer/Toolchains/XcodeDefault.xctoolchain/usr/bin/swiftc -parse-as-library -module-name SBQuickLook -Onone @/Users/admin/builder/spi-builder-workspace/.derivedData/Build/Intermediates.noindex/SBQuickLook.build/Debug-watchos/SBQuickLook-t.build/Objects-normal/arm64/SBQuickLook.SwiftFileList -DSWIFT_PACKAGE -DDEBUG -DSWIFT_MODULE_RESOURCE_BUNDLE_UNAVAILABLE -DXcode -plugin-path /Applications/Xcode-27.0.0-Release.Candidate.app/Contents/Developer/Toolchains/XcodeDefault.xctoolchain/usr/lib/swift/host/plugins/testing -enable-experimental-feature DebugDescriptionMacro -sdk /Applications/Xcode-27.0.0-Release.Candidate.app/Contents/Developer/Platforms/WatchOS.platform/Developer/SDKs/WatchOS27.0.sdk -target arm64-apple-watchos9.0 -g -module-cache-path /Users/admin/builder/spi-builder-workspace/.derivedData/ModuleCache.noindex -Xfrontend -serialize-debugging-options -profile-coverage-mapping -profile-generate -enable-testing -index-store-path /Users/admin/builder/spi-builder-workspace/.derivedData/Index.noindex/DataStore -Xcc -D_LIBCPP_HARDENING_MODE\=_LIBCPP_HARDENING_MODE_DEBUG -swift-version 5 -I /Users/admin/builder/spi-builder-workspace/.derivedData/Build/Products/Debug-watchos -Isystem /Applications/Xcode-27.0.0-Release.Candidate.app/Contents/Developer/Platforms/WatchOS.platform/Developer/usr/lib -F /Users/admin/builder/spi-builder-workspace/.derivedData/Build/Products/Debug-watchos -F /Applications/Xcode-27.0.0-Release.Candidate.app/Contents/Developer/Platforms/WatchOS.platform/Developer/Library/Frameworks -F /Applications/Xcode-27.0.0-Release.Candidate.app/Contents/Developer/Platforms/WatchOS.platform/Developer/SDKs/WatchOS27.0.sdk/Developer/Library/Frameworks -c -j10 -enable-batch-mode -incremental -Xcc -ivfsstatcache -Xcc /Users/admin/builder/spi-builder-workspace/.derivedData/SDKStatCaches.noindex/watchos27.0-24R360-e829b21a6f8c9b70876ba0858053c04477534ef55a1706bf4c1112bbb242f0a2.sdkstatcache -output-file-map /Users/admin/builder/spi-builder-workspace/.derivedData/Build/Intermediates.noindex/SBQuickLook.build/Debug-watchos/SBQuickLook-t.build/Objects-normal/arm64/SBQuickLook-OutputFileMap.json -save-temps -no-color-diagnostics -explicit-module-build -module-cache-path /Users/admin/builder/spi-builder-workspace/.derivedData/Build/Intermediates.noindex/SwiftExplicitPrecompiledModules -clang-scanner-module-cache-path /Users/admin/builder/spi-builder-workspace/.derivedData/ModuleCache.noindex -sdk-module-cache-path /Users/admin/builder/spi-builder-workspace/.derivedData/SDKExplicitPrecompiledModules -emit-dependencies -emit-module -emit-module-path /Users/admin/builder/spi-builder-workspace/.derivedData/Build/Intermediates.noindex/SBQuickLook.build/Debug-watchos/SBQuickLook-t.build/Objects-normal/arm64/SBQuickLook.swiftmodule -serialize-diagnostics -dependency-scan-serialize-diagnostics-path /Users/admin/builder/spi-builder-workspace/.derivedData/Build/Intermediates.noindex/SBQuickLook.build/Debug-watchos/SBQuickLook-t.build/Objects-normal/arm64/SBQuickLook-dependency-scan.dia -validate-clang-modules-once -clang-build-session-file /Users/admin/builder/spi-builder-workspace/.derivedData/ModuleCache.noindex/Session.modulevalidation -Xcc -fmodules-prune-interval\=86400 -Xcc -fmodules-prune-after\=345600 -emit-const-values -const-gather-protocols-list /Users/admin/builder/spi-builder-workspace/.derivedData/Build/Intermediates.noindex/SBQuickLook.build/Debug-watchos/SBQuickLook-t.build/Objects-normal/arm64/SBQuickLook_const_extract_protocols.json -Xcc -I/Users/admin/builder/spi-builder-workspace/.derivedData/Build/Products/Debug-watchos/include -Xcc -I/Users/admin/builder/spi-builder-workspace/.derivedData/Build/Intermediates.noindex/SBQuickLook.build/Debug-watchos/SBQuickLook-t.build/DerivedSources-normal/arm64 -Xcc -I/Users/admin/builder/spi-builder-workspace/.derivedData/Build/Intermediates.noindex/SBQuickLook.build/Debug-watchos/SBQuickLook-t.build/DerivedSources/arm64 -Xcc -I/Users/admin/builder/spi-builder-workspace/.derivedData/Build/Intermediates.noindex/SBQuickLook.build/Debug-watchos/SBQuickLook-t.build/DerivedSources -Xcc -DSWIFT_PACKAGE -Xcc -DDEBUG\=1 -emit-objc-header -emit-objc-header-path /Users/admin/builder/spi-builder-workspace/.derivedData/Build/Intermediates.noindex/SBQuickLook.build/Debug-watchos/SBQuickLook-t.build/Objects-normal/arm64/SBQuickLook-Swift.h -working-directory /Users/admin/builder/spi-builder-workspace/.swiftpm/xcode -experimental-emit-module-separately -disable-cmo
/Users/admin/builder/spi-builder-workspace/Sources/SBQuickLook/Models/SBQLPreviewItem.swift:8:8: error: Unable to resolve module dependency: 'QuickLook' (in target 'SBQuickLook' from project 'SBQuickLook')
    note: A dependency of main module 'SBQuickLook'
    /Users/admin/builder/spi-builder-workspace/Sources/SBQuickLook/SBQuickLookView.swift:10:8: note: Also imported here
    /Users/admin/builder/spi-builder-workspace/Sources/SBQuickLook/SBQuickViewController+Delegates.swift:8:8: note: Also imported here
    /Users/admin/builder/spi-builder-workspace/Sources/SBQuickLook/SBQuickViewController.swift:10:8: note: Also imported here
/Users/admin/builder/spi-builder-workspace/Sources/SBQuickLook/Models/SBQLPreviewItem.swift:8:8: note: A dependency of main module 'SBQuickLook'
import QuickLook
       ^ (in target 'SBQuickLook' from project 'SBQuickLook')
/Users/admin/builder/spi-builder-workspace/Sources/SBQuickLook/SBQuickLookView.swift:10:8: note: Also imported here
import QuickLook
       ^ (in target 'SBQuickLook' from project 'SBQuickLook')
/Users/admin/builder/spi-builder-workspace/Sources/SBQuickLook/SBQuickViewController+Delegates.swift:8:8: note: Also imported here
import QuickLook
       ^ (in target 'SBQuickLook' from project 'SBQuickLook')
/Users/admin/builder/spi-builder-workspace/Sources/SBQuickLook/SBQuickViewController.swift:10:8: note: Also imported here
import QuickLook
       ^ (in target 'SBQuickLook' from project 'SBQuickLook')
PruneExplicitPrecompiledModules /Users/admin/builder/spi-builder-workspace/.derivedData/SDKExplicitPrecompiledModules
PruneExplicitPrecompiledModules /Users/admin/builder/spi-builder-workspace/.derivedData/Build/Intermediates.noindex/ExplicitPrecompiledModules
PruneExplicitPrecompiledModules /Users/admin/builder/spi-builder-workspace/.derivedData/Build/Intermediates.noindex/SwiftExplicitPrecompiledModules
2026-09-18 20:48:25.646 xcodebuild[647:4187] [MT] IDERunDestination: Supported platforms for the buildables in the current scheme is empty.
** BUILD FAILED **
The following build commands failed:
	SwiftDriver SBQuickLook normal arm64_32 com.apple.xcode.tools.swift.compiler (in target 'SBQuickLook' from project 'SBQuickLook')
	SwiftDriver SBQuickLook normal arm64 com.apple.xcode.tools.swift.compiler (in target 'SBQuickLook' from project 'SBQuickLook')
	Building workspace SBQuickLook with scheme SBQuickLook
(3 failures)
Command line invocation:
    /Applications/Xcode-27.0.0-Release.Candidate.app/Contents/Developer/usr/bin/xcodebuild -IDEClonedSourcePackagesDirPathOverride=/Users/admin/builder/spi-builder-workspace/.dependencies -resolvePackageDependencies
Resolve Package Graph
Resolved source packages:
  SBQuickLook: /Users/admin/builder/spi-builder-workspace
resolved source packages: SBQuickLook
2026-09-18 20:48:28.920 xcodebuild[662:4442] [MT] IDERunDestination: Supported platforms for the buildables in the current scheme is empty.
{
  "dependencies" : [
  ],
  "manifest_display_name" : "SBQuickLook",
  "name" : "SBQuickLook",
  "path" : "/Users/admin/builder/spi-builder-workspace",
  "platforms" : [
    {
      "name" : "ios",
      "version" : "13.0"
    }
  ],
  "products" : [
    {
      "name" : "SBQuickLook",
      "targets" : [
        "SBQuickLook"
      ],
      "type" : {
        "library" : [
          "automatic"
        ]
      }
    }
  ],
  "targets" : [
    {
      "c99name" : "SBQuickLookTests",
      "module_type" : "SwiftTarget",
      "name" : "SBQuickLookTests",
      "path" : "Tests/SBQuickLookTests",
      "sources" : [
        "SBQuickLookTests.swift"
      ],
      "target_dependencies" : [
        "SBQuickLook"
      ],
      "type" : "test"
    },
    {
      "c99name" : "SBQuickLook",
      "module_type" : "SwiftTarget",
      "name" : "SBQuickLook",
      "path" : "Sources/SBQuickLook",
      "product_memberships" : [
        "SBQuickLook"
      ],
      "sources" : [
        "Models/SBQLConfiguration.swift",
        "Models/SBQLError.swift",
        "Models/SBQLErrorType.swift",
        "Models/SBQLFileItem.swift",
        "Models/SBQLPreviewItem.swift",
        "SBQuickLookView.swift",
        "SBQuickViewController+Delegates.swift",
        "SBQuickViewController.swift"
      ],
      "type" : "library"
    }
  ],
  "tools_version" : "5.7"
}
{
  "workspace" : {
    "name" : "SBQuickLook",
    "schemes" : [
      "SBQuickLook"
    ]
  }
}
2026-09-18 20:48:30.140 xcodebuild[670:4505] [MT] IDERunDestination: Supported platforms for the buildables in the current scheme is empty.
Running build ...
env DEVELOPER_DIR=/Applications/Xcode-27.0.0-Release.Candidate.app xcrun xcodebuild -IDEClonedSourcePackagesDirPathOverride=$PWD/.dependencies -skipMacroValidation -skipPackagePluginValidation -derivedDataPath $PWD/.derivedData build -scheme SBQuickLook -destination generic/platform=watchOS
Command line invocation:
    /Applications/Xcode-27.0.0-Release.Candidate.app/Contents/Developer/usr/bin/xcodebuild -IDEClonedSourcePackagesDirPathOverride=/Users/admin/builder/spi-builder-workspace/.dependencies -skipMacroValidation -skipPackagePluginValidation -derivedDataPath /Users/admin/builder/spi-builder-workspace/.derivedData build -scheme SBQuickLook -destination generic/platform=watchOS
Resolve Package Graph
Resolved source packages:
  SBQuickLook: /Users/admin/builder/spi-builder-workspace
ComputePackagePrebuildTargetDependencyGraph
Prepare packages
CreateBuildRequest
SendProjectDescription
CreateBuildOperation
ComputeTargetDependencyGraph
note: Building targets in dependency order
note: Target dependency graph (2 targets)
    Target 'SBQuickLook-product' in project 'SBQuickLook'
        ➜ Explicit dependency on target 'SBQuickLook' in project 'SBQuickLook'
    Target 'SBQuickLook' in project 'SBQuickLook' (no dependencies)
GatherProvisioningInputs
CreateBuildDescription
ClangStatCache /Applications/Xcode-27.0.0-Release.Candidate.app/Contents/Developer/Toolchains/XcodeDefault.xctoolchain/usr/bin/clang-stat-cache /Applications/Xcode-27.0.0-Release.Candidate.app/Contents/Developer/Platforms/WatchOS.platform/Developer/SDKs/WatchOS27.0.sdk /Users/admin/builder/spi-builder-workspace/.derivedData/SDKStatCaches.noindex/watchos27.0-24R360-e829b21a6f8c9b70876ba0858053c04477534ef55a1706bf4c1112bbb242f0a2.sdkstatcache
    cd /Users/admin/builder/spi-builder-workspace/.swiftpm/xcode
    /Applications/Xcode-27.0.0-Release.Candidate.app/Contents/Developer/Toolchains/XcodeDefault.xctoolchain/usr/bin/clang-stat-cache /Applications/Xcode-27.0.0-Release.Candidate.app/Contents/Developer/Platforms/WatchOS.platform/Developer/SDKs/WatchOS27.0.sdk -o /Users/admin/builder/spi-builder-workspace/.derivedData/SDKStatCaches.noindex/watchos27.0-24R360-e829b21a6f8c9b70876ba0858053c04477534ef55a1706bf4c1112bbb242f0a2.sdkstatcache
SwiftDriver SBQuickLook normal arm64_32 com.apple.xcode.tools.swift.compiler (in target 'SBQuickLook' from project 'SBQuickLook')
    cd /Users/admin/builder/spi-builder-workspace/.swiftpm/xcode
    builtin-SwiftDriver -- /Applications/Xcode-27.0.0-Release.Candidate.app/Contents/Developer/Toolchains/XcodeDefault.xctoolchain/usr/bin/swiftc -parse-as-library -module-name SBQuickLook -Onone @/Users/admin/builder/spi-builder-workspace/.derivedData/Build/Intermediates.noindex/SBQuickLook.build/Debug-watchos/SBQuickLook-t.build/Objects-normal/arm64_32/SBQuickLook.SwiftFileList -DSWIFT_PACKAGE -DDEBUG -DSWIFT_MODULE_RESOURCE_BUNDLE_UNAVAILABLE -DXcode -plugin-path /Applications/Xcode-27.0.0-Release.Candidate.app/Contents/Developer/Toolchains/XcodeDefault.xctoolchain/usr/lib/swift/host/plugins/testing -enable-experimental-feature DebugDescriptionMacro -sdk /Applications/Xcode-27.0.0-Release.Candidate.app/Contents/Developer/Platforms/WatchOS.platform/Developer/SDKs/WatchOS27.0.sdk -target arm64_32-apple-watchos9.0 -g -module-cache-path /Users/admin/builder/spi-builder-workspace/.derivedData/ModuleCache.noindex -Xfrontend -serialize-debugging-options -profile-coverage-mapping -profile-generate -enable-testing -index-store-path /Users/admin/builder/spi-builder-workspace/.derivedData/Index.noindex/DataStore -Xcc -D_LIBCPP_HARDENING_MODE\=_LIBCPP_HARDENING_MODE_DEBUG -swift-version 5 -I /Users/admin/builder/spi-builder-workspace/.derivedData/Build/Products/Debug-watchos -Isystem /Applications/Xcode-27.0.0-Release.Candidate.app/Contents/Developer/Platforms/WatchOS.platform/Developer/usr/lib -F /Users/admin/builder/spi-builder-workspace/.derivedData/Build/Products/Debug-watchos -F /Applications/Xcode-27.0.0-Release.Candidate.app/Contents/Developer/Platforms/WatchOS.platform/Developer/Library/Frameworks -F /Applications/Xcode-27.0.0-Release.Candidate.app/Contents/Developer/Platforms/WatchOS.platform/Developer/SDKs/WatchOS27.0.sdk/Developer/Library/Frameworks -c -j10 -enable-batch-mode -incremental -Xcc -ivfsstatcache -Xcc /Users/admin/builder/spi-builder-workspace/.derivedData/SDKStatCaches.noindex/watchos27.0-24R360-e829b21a6f8c9b70876ba0858053c04477534ef55a1706bf4c1112bbb242f0a2.sdkstatcache -output-file-map /Users/admin/builder/spi-builder-workspace/.derivedData/Build/Intermediates.noindex/SBQuickLook.build/Debug-watchos/SBQuickLook-t.build/Objects-normal/arm64_32/SBQuickLook-OutputFileMap.json -save-temps -no-color-diagnostics -explicit-module-build -module-cache-path /Users/admin/builder/spi-builder-workspace/.derivedData/Build/Intermediates.noindex/SwiftExplicitPrecompiledModules -clang-scanner-module-cache-path /Users/admin/builder/spi-builder-workspace/.derivedData/ModuleCache.noindex -sdk-module-cache-path /Users/admin/builder/spi-builder-workspace/.derivedData/SDKExplicitPrecompiledModules -emit-dependencies -emit-module -emit-module-path /Users/admin/builder/spi-builder-workspace/.derivedData/Build/Intermediates.noindex/SBQuickLook.build/Debug-watchos/SBQuickLook-t.build/Objects-normal/arm64_32/SBQuickLook.swiftmodule -serialize-diagnostics -dependency-scan-serialize-diagnostics-path /Users/admin/builder/spi-builder-workspace/.derivedData/Build/Intermediates.noindex/SBQuickLook.build/Debug-watchos/SBQuickLook-t.build/Objects-normal/arm64_32/SBQuickLook-dependency-scan.dia -validate-clang-modules-once -clang-build-session-file /Users/admin/builder/spi-builder-workspace/.derivedData/ModuleCache.noindex/Session.modulevalidation -Xcc -fmodules-prune-interval\=86400 -Xcc -fmodules-prune-after\=345600 -emit-const-values -const-gather-protocols-list /Users/admin/builder/spi-builder-workspace/.derivedData/Build/Intermediates.noindex/SBQuickLook.build/Debug-watchos/SBQuickLook-t.build/Objects-normal/arm64_32/SBQuickLook_const_extract_protocols.json -Xcc -I/Users/admin/builder/spi-builder-workspace/.derivedData/Build/Products/Debug-watchos/include -Xcc -I/Users/admin/builder/spi-builder-workspace/.derivedData/Build/Intermediates.noindex/SBQuickLook.build/Debug-watchos/SBQuickLook-t.build/DerivedSources-normal/arm64_32 -Xcc -I/Users/admin/builder/spi-builder-workspace/.derivedData/Build/Intermediates.noindex/SBQuickLook.build/Debug-watchos/SBQuickLook-t.build/DerivedSources/arm64_32 -Xcc -I/Users/admin/builder/spi-builder-workspace/.derivedData/Build/Intermediates.noindex/SBQuickLook.build/Debug-watchos/SBQuickLook-t.build/DerivedSources -Xcc -DSWIFT_PACKAGE -Xcc -DDEBUG\=1 -emit-objc-header -emit-objc-header-path /Users/admin/builder/spi-builder-workspace/.derivedData/Build/Intermediates.noindex/SBQuickLook.build/Debug-watchos/SBQuickLook-t.build/Objects-normal/arm64_32/SBQuickLook-Swift.h -working-directory /Users/admin/builder/spi-builder-workspace/.swiftpm/xcode -experimental-emit-module-separately -disable-cmo
/Users/admin/builder/spi-builder-workspace/Sources/SBQuickLook/Models/SBQLPreviewItem.swift:8:8: error: Unable to resolve module dependency: 'QuickLook' (in target 'SBQuickLook' from project 'SBQuickLook')
    note: A dependency of main module 'SBQuickLook'
    /Users/admin/builder/spi-builder-workspace/Sources/SBQuickLook/SBQuickLookView.swift:10:8: note: Also imported here
    /Users/admin/builder/spi-builder-workspace/Sources/SBQuickLook/SBQuickViewController+Delegates.swift:8:8: note: Also imported here
    /Users/admin/builder/spi-builder-workspace/Sources/SBQuickLook/SBQuickViewController.swift:10:8: note: Also imported here
/Users/admin/builder/spi-builder-workspace/Sources/SBQuickLook/Models/SBQLPreviewItem.swift:8:8: note: A dependency of main module 'SBQuickLook'
import QuickLook
       ^ (in target 'SBQuickLook' from project 'SBQuickLook')
/Users/admin/builder/spi-builder-workspace/Sources/SBQuickLook/SBQuickLookView.swift:10:8: note: Also imported here
import QuickLook
       ^ (in target 'SBQuickLook' from project 'SBQuickLook')
/Users/admin/builder/spi-builder-workspace/Sources/SBQuickLook/SBQuickViewController+Delegates.swift:8:8: note: Also imported here
import QuickLook
       ^ (in target 'SBQuickLook' from project 'SBQuickLook')
/Users/admin/builder/spi-builder-workspace/Sources/SBQuickLook/SBQuickViewController.swift:10:8: note: Also imported here
import QuickLook
       ^ (in target 'SBQuickLook' from project 'SBQuickLook')
SwiftDriver SBQuickLook normal arm64 com.apple.xcode.tools.swift.compiler (in target 'SBQuickLook' from project 'SBQuickLook')
    cd /Users/admin/builder/spi-builder-workspace/.swiftpm/xcode
    builtin-SwiftDriver -- /Applications/Xcode-27.0.0-Release.Candidate.app/Contents/Developer/Toolchains/XcodeDefault.xctoolchain/usr/bin/swiftc -parse-as-library -module-name SBQuickLook -Onone @/Users/admin/builder/spi-builder-workspace/.derivedData/Build/Intermediates.noindex/SBQuickLook.build/Debug-watchos/SBQuickLook-t.build/Objects-normal/arm64/SBQuickLook.SwiftFileList -DSWIFT_PACKAGE -DDEBUG -DSWIFT_MODULE_RESOURCE_BUNDLE_UNAVAILABLE -DXcode -plugin-path /Applications/Xcode-27.0.0-Release.Candidate.app/Contents/Developer/Toolchains/XcodeDefault.xctoolchain/usr/lib/swift/host/plugins/testing -enable-experimental-feature DebugDescriptionMacro -sdk /Applications/Xcode-27.0.0-Release.Candidate.app/Contents/Developer/Platforms/WatchOS.platform/Developer/SDKs/WatchOS27.0.sdk -target arm64-apple-watchos9.0 -g -module-cache-path /Users/admin/builder/spi-builder-workspace/.derivedData/ModuleCache.noindex -Xfrontend -serialize-debugging-options -profile-coverage-mapping -profile-generate -enable-testing -index-store-path /Users/admin/builder/spi-builder-workspace/.derivedData/Index.noindex/DataStore -Xcc -D_LIBCPP_HARDENING_MODE\=_LIBCPP_HARDENING_MODE_DEBUG -swift-version 5 -I /Users/admin/builder/spi-builder-workspace/.derivedData/Build/Products/Debug-watchos -Isystem /Applications/Xcode-27.0.0-Release.Candidate.app/Contents/Developer/Platforms/WatchOS.platform/Developer/usr/lib -F /Users/admin/builder/spi-builder-workspace/.derivedData/Build/Products/Debug-watchos -F /Applications/Xcode-27.0.0-Release.Candidate.app/Contents/Developer/Platforms/WatchOS.platform/Developer/Library/Frameworks -F /Applications/Xcode-27.0.0-Release.Candidate.app/Contents/Developer/Platforms/WatchOS.platform/Developer/SDKs/WatchOS27.0.sdk/Developer/Library/Frameworks -c -j10 -enable-batch-mode -incremental -Xcc -ivfsstatcache -Xcc /Users/admin/builder/spi-builder-workspace/.derivedData/SDKStatCaches.noindex/watchos27.0-24R360-e829b21a6f8c9b70876ba0858053c04477534ef55a1706bf4c1112bbb242f0a2.sdkstatcache -output-file-map /Users/admin/builder/spi-builder-workspace/.derivedData/Build/Intermediates.noindex/SBQuickLook.build/Debug-watchos/SBQuickLook-t.build/Objects-normal/arm64/SBQuickLook-OutputFileMap.json -save-temps -no-color-diagnostics -explicit-module-build -module-cache-path /Users/admin/builder/spi-builder-workspace/.derivedData/Build/Intermediates.noindex/SwiftExplicitPrecompiledModules -clang-scanner-module-cache-path /Users/admin/builder/spi-builder-workspace/.derivedData/ModuleCache.noindex -sdk-module-cache-path /Users/admin/builder/spi-builder-workspace/.derivedData/SDKExplicitPrecompiledModules -emit-dependencies -emit-module -emit-module-path /Users/admin/builder/spi-builder-workspace/.derivedData/Build/Intermediates.noindex/SBQuickLook.build/Debug-watchos/SBQuickLook-t.build/Objects-normal/arm64/SBQuickLook.swiftmodule -serialize-diagnostics -dependency-scan-serialize-diagnostics-path /Users/admin/builder/spi-builder-workspace/.derivedData/Build/Intermediates.noindex/SBQuickLook.build/Debug-watchos/SBQuickLook-t.build/Objects-normal/arm64/SBQuickLook-dependency-scan.dia -validate-clang-modules-once -clang-build-session-file /Users/admin/builder/spi-builder-workspace/.derivedData/ModuleCache.noindex/Session.modulevalidation -Xcc -fmodules-prune-interval\=86400 -Xcc -fmodules-prune-after\=345600 -emit-const-values -const-gather-protocols-list /Users/admin/builder/spi-builder-workspace/.derivedData/Build/Intermediates.noindex/SBQuickLook.build/Debug-watchos/SBQuickLook-t.build/Objects-normal/arm64/SBQuickLook_const_extract_protocols.json -Xcc -I/Users/admin/builder/spi-builder-workspace/.derivedData/Build/Products/Debug-watchos/include -Xcc -I/Users/admin/builder/spi-builder-workspace/.derivedData/Build/Intermediates.noindex/SBQuickLook.build/Debug-watchos/SBQuickLook-t.build/DerivedSources-normal/arm64 -Xcc -I/Users/admin/builder/spi-builder-workspace/.derivedData/Build/Intermediates.noindex/SBQuickLook.build/Debug-watchos/SBQuickLook-t.build/DerivedSources/arm64 -Xcc -I/Users/admin/builder/spi-builder-workspace/.derivedData/Build/Intermediates.noindex/SBQuickLook.build/Debug-watchos/SBQuickLook-t.build/DerivedSources -Xcc -DSWIFT_PACKAGE -Xcc -DDEBUG\=1 -emit-objc-header -emit-objc-header-path /Users/admin/builder/spi-builder-workspace/.derivedData/Build/Intermediates.noindex/SBQuickLook.build/Debug-watchos/SBQuickLook-t.build/Objects-normal/arm64/SBQuickLook-Swift.h -working-directory /Users/admin/builder/spi-builder-workspace/.swiftpm/xcode -experimental-emit-module-separately -disable-cmo
/Users/admin/builder/spi-builder-workspace/Sources/SBQuickLook/Models/SBQLPreviewItem.swift:8:8: error: Unable to resolve module dependency: 'QuickLook' (in target 'SBQuickLook' from project 'SBQuickLook')
    note: A dependency of main module 'SBQuickLook'
    /Users/admin/builder/spi-builder-workspace/Sources/SBQuickLook/SBQuickLookView.swift:10:8: note: Also imported here
    /Users/admin/builder/spi-builder-workspace/Sources/SBQuickLook/SBQuickViewController+Delegates.swift:8:8: note: Also imported here
    /Users/admin/builder/spi-builder-workspace/Sources/SBQuickLook/SBQuickViewController.swift:10:8: note: Also imported here
/Users/admin/builder/spi-builder-workspace/Sources/SBQuickLook/Models/SBQLPreviewItem.swift:8:8: note: A dependency of main module 'SBQuickLook'
import QuickLook
       ^ (in target 'SBQuickLook' from project 'SBQuickLook')
/Users/admin/builder/spi-builder-workspace/Sources/SBQuickLook/SBQuickLookView.swift:10:8: note: Also imported here
import QuickLook
       ^ (in target 'SBQuickLook' from project 'SBQuickLook')
/Users/admin/builder/spi-builder-workspace/Sources/SBQuickLook/SBQuickViewController+Delegates.swift:8:8: note: Also imported here
import QuickLook
       ^ (in target 'SBQuickLook' from project 'SBQuickLook')
/Users/admin/builder/spi-builder-workspace/Sources/SBQuickLook/SBQuickViewController.swift:10:8: note: Also imported here
import QuickLook
       ^ (in target 'SBQuickLook' from project 'SBQuickLook')
PruneExplicitPrecompiledModules /Users/admin/builder/spi-builder-workspace/.derivedData/Build/Intermediates.noindex/ExplicitPrecompiledModules
PruneExplicitPrecompiledModules /Users/admin/builder/spi-builder-workspace/.derivedData/Build/Intermediates.noindex/SwiftExplicitPrecompiledModules
PruneExplicitPrecompiledModules /Users/admin/builder/spi-builder-workspace/.derivedData/SDKExplicitPrecompiledModules
2026-09-18 20:48:31.110 xcodebuild[671:4533] [MT] IDERunDestination: Supported platforms for the buildables in the current scheme is empty.
** BUILD FAILED **
The following build commands failed:
	SwiftDriver SBQuickLook normal arm64_32 com.apple.xcode.tools.swift.compiler (in target 'SBQuickLook' from project 'SBQuickLook')
	SwiftDriver SBQuickLook normal arm64 com.apple.xcode.tools.swift.compiler (in target 'SBQuickLook' from project 'SBQuickLook')
	Building workspace SBQuickLook with scheme SBQuickLook
(3 failures)
BUILD FAILURE 6.4 watchOS