Build Information
Failed to build DynamicBlurView, reference 5.0.5 (d69b09), with Swift 6.4 for watchOS using Xcode 27.0 on 20 Sep 2026 22:46:20 UTC.
Build Command
env DEVELOPER_DIR=/Applications/Xcode-27.0.0-Release.Candidate.app xcrun xcodebuild -IDEClonedSourcePackagesDirPathOverride=$PWD/.dependencies -skipMacroValidation -skipPackagePluginValidation -derivedDataPath $PWD/.derivedData build -scheme DynamicBlurView-Package -destination generic/platform=watchOSBuild Log
========================================
RunAll
========================================
Builder version: 5.1.0
Interrupt handler set up.
========================================
Checkout
========================================
Clone URL: https://github.com/KyoheiG3/DynamicBlurView.git
Reference: 5.0.5
Initialized empty Git repository in /Users/admin/builder/spi-builder-workspace/.git/
From https://github.com/KyoheiG3/DynamicBlurView
* tag 5.0.5 -> FETCH_HEAD
HEAD is now at d69b09d Merge pull request #57 from everli/master
Cloned https://github.com/KyoheiG3/DynamicBlurView.git
Revision (git rev-parse @):
d69b09d70a689dc7b8ea6aa6de3e63f9e6c545ce
SUCCESS checkout https://github.com/KyoheiG3/DynamicBlurView.git at 5.0.5
========================================
Build
========================================
Selected platform: watchOS
Swift version: 6.4
Building package at path: $PWD
https://github.com/KyoheiG3/DynamicBlurView.git
Command line invocation:
/Applications/Xcode-27.0.0-Release.Candidate.app/Contents/Developer/usr/bin/xcodebuild -IDEClonedSourcePackagesDirPathOverride=/Users/admin/builder/spi-builder-workspace/.dependencies -resolvePackageDependencies
resolved source packages:
{
"dependencies" : [
],
"manifest_display_name" : "DynamicBlurView",
"name" : "DynamicBlurView",
"path" : "/Users/admin/builder/spi-builder-workspace",
"platforms" : [
{
"name" : "ios",
"version" : "9.0"
}
],
"products" : [
{
"name" : "DynamicBlurView",
"targets" : [
"DynamicBlurView"
],
"type" : {
"library" : [
"automatic"
]
}
}
],
"targets" : [
{
"c99name" : "DynamicBlurView",
"module_type" : "SwiftTarget",
"name" : "DynamicBlurView",
"path" : "Sources/DynamicBlurView",
"product_memberships" : [
"DynamicBlurView"
],
"sources" : [
"BlurLayer.swift",
"CALayer+Conversion.swift",
"CGContext+CGImage.swift",
"CGImage+Accelerate.swift",
"CGRect+Conversion.swift",
"CaptureQuality.swift",
"DynamicBlurView.swift",
"TrackingMode.swift",
"UIImage+Blur.swift"
],
"type" : "library"
}
],
"tools_version" : "5.0"
}
{
"project" : {
"configurations" : [
"Debug",
"Release"
],
"name" : "DynamicBlurView",
"schemes" : [
"DynamicBlurView",
"DynamicBlurView-Package"
],
"targets" : [
"DynamicBlurView",
"DynamicBlurViewPackageDescription",
"DynamicBlurViewPackageTests",
"DynamicBlurViewTests"
]
}
}
Running build ...
env DEVELOPER_DIR=/Applications/Xcode-27.0.0-Release.Candidate.app xcrun xcodebuild -IDEClonedSourcePackagesDirPathOverride=$PWD/.dependencies -skipMacroValidation -skipPackagePluginValidation -derivedDataPath $PWD/.derivedData build -scheme DynamicBlurView-Package -destination generic/platform=watchOS
Command line invocation:
/Applications/Xcode-27.0.0-Release.Candidate.app/Contents/Developer/usr/bin/xcodebuild -IDEClonedSourcePackagesDirPathOverride=/Users/admin/builder/spi-builder-workspace/.dependencies -skipMacroValidation -skipPackagePluginValidation -derivedDataPath /Users/admin/builder/spi-builder-workspace/.derivedData build -scheme DynamicBlurView-Package -destination generic/platform=watchOS
ComputePackagePrebuildTargetDependencyGraph
Prepare packages
CreateBuildRequest
SendProjectDescription
CreateBuildOperation
ComputeTargetDependencyGraph
note: Building targets in dependency order
note: Target dependency graph (1 target)
Target 'DynamicBlurView' in project 'DynamicBlurView' (no dependencies)
GatherProvisioningInputs
CreateBuildDescription
ExecuteExternalTool /Applications/Xcode-27.0.0-Release.Candidate.app/Contents/Developer/Toolchains/XcodeDefault.xctoolchain/usr/bin/clang -v -E -dM -isysroot /Applications/Xcode-27.0.0-Release.Candidate.app/Contents/Developer/Platforms/WatchOS.platform/Developer/SDKs/WatchOS27.0.sdk -x c -c /dev/null
ExecuteExternalTool /Applications/Xcode-27.0.0-Release.Candidate.app/Contents/Developer/Toolchains/XcodeDefault.xctoolchain/usr/bin/swiftc --version
ExecuteExternalTool /Applications/Xcode-27.0.0-Release.Candidate.app/Contents/Developer/Toolchains/XcodeDefault.xctoolchain/usr/bin/ld -version_details
Build description signature: 566a4dc2a83483bbbaa58ebf566e57c6
Build description path: /Users/admin/builder/spi-builder-workspace/.derivedData/Build/Intermediates.noindex/XCBuildData/566a4dc2a83483bbbaa58ebf566e57c6.xcbuilddata
/Users/admin/builder/spi-builder-workspace/DynamicBlurView.xcodeproj: error: The watchOS deployment target 'WATCHOS_DEPLOYMENT_TARGET' is set to 2.0, but the range of supported deployment target versions is 9.0 to 27.0.x. (in target 'DynamicBlurView' from project 'DynamicBlurView')
error: The armv7k architecture is deprecated. You should update your ARCHS build setting to remove the armv7k architecture. (in target 'DynamicBlurView' from project 'DynamicBlurView')
** BUILD FAILED **
The following build commands failed:
Building project DynamicBlurView with scheme DynamicBlurView-Package
(1 failure)
Command line invocation:
/Applications/Xcode-27.0.0-Release.Candidate.app/Contents/Developer/usr/bin/xcodebuild -IDEClonedSourcePackagesDirPathOverride=/Users/admin/builder/spi-builder-workspace/.dependencies -resolvePackageDependencies
resolved source packages:
{
"dependencies" : [
],
"manifest_display_name" : "DynamicBlurView",
"name" : "DynamicBlurView",
"path" : "/Users/admin/builder/spi-builder-workspace",
"platforms" : [
{
"name" : "ios",
"version" : "9.0"
}
],
"products" : [
{
"name" : "DynamicBlurView",
"targets" : [
"DynamicBlurView"
],
"type" : {
"library" : [
"automatic"
]
}
}
],
"targets" : [
{
"c99name" : "DynamicBlurView",
"module_type" : "SwiftTarget",
"name" : "DynamicBlurView",
"path" : "Sources/DynamicBlurView",
"product_memberships" : [
"DynamicBlurView"
],
"sources" : [
"BlurLayer.swift",
"CALayer+Conversion.swift",
"CGContext+CGImage.swift",
"CGImage+Accelerate.swift",
"CGRect+Conversion.swift",
"CaptureQuality.swift",
"DynamicBlurView.swift",
"TrackingMode.swift",
"UIImage+Blur.swift"
],
"type" : "library"
}
],
"tools_version" : "5.0"
}
{
"project" : {
"configurations" : [
"Debug",
"Release"
],
"name" : "DynamicBlurView",
"schemes" : [
"DynamicBlurView",
"DynamicBlurView-Package"
],
"targets" : [
"DynamicBlurView",
"DynamicBlurViewPackageDescription",
"DynamicBlurViewPackageTests",
"DynamicBlurViewTests"
]
}
}
Running build ...
env DEVELOPER_DIR=/Applications/Xcode-27.0.0-Release.Candidate.app xcrun xcodebuild -IDEClonedSourcePackagesDirPathOverride=$PWD/.dependencies -skipMacroValidation -skipPackagePluginValidation -derivedDataPath $PWD/.derivedData build -scheme DynamicBlurView-Package -destination generic/platform=watchOS
Command line invocation:
/Applications/Xcode-27.0.0-Release.Candidate.app/Contents/Developer/usr/bin/xcodebuild -IDEClonedSourcePackagesDirPathOverride=/Users/admin/builder/spi-builder-workspace/.dependencies -skipMacroValidation -skipPackagePluginValidation -derivedDataPath /Users/admin/builder/spi-builder-workspace/.derivedData build -scheme DynamicBlurView-Package -destination generic/platform=watchOS
ComputePackagePrebuildTargetDependencyGraph
Prepare packages
CreateBuildRequest
SendProjectDescription
CreateBuildOperation
ComputeTargetDependencyGraph
note: Building targets in dependency order
note: Target dependency graph (1 target)
Target 'DynamicBlurView' in project 'DynamicBlurView' (no dependencies)
GatherProvisioningInputs
CreateBuildDescription
error: The armv7k architecture is deprecated. You should update your ARCHS build setting to remove the armv7k architecture. (in target 'DynamicBlurView' from project 'DynamicBlurView')
/Users/admin/builder/spi-builder-workspace/DynamicBlurView.xcodeproj: error: The watchOS deployment target 'WATCHOS_DEPLOYMENT_TARGET' is set to 2.0, but the range of supported deployment target versions is 9.0 to 27.0.x. (in target 'DynamicBlurView' from project 'DynamicBlurView')
** BUILD FAILED **
The following build commands failed:
Building project DynamicBlurView with scheme DynamicBlurView-Package
(1 failure)
BUILD FAILURE 6.4 watchOS