The Swift Package Index logo.Swift Package Index

Build Information

Failed to build SwiftDownloadManager, reference v1.0.1 (726241), with Swift 6.4 for macOS (SPM) on 18 Sep 2026 06:50:40 UTC.

Build Command

env DEVELOPER_DIR=/Applications/Xcode-27.0.0-Release.Candidate.app xcrun swift build --arch arm64

Build Log

========================================
RunAll
========================================
Builder version: 5.1.0
Interrupt handler set up.
========================================
Checkout
========================================
Clone URL: https://github.com/vberihuete/swift-download-manager.git
Reference: v1.0.1
Initialized empty Git repository in /Users/admin/builder/spi-builder-workspace/.git/
From https://github.com/vberihuete/swift-download-manager
 * tag               v1.0.1     -> FETCH_HEAD
HEAD is now at 7262416 Update README.md
Cloned https://github.com/vberihuete/swift-download-manager.git
Revision (git rev-parse @):
7262416973bb1f4b26b6367d0f199d11bd6d4cce
SUCCESS checkout https://github.com/vberihuete/swift-download-manager.git at v1.0.1
========================================
Build
========================================
Selected platform:         macosSpm
Swift version:             6.4
Building package at path:  $PWD
https://github.com/vberihuete/swift-download-manager.git
Running build ...
env DEVELOPER_DIR=/Applications/Xcode-27.0.0-Release.Candidate.app xcrun swift build --arch arm64
Building for debugging...
[Planning deferred tasks]
[19 / 28]
[20 / 29] swift-download-manager
[31 / 128]
[36 / 128]
[44 / 128]
[46 / 128]
[47 / 128]
[52 / 128]
[55 / 128]
[58 / 128]
[64 / 128]
[67 / 128]
[69 / 128]
[70 / 128]
[83 / 128]
[87 / 128]
[89 / 128]
[94 / 128]
[97 / 128]
[103 / 128]
[104 / 128]
[105 / 128]
[108 / 128]
[119 / 128] swift-download-manager
Fetching https://github.com/Quick/Nimble.git
Fetching https://github.com/Quick/Quick.git
[1/14925] Fetching quick
[300/34911] Fetching quick, nimble
Fetched https://github.com/Quick/Quick.git (2.85s)
Fetched https://github.com/Quick/Nimble.git (2.85s)
Computing version for https://github.com/Quick/Quick.git
Computed https://github.com/Quick/Quick.git at 4.0.0 (3.52s)
Computing version for https://github.com/Quick/Nimble.git
Computed https://github.com/Quick/Nimble.git at 9.2.1 (0.64s)
Fetching https://github.com/mattgallagher/CwlPreconditionTesting.git
[1/1257] Fetching cwlpreconditiontesting
Fetched https://github.com/mattgallagher/CwlPreconditionTesting.git (1.40s)
Computing version for https://github.com/mattgallagher/CwlPreconditionTesting.git
Computed https://github.com/mattgallagher/CwlPreconditionTesting.git at 2.2.2 (2.06s)
Fetching https://github.com/mattgallagher/CwlCatchException.git
[1/460] Fetching cwlcatchexception
Fetched https://github.com/mattgallagher/CwlCatchException.git (0.87s)
Computing version for https://github.com/mattgallagher/CwlCatchException.git
Computed https://github.com/mattgallagher/CwlCatchException.git at 2.2.1 (1.54s)
Creating working copy for https://github.com/Quick/Nimble.git
Working copy of https://github.com/Quick/Nimble.git resolved at 9.2.1
Creating working copy for https://github.com/mattgallagher/CwlCatchException.git
Working copy of https://github.com/mattgallagher/CwlCatchException.git resolved at 2.2.1
Creating working copy for https://github.com/Quick/Quick.git
Working copy of https://github.com/Quick/Quick.git resolved at 4.0.0
Creating working copy for https://github.com/mattgallagher/CwlPreconditionTesting.git
Working copy of https://github.com/mattgallagher/CwlPreconditionTesting.git resolved at 2.2.2
error: SwiftCompile normal arm64 failed with a nonzero exit code. Command line:     cd /Users/admin/builder

/Users/admin/builder/spi-builder-workspace/Sources/swift-download-manager/Interactor/Cases/ImageDownloaderInteractor.swift:26:54: error: cannot find type 'UIImage' in scope
24 |     }
25 |
26 |     public func getImage(with identifier: String) -> UIImage? {
   |                                                      `- error: cannot find type 'UIImage' in scope
27 |         downloadInteractor.getDownloadedData(with: identifier).flatMap {
28 |             UIImage(data: $0)
/Users/admin/builder/spi-builder-workspace/Sources/swift-download-manager/Interactor/Cases/ImageDownloaderInteractor.swift:32:86: error: cannot find type 'UIImage' in scope
30 |     }
31 |
32 |     public func getOrDownloadImage(remoteUrl url: URL, completion: @escaping (Result<UIImage, DownloadError>) -> Void) {
   |                                                                                      `- error: cannot find type 'UIImage' in scope
33 |         if let image = getImage(with: url.absoluteString) {
34 |             completion(.success(image))
Failed frontend command:
/Applications/Xcode-27.0.0-Release.Candidate.app/Contents/Developer/Toolchains/XcodeDefault.xctoolchain/usr/bin/swift-frontend -frontend -emit-module -experimental-skip-non-inlinable-function-bodies-without-types /Users/admin/builder/spi-builder-workspace/Sources/swift-download-manager/Interactor/Cases/DefaultDownloadInteractor.swift /Users/admin/builder/spi-builder-workspace/Sources/swift-download-manager/Interactor/Cases/EntityDownloadInteractor.swift /Users/admin/builder/spi-builder-workspace/Sources/swift-download-manager/Interactor/Cases/ImageDownloaderInteractor.swift /Users/admin/builder/spi-builder-workspace/Sources/swift-download-manager/Interactor/DownloadInteractor.swift /Users/admin/builder/spi-builder-workspace/Sources/swift-download-manager/Interactor/FileManagerInteractor.swift /Users/admin/builder/spi-builder-workspace/Sources/swift-download-manager/Interactor/ObservableURLDownloadTaskInteractor.swift /Users/admin/builder/spi-builder-workspace/Sources/swift-download-manager/Interactor/URLSessionService.swift /Users/admin/builder/spi-builder-workspace/Sources/swift-download-manager/Repository/Download/DownloadRepository.swift /Users/admin/builder/spi-builder-workspace/Sources/swift-download-manager/Repository/Download/Model/CompletedDownload.swift /Users/admin/builder/spi-builder-workspace/Sources/swift-download-manager/Repository/Download/Model/Download.swift /Users/admin/builder/spi-builder-workspace/Sources/swift-download-manager/Repository/Download/Model/DownloadProgress.swift /Users/admin/builder/spi-builder-workspace/Sources/swift-download-manager/Repository/Download/Model/InterruptedDownload.swift /Users/admin/builder/spi-builder-workspace/Sources/swift-download-manager/Repository/Download/Service/DownloadStorageService.swift /Users/admin/builder/spi-builder-workspace/Sources/swift-download-manager/Utility/DownloadError.swift /Users/admin/builder/spi-builder-workspace/Sources/swift-download-manager/Utility/IgnoreEquatable.swift -target arm64-apple-macos12.0 -disable-cross-import-overlay-search -swift-module-cross-import RealityKit /Applications/Xcode-27.0.0-Release.Candidate.app/Contents/Developer/Platforms/MacOSX.platform/Developer/SDKs/MacOSX27.0.sdk/System/Library/Frameworks/RealityKit.framework/Modules/RealityKit.swiftcrossimport/ComputeGraph.swiftoverlay -swift-module-cross-import RealityKit /Applications/Xcode-27.0.0-Release.Candidate.app/Contents/Developer/Platforms/MacOSX.platform/Developer/SDKs/MacOSX27.0.sdk/System/Library/Frameworks/RealityKit.framework/Modules/RealityKit.swiftcrossimport/SwiftUI.swiftoverlay -load-resolved-plugin /Applications/Xcode-27.0.0-Release.Candidate.app/Contents/Developer/Platforms/MacOSX.platform/Developer/usr/lib/swift/host/plugins/libFoundationMacros.dylib\#/Applications/Xcode-27.0.0-Release.Candidate.app/Contents/Developer/Platforms/MacOSX.platform/Developer/usr/bin/swift-plugin-server\#FoundationMacros -load-resolved-plugin /Applications/Xcode-27.0.0-Release.Candidate.app/Contents/Developer/Platforms/MacOSX.platform/Developer/usr/lib/swift/host/plugins/libObservationMacros.dylib\#/Applications/Xcode-27.0.0-Release.Candidate.app/Contents/Developer/Platforms/MacOSX.platform/Developer/usr/bin/swift-plugin-server\#ObservationMacros -load-resolved-plugin /Applications/Xcode-27.0.0-Release.Candidate.app/Contents/Developer/Platforms/MacOSX.platform/Developer/usr/lib/swift/host/plugins/libPreviewsMacros.dylib\#/Applications/Xcode-27.0.0-Release.Candidate.app/Contents/Developer/Platforms/MacOSX.platform/Developer/usr/bin/swift-plugin-server\#PreviewsMacros -load-resolved-plugin /Applications/Xcode-27.0.0-Release.Candidate.app/Contents/Developer/Platforms/MacOSX.platform/Developer/usr/lib/swift/host/plugins/libSwiftMacros.dylib\#/Applications/Xcode-27.0.0-Release.Candidate.app/Contents/Developer/Platforms/MacOSX.platform/Developer/usr/bin/swift-plugin-server\#SwiftMacros -load-resolved-plugin /Applications/Xcode-27.0.0-Release.Candidate.app/Contents/Developer/Platforms/MacOSX.platform/Developer/usr/lib/swift/host/plugins/libSwiftUIMacros.dylib\#/Applications/Xcode-27.0.0-Release.Candidate.app/Contents/Developer/Platforms/MacOSX.platform/Developer/usr/bin/swift-plugin-server\#SwiftUIMacros -disable-implicit-swift-modules -Xcc -fno-implicit-modules -Xcc -fno-implicit-module-maps -explicit-swift-module-map-file /Users/admin/builder/spi-builder-workspace/.build/out/Intermediates.noindex/SwiftDownloadManager.build/Debug/swift-download-manager-t.build/Objects-normal/arm64/swift_download_manager-dependencies-1.json -Xllvm -aarch64-use-tbi -enable-objc-interop -stack-check -sdk /Applications/Xcode-27.0.0-Release.Candidate.app/Contents/Developer/Platforms/MacOSX.platform/Developer/SDKs/MacOSX27.0.sdk -I /Users/admin/builder/spi-builder-workspace/.build/out/Products/Debug -Isystem /Applications/Xcode-27.0.0-Release.Candidate.app/Contents/Developer/Platforms/MacOSX.platform/Developer/usr/lib -F /Users/admin/builder/spi-builder-workspace/.build/out/Products/Debug -F /Applications/Xcode-27.0.0-Release.Candidate.app/Contents/Developer/Platforms/MacOSX.platform/Developer/Library/Frameworks -module-cache-path /Users/admin/builder/spi-builder-workspace/.build/out/Intermediates.noindex/SwiftExplicitPrecompiledModules -color-diagnostics -Xcc -fcolor-diagnostics -enable-testing -g -debug-info-format\=dwarf -dwarf-version\=4 -swift-version 5 -Onone -D SWIFT_PACKAGE -D DEBUG -D SWIFT_MODULE_RESOURCE_BUNDLE_UNAVAILABLE -D Xcode -serialize-debugging-options -enable-experimental-feature DebugDescriptionMacro -empty-abi-descriptor -validate-clang-modules-once -clang-build-session-file /Users/admin/builder/spi-builder-workspace/.build/out/ModuleCache.noindex/Session.modulevalidation -Xcc -working-directory -Xcc /Users/admin/builder -enable-anonymous-context-mangled-names -file-compilation-dir /Users/admin/builder -Xcc -D_LIBCPP_HARDENING_MODE\=_LIBCPP_HARDENING_MODE_DEBUG -Xcc -ivfsstatcache -Xcc /Users/admin/builder/spi-builder-workspace/.build/out/SDKStatCaches.noindex/macosx27.0-26A425-80c5bbf1d171475443272936d42f90a36a22442a12e9d48fe1a705f55a1adfc4.sdkstatcache -Xcc -fmodules-prune-interval\=86400 -Xcc -fmodules-prune-after\=345600 -Xcc -I/Users/admin/builder/spi-builder-workspace/.build/out/Products/Debug/include -Xcc -I/Users/admin/builder/spi-builder-workspace/.build/out/Intermediates.noindex/SwiftDownloadManager.build/Debug/swift-download-manager-t.build/DerivedSources-normal/arm64 -Xcc -I/Users/admin/builder/spi-builder-workspace/.build/out/Intermediates.noindex/SwiftDownloadManager.build/Debug/swift-download-manager-t.build/DerivedSources/arm64 -Xcc -I/Users/admin/builder/spi-builder-workspace/.build/out/Intermediates.noindex/SwiftDownloadManager.build/Debug/swift-download-manager-t.build/DerivedSources -Xcc -DSWIFT_PACKAGE -Xcc -DDEBUG\=1 -no-auto-bridging-header-chaining -module-name swift_download_manager -const-gather-protocols-file /Users/admin/builder/spi-builder-workspace/.build/out/Intermediates.noindex/SwiftDownloadManager.build/Debug/swift-download-manager-t.build/Objects-normal/arm64/swift-download-manager_const_extract_protocols.json -disable-clang-spi -clang-target arm64-apple-macos27.0 -target-sdk-version 27.0 -target-sdk-name macosx27.0 -in-process-plugin-server-path /Applications/Xcode-27.0.0-Release.Candidate.app/Contents/Developer/Toolchains/XcodeDefault.xctoolchain/usr/lib/swift/host/libSwiftInProcPluginServer.dylib -emit-module-doc-path /Users/admin/builder/spi-builder-workspace/.build/out/Intermediates.noindex/SwiftDownloadManager.build/Debug/swift-download-manager-t.build/Objects-normal/arm64/swift_download_manager.swiftdoc -emit-module-source-info-path /Users/admin/builder/spi-builder-workspace/.build/out/Intermediates.noindex/SwiftDownloadManager.build/Debug/swift-download-manager-t.build/Objects-normal/arm64/swift_download_manager.swiftsourceinfo -emit-objc-header-path /Users/admin/builder/spi-builder-workspace/.build/out/Intermediates.noindex/SwiftDownloadManager.build/Debug/swift-download-manager-t.build/Objects-normal/arm64/swift-download-manager-Swift.h -serialize-diagnostics-path /Users/admin/builder/spi-builder-workspace/.build/out/Intermediates.noindex/SwiftDownloadManager.build/Debug/swift-download-manager-t.build/Objects-normal/arm64/swift-download-manager-primary-emit-module.dia -emit-dependencies-path /Users/admin/builder/spi-builder-workspace/.build/out/Intermediates.noindex/SwiftDownloadManager.build/Debug/swift-download-manager-t.build/Objects-normal/arm64/swift-download-manager-primary-emit-module.d -parse-as-library -o /Users/admin/builder/spi-builder-workspace/.build/out/Intermediates.noindex/SwiftDownloadManager.build/Debug/swift-download-manager-t.build/Objects-normal/arm64/swift_download_manager.swiftmodule -emit-abi-descriptor-path /Users/admin/builder/spi-builder-workspace/.build/out/Intermediates.noindex/SwiftDownloadManager.build/Debug/swift-download-manager-t.build/Objects-normal/arm64/swift_download_manager.abi.json
error: Build failed
BUILD FAILURE 6.4 macosSpm