Build Information
Failed to build REText, reference 0.1.2 (26e1ba), with Swift 6.4 for tvOS using Xcode 27.0 on 23 Sep 2026 17:42:24 UTC.
Build Command
No build command. This typically means the build failed at an early stage where we determine the build command.Build Log
========================================
RunAll
========================================
Builder version: 5.1.0
Interrupt handler set up.
========================================
Checkout
========================================
Clone URL: https://github.com/reers/REText.git
Reference: 0.1.2
Initialized empty Git repository in /Users/admin/builder/spi-builder-workspace/.git/
From https://github.com/reers/REText
* tag 0.1.2 -> FETCH_HEAD
HEAD is now at 26e1ba6 release 0.1.2
Cloned https://github.com/reers/REText.git
Revision (git rev-parse @):
26e1ba66b944d9ef612d17703a897bf8e6611674
SUCCESS checkout https://github.com/reers/REText.git at 0.1.2
========================================
Build
========================================
Selected platform: tvOS
Swift version: 6.4
Building package at path: $PWD
https://github.com/reers/REText.git
Command line invocation:
/Applications/Xcode-27.0.0-Release.Candidate.app/Contents/Developer/usr/bin/xcodebuild -IDEClonedSourcePackagesDirPathOverride=/Users/admin/builder/spi-builder-workspace/.dependencies -resolvePackageDependencies
Resolve Package Graph
the package at '/Users/admin/builder/REText' cannot be accessed (/Users/admin/builder/REText doesn't exist in file system)
2026-09-23 13:42:22.571 xcodebuild[529:3024] Writing error result bundle to /var/folders/xq/y_g06wb113726d38xsyx71_h0000gn/T/ResultBundle_2026-23-09_13-42-0022.xcresult
xcodebuild: error: Could not resolve package dependencies:
the package at '/Users/admin/builder/REText' cannot be accessed (/Users/admin/builder/REText doesn't exist in file system)
Command line invocation:
/Applications/Xcode-27.0.0-Release.Candidate.app/Contents/Developer/usr/bin/xcodebuild -IDEClonedSourcePackagesDirPathOverride=/Users/admin/builder/spi-builder-workspace/.dependencies -resolvePackageDependencies
Resolve Package Graph
the package at '/Users/admin/builder/REText' cannot be accessed (/Users/admin/builder/REText doesn't exist in file system)
2026-09-23 13:42:24.421 xcodebuild[580:3452] Writing error result bundle to /var/folders/xq/y_g06wb113726d38xsyx71_h0000gn/T/ResultBundle_2026-23-09_13-42-0024.xcresult
xcodebuild: error: Could not resolve package dependencies:
the package at '/Users/admin/builder/REText' cannot be accessed (/Users/admin/builder/REText doesn't exist in file system)
BUILD FAILURE 6.4 tvOS