The Swift Package Index logo.Swift Package Index

Build Information

Failed to build StockfishEmbedded, reference main (445351), with Swift 6.4 for Wasm on 20 Oct 2026 22:11:05 UTC.

Build Command

bash -c docker run --pull=always --rm -v "checkouts-54344844-2":/host -w "$PWD" -e JAVA_HOME="/root/.sdkman/candidates/java/current" -e SPI_BUILD="1" -e SPI_PROCESSING="1" registry.gitlab.com/saguaro1/spi-images:wasm-6.4-latest swift build --swift-sdk swift-6.4.0-RELEASE_wasm 2>&1

Build Log

========================================
RunAll
========================================
Builder version: 5.1.3
Interrupt handler set up.
========================================
Checkout
========================================
Clone URL: https://github.com/Trickfest/StockfishEmbedded.git
Reference: main
Initialized empty Git repository in /host/spi-builder-workspace/.git/
hint: Using 'master' as the name for the initial branch. This default branch name
hint: is subject to change. To configure the initial branch name to use in all
hint: of your new repositories, which will suppress this warning, call:
hint:
hint: 	git config --global init.defaultBranch <name>
hint:
hint: Names commonly chosen instead of 'master' are 'main', 'trunk' and
hint: 'development'. The just-created branch can be renamed via this command:
hint:
hint: 	git branch -m <name>
From https://github.com/Trickfest/StockfishEmbedded
 * branch            main       -> FETCH_HEAD
 * [new branch]      main       -> origin/main
HEAD is now at 4453510 Release StockfishEmbedded 1.14.0
Cloned https://github.com/Trickfest/StockfishEmbedded.git
Revision (git rev-parse @):
4453510fb61d86cd491b74329baa86f23c519cb0
SPI manifest file found: $PWD/.spi.yml
SUCCESS checkout https://github.com/Trickfest/StockfishEmbedded.git at main
========================================
Build
========================================
Selected platform:         wasm
Swift version:             6.4
Building package at path:  $PWD
https://github.com/Trickfest/StockfishEmbedded.git
Running build ...
bash -c docker run --pull=always --rm -v "checkouts-54344844-2":/host -w "$PWD" -e JAVA_HOME="/root/.sdkman/candidates/java/current" -e SPI_BUILD="1" -e SPI_PROCESSING="1" registry.gitlab.com/saguaro1/spi-images:wasm-6.4-latest swift build --swift-sdk swift-6.4.0-RELEASE_wasm 2>&1
wasm-6.4-latest: Pulling from saguaro1/spi-images
Digest: sha256:7a2e5502d3bb6640f9b2bbb1dadf9967024364ce9ed0ed0bd80cf1b699d193fd
Status: Image is up to date for registry.gitlab.com/saguaro1/spi-images:wasm-6.4-latest
Building for debugging...
[Planning deferred tasks]
[25 / 45] SFEngine
In file included from /host/spi-builder-workspace/ThirdParty/Stockfish/src/timeman.cpp:25:
In file included from /host/spi-builder-workspace/ThirdParty/Stockfish/src/search.h:36:
In file included from /host/spi-builder-workspace/ThirdParty/Stockfish/src/nnue/nnue_accumulator.h:30:
In file included from /host/spi-builder-workspace/ThirdParty/Stockfish/src/nnue/nnue_architecture.h:27:
In file included from /host/spi-builder-workspace/ThirdParty/Stockfish/src/nnue/features/k32q2.h:26:
In file included from /host/spi-builder-workspace/ThirdParty/Stockfish/src/nnue/features/../nnue_common.h:53:
/usr/lib/clang/21/include/arm_neon.h:28:2: error: "<arm_neon.h> is intended only for ARM and AArch64 targets"
   28 | #error "<arm_neon.h> is intended only for ARM and AArch64 targets"
      |  ^
In file included from /host/spi-builder-workspace/ThirdParty/Stockfish/src/timeman.cpp:25:
In file included from /host/spi-builder-workspace/ThirdParty/Stockfish/src/search.h:36:
In file included from /host/spi-builder-workspace/ThirdParty/Stockfish/src/nnue/nnue_accumulator.h:30:
In file included from /host/spi-builder-workspace/ThirdParty/Stockfish/src/nnue/nnue_architecture.h:30:
In file included from /host/spi-builder-workspace/ThirdParty/Stockfish/src/nnue/layers/affine_transform.h:29:
/host/spi-builder-workspace/ThirdParty/Stockfish/src/nnue/layers/../simd.h:177:48: error: unknown type name 'int8x8_t'; did you mean 'int8_t'?
  177 | using vec_i8x8_t __attribute__((may_alias))  = int8x8_t;
      |                                                ^~~~~~~~
      |                                                int8_t
In file included from /host/spi-builder-workspace/ThirdParty/Stockfish/src/timeman.cpp:19:
In file included from /host/spi-builder-workspace/ThirdParty/Stockfish/src/timeman.h:23:
In file included from /root/.swiftpm/swift-sdks/swift-6.4.0-RELEASE_wasm.artifactbundle/swift-6.4.0-RELEASE_wasm/wasm32-unknown-wasip1/WASI.sdk/include/c++/v1/limits:524:
In file included from /root/.swiftpm/swift-sdks/swift-6.4.0-RELEASE_wasm.artifactbundle/swift-6.4.0-RELEASE_wasm/wasm32-unknown-wasip1/WASI.sdk/include/c++/v1/type_traits:512:
In file included from /root/.swiftpm/swift-sdks/swift-6.4.0-RELEASE_wasm.artifactbundle/swift-6.4.0-RELEASE_wasm/wasm32-unknown-wasip1/WASI.sdk/include/c++/v1/__type_traits/is_trivially_copyable.h:14:
In file included from /root/.swiftpm/swift-sdks/swift-6.4.0-RELEASE_wasm.artifactbundle/swift-6.4.0-RELEASE_wasm/wasm32-unknown-wasip1/WASI.sdk/include/c++/v1/cstdint:149:
In file included from /usr/lib/clang/21/include/stdint.h:56:
In file included from /root/.swiftpm/swift-sdks/swift-6.4.0-RELEASE_wasm.artifactbundle/swift-6.4.0-RELEASE_wasm/wasm32-unknown-wasip1/WASI.sdk/include/wasm32-wasip1/stdint.h:20:
/root/.swiftpm/swift-sdks/swift-6.4.0-RELEASE_wasm.artifactbundle/swift-6.4.0-RELEASE_wasm/wasm32-unknown-wasip1/WASI.sdk/include/wasm32-wasip1/bits/alltypes.h:130:25: note: 'int8_t' declared here
  130 | typedef signed char     int8_t;
      |                         ^
In file included from /host/spi-builder-workspace/ThirdParty/Stockfish/src/timeman.cpp:25:
In file included from /host/spi-builder-workspace/ThirdParty/Stockfish/src/search.h:36:
In file included from /host/spi-builder-workspace/ThirdParty/Stockfish/src/nnue/nnue_accumulator.h:30:
In file included from /host/spi-builder-workspace/ThirdParty/Stockfish/src/nnue/nnue_architecture.h:30:
In file included from /host/spi-builder-workspace/ThirdParty/Stockfish/src/nnue/layers/affine_transform.h:29:
/host/spi-builder-workspace/ThirdParty/Stockfish/src/nnue/layers/../simd.h:178:48: error: unknown type name 'int16x8_t'; did you mean 'int16_t'?
  178 | using vec_i16x8_t __attribute__((may_alias)) = int16x8_t;
      |                                                ^~~~~~~~~
      |                                                int16_t
In file included from /host/spi-builder-workspace/ThirdParty/Stockfish/src/timeman.cpp:19:
In file included from /host/spi-builder-workspace/ThirdParty/Stockfish/src/timeman.h:23:
In file included from /root/.swiftpm/swift-sdks/swift-6.4.0-RELEASE_wasm.artifactbundle/swift-6.4.0-RELEASE_wasm/wasm32-unknown-wasip1/WASI.sdk/include/c++/v1/limits:524:
In file included from /root/.swiftpm/swift-sdks/swift-6.4.0-RELEASE_wasm.artifactbundle/swift-6.4.0-RELEASE_wasm/wasm32-unknown-wasip1/WASI.sdk/include/c++/v1/type_traits:512:
In file included from /root/.swiftpm/swift-sdks/swift-6.4.0-RELEASE_wasm.artifactbundle/swift-6.4.0-RELEASE_wasm/wasm32-unknown-wasip1/WASI.sdk/include/c++/v1/__type_traits/is_trivially_copyable.h:14:
In file included from /root/.swiftpm/swift-sdks/swift-6.4.0-RELEASE_wasm.artifactbundle/swift-6.4.0-RELEASE_wasm/wasm32-unknown-wasip1/WASI.sdk/include/c++/v1/cstdint:149:
In file included from /usr/lib/clang/21/include/stdint.h:56:
In file included from /root/.swiftpm/swift-sdks/swift-6.4.0-RELEASE_wasm.artifactbundle/swift-6.4.0-RELEASE_wasm/wasm32-unknown-wasip1/WASI.sdk/include/wasm32-wasip1/stdint.h:20:
/root/.swiftpm/swift-sdks/swift-6.4.0-RELEASE_wasm.artifactbundle/swift-6.4.0-RELEASE_wasm/wasm32-unknown-wasip1/WASI.sdk/include/wasm32-wasip1/bits/alltypes.h:135:25: note: 'int16_t' declared here
  135 | typedef signed short    int16_t;
      |                         ^
In file included from /host/spi-builder-workspace/ThirdParty/Stockfish/src/timeman.cpp:25:
In file included from /host/spi-builder-workspace/ThirdParty/Stockfish/src/search.h:36:
In file included from /host/spi-builder-workspace/ThirdParty/Stockfish/src/nnue/nnue_accumulator.h:30:
In file included from /host/spi-builder-workspace/ThirdParty/Stockfish/src/nnue/nnue_architecture.h:30:
In file included from /host/spi-builder-workspace/ThirdParty/Stockfish/src/nnue/layers/affine_transform.h:29:
/host/spi-builder-workspace/ThirdParty/Stockfish/src/nnue/layers/../simd.h:179:48: error: unknown type name 'int8x16_t'; did you mean 'int16_t'?
  179 | using vec_i8x16_t __attribute__((may_alias)) = int8x16_t;
      |                                                ^~~~~~~~~
      |                                                int16_t
In file included from /host/spi-builder-workspace/ThirdParty/Stockfish/src/timeman.cpp:19:
In file included from /host/spi-builder-workspace/ThirdParty/Stockfish/src/timeman.h:23:
In file included from /root/.swiftpm/swift-sdks/swift-6.4.0-RELEASE_wasm.artifactbundle/swift-6.4.0-RELEASE_wasm/wasm32-unknown-wasip1/WASI.sdk/include/c++/v1/limits:524:
In file included from /root/.swiftpm/swift-sdks/swift-6.4.0-RELEASE_wasm.artifactbundle/swift-6.4.0-RELEASE_wasm/wasm32-unknown-wasip1/WASI.sdk/include/c++/v1/type_traits:512:
In file included from /root/.swiftpm/swift-sdks/swift-6.4.0-RELEASE_wasm.artifactbundle/swift-6.4.0-RELEASE_wasm/wasm32-unknown-wasip1/WASI.sdk/include/c++/v1/__type_traits/is_trivially_copyable.h:14:
In file included from /root/.swiftpm/swift-sdks/swift-6.4.0-RELEASE_wasm.artifactbundle/swift-6.4.0-RELEASE_wasm/wasm32-unknown-wasip1/WASI.sdk/include/c++/v1/cstdint:149:
In file included from /usr/lib/clang/21/include/stdint.h:56:
In file included from /root/.swiftpm/swift-sdks/swift-6.4.0-RELEASE_wasm.artifactbundle/swift-6.4.0-RELEASE_wasm/wasm32-unknown-wasip1/WASI.sdk/include/wasm32-wasip1/stdint.h:20:
/root/.swiftpm/swift-sdks/swift-6.4.0-RELEASE_wasm.artifactbundle/swift-6.4.0-RELEASE_wasm/wasm32-unknown-wasip1/WASI.sdk/include/wasm32-wasip1/bits/alltypes.h:135:25: note: 'int16_t' declared here
  135 | typedef signed short    int16_t;
      |                         ^
In file included from /host/spi-builder-workspace/ThirdParty/Stockfish/src/timeman.cpp:25:
In file included from /host/spi-builder-workspace/ThirdParty/Stockfish/src/search.h:36:
In file included from /host/spi-builder-workspace/ThirdParty/Stockfish/src/nnue/nnue_accumulator.h:30:
In file included from /host/spi-builder-workspace/ThirdParty/Stockfish/src/nnue/nnue_architecture.h:30:
In file included from /host/spi-builder-workspace/ThirdParty/Stockfish/src/nnue/layers/affine_transform.h:29:
/host/spi-builder-workspace/ThirdParty/Stockfish/src/nnue/layers/../simd.h:180:48: error: unknown type name 'uint16x8_t'; did you mean 'uint16_t'?
  180 | using vec_u16x8_t __attribute__((may_alias)) = uint16x8_t;
      |                                                ^~~~~~~~~~
      |                                                uint16_t
In file included from /host/spi-builder-workspace/ThirdParty/Stockfish/src/timeman.cpp:19:
In file included from /host/spi-builder-workspace/ThirdParty/Stockfish/src/timeman.h:23:
In file included from /root/.swiftpm/swift-sdks/swift-6.4.0-RELEASE_wasm.artifactbundle/swift-6.4.0-RELEASE_wasm/wasm32-unknown-wasip1/WASI.sdk/include/c++/v1/limits:524:
In file included from /root/.swiftpm/swift-sdks/swift-6.4.0-RELEASE_wasm.artifactbundle/swift-6.4.0-RELEASE_wasm/wasm32-unknown-wasip1/WASI.sdk/include/c++/v1/type_traits:512:
In file included from /root/.swiftpm/swift-sdks/swift-6.4.0-RELEASE_wasm.artifactbundle/swift-6.4.0-RELEASE_wasm/wasm32-unknown-wasip1/WASI.sdk/include/c++/v1/__type_traits/is_trivially_copyable.h:14:
In file included from /root/.swiftpm/swift-sdks/swift-6.4.0-RELEASE_wasm.artifactbundle/swift-6.4.0-RELEASE_wasm/wasm32-unknown-wasip1/WASI.sdk/include/c++/v1/cstdint:149:
In file included from /usr/lib/clang/21/include/stdint.h:56:
In file included from /root/.swiftpm/swift-sdks/swift-6.4.0-RELEASE_wasm.artifactbundle/swift-6.4.0-RELEASE_wasm/wasm32-unknown-wasip1/WASI.sdk/include/wasm32-wasip1/stdint.h:20:
/root/.swiftpm/swift-sdks/swift-6.4.0-RELEASE_wasm.artifactbundle/swift-6.4.0-RELEASE_wasm/wasm32-unknown-wasip1/WASI.sdk/include/wasm32-wasip1/bits/alltypes.h:160:25: note: 'uint16_t' declared here
  160 | typedef unsigned short  uint16_t;
      |                         ^
In file included from /host/spi-builder-workspace/ThirdParty/Stockfish/src/timeman.cpp:25:
In file included from /host/spi-builder-workspace/ThirdParty/Stockfish/src/search.h:36:
In file included from /host/spi-builder-workspace/ThirdParty/Stockfish/src/nnue/nnue_accumulator.h:30:
In file included from /host/spi-builder-workspace/ThirdParty/Stockfish/src/nnue/nnue_architecture.h:30:
In file included from /host/spi-builder-workspace/ThirdParty/Stockfish/src/nnue/layers/affine_transform.h:29:
/host/spi-builder-workspace/ThirdParty/Stockfish/src/nnue/layers/../simd.h:181:48: error: unknown type name 'int32x4_t'; did you mean 'int32_t'?
  181 | using vec_i32x4_t __attribute__((may_alias)) = int32x4_t;
      |                                                ^~~~~~~~~
      |                                                int32_t
In file included from /host/spi-builder-workspace/ThirdParty/Stockfish/src/timeman.cpp:19:
In file included from /host/spi-builder-workspace/ThirdParty/Stockfish/src/timeman.h:23:
In file included from /root/.swiftpm/swift-sdks/swift-6.4.0-RELEASE_wasm.artifactbundle/swift-6.4.0-RELEASE_wasm/wasm32-unknown-wasip1/WASI.sdk/include/c++/v1/limits:524:
In file included from /root/.swiftpm/swift-sdks/swift-6.4.0-RELEASE_wasm.artifactbundle/swift-6.4.0-RELEASE_wasm/wasm32-unknown-wasip1/WASI.sdk/include/c++/v1/type_traits:512:
In file included from /root/.swiftpm/swift-sdks/swift-6.4.0-RELEASE_wasm.artifactbundle/swift-6.4.0-RELEASE_wasm/wasm32-unknown-wasip1/WASI.sdk/include/c++/v1/__type_traits/is_trivially_copyable.h:14:
In file included from /root/.swiftpm/swift-sdks/swift-6.4.0-RELEASE_wasm.artifactbundle/swift-6.4.0-RELEASE_wasm/wasm32-unknown-wasip1/WASI.sdk/include/c++/v1/cstdint:149:
In file included from /usr/lib/clang/21/include/stdint.h:56:
In file included from /root/.swiftpm/swift-sdks/swift-6.4.0-RELEASE_wasm.artifactbundle/swift-6.4.0-RELEASE_wasm/wasm32-unknown-wasip1/WASI.sdk/include/wasm32-wasip1/stdint.h:20:
/root/.swiftpm/swift-sdks/swift-6.4.0-RELEASE_wasm.artifactbundle/swift-6.4.0-RELEASE_wasm/wasm32-unknown-wasip1/WASI.sdk/include/wasm32-wasip1/bits/alltypes.h:140:25: note: 'int32_t' declared here
  140 | typedef signed int      int32_t;
      |                         ^
In file included from /host/spi-builder-workspace/ThirdParty/Stockfish/src/timeman.cpp:25:
In file included from /host/spi-builder-workspace/ThirdParty/Stockfish/src/search.h:36:
In file included from /host/spi-builder-workspace/ThirdParty/Stockfish/src/nnue/nnue_accumulator.h:30:
In file included from /host/spi-builder-workspace/ThirdParty/Stockfish/src/nnue/nnue_architecture.h:30:
In file included from /host/spi-builder-workspace/ThirdParty/Stockfish/src/nnue/layers/affine_transform.h:29:
/host/spi-builder-workspace/ThirdParty/Stockfish/src/nnue/layers/../simd.h:183:45: error: unknown type name 'int16x8_t'; did you mean 'int16_t'?
  183 | using vec_t __attribute__((may_alias))    = int16x8_t;
      |                                             ^~~~~~~~~
      |                                             int16_t
In file included from /host/spi-builder-workspace/ThirdParty/Stockfish/src/timeman.cpp:19:
In file included from /host/spi-builder-workspace/ThirdParty/Stockfish/src/timeman.h:23:
In file included from /root/.swiftpm/swift-sdks/swift-6.4.0-RELEASE_wasm.artifactbundle/swift-6.4.0-RELEASE_wasm/wasm32-unknown-wasip1/WASI.sdk/include/c++/v1/limits:524:
In file included from /root/.swiftpm/swift-sdks/swift-6.4.0-RELEASE_wasm.artifactbundle/swift-6.4.0-RELEASE_wasm/wasm32-unknown-wasip1/WASI.sdk/include/c++/v1/type_traits:512:
In file included from /root/.swiftpm/swift-sdks/swift-6.4.0-RELEASE_wasm.artifactbundle/swift-6.4.0-RELEASE_wasm/wasm32-unknown-wasip1/WASI.sdk/include/c++/v1/__type_traits/is_trivially_copyable.h:14:
In file included from /root/.swiftpm/swift-sdks/swift-6.4.0-RELEASE_wasm.artifactbundle/swift-6.4.0-RELEASE_wasm/wasm32-unknown-wasip1/WASI.sdk/include/c++/v1/cstdint:149:
In file included from /usr/lib/clang/21/include/stdint.h:56:
In file included from /root/.swiftpm/swift-sdks/swift-6.4.0-RELEASE_wasm.artifactbundle/swift-6.4.0-RELEASE_wasm/wasm32-unknown-wasip1/WASI.sdk/include/wasm32-wasip1/stdint.h:20:
/root/.swiftpm/swift-sdks/swift-6.4.0-RELEASE_wasm.artifactbundle/swift-6.4.0-RELEASE_wasm/wasm32-unknown-wasip1/WASI.sdk/include/wasm32-wasip1/bits/alltypes.h:135:25: note: 'int16_t' declared here
  135 | typedef signed short    int16_t;
      |                         ^
In file included from /host/spi-builder-workspace/ThirdParty/Stockfish/src/timeman.cpp:25:
In file included from /host/spi-builder-workspace/ThirdParty/Stockfish/src/search.h:36:
In file included from /host/spi-builder-workspace/ThirdParty/Stockfish/src/nnue/nnue_accumulator.h:30:
In file included from /host/spi-builder-workspace/ThirdParty/Stockfish/src/nnue/nnue_architecture.h:30:
In file included from /host/spi-builder-workspace/ThirdParty/Stockfish/src/nnue/layers/affine_transform.h:29:
/host/spi-builder-workspace/ThirdParty/Stockfish/src/nnue/layers/../simd.h:184:45: error: unknown type name 'int8x16_t'; did you mean 'int16_t'?
  184 | using vec_i8_t __attribute__((may_alias)) = int8x16_t;
      |                                             ^~~~~~~~~
      |                                             int16_t
In file included from /host/spi-builder-workspace/ThirdParty/Stockfish/src/timeman.cpp:19:
In file included from /host/spi-builder-workspace/ThirdParty/Stockfish/src/timeman.h:23:
In file included from /root/.swiftpm/swift-sdks/swift-6.4.0-RELEASE_wasm.artifactbundle/swift-6.4.0-RELEASE_wasm/wasm32-unknown-wasip1/WASI.sdk/include/c++/v1/limits:524:
In file included from /root/.swiftpm/swift-sdks/swift-6.4.0-RELEASE_wasm.artifactbundle/swift-6.4.0-RELEASE_wasm/wasm32-unknown-wasip1/WASI.sdk/include/c++/v1/type_traits:512:
In file included from /root/.swiftpm/swift-sdks/swift-6.4.0-RELEASE_wasm.artifactbundle/swift-6.4.0-RELEASE_wasm/wasm32-unknown-wasip1/WASI.sdk/include/c++/v1/__type_traits/is_trivially_copyable.h:14:
In file included from /root/.swiftpm/swift-sdks/swift-6.4.0-RELEASE_wasm.artifactbundle/swift-6.4.0-RELEASE_wasm/wasm32-unknown-wasip1/WASI.sdk/include/c++/v1/cstdint:149:
In file included from /usr/lib/clang/21/include/stdint.h:56:
In file included from /root/.swiftpm/swift-sdks/swift-6.4.0-RELEASE_wasm.artifactbundle/swift-6.4.0-RELEASE_wasm/wasm32-unknown-wasip1/WASI.sdk/include/wasm32-wasip1/stdint.h:20:
/root/.swiftpm/swift-sdks/swift-6.4.0-RELEASE_wasm.artifactbundle/swift-6.4.0-RELEASE_wasm/wasm32-unknown-wasip1/WASI.sdk/include/wasm32-wasip1/bits/alltypes.h:135:25: note: 'int16_t' declared here
  135 | typedef signed short    int16_t;
      |                         ^
In file included from /host/spi-builder-workspace/ThirdParty/Stockfish/src/timeman.cpp:25:
In file included from /host/spi-builder-workspace/ThirdParty/Stockfish/src/search.h:36:
In file included from /host/spi-builder-workspace/ThirdParty/Stockfish/src/nnue/nnue_accumulator.h:30:
In file included from /host/spi-builder-workspace/ThirdParty/Stockfish/src/nnue/nnue_architecture.h:30:
In file included from /host/spi-builder-workspace/ThirdParty/Stockfish/src/nnue/layers/affine_transform.h:29:
/host/spi-builder-workspace/ThirdParty/Stockfish/src/nnue/layers/../simd.h:202:8: error: unknown type name 'int16x8_t'; did you mean 'int16_t'?
  202 | inline int16x8_t vaddw_high_s8(int16x8_t a, int8x16_t b) { return vaddw_s8(a, vget_high_s8(b)); }
      |        ^~~~~~~~~
      |        int16_t
In file included from /host/spi-builder-workspace/ThirdParty/Stockfish/src/timeman.cpp:19:
In file included from /host/spi-builder-workspace/ThirdParty/Stockfish/src/timeman.h:23:
In file included from /root/.swiftpm/swift-sdks/swift-6.4.0-RELEASE_wasm.artifactbundle/swift-6.4.0-RELEASE_wasm/wasm32-unknown-wasip1/WASI.sdk/include/c++/v1/limits:524:
In file included from /root/.swiftpm/swift-sdks/swift-6.4.0-RELEASE_wasm.artifactbundle/swift-6.4.0-RELEASE_wasm/wasm32-unknown-wasip1/WASI.sdk/include/c++/v1/type_traits:512:
In file included from /root/.swiftpm/swift-sdks/swift-6.4.0-RELEASE_wasm.artifactbundle/swift-6.4.0-RELEASE_wasm/wasm32-unknown-wasip1/WASI.sdk/include/c++/v1/__type_traits/is_trivially_copyable.h:14:
In file included from /root/.swiftpm/swift-sdks/swift-6.4.0-RELEASE_wasm.artifactbundle/swift-6.4.0-RELEASE_wasm/wasm32-unknown-wasip1/WASI.sdk/include/c++/v1/cstdint:149:
In file included from /usr/lib/clang/21/include/stdint.h:56:
In file included from /root/.swiftpm/swift-sdks/swift-6.4.0-RELEASE_wasm.artifactbundle/swift-6.4.0-RELEASE_wasm/wasm32-unknown-wasip1/WASI.sdk/include/wasm32-wasip1/stdint.h:20:
/root/.swiftpm/swift-sdks/swift-6.4.0-RELEASE_wasm.artifactbundle/swift-6.4.0-RELEASE_wasm/wasm32-unknown-wasip1/WASI.sdk/include/wasm32-wasip1/bits/alltypes.h:135:25: note: 'int16_t' declared here
  135 | typedef signed short    int16_t;
      |                         ^
In file included from /host/spi-builder-workspace/ThirdParty/Stockfish/src/timeman.cpp:25:
In file included from /host/spi-builder-workspace/ThirdParty/Stockfish/src/search.h:36:
In file included from /host/spi-builder-workspace/ThirdParty/Stockfish/src/nnue/nnue_accumulator.h:30:
In file included from /host/spi-builder-workspace/ThirdParty/Stockfish/src/nnue/nnue_architecture.h:30:
In file included from /host/spi-builder-workspace/ThirdParty/Stockfish/src/nnue/layers/affine_transform.h:29:
/host/spi-builder-workspace/ThirdParty/Stockfish/src/nnue/layers/../simd.h:202:32: error: unknown type name 'int16x8_t'; did you mean 'int16_t'?
  202 | inline int16x8_t vaddw_high_s8(int16x8_t a, int8x16_t b) { return vaddw_s8(a, vget_high_s8(b)); }
      |                                ^~~~~~~~~
      |                                int16_t
In file included from /host/spi-builder-workspace/ThirdParty/Stockfish/src/timeman.cpp:19:
In file included from /host/spi-builder-workspace/ThirdParty/Stockfish/src/timeman.h:23:
In file included from /root/.swiftpm/swift-sdks/swift-6.4.0-RELEASE_wasm.artifactbundle/swift-6.4.0-RELEASE_wasm/wasm32-unknown-wasip1/WASI.sdk/include/c++/v1/limits:524:
In file included from /root/.swiftpm/swift-sdks/swift-6.4.0-RELEASE_wasm.artifactbundle/swift-6.4.0-RELEASE_wasm/wasm32-unknown-wasip1/WASI.sdk/include/c++/v1/type_traits:512:
In file included from /root/.swiftpm/swift-sdks/swift-6.4.0-RELEASE_wasm.artifactbundle/swift-6.4.0-RELEASE_wasm/wasm32-unknown-wasip1/WASI.sdk/include/c++/v1/__type_traits/is_trivially_copyable.h:14:
In file included from /root/.swiftpm/swift-sdks/swift-6.4.0-RELEASE_wasm.artifactbundle/swift-6.4.0-RELEASE_wasm/wasm32-unknown-wasip1/WASI.sdk/include/c++/v1/cstdint:149:
In file included from /usr/lib/clang/21/include/stdint.h:56:
In file included from /root/.swiftpm/swift-sdks/swift-6.4.0-RELEASE_wasm.artifactbundle/swift-6.4.0-RELEASE_wasm/wasm32-unknown-wasip1/WASI.sdk/include/wasm32-wasip1/stdint.h:20:
/root/.swiftpm/swift-sdks/swift-6.4.0-RELEASE_wasm.artifactbundle/swift-6.4.0-RELEASE_wasm/wasm32-unknown-wasip1/WASI.sdk/include/wasm32-wasip1/bits/alltypes.h:135:25: note: 'int16_t' declared here
  135 | typedef signed short    int16_t;
      |                         ^
In file included from /host/spi-builder-workspace/ThirdParty/Stockfish/src/timeman.cpp:25:
In file included from /host/spi-builder-workspace/ThirdParty/Stockfish/src/search.h:36:
In file included from /host/spi-builder-workspace/ThirdParty/Stockfish/src/nnue/nnue_accumulator.h:30:
In file included from /host/spi-builder-workspace/ThirdParty/Stockfish/src/nnue/nnue_architecture.h:30:
In file included from /host/spi-builder-workspace/ThirdParty/Stockfish/src/nnue/layers/affine_transform.h:29:
/host/spi-builder-workspace/ThirdParty/Stockfish/src/nnue/layers/../simd.h:202:45: error: unknown type name 'int8x16_t'; did you mean 'int16_t'?
  202 | inline int16x8_t vaddw_high_s8(int16x8_t a, int8x16_t b) { return vaddw_s8(a, vget_high_s8(b)); }
      |                                             ^~~~~~~~~
      |                                             int16_t
In file included from /host/spi-builder-workspace/ThirdParty/Stockfish/src/timeman.cpp:19:
In file included from /host/spi-builder-workspace/ThirdParty/Stockfish/src/timeman.h:23:
In file included from /root/.swiftpm/swift-sdks/swift-6.4.0-RELEASE_wasm.artifactbundle/swift-6.4.0-RELEASE_wasm/wasm32-unknown-wasip1/WASI.sdk/include/c++/v1/limits:524:
In file included from /root/.swiftpm/swift-sdks/swift-6.4.0-RELEASE_wasm.artifactbundle/swift-6.4.0-RELEASE_wasm/wasm32-unknown-wasip1/WASI.sdk/include/c++/v1/type_traits:512:
In file included from /root/.swiftpm/swift-sdks/swift-6.4.0-RELEASE_wasm.artifactbundle/swift-6.4.0-RELEASE_wasm/wasm32-unknown-wasip1/WASI.sdk/include/c++/v1/__type_traits/is_trivially_copyable.h:14:
In file included from /root/.swiftpm/swift-sdks/swift-6.4.0-RELEASE_wasm.artifactbundle/swift-6.4.0-RELEASE_wasm/wasm32-unknown-wasip1/WASI.sdk/include/c++/v1/cstdint:149:
In file included from /usr/lib/clang/21/include/stdint.h:56:
In file included from /root/.swiftpm/swift-sdks/swift-6.4.0-RELEASE_wasm.artifactbundle/swift-6.4.0-RELEASE_wasm/wasm32-unknown-wasip1/WASI.sdk/include/wasm32-wasip1/stdint.h:20:
/root/.swiftpm/swift-sdks/swift-6.4.0-RELEASE_wasm.artifactbundle/swift-6.4.0-RELEASE_wasm/wasm32-unknown-wasip1/WASI.sdk/include/wasm32-wasip1/bits/alltypes.h:135:25: note: 'int16_t' declared here
  135 | typedef signed short    int16_t;
      |                         ^
In file included from /host/spi-builder-workspace/ThirdParty/Stockfish/src/timeman.cpp:25:
In file included from /host/spi-builder-workspace/ThirdParty/Stockfish/src/search.h:36:
In file included from /host/spi-builder-workspace/ThirdParty/Stockfish/src/nnue/nnue_accumulator.h:30:
In file included from /host/spi-builder-workspace/ThirdParty/Stockfish/src/nnue/nnue_architecture.h:30:
In file included from /host/spi-builder-workspace/ThirdParty/Stockfish/src/nnue/layers/affine_transform.h:29:
/host/spi-builder-workspace/ThirdParty/Stockfish/src/nnue/layers/../simd.h:202:79: error: use of undeclared identifier 'vget_high_s8'
  202 | inline int16x8_t vaddw_high_s8(int16x8_t a, int8x16_t b) { return vaddw_s8(a, vget_high_s8(b)); }
      |                                                                               ^~~~~~~~~~~~
/host/spi-builder-workspace/ThirdParty/Stockfish/src/nnue/layers/../simd.h:203:8: error: unknown type name 'int16x8_t'; did you mean 'int16_t'?
  203 | inline int16x8_t vsubw_high_s8(int16x8_t a, int8x16_t b) { return vsubw_s8(a, vget_high_s8(b)); }
      |        ^~~~~~~~~
      |        int16_t
In file included from /host/spi-builder-workspace/ThirdParty/Stockfish/src/timeman.cpp:19:
In file included from /host/spi-builder-workspace/ThirdParty/Stockfish/src/timeman.h:23:
In file included from /root/.swiftpm/swift-sdks/swift-6.4.0-RELEASE_wasm.artifactbundle/swift-6.4.0-RELEASE_wasm/wasm32-unknown-wasip1/WASI.sdk/include/c++/v1/limits:524:
In file included from /root/.swiftpm/swift-sdks/swift-6.4.0-RELEASE_wasm.artifactbundle/swift-6.4.0-RELEASE_wasm/wasm32-unknown-wasip1/WASI.sdk/include/c++/v1/type_traits:512:
In file included from /root/.swiftpm/swift-sdks/swift-6.4.0-RELEASE_wasm.artifactbundle/swift-6.4.0-RELEASE_wasm/wasm32-unknown-wasip1/WASI.sdk/include/c++/v1/__type_traits/is_trivially_copyable.h:14:
In file included from /root/.swiftpm/swift-sdks/swift-6.4.0-RELEASE_wasm.artifactbundle/swift-6.4.0-RELEASE_wasm/wasm32-unknown-wasip1/WASI.sdk/include/c++/v1/cstdint:149:
In file included from /usr/lib/clang/21/include/stdint.h:56:
In file included from /root/.swiftpm/swift-sdks/swift-6.4.0-RELEASE_wasm.artifactbundle/swift-6.4.0-RELEASE_wasm/wasm32-unknown-wasip1/WASI.sdk/include/wasm32-wasip1/stdint.h:20:
/root/.swiftpm/swift-sdks/swift-6.4.0-RELEASE_wasm.artifactbundle/swift-6.4.0-RELEASE_wasm/wasm32-unknown-wasip1/WASI.sdk/include/wasm32-wasip1/bits/alltypes.h:135:25: note: 'int16_t' declared here
  135 | typedef signed short    int16_t;
      |                         ^
In file included from /host/spi-builder-workspace/ThirdParty/Stockfish/src/timeman.cpp:25:
In file included from /host/spi-builder-workspace/ThirdParty/Stockfish/src/search.h:36:
In file included from /host/spi-builder-workspace/ThirdParty/Stockfish/src/nnue/nnue_accumulator.h:30:
In file included from /host/spi-builder-workspace/ThirdParty/Stockfish/src/nnue/nnue_architecture.h:30:
In file included from /host/spi-builder-workspace/ThirdParty/Stockfish/src/nnue/layers/affine_transform.h:29:
/host/spi-builder-workspace/ThirdParty/Stockfish/src/nnue/layers/../simd.h:203:32: error: unknown type name 'int16x8_t'; did you mean 'int16_t'?
  203 | inline int16x8_t vsubw_high_s8(int16x8_t a, int8x16_t b) { return vsubw_s8(a, vget_high_s8(b)); }
      |                                ^~~~~~~~~
      |                                int16_t
In file included from /host/spi-builder-workspace/ThirdParty/Stockfish/src/timeman.cpp:19:
In file included from /host/spi-builder-workspace/ThirdParty/Stockfish/src/timeman.h:23:
In file included from /root/.swiftpm/swift-sdks/swift-6.4.0-RELEASE_wasm.artifactbundle/swift-6.4.0-RELEASE_wasm/wasm32-unknown-wasip1/WASI.sdk/include/c++/v1/limits:524:
In file included from /root/.swiftpm/swift-sdks/swift-6.4.0-RELEASE_wasm.artifactbundle/swift-6.4.0-RELEASE_wasm/wasm32-unknown-wasip1/WASI.sdk/include/c++/v1/type_traits:512:
In file included from /root/.swiftpm/swift-sdks/swift-6.4.0-RELEASE_wasm.artifactbundle/swift-6.4.0-RELEASE_wasm/wasm32-unknown-wasip1/WASI.sdk/include/c++/v1/__type_traits/is_trivially_copyable.h:14:
In file included from /root/.swiftpm/swift-sdks/swift-6.4.0-RELEASE_wasm.artifactbundle/swift-6.4.0-RELEASE_wasm/wasm32-unknown-wasip1/WASI.sdk/include/c++/v1/cstdint:149:
In file included from /usr/lib/clang/21/include/stdint.h:56:
In file included from /root/.swiftpm/swift-sdks/swift-6.4.0-RELEASE_wasm.artifactbundle/swift-6.4.0-RELEASE_wasm/wasm32-unknown-wasip1/WASI.sdk/include/wasm32-wasip1/stdint.h:20:
/root/.swiftpm/swift-sdks/swift-6.4.0-RELEASE_wasm.artifactbundle/swift-6.4.0-RELEASE_wasm/wasm32-unknown-wasip1/WASI.sdk/include/wasm32-wasip1/bits/alltypes.h:135:25: note: 'int16_t' declared here
  135 | typedef signed short    int16_t;
      |                         ^
In file included from /host/spi-builder-workspace/ThirdParty/Stockfish/src/timeman.cpp:25:
In file included from /host/spi-builder-workspace/ThirdParty/Stockfish/src/search.h:36:
In file included from /host/spi-builder-workspace/ThirdParty/Stockfish/src/nnue/nnue_accumulator.h:30:
In file included from /host/spi-builder-workspace/ThirdParty/Stockfish/src/nnue/nnue_architecture.h:30:
In file included from /host/spi-builder-workspace/ThirdParty/Stockfish/src/nnue/layers/affine_transform.h:29:
/host/spi-builder-workspace/ThirdParty/Stockfish/src/nnue/layers/../simd.h:203:45: error: unknown type name 'int8x16_t'; did you mean 'int16_t'?
  203 | inline int16x8_t vsubw_high_s8(int16x8_t a, int8x16_t b) { return vsubw_s8(a, vget_high_s8(b)); }
      |                                             ^~~~~~~~~
      |                                             int16_t
In file included from /host/spi-builder-workspace/ThirdParty/Stockfish/src/timeman.cpp:19:
In file included from /host/spi-builder-workspace/ThirdParty/Stockfish/src/timeman.h:23:
In file included from /root/.swiftpm/swift-sdks/swift-6.4.0-RELEASE_wasm.artifactbundle/swift-6.4.0-RELEASE_wasm/wasm32-unknown-wasip1/WASI.sdk/include/c++/v1/limits:524:
In file included from /root/.swiftpm/swift-sdks/swift-6.4.0-RELEASE_wasm.artifactbundle/swift-6.4.0-RELEASE_wasm/wasm32-unknown-wasip1/WASI.sdk/include/c++/v1/type_traits:512:
In file included from /root/.swiftpm/swift-sdks/swift-6.4.0-RELEASE_wasm.artifactbundle/swift-6.4.0-RELEASE_wasm/wasm32-unknown-wasip1/WASI.sdk/include/c++/v1/__type_traits/is_trivially_copyable.h:14:
In file included from /root/.swiftpm/swift-sdks/swift-6.4.0-RELEASE_wasm.artifactbundle/swift-6.4.0-RELEASE_wasm/wasm32-unknown-wasip1/WASI.sdk/include/c++/v1/cstdint:149:
In file included from /usr/lib/clang/21/include/stdint.h:56:
In file included from /root/.swiftpm/swift-sdks/swift-6.4.0-RELEASE_wasm.artifactbundle/swift-6.4.0-RELEASE_wasm/wasm32-unknown-wasip1/WASI.sdk/include/wasm32-wasip1/stdint.h:20:
/root/.swiftpm/swift-sdks/swift-6.4.0-RELEASE_wasm.artifactbundle/swift-6.4.0-RELEASE_wasm/wasm32-unknown-wasip1/WASI.sdk/include/wasm32-wasip1/bits/alltypes.h:135:25: note: 'int16_t' declared here
  135 | typedef signed short    int16_t;
      |                         ^
In file included from /host/spi-builder-workspace/ThirdParty/Stockfish/src/timeman.cpp:25:
In file included from /host/spi-builder-workspace/ThirdParty/Stockfish/src/search.h:36:
In file included from /host/spi-builder-workspace/ThirdParty/Stockfish/src/nnue/nnue_accumulator.h:30:
In file included from /host/spi-builder-workspace/ThirdParty/Stockfish/src/nnue/nnue_architecture.h:30:
In file included from /host/spi-builder-workspace/ThirdParty/Stockfish/src/nnue/layers/affine_transform.h:29:
/host/spi-builder-workspace/ThirdParty/Stockfish/src/nnue/layers/../simd.h:203:79: error: use of undeclared identifier 'vget_high_s8'
  203 | inline int16x8_t vsubw_high_s8(int16x8_t a, int8x16_t b) { return vsubw_s8(a, vget_high_s8(b)); }
      |                                                                               ^~~~~~~~~~~~
/host/spi-builder-workspace/ThirdParty/Stockfish/src/nnue/layers/../simd.h:332:15: error: static assertion failed due to requirement '16 == sizeof(short)': MaxChunkSize must equal one vector.
  332 | static_assert(MaxChunkSize == sizeof(vec_t), "MaxChunkSize must equal one vector.");
      |               ^~~~~~~~~~~~~~~~~~~~~~~~~~~~~
/host/spi-builder-workspace/ThirdParty/Stockfish/src/nnue/layers/../simd.h:198:26: note: expanded from macro 'MaxChunkSize'
  198 |     #define MaxChunkSize 16
      |                          ^
/host/spi-builder-workspace/ThirdParty/Stockfish/src/nnue/layers/../simd.h:332:28: note: expression evaluates to '16 == 2'
  332 | static_assert(MaxChunkSize == sizeof(vec_t), "MaxChunkSize must equal one vector.");
      |               ~~~~~~~~~~~~~^~~~~~~~~~~~~~~~
/host/spi-builder-workspace/ThirdParty/Stockfish/src/nnue/layers/../simd.h:407:56: error: unknown type name 'int32x4_t'; did you mean 'int32_t'?
  407 | [[maybe_unused]] static int neon_m128_reduce_add_epi32(int32x4_t s) {
      |                                                        ^~~~~~~~~
      |                                                        int32_t
In file included from /host/spi-builder-workspace/ThirdParty/Stockfish/src/timeman.cpp:19:
In file included from /host/spi-builder-workspace/ThirdParty/Stockfish/src/timeman.h:23:
In file included from /root/.swiftpm/swift-sdks/swift-6.4.0-RELEASE_wasm.artifactbundle/swift-6.4.0-RELEASE_wasm/wasm32-unknown-wasip1/WASI.sdk/include/c++/v1/limits:524:
In file included from /root/.swiftpm/swift-sdks/swift-6.4.0-RELEASE_wasm.artifactbundle/swift-6.4.0-RELEASE_wasm/wasm32-unknown-wasip1/WASI.sdk/include/c++/v1/type_traits:512:
In file included from /root/.swiftpm/swift-sdks/swift-6.4.0-RELEASE_wasm.artifactbundle/swift-6.4.0-RELEASE_wasm/wasm32-unknown-wasip1/WASI.sdk/include/c++/v1/__type_traits/is_trivially_copyable.h:14:
In file included from /root/.swiftpm/swift-sdks/swift-6.4.0-RELEASE_wasm.artifactbundle/swift-6.4.0-RELEASE_wasm/wasm32-unknown-wasip1/WASI.sdk/include/c++/v1/cstdint:149:
In file included from /usr/lib/clang/21/include/stdint.h:56:
In file included from /root/.swiftpm/swift-sdks/swift-6.4.0-RELEASE_wasm.artifactbundle/swift-6.4.0-RELEASE_wasm/wasm32-unknown-wasip1/WASI.sdk/include/wasm32-wasip1/stdint.h:20:
/root/.swiftpm/swift-sdks/swift-6.4.0-RELEASE_wasm.artifactbundle/swift-6.4.0-RELEASE_wasm/wasm32-unknown-wasip1/WASI.sdk/include/wasm32-wasip1/bits/alltypes.h:140:25: note: 'int32_t' declared here
  140 | typedef signed int      int32_t;
      |                         ^
In file included from /host/spi-builder-workspace/ThirdParty/Stockfish/src/timeman.cpp:25:
In file included from /host/spi-builder-workspace/ThirdParty/Stockfish/src/search.h:36:
In file included from /host/spi-builder-workspace/ThirdParty/Stockfish/src/nnue/nnue_accumulator.h:30:
In file included from /host/spi-builder-workspace/ThirdParty/Stockfish/src/nnue/nnue_architecture.h:30:
In file included from /host/spi-builder-workspace/ThirdParty/Stockfish/src/nnue/layers/affine_transform.h:29:
/host/spi-builder-workspace/ThirdParty/Stockfish/src/nnue/layers/../simd.h:409:12: error: use of undeclared identifier 'vaddvq_s32'
  409 |     return vaddvq_s32(s);
      |            ^~~~~~~~~~
fatal error: too many errors emitted, stopping now [-ferror-limit=]
20 errors generated.
error: CompileC /host/spi-builder-workspace/.build/out/Intermediates.noindex/StockfishEmbedded.build/Debug-webassembly-wasm32/SFEngine-t.build/Objects-normal/wasm32/timeman.o /host/spi-builder-workspace/ThirdParty/Stockfish/src/timeman.cpp normal wasm32 c++ com.apple.compilers.llvm.clang.1_0.compiler failed with a nonzero exit code. Command line:     cd /host

    Using response file: /host/spi-builder-workspace/.build/out/Intermediates.noindex/StockfishEmbedded.build/Debug-webassembly-wasm32/SFEngine-t.build/Objects-normal/wasm32/11b881b950eb02e21769317df93e9b41d1d7f0348e4e0901ae810dce93ca1a57-common-args.resp

    /usr/bin/clang -x c++ -target wasm32-unknown-wasip1 -fmessage-length\=0 -fdiagnostics-show-note-include-stack -fmacro-backtrace-limit\=0 -fcolor-diagnostics -Wno-trigraphs -Wno-missing-field-initializers -Wno-missing-prototypes -Wno-return-type -Wno-non-virtual-dtor -Wno-overloaded-virtual -Wno-exit-time-destructors -Wno-missing-braces -Wparentheses -Wswitch -Wno-unused-function -Wno-unused-label -Wno-unused-parameter -Wno-unused-variable -Wunused-value -Wno-empty-body -Wno-uninitialized -Wno-unknown-pragmas -Wno-shadow -Wno-four-char-constants -Wno-conversion -Wno-constant-conversion -Wno-int-conversion -Wno-bool-conversion -Wno-enum-conversion -Wno-float-conversion -Wno-non-literal-null-conversion -Wno-objc-literal-conversion -Wno-shorten-64-to-32 -Wno-newline-eof -Wno-c++11-extensions -Wno-implicit-fallthrough -fstrict-aliasing -Wdeprecated-declarations -Winvalid-offsetof -Wno-sign-conversion -Wno-infinite-recursion -Wno-move -Wno-comma -Wno-block-capture-autoreleasing -Wno-strict-prototypes -Wno-range-loop-analysis -Wno-semicolon-before-method-body --sysroot /root/.swiftpm/swift-sdks/swift-6.4.0-RELEASE_wasm.artifactbundle/swift-6.4.0-RELEASE_wasm/wasm32-unknown-wasip1/WASI.sdk @/host/spi-builder-workspace/.build/out/Intermediates.noindex/StockfishEmbedded.build/Debug-webassembly-wasm32/SFEngine-t.build/Objects-normal/wasm32/11b881b950eb02e21769317df93e9b41d1d7f0348e4e0901ae810dce93ca1a57-common-args.resp -MMD -MT dependencies -MF /host/spi-builder-workspace/.build/out/Intermediates.noindex/StockfishEmbedded.build/Debug-webassembly-wasm32/SFEngine-t.build/Objects-normal/wasm32/timeman.d --serialize-diagnostics /host/spi-builder-workspace/.build/out/Intermediates.noindex/StockfishEmbedded.build/Debug-webassembly-wasm32/SFEngine-t.build/Objects-normal/wasm32/timeman.dia -c /host/spi-builder-workspace/ThirdParty/Stockfish/src/timeman.cpp -o /host/spi-builder-workspace/.build/out/Intermediates.noindex/StockfishEmbedded.build/Debug-webassembly-wasm32/SFEngine-t.build/Objects-normal/wasm32/timeman.o
error: Build failed
BUILD FAILURE 6.4 wasm