Build Information
Failed to build swift-differentiation-stdlib, reference main (70ed83), with Swift 6.2 for tvOS using Xcode 26.3 on 28 Sep 2026 19:54:33 UTC.
Build Command
No build command. This typically means the build failed at an early stage where we determine the build command.Build Log
========================================
RunAll
========================================
Builder version: 5.1.0
Interrupt handler set up.
========================================
Checkout
========================================
Clone URL: https://github.com/differentiable-swift/swift-differentiation-stdlib.git
Reference: main
Initialized empty Git repository in /Users/admin/builder/spi-builder-workspace/.git/
From https://github.com/differentiable-swift/swift-differentiation-stdlib
* branch main -> FETCH_HEAD
* [new branch] main -> origin/main
HEAD is now at 70ed83d fix: Avoid bash 3.2 unbound-variable crash on empty release_flags (#13)
Cloned https://github.com/differentiable-swift/swift-differentiation-stdlib.git
Revision (git rev-parse @):
70ed83d446d87e5d67f9fc4b1ff80f65f9e12988
SUCCESS checkout https://github.com/differentiable-swift/swift-differentiation-stdlib.git at main
========================================
Build
========================================
Selected platform: tvOS
Swift version: 6.2
Building package at path: $PWD
https://github.com/differentiable-swift/swift-differentiation-stdlib.git
Command line invocation:
/Applications/Xcode-26.3.0.app/Contents/Developer/usr/bin/xcodebuild -IDEClonedSourcePackagesDirPathOverride=/Users/admin/builder/spi-builder-workspace/.dependencies -resolvePackageDependencies
Resolve Package Graph
failed downloading 'https://github.com/differentiable-swift/swift-differentiation-stdlib/releases/download/0.0.0/_Differentiation.xcframework.zip' which is required by binary target '_Differentiation': badResponseStatusCode(404)fatalError
Resolve Package Graph
failed downloading 'https://github.com/differentiable-swift/swift-differentiation-stdlib/releases/download/0.0.0/_Differentiation.xcframework.zip' which is required by binary target '_Differentiation': badResponseStatusCode(404)fatalError
Resolved source packages:
spi-builder-workspace: (null)
2026-09-28 15:54:32.485 xcodebuild[538:3098] Writing error result bundle to /var/folders/xq/y_g06wb113726d38xsyx71_h0000gn/T/ResultBundle_2026-28-09_15-54-0032.xcresult
xcodebuild: error: Could not resolve package dependencies:
failed downloading 'https://github.com/differentiable-swift/swift-differentiation-stdlib/releases/download/0.0.0/_Differentiation.xcframework.zip' which is required by binary target '_Differentiation': badResponseStatusCode(404)
fatalError
Command line invocation:
/Applications/Xcode-26.3.0.app/Contents/Developer/usr/bin/xcodebuild -IDEClonedSourcePackagesDirPathOverride=/Users/admin/builder/spi-builder-workspace/.dependencies -resolvePackageDependencies
Resolve Package Graph
failed downloading 'https://github.com/differentiable-swift/swift-differentiation-stdlib/releases/download/0.0.0/_Differentiation.xcframework.zip' which is required by binary target '_Differentiation': badResponseStatusCode(404)fatalError
Resolved source packages:
spi-builder-workspace: (null)
2026-09-28 15:54:33.685 xcodebuild[610:3805] Writing error result bundle to /var/folders/xq/y_g06wb113726d38xsyx71_h0000gn/T/ResultBundle_2026-28-09_15-54-0033.xcresult
xcodebuild: error: Could not resolve package dependencies:
failed downloading 'https://github.com/differentiable-swift/swift-differentiation-stdlib/releases/download/0.0.0/_Differentiation.xcframework.zip' which is required by binary target '_Differentiation': badResponseStatusCode(404)
fatalError
BUILD FAILURE 6.2 tvOS